{"id":839,"date":"2021-10-28T11:59:29","date_gmt":"2021-10-28T11:59:29","guid":{"rendered":"https:\/\/artscool.ch\/?post_type=podcast&#038;p=839"},"modified":"2024-10-04T13:20:10","modified_gmt":"2024-10-04T11:20:10","slug":"lou-emmanuelle-antille","status":"publish","type":"podcast","link":"https:\/\/artscool.ch\/de\/podcast\/lou-emmanuelle-antille\/","title":{"rendered":"Lou &amp; Emmanuelle Antille"},"content":{"rendered":"<p><strong>Hallo, ich hei\u00dfe Lou.<br \/>Ich bin sechzehn Jahre alt und wohne in Lausanne.<\/strong><\/p>\r\n\r\n\r\n\r\n<p>Kunst ist f\u00fcr mich etwas, das man nicht definieren kann, aber man f\u00fchlt es und es ist ein Ausdruck.<\/p>\r\n\r\n\r\n\r\n<p>Ich habe eine Verabredung mit einem Kunstwerk im Jenisch-Museum in Vevey.<br \/>Kommt ihr auch mit?<\/p>\r\n\r\n\r\n\r\n<p><strong>LOU:<\/strong> Hallo, ich habe eine Verabredung mit einem Werk von Emmanuelle Antille; wo kann ich es finden?<\/p>\r\n\r\n\r\n\r\n<p><strong>EMPFANG MUSEUM:<\/strong> Guten Tag. Sie gehen die Treppe hinauf, im ersten Stock rechts, dann wieder rechts, dort finden Sie das Kunstwerk.<\/p>\r\n\r\n\r\n\r\n<div class=\"wp-block-spacer\" style=\"height: 11px;\" aria-hidden=\"true\">\u00a0<\/div>\r\n\r\n\r\n\r\n<h3 class=\"wp-block-heading\" id=\"lou\"><strong>LOU:<\/strong><\/h3>\r\n\r\n\r\n\r\n<p>Vielen Dank. Einen sch\u00f6nen Tag noch!<\/p>\r\n\r\n\r\n\r\n<p>Woaow! Gro\u00dfe R\u00e4ume, sehr sch\u00f6ne Bilder... Dort dr\u00fcben gibt es ein Werk, das mich reizt... Ich habe es gefunden, hier ist es.<\/p>\r\n\r\n\r\n\r\n<p>Das erste, was mich beeindruckt hat, war die Reflexion dieses Spiegels; man sieht sich selbst in diesem Kunstwerk, was ich ziemlich interessant und selten finde. Ich denke, es ist auch die Absicht des K\u00fcnstlers, sich selbst durch ein Kunstwerk zu begegnen.<\/p>\r\n\r\n\r\n\r\n<p>Es sieht aus wie ein Foto. Man sieht eine Frau in einem Portr\u00e4t, das beim Mund aufh\u00f6rt. Sie zeigt ihre beiden Arme und ihre Unterarme voller T\u00e4towierungen . Ihr Hals ist ebenfalls t\u00e4towiert. Und sie hat schwarze Haare.<\/p>\r\n\r\n\r\n\r\n<p>Es scheint sich um Tattoos einer Jugendliebe zu handeln: \"Felix Love Forever\"... wie eine Art Unschuld, Naivit\u00e4t, Jugend: Wir lassen uns den Namen unseres Freundes t\u00e4towieren, obwohl wir wissen, dass diese Geschichte enden wird, aber wir wollen, dass sie ein Leben lang auf unserem K\u00f6rper bleibt. Und ich mag es, dass man seine Augen nicht sieht. Man sieht nur seine Lippen, die nicht unbedingt ein L\u00e4cheln ausdr\u00fccken, die relativ emotionslos sind und im Kontrast zu seinen sehr schwarzen Haaren stehen... Es kommt nicht darauf an, wie die Person aussieht. Noch einmal: In Bezug auf dieses Spiegelbild ist sein Blick eigentlich unser Blick.<\/p>\r\n\r\n\r\n\r\n<p>Es ist ein Werk von Emmanuelle Antille. Der Titel lautet \"The Blazing Family\", was auf Franz\u00f6sisch \"la famille ardente\" bedeutet. Das Werk stammt aus dem Jahr 2007, ist ein Siebdruck auf Aluminium und hat die Ma\u00dfe 730 x 660 cm.<\/p>\r\n\r\n\r\n\r\n<p>Es ist ein Portr\u00e4t einer Person und gleichzeitig sieht man auch andere Personen durch diese Vornamen: Felix, Filip Titine, Eva... Wie Namen aus der Kindheit. Vielleicht Schwestern oder Familienmitglieder. Mit den Vornamen der Eltern, Spitznamen: die kleine Schwester wird vielleicht Titine genannt... Ich sprach von Jugendliebe, aber hier ist es eher die Liebe zur Familie und es ist vielleicht konsequenter, das zu t\u00e4towieren. Denn die Familie wird immer da sein, selbst wenn sie stirbt, wir haben das erlebt. Es ist unsere Geburt, unser Anfang und auch unser Ende. Wir brauchen unsere Familie immer; vielleicht ist es das, was uns am meisten bedeutet und was wirklich f\u00fcr immer in uns eingebrannt ist.<\/p>\r\n\r\n\r\n\r\n<p>Ich habe einige Fragen an die K\u00fcnstlerin:<\/p>\r\n\r\n\r\n\r\n<p>&#8211; <strong>Die Ringe an den Fingern haben mich ziemlich fasziniert und ich habe mich gefragt, ob sie in diesem Werk eine bestimmte Bedeutung haben.<\/strong><\/p>\r\n\r\n\r\n\r\n<p>&#8211; <strong>Welche T\u00e4towierungen sind unter ihrem Kleid kaum zu sehen?<\/strong><\/p>\r\n\r\n\r\n\r\n<p>&#8211; <strong>Ich habe mich gefragt, ob Sie diese Person sind oder ob es eine andere Person ist. Und was hat Sie dazu gebracht, nach ihr zu suchen?<\/strong><\/p>\r\n\r\n\r\n\r\n<p>&#8211; <strong>Gibt es generell viele t\u00e4towierte Personen in Ihren Werken? Ist das ein Thema, das Sie sehr ber\u00fchrt?<\/strong><\/p>\r\n\r\n\r\n\r\n<div class=\"wp-block-spacer\" style=\"height: 11px;\" aria-hidden=\"true\">\u00a0<\/div>\r\n\r\n\r\n\r\n<h3 class=\"wp-block-heading\" id=\"emmanuelle-antille\"><strong>EMMANUELLE ANTILLE:<\/strong><\/h3>\r\n\r\n\r\n\r\n<p>Hallo Lou, ich danke dir f\u00fcr deine Fragen. Mir gef\u00e4llt sehr, was du \u00fcber diese Arbeit gesagt hast. Das ist genau das, was ich erreichen wollte: die Idee der Familienliebe.<\/p>\r\n\r\n\r\n\r\n<p>Ich werde versuchen, deine Fragen zu beantworten.<\/p>\r\n\r\n\r\n\r\n<p>- Du fragst mich, ob die Ringe der fotografierten Frau bestimmte Bedeutungen in Bezug auf dieses Werk haben, dann w\u00fcrde ich sagen, dass sie es nicht haben. Die Position ihrer H\u00e4nde und Arme ist hingegen sehr wichtig. Wie du gesehen hast, enth\u00fcllt sie ihre T\u00e4towierungen, die, wie ich sagen w\u00fcrde, den Stammbaum ihrer Familie darstellen. Sie zeigen die Vornamen all ihrer Kinder und ihres Mannes; all der Menschen, die sie liebt. Die Position ihrer Arme ist also sehr wichtig, um dies zu zeigen.<\/p>\r\n\r\n\r\n\r\n<p>- Welche T\u00e4towierungen sehen wir auf seinem Weg? Das ist ihre Sache. Auf einem anderen Foto, das ich von ihr gemacht habe, ist ein brennendes Herz zu sehen (das kann ich dir sagen).<\/p>\r\n\r\n\r\n\r\n<p>- Ist diese Frau ich oder jemand anderes? Wenn es jemand anderes ist, wie habe ich sie gefunden? Also, diese Frau bin nicht ich, sondern Loretta Leu. Sie geh\u00f6rt zu einer gro\u00dfen Familie von T\u00e4towierern. Es ist ein Clan, der mit ihrem Mann Felix begonnen hat. Und der dann mit Filip Leu, ihrem Sohn, weitergeht. \u00dcbrigens konntest du seinen Vornamen auf seinem Arm lesen. Filip ist einer der renommiertesten T\u00e4towierer der Welt. Titine, Philipps Freundin, ist ebenfalls T\u00e4towiererin. Ajja ist Filips Bruder, der viel Musik macht, und Eva ist Lorettas Tochter. Loretta hat also die Vornamen aller ihrer Kinder t\u00e4towiert. Es ist eine sehr sch\u00f6ne K\u00fcnstlerfamilie, die vor kurzem eine gro\u00dfe Ausstellung im Tinguely-Museum in Basel gemacht hat.<\/p>\r\n\r\n\r\n\r\n<p>Und wie habe ich diese Frau gefunden? Ich habe sie gefunden, weil ich mich in meiner Arbeit sehr f\u00fcr das Thema Familie interessiere, f\u00fcr Patchwork-Familien, Adoptionsfamilien, Teenager-Familien und so weiter. Und hier ist es eine Form der Familie, eine Form der Gemeinschaft.<\/p>\r\n\r\n\r\n\r\n<p>Es gibt nicht unbedingt viele t\u00e4towierte Personen in meinem Werk. Andererseits interessierte mich das Thema sehr, weil ich mich f\u00fcr Codes, Rituale und das, was eine Gemeinschaft verbindet, interessiere und hier stellen T\u00e4towierungen eine Verbindung zwischen Menschen dar.<\/p>\r\n\r\n\r\n\r\n<p>So, das war's. Ich danke dir sehr f\u00fcr deine Kommentare. Du hast die Arbeit sehr gut analysiert. Tsch\u00fcss!<\/p>\r\n\r\n\r\n\r\n<p>\u00b0\u00b0<\/p>\r\n\r\n\r\n\r\n<p>\"ART'S COOL\" oder \"Art is cool\"!<\/p>\r\n\r\n\r\n\r\n<p>Dies ist eine Begegnung mit einem zeitgen\u00f6ssischen Kunstwerk in der Schweiz, betrachtet, erkundet, und hinterfragt von jungen Menschen. Auf die Fragen der Jugendlichen geben wiederum die K\u00fcnstlerin oder der K\u00fcnstler auf ihre Weise eine Antwort. Ganz einfach, nicht?<\/p>\r\n\r\n\r\n\r\n<p class=\"has-black-color has-text-color\">Heute ging es um \".<em>The Blazing Family<\/em>\", ein Werk von<a href=\"http:\/\/www.emmanuelleantille.com\/\" target=\"_blank\" rel=\"noreferrer noopener\"><span style=\"text-decoration: underline;\">Emmanuelle Antille<\/span><\/a> von Lous neugierigem Blick untersucht.<\/p>\r\n\r\n\r\n\r\n<p class=\"has-black-color has-text-color\">Verpassen Sie es nicht, sich das Werk, um das es im <a href=\"http:\/\/www.museejenisch.ch\/\" target=\"_blank\" rel=\"noreferrer noopener\"><span style=\"text-decoration: underline;\">Jenisch-Museum<\/span><\/a>in Vevey.<\/p>\r\n\r\n\r\n\r\n<p>Und sammle zeitgen\u00f6ssische Kunst mit deinen Ohren!<br \/>Triff fast jede Woche auf eine neue Episode um deine eigene Sammlung zu komplettieren \u2013 jedes Mal mit einem anderen Fokus zu einem Kunstwerk in der Schweiz.<\/p>\r\n\r\n\r\n\r\n<p class=\"has-black-color has-text-color\">Du findest alle Portraits der jugendlichen Fans der zeitgen\u00f6ssischen Kunst, die Kurzbiographien der interviewten K\u00fcnstlerinnen und K\u00fcnstler und die Bilder der Werke auf der Webseite <a href=\"https:\/\/artscool.ch\/de\/\" target=\"_blank\" rel=\"noreferrer noopener\"><span style=\"text-decoration: underline;\">artscool.ch\/de<\/span><\/a>.<\/p>\r\n\r\n\r\n\r\n<p>Falls du zur Verbreitung des Podcasts ART\u2019S   COOL beitragen m\u00f6chtest, z\u00f6gere nicht\u2026\nin deinem Umfeld dar\u00fcber zu sprechen,\nden Podcast auf deiner bevorzugten Plattform zu abonnieren und mit f\u00fcnf Sternen zu bewerten<\/p>\r\n\r\n\r\n\r\n<p class=\"has-black-color has-text-color\">Du kannst uns auch auf Instagram folgen unter dem Account <a href=\"https:\/\/www.instagram.com\/young_pods\/\" target=\"_blank\" rel=\"noreferrer noopener\"><span style=\"text-decoration: underline;\">young_pods<\/span><\/a>.<\/p>\r\n\r\n\r\n\r\n<p>Der ART'S COOL Podcast wird dank der wertvollen Unterst\u00fctzung von Loterie Romande, Pro Helvetia, Ernst G\u00f6hner Stiftung, Oertli Stiftung, Sandoz Stiftung und Migros Kulturprozent realisiert und ausgestrahlt.<\/p>\r\n\r\n\r\n\r\n<p>Mit der Stimme von Florence Grivel in der franz\u00f6sischen Version und Stephan Kyburz in der deutschen Version.<br \/>Musik and Sounddesign von Christophe Gonet.<\/p>\r\n\r\n\r\n\r\n<p class=\"has-black-color has-text-color\">Dies ist eine Produktion <a href=\"https:\/\/www.youngpods.ch\/\" target=\"_blank\" rel=\"noreferrer noopener\"><span style=\"text-decoration: underline;\">Young Pods<\/span><\/a> (youngpods.ch).<\/p>","protected":false},"excerpt":{"rendered":"<p>Mus\u00e9e Jenisch Vevey: Lou hat eine Verabredung mit Emmanuelle Antilles \"The Blazing Family\"...<\/p>","protected":false},"featured_media":841,"template":"","artist":[162],"canton":[156],"episode-":[45],"season":[42],"podcast-categories":[],"class_list":["post-839","podcast","type-podcast","status-publish","has-post-thumbnail","hentry","artist-emmanuelle-antille","canton-vaud","episode--episode-1","season-season-1"],"acf":[],"_links":{"self":[{"href":"https:\/\/artscool.ch\/de\/wp-json\/wp\/v2\/podcast\/839","targetHints":{"allow":["GET"]}}],"collection":[{"href":"https:\/\/artscool.ch\/de\/wp-json\/wp\/v2\/podcast"}],"about":[{"href":"https:\/\/artscool.ch\/de\/wp-json\/wp\/v2\/types\/podcast"}],"version-history":[{"count":2,"href":"https:\/\/artscool.ch\/de\/wp-json\/wp\/v2\/podcast\/839\/revisions"}],"predecessor-version":[{"id":3106,"href":"https:\/\/artscool.ch\/de\/wp-json\/wp\/v2\/podcast\/839\/revisions\/3106"}],"wp:featuredmedia":[{"embeddable":true,"href":"https:\/\/artscool.ch\/de\/wp-json\/wp\/v2\/media\/841"}],"wp:attachment":[{"href":"https:\/\/artscool.ch\/de\/wp-json\/wp\/v2\/media?parent=839"}],"wp:term":[{"taxonomy":"artist","embeddable":true,"href":"https:\/\/artscool.ch\/de\/wp-json\/wp\/v2\/artist?post=839"},{"taxonomy":"canton","embeddable":true,"href":"https:\/\/artscool.ch\/de\/wp-json\/wp\/v2\/canton?post=839"},{"taxonomy":"episode-","embeddable":true,"href":"https:\/\/artscool.ch\/de\/wp-json\/wp\/v2\/episode-?post=839"},{"taxonomy":"season","embeddable":true,"href":"https:\/\/artscool.ch\/de\/wp-json\/wp\/v2\/season?post=839"},{"taxonomy":"podcast-categories","embeddable":true,"href":"https:\/\/artscool.ch\/de\/wp-json\/wp\/v2\/podcast-categories?post=839"}],"curies":[{"name":"wp","href":"https:\/\/api.w.org\/{rel}","templated":true}]}}

<p><strong>Hallo, ich heiße Lou.<br />Ich bin sechzehn Jahre alt und wohne in Lausanne.</strong></p>



<p>Kunst ist für mich etwas, das man nicht definieren kann, aber man fühlt es und es ist ein Ausdruck.</p>



<p>Ich habe eine Verabredung mit einem Kunstwerk im Jenisch-Museum in Vevey.<br />Kommt ihr auch mit?</p>



<p><strong>LOU:</strong> Hallo, ich habe eine Verabredung mit einem Werk von Emmanuelle Antille; wo kann ich es finden?</p>



<p><strong>EMPFANG MUSEUM:</strong> Guten Tag. Sie gehen die Treppe hinauf, im ersten Stock rechts, dann wieder rechts, dort finden Sie das Kunstwerk.</p>



<div class="wp-block-spacer" style="height: 11px;" aria-hidden="true"> </div>



<h3 class="wp-block-heading" id="lou"><strong>LOU:</strong></h3>



<p>Vielen Dank. Einen schönen Tag noch!</p>



<p>Woaow! Große Räume, sehr schöne Bilder... Dort drüben gibt es ein Werk, das mich reizt... Ich habe es gefunden, hier ist es.</p>



<p>Das erste, was mich beeindruckt hat, war die Reflexion dieses Spiegels; man sieht sich selbst in diesem Kunstwerk, was ich ziemlich interessant und selten finde. Ich denke, es ist auch die Absicht des Künstlers, sich selbst durch ein Kunstwerk zu begegnen.</p>



<p>Es sieht aus wie ein Foto. Man sieht eine Frau in einem Porträt, das beim Mund aufhört. Sie zeigt ihre beiden Arme und ihre Unterarme voller Tätowierungen . Ihr Hals ist ebenfalls tätowiert. Und sie hat schwarze Haare.</p>



<p>Es scheint sich um Tattoos einer Jugendliebe zu handeln: "Felix Love Forever"... wie eine Art Unschuld, Naivität, Jugend: Wir lassen uns den Namen unseres Freundes tätowieren, obwohl wir wissen, dass diese Geschichte enden wird, aber wir wollen, dass sie ein Leben lang auf unserem Körper bleibt. Und ich mag es, dass man seine Augen nicht sieht. Man sieht nur seine Lippen, die nicht unbedingt ein Lächeln ausdrücken, die relativ emotionslos sind und im Kontrast zu seinen sehr schwarzen Haaren stehen... Es kommt nicht darauf an, wie die Person aussieht. Noch einmal: In Bezug auf dieses Spiegelbild ist sein Blick eigentlich unser Blick.</p>



<p>Es ist ein Werk von Emmanuelle Antille. Der Titel lautet "The Blazing Family", was auf Französisch "la famille ardente" bedeutet. Das Werk stammt aus dem Jahr 2007, ist ein Siebdruck auf Aluminium und hat die Maße 730 x 660 cm.</p>



<p>Es ist ein Porträt einer Person und gleichzeitig sieht man auch andere Personen durch diese Vornamen: Felix, Filip Titine, Eva... Wie Namen aus der Kindheit. Vielleicht Schwestern oder Familienmitglieder. Mit den Vornamen der Eltern, Spitznamen: die kleine Schwester wird vielleicht Titine genannt... Ich sprach von Jugendliebe, aber hier ist es eher die Liebe zur Familie und es ist vielleicht konsequenter, das zu tätowieren. Denn die Familie wird immer da sein, selbst wenn sie stirbt, wir haben das erlebt. Es ist unsere Geburt, unser Anfang und auch unser Ende. Wir brauchen unsere Familie immer; vielleicht ist es das, was uns am meisten bedeutet und was wirklich für immer in uns eingebrannt ist.</p>



<p>Ich habe einige Fragen an die Künstlerin:</p>



<p>&#8211; <strong>Die Ringe an den Fingern haben mich ziemlich fasziniert und ich habe mich gefragt, ob sie in diesem Werk eine bestimmte Bedeutung haben.</strong></p>



<p>&#8211; <strong>Welche Tätowierungen sind unter ihrem Kleid kaum zu sehen?</strong></p>



<p>&#8211; <strong>Ich habe mich gefragt, ob Sie diese Person sind oder ob es eine andere Person ist. Und was hat Sie dazu gebracht, nach ihr zu suchen?</strong></p>



<p>&#8211; <strong>Gibt es generell viele tätowierte Personen in Ihren Werken? Ist das ein Thema, das Sie sehr berührt?</strong></p>



<div class="wp-block-spacer" style="height: 11px;" aria-hidden="true"> </div>



<h3 class="wp-block-heading" id="emmanuelle-antille"><strong>EMMANUELLE ANTILLE:</strong></h3>



<p>Hallo Lou, ich danke dir für deine Fragen. Mir gefällt sehr, was du über diese Arbeit gesagt hast. Das ist genau das, was ich erreichen wollte: die Idee der Familienliebe.</p>



<p>Ich werde versuchen, deine Fragen zu beantworten.</p>



<p>- Du fragst mich, ob die Ringe der fotografierten Frau bestimmte Bedeutungen in Bezug auf dieses Werk haben, dann würde ich sagen, dass sie es nicht haben. Die Position ihrer Hände und Arme ist hingegen sehr wichtig. Wie du gesehen hast, enthüllt sie ihre Tätowierungen, die, wie ich sagen würde, den Stammbaum ihrer Familie darstellen. Sie zeigen die Vornamen all ihrer Kinder und ihres Mannes; all der Menschen, die sie liebt. Die Position ihrer Arme ist also sehr wichtig, um dies zu zeigen.</p>



<p>- Welche Tätowierungen sehen wir auf seinem Weg? Das ist ihre Sache. Auf einem anderen Foto, das ich von ihr gemacht habe, ist ein brennendes Herz zu sehen (das kann ich dir sagen).</p>



<p>- Ist diese Frau ich oder jemand anderes? Wenn es jemand anderes ist, wie habe ich sie gefunden? Also, diese Frau bin nicht ich, sondern Loretta Leu. Sie gehört zu einer großen Familie von Tätowierern. Es ist ein Clan, der mit ihrem Mann Felix begonnen hat. Und der dann mit Filip Leu, ihrem Sohn, weitergeht. Übrigens konntest du seinen Vornamen auf seinem Arm lesen. Filip ist einer der renommiertesten Tätowierer der Welt. Titine, Philipps Freundin, ist ebenfalls Tätowiererin. Ajja ist Filips Bruder, der viel Musik macht, und Eva ist Lorettas Tochter. Loretta hat also die Vornamen aller ihrer Kinder tätowiert. Es ist eine sehr schöne Künstlerfamilie, die vor kurzem eine große Ausstellung im Tinguely-Museum in Basel gemacht hat.</p>



<p>Und wie habe ich diese Frau gefunden? Ich habe sie gefunden, weil ich mich in meiner Arbeit sehr für das Thema Familie interessiere, für Patchwork-Familien, Adoptionsfamilien, Teenager-Familien und so weiter. Und hier ist es eine Form der Familie, eine Form der Gemeinschaft.</p>



<p>Es gibt nicht unbedingt viele tätowierte Personen in meinem Werk. Andererseits interessierte mich das Thema sehr, weil ich mich für Codes, Rituale und das, was eine Gemeinschaft verbindet, interessiere und hier stellen Tätowierungen eine Verbindung zwischen Menschen dar.</p>



<p>So, das war's. Ich danke dir sehr für deine Kommentare. Du hast die Arbeit sehr gut analysiert. Tschüss!</p>



<p>°°</p>



<p>"ART'S COOL" oder "Art is cool"!</p>



<p>Dies ist eine Begegnung mit einem zeitgenössischen Kunstwerk in der Schweiz, betrachtet, erkundet, und hinterfragt von jungen Menschen. Auf die Fragen der Jugendlichen geben wiederum die Künstlerin oder der Künstler auf ihre Weise eine Antwort. Ganz einfach, nicht?</p>



<p class="has-black-color has-text-color">Heute ging es um ".<em>The Blazing Family</em>", ein Werk von<a href="http://www.emmanuelleantille.com/" target="_blank" rel="noreferrer noopener"><span style="text-decoration: underline;">Emmanuelle Antille</span></a> von Lous neugierigem Blick untersucht.</p>



<p class="has-black-color has-text-color">Verpassen Sie es nicht, sich das Werk, um das es im <a href="http://www.museejenisch.ch/" target="_blank" rel="noreferrer noopener"><span style="text-decoration: underline;">Jenisch-Museum</span></a>in Vevey.</p>



<p>Und sammle zeitgenössische Kunst mit deinen Ohren!<br />Triff fast jede Woche auf eine neue Episode um deine eigene Sammlung zu komplettieren – jedes Mal mit einem anderen Fokus zu einem Kunstwerk in der Schweiz.</p>



<p class="has-black-color has-text-color">Du findest alle Portraits der jugendlichen Fans der zeitgenössischen Kunst, die Kurzbiographien der interviewten Künstlerinnen und Künstler und die Bilder der Werke auf der Webseite <a href="https://artscool.ch/de/" target="_blank" rel="noreferrer noopener"><span style="text-decoration: underline;">artscool.ch/de</span></a>.</p>



<p>Falls du zur Verbreitung des Podcasts ART’S   COOL beitragen möchtest, zögere nicht…
in deinem Umfeld darüber zu sprechen,
den Podcast auf deiner bevorzugten Plattform zu abonnieren und mit fünf Sternen zu bewerten</p>



<p class="has-black-color has-text-color">Du kannst uns auch auf Instagram folgen unter dem Account <a href="https://www.instagram.com/young_pods/" target="_blank" rel="noreferrer noopener"><span style="text-decoration: underline;">young_pods</span></a>.</p>



<p>Der ART'S COOL Podcast wird dank der wertvollen Unterstützung von Loterie Romande, Pro Helvetia, Ernst Göhner Stiftung, Oertli Stiftung, Sandoz Stiftung und Migros Kulturprozent realisiert und ausgestrahlt.</p>



<p>Mit der Stimme von Florence Grivel in der französischen Version und Stephan Kyburz in der deutschen Version.<br />Musik and Sounddesign von Christophe Gonet.</p>



<p class="has-black-color has-text-color">Dies ist eine Produktion <a href="https://www.youngpods.ch/" target="_blank" rel="noreferrer noopener"><span style="text-decoration: underline;">Young Pods</span></a> (youngpods.ch).</p>

<p>Musée Jenisch Vevey: Lou hat eine Verabredung mit Emmanuelle Antilles "The Blazing Family"...</p>
