{"id":3231,"date":"2024-11-21T20:13:12","date_gmt":"2024-11-21T19:13:12","guid":{"rendered":"https:\/\/artscool.ch\/?post_type=podcast&#038;p=3231"},"modified":"2025-03-04T10:33:21","modified_gmt":"2025-03-04T09:33:21","slug":"jemima-olivier-lovey","status":"publish","type":"podcast","link":"https:\/\/artscool.ch\/de\/podcast\/jemima-olivier-lovey\/","title":{"rendered":"Jemima &amp; Olivier Lovey"},"content":{"rendered":"<h2><strong>Hallo, ich hei\u00dfe Jemima, bin sechzehn Jahre alt und wohne in La Tour-de-Peilz.<\/strong><\/h2>\r\n<h2><strong>Kunst bedeutet f\u00fcr mich, dass man sich ausdr\u00fccken kann, aber auch, dass man eine andere Welt sehen kann und dann nach und nach entfliehen kann.<\/strong><\/h2>\r\n<h2><strong>Heute bin ich mit dem K\u00fcnstler Olivier Lovey in seinem Atelier in Sion. Kommst du mit?<\/strong><\/h2>\r\n<p>&nbsp;<\/p>\r\n<p>JEMIMA: Ich finde mich auf einer Art Parkplatz wieder, wo ein Bauernhof steht, auf dem in gro\u00dfen Lettern \"Farm-Asile\" steht. Es ist ein Geb\u00e4ude aus Holz und Beton. Es gibt kleine Treppen, die zu einer grauen T\u00fcr f\u00fchren. Ich denke, dass ich dort den K\u00fcnstler treffen werde<\/p>\r\n<p>OLIVIER LOVEY: Guten Tag.<\/p>\r\n<p>JEMIMA: Hallo, mein Name ist Jemima.<\/p>\r\n<p>JEMIMA: Wow, das ist aber sch\u00f6n! Mit B\u00e4umen im Hintergrund, aber auf dem Foto. Auf dem Boden ist ein Spiegel und eine Art Bildschirm. Ich kenne einen gr\u00fcnen Bildschirm, aber der ist blau. Da sind Blumen, da ist eine Bank, da sind Blitze. Da mein Vater fotografiert hat, kommt mir das bekannt vor: Ich denke, das ist ein Fotostudio. Aber ich sehe Bilder an der Wand: Malen Sie auch? Oder hat das jemand anderes gemalt, der vor Ihnen da war?<\/p>\r\n<p>OLIVIER LOVEY: Genau das ist es: Ich male \u00fcberhaupt nicht und hatte nie die Kraft, die Wand wei\u00df zu streichen. Sie ist also ein \u00dcberbleibsel der Vorbesitzerin.<\/p>\r\n<p>JEMIMA: Wo sind wir hier eigentlich?<\/p>\r\n<p>OLIVIER LOVEY: Das ist also mein Fotoatelier, aber ich muss zugeben, dass es einen Teil gibt, der der Lagerung gewidmet ist. Und einen Teil, in dem ich Videoclips und Fotos mache. Aber ich arbeite oft im Freien, deshalb ist es hier so chaotisch. Es sieht ein bisschen aus wie mein Schlafzimmer.<\/p>\r\n<p>JEMIMA: Ich habe im Internet einige Informationen \u00fcber Sie gefunden. Ich lese sie Ihnen vor: \"Olivier Lovey realisiert fotografische Installationen in situ mit Hilfe von Sticker-Collagen f\u00fcr den \u00f6ffentlichen Raum. Der K\u00fcnstler \u00fcberlagert das Reale mit seinem fotografischen Doppelg\u00e4nger und versucht, den Blick der Passanten zu wecken, um eine leichte Verwirrung in der Wahrnehmung des umgebenden Raums zu erzeugen. Eine Art, eine vertraute Architektur oder ein st\u00e4dtisches Element zu enth\u00fcllen oder hervorzuheben.\" Spricht Sie das an?<\/p>\r\n<p>OLIVIER LOVEY: Es ist die Beschreibung eines bestimmten Projekts, das ich 2016 begonnen habe: \"Miroir aux alouettes\" (Spiegel der Lerchen). Und ja, ich habe mich darin wiedererkannt. Aber ich mache auch Portr\u00e4ts und andere Dinge, aber das ist okay.<\/p>\r\n<p>JEMIMA: Aber was ist denn \"Spieglein, Spieglein an der Wand\"?<\/p>\r\n<p>OLIVIER LOVEY: Das ist der Name meiner Serie, in der ich Fotos im \u00f6ffentlichen Raum aufklebe. Es ist eine \u00dcberlagerung von zwei Bildern, einem Bild der Realit\u00e4t und seiner Reproduktion. Es ist etwas Spielerisches, das ich 2016 begonnen habe.<\/p>\r\n<p>JEMIMA: Was wollen Sie der Welt damit zeigen?<\/p>\r\n<p>OLIVIER LOVEY: Ich denke, da gibt es zwei Dinge. Das erste ist, dass ich gerne \u00fcber die Welt staune, aber vor allem \u00fcber meine innere Welt. Es ist also eine Art Flucht: Ich erschaffe sozusagen eine Parallelwelt. Weil es sie nicht gibt, regt sie meine Fantasie an. Es gibt auch eine sehr reflexive Seite der Fotografie, da ich in meinem Leben nur fotografiere. Die Tatsache, dass ich Fotos fotografiere, ist eine Art, mir Fragen zu stellen. Es ist auch eine Art, vielleicht zu sehen, wann die Darstellung beginnt und was die Unterschiede zwischen Darstellung und Realit\u00e4t sind.<\/p>\r\n<p>JEMIMA: Ist das, was Sie tun, eine imagin\u00e4re oder sogar fantastische Grenze?<\/p>\r\n<p>OLIVIER LOVEY: Ja, das ist meine erste Absicht, glaube ich.<\/p>\r\n<p>JEMIMA: Sie sind also Fotografin und ich sage nicht, dass Instagram das Gleiche kann, aber hat es f\u00fcr Sie heute noch einen Wert, Fotografin zu sein, mit all den Leuten, die Fotos machen?<\/p>\r\n<p>OLIVIER LOVEY: Ich denke, es gibt verschiedene Arten der Fotografie. Du kannst das Essen fotografieren, das du mittags isst, und das ist nicht das Gleiche wie das Foto deiner Mutter an ihrem Hochzeitstag. Und die Fotos, die ich mache, sind noch einmal etwas anderes, das ist ein anderes Niveau. Und das funktioniert auf Instagram \u00fcbrigens viel weniger gut als Essen auf einem Teller... Aber es ist eigentlich ein ganzer Prozess, es ist nicht einfach nur ein Schnappschuss. Es ist viel l\u00e4nger. Und ich mache das vor allem f\u00fcr mich, wenn andere Leute es sich anschauen wollen, ist das in Ordnung, aber zuerst ist es f\u00fcr mich.<\/p>\r\n<p>JEMIMA: Hat sich die Leidenschaft f\u00fcr die Fotografie von selbst entwickelt?<\/p>\r\n<p>OLIVIER LOVEY: Nein, denn ich erinnere mich daran, dass ich als Kind nie ein Foto gemacht habe. Wenn meine Eltern mich baten, Familienfotos zu machen, habe ich das gehasst! Ich habe sogar einen Master in Psychologie gemacht, aber das hat mir nicht gefallen. Ich musste also einen anderen Weg finden und wollte Grafikdesign studieren. Als ich Grafikdesign studierte, stie\u00df ich zuf\u00e4llig auf die Fotografie, und da hat es pl\u00f6tzlich Klick gemacht. Es war pl\u00f6tzlich eine Selbstverst\u00e4ndlichkeit; ich hatte wirklich Lust, eher Auftragsarbeiten zu machen, ich habe \u00fcberhaupt nicht an eine k\u00fcnstlerische Arbeit gedacht. Es war eine Verkettung von Umst\u00e4nden, die mich dazu gebracht haben, eher eine k\u00fcnstlerische Arbeit zu machen.<\/p>\r\n<p>JEMIMA: Sie haben vorher gesagt, dass Sie viel drau\u00dfen arbeiten. Ist es f\u00fcr Sie n\u00fctzlich, im Studio zu arbeiten?<\/p>\r\n<p>OLIVIER LOVEY: Das Studio ist etwas ganz anderes, es ist ein Raum ohne Diskurs, ein Raum der Freiheit. Ich habe damit angefangen, und da ich gerne alternative Welten erschaffe, bietet das Studio eine leere Leinwand. Im Moment ist es ein Chaos, aber wenn man nur das Blau einrahmt, ist es nur ein blauer Hintergrund, aber es kann zu einem Himmel werden, wenn man ein bestimmtes Licht einsetzt. Alles ist letztendlich kontrollierbar und das gef\u00e4llt mir wirklich sehr. Es ist ganz anders, wenn man drau\u00dfen ist: Man kann die Umgebung nutzen, vielleicht gibt es eine Steinmauer, die eine bestimmte Stimmung erzeugt, und das nat\u00fcrliche Licht kann sehr sch\u00f6n sein. Aber das Studio ist wirklich gut, wenn man sich ausdr\u00fccken will.<\/p>\r\n<p>JEMIMA: Der Spiegel auf dem Boden und die zwei Blumenstr\u00e4u\u00dfe in einem Topf - n\u00fctzen die Ihnen etwas?<\/p>\r\n<p>OLIVIER LOVEY: Der Spiegel auf dem Boden ist nur eine Art Reflektor: Er nimmt das Licht auf und schwenkt es zum Beispiel unter das Kinn, um die Schatten zu entfernen. Die Blumen verwende ich oft, um Doppelbelichtungen zu machen. Ich mag es, zwei Bilder auf demselben Film oder digital in derselben Datei zu mischen. Ich mache also ein Foto von einer Person, ich mache ein Foto von den Blumen und dann mischt es sich: Ich mag \u00dcberraschungen. Ich bin in vielen Dingen ein Kontrollfreak, aber was ich mit meinem Foto erreichen will, ist in erster Linie, mich selbst zu \u00fcberraschen. Ich probiere Dinge aus, und dann passiert pl\u00f6tzlich etwas und ich denke: \"Das ist unglaublich!\" Und das ist mein Spa\u00df. Dann fangen die Probleme an...<\/p>\r\n<p>JEMIMA: Wann haben Sie sich gedacht, dass es als K\u00fcnstler viel interessanter sein k\u00f6nnte, gro\u00dfe Bilder zu machen - und nicht unbedingt in Rahmen?<\/p>\r\n<p>OLIVIER LOVEY: Ich denke, das ist ein ziemlich offensichtlicher Ansatz f\u00fcr mich. Da ich fantastische Welten erschaffe, ist die Idee, dass man in diese eintauchen kann. Und die Fantasie, in das Bild hineinzugehen, kam mir in den Sinn. Meine erste Installation war ein langer Korridor, in dem man buchst\u00e4blich in das Bild hineinging. Es war ein bisschen symbolisch und es passierte nicht viel, wenn man in das Foto hineinging, aber die Idee war da. Ich denke, ich habe dann versucht, die Leute in eine Kulisse zu setzen und den Betrachter mit einzubeziehen. Die vielleicht etwas grandiose Seite, die Erhabenheit dieser Bilder, ist f\u00fcr mich auch wichtig. Au\u00dferdem bin ich ein bisschen j\u00fcdisch-christlich, ich brauche es, dass man die Arbeit hinter dem, was ich mache, sp\u00fcrt. Je gr\u00f6\u00dfer es also ist, desto wertvoller ist es f\u00fcr mich.<\/p>\r\n<p>JEMIMA: Vielen Dank! Ich hoffe, wir k\u00f6nnen uns wiedersehen. Bis bald!<\/p>\r\n<p>OLIVIER LOVEY: Vielen Dank, dass Sie gekommen sind.<\/p>\r\n<p>&nbsp;<\/p>\r\n\r\n<p>\u00b0\u00b0<\/p>\r\n\r\n\r\n\r\n<p class=\"has-small-font-size\">ART'S COOL oder \"Art is cool\"!<\/p>\r\n\r\n\r\n\r\n<p class=\"has-small-font-size\">Dies ist eine Begegnung mit einem zeitgen\u00f6ssischen Kunstwerk in der Schweiz, betrachtet, erkundet, und hinterfragt von jungen Menschen. Auf die Fragen der Jugendlichen geben wiederum die K\u00fcnstlerin oder der K\u00fcnstler auf ihre Weise eine Antwort. Ganz einfach, nicht?<\/p>\r\n\r\n\r\n\r\n<p class=\"has-small-font-size\">In dieser dritten Staffel l\u00e4dt unser Podcast junge Leute dazu ein, mit K\u00fcnstlern in ihren Ateliers irgendwo in der Schweiz zu sprechen. In jeder Episode tauchen Sie in zwei sich erg\u00e4nzenden Sequenzen in das Herz des k\u00fcnstlerischen Schaffens ein: zuerst eine immersive Erkundung des Ateliers und dann eine Diskussion \u00fcber ein faszinierendes Objekt.<\/p>\r\n<p class=\"has-small-font-size\">Heute <strong>Jemima<\/strong> traf <a href=\"http:\/\/www.olivierlovey.ch\"><strong>Olivier Lovey<\/strong><\/a> in seinem Atelier in Sion (Wallis).<\/p>\r\n<p class=\"has-small-font-size\">Sammle zeitgen\u00f6ssische Kunst mit deinen Ohren! Die Webseite <a href=\"https:\/\/artscool.ch\/de\/\"><strong>artscool.ch\/de<\/strong><\/a> pr\u00e4sentiert alle Episoden, die seit Herbst 2021 ausgestrahlt wurden. Eine vielf\u00e4ltige und wachsende Sammlung! Ausserdem findest du dort alle Portraits der jugendlichen Fans der zeitgen\u00f6ssischen Kunst, die Kurzbiographien der interviewten K\u00fcnstlerinnen und K\u00fcnstler und die Bilder der Werke.<\/p>\r\n\r\n\r\n\r\n<p class=\"has-small-font-size\">Wenn Sie zur Verbreitung des ART'S COOL-Podcasts beitragen m\u00f6chten, z\u00f6gern Sie nicht, anderen davon zu erz\u00e4hlen, ihn zu abonnieren und ihm f\u00fcnf Sterne auf Ihrer bevorzugten H\u00f6rplattform zu geben. Sie k\u00f6nnen uns auch auf Instagram folgen, unter dem Account <strong><a href=\"https:\/\/www.instagram.com\/young_pods\/\">young_pods<\/a>.<\/strong><\/p>\r\n\r\n\r\n\r\n<p><span style=\"font-weight: 400;\">Der ART'S COOL Podcast wird dank der wertvollen Unterst\u00fctzung der Loterie Romande, der Ernst G\u00f6hner Stiftung, der Fondation Fran\u00e7oise Champoud, der Fondation Leenaards, der Fondation Oertli, der Fondation Sandoz, der Kantone Bern, Wallis, Waadt realisiert und ausgestrahlt.<\/span><\/p>\r\n<p><span style=\"font-weight: 400;\">Dank an das Schweizerische Institut f\u00fcr Kunstwissenschaft (SIK-ISEA) f\u00fcr die biografischen Quellen zu den K\u00fcnstlern. <\/span><\/p>\r\n\r\n\r\n\r\n<p class=\"has-small-font-size\">Interview und Stimme: Florence Grivel.<br \/>Musik und Sounddesign: Christophe Gonet.<\/p>\r\n\r\n\r\n\r\n<p class=\"has-black-color has-text-color has-small-font-size\">Dies ist eine Produktion <a href=\"https:\/\/www.youngpods.ch\/\" target=\"_blank\" rel=\"noreferrer noopener\"><span style=\"text-decoration: underline;\"><strong>Young Pods<\/strong><\/span><\/a>.<\/p>","protected":false},"excerpt":{"rendered":"<p>Sion (Wallis) - Atelier von Olivier Lovey (1\/2): Jemima diskutiert \u00fcber die Arbeit des Fotografen, w\u00e4hrend sie nach und nach sein Atelier entdeckt, und fragt sich, welchen Wert die Fotografie im Zeitalter von Instagram hat.<\/p>","protected":false},"featured_media":3235,"template":"","artist":[272],"canton":[157],"episode-":[271],"season":[133],"podcast-categories":[],"class_list":["post-3231","podcast","type-podcast","status-publish","has-post-thumbnail","hentry","artist-olivier-lovey","canton-valais-wallis","episode--episode-88","season-season-3"],"acf":[],"_links":{"self":[{"href":"https:\/\/artscool.ch\/de\/wp-json\/wp\/v2\/podcast\/3231","targetHints":{"allow":["GET"]}}],"collection":[{"href":"https:\/\/artscool.ch\/de\/wp-json\/wp\/v2\/podcast"}],"about":[{"href":"https:\/\/artscool.ch\/de\/wp-json\/wp\/v2\/types\/podcast"}],"version-history":[{"count":4,"href":"https:\/\/artscool.ch\/de\/wp-json\/wp\/v2\/podcast\/3231\/revisions"}],"predecessor-version":[{"id":3281,"href":"https:\/\/artscool.ch\/de\/wp-json\/wp\/v2\/podcast\/3231\/revisions\/3281"}],"wp:featuredmedia":[{"embeddable":true,"href":"https:\/\/artscool.ch\/de\/wp-json\/wp\/v2\/media\/3235"}],"wp:attachment":[{"href":"https:\/\/artscool.ch\/de\/wp-json\/wp\/v2\/media?parent=3231"}],"wp:term":[{"taxonomy":"artist","embeddable":true,"href":"https:\/\/artscool.ch\/de\/wp-json\/wp\/v2\/artist?post=3231"},{"taxonomy":"canton","embeddable":true,"href":"https:\/\/artscool.ch\/de\/wp-json\/wp\/v2\/canton?post=3231"},{"taxonomy":"episode-","embeddable":true,"href":"https:\/\/artscool.ch\/de\/wp-json\/wp\/v2\/episode-?post=3231"},{"taxonomy":"season","embeddable":true,"href":"https:\/\/artscool.ch\/de\/wp-json\/wp\/v2\/season?post=3231"},{"taxonomy":"podcast-categories","embeddable":true,"href":"https:\/\/artscool.ch\/de\/wp-json\/wp\/v2\/podcast-categories?post=3231"}],"curies":[{"name":"wp","href":"https:\/\/api.w.org\/{rel}","templated":true}]}}

<h2><strong>Hallo, ich heiße Jemima, bin sechzehn Jahre alt und wohne in La Tour-de-Peilz.</strong></h2>
<h2><strong>Kunst bedeutet für mich, dass man sich ausdrücken kann, aber auch, dass man eine andere Welt sehen kann und dann nach und nach entfliehen kann.</strong></h2>
<h2><strong>Heute bin ich mit dem Künstler Olivier Lovey in seinem Atelier in Sion. Kommst du mit?</strong></h2>
<p>&nbsp;</p>
<p>JEMIMA: Ich finde mich auf einer Art Parkplatz wieder, wo ein Bauernhof steht, auf dem in großen Lettern "Farm-Asile" steht. Es ist ein Gebäude aus Holz und Beton. Es gibt kleine Treppen, die zu einer grauen Tür führen. Ich denke, dass ich dort den Künstler treffen werde</p>
<p>OLIVIER LOVEY: Guten Tag.</p>
<p>JEMIMA: Hallo, mein Name ist Jemima.</p>
<p>JEMIMA: Wow, das ist aber schön! Mit Bäumen im Hintergrund, aber auf dem Foto. Auf dem Boden ist ein Spiegel und eine Art Bildschirm. Ich kenne einen grünen Bildschirm, aber der ist blau. Da sind Blumen, da ist eine Bank, da sind Blitze. Da mein Vater fotografiert hat, kommt mir das bekannt vor: Ich denke, das ist ein Fotostudio. Aber ich sehe Bilder an der Wand: Malen Sie auch? Oder hat das jemand anderes gemalt, der vor Ihnen da war?</p>
<p>OLIVIER LOVEY: Genau das ist es: Ich male überhaupt nicht und hatte nie die Kraft, die Wand weiß zu streichen. Sie ist also ein Überbleibsel der Vorbesitzerin.</p>
<p>JEMIMA: Wo sind wir hier eigentlich?</p>
<p>OLIVIER LOVEY: Das ist also mein Fotoatelier, aber ich muss zugeben, dass es einen Teil gibt, der der Lagerung gewidmet ist. Und einen Teil, in dem ich Videoclips und Fotos mache. Aber ich arbeite oft im Freien, deshalb ist es hier so chaotisch. Es sieht ein bisschen aus wie mein Schlafzimmer.</p>
<p>JEMIMA: Ich habe im Internet einige Informationen über Sie gefunden. Ich lese sie Ihnen vor: "Olivier Lovey realisiert fotografische Installationen in situ mit Hilfe von Sticker-Collagen für den öffentlichen Raum. Der Künstler überlagert das Reale mit seinem fotografischen Doppelgänger und versucht, den Blick der Passanten zu wecken, um eine leichte Verwirrung in der Wahrnehmung des umgebenden Raums zu erzeugen. Eine Art, eine vertraute Architektur oder ein städtisches Element zu enthüllen oder hervorzuheben." Spricht Sie das an?</p>
<p>OLIVIER LOVEY: Es ist die Beschreibung eines bestimmten Projekts, das ich 2016 begonnen habe: "Miroir aux alouettes" (Spiegel der Lerchen). Und ja, ich habe mich darin wiedererkannt. Aber ich mache auch Porträts und andere Dinge, aber das ist okay.</p>
<p>JEMIMA: Aber was ist denn "Spieglein, Spieglein an der Wand"?</p>
<p>OLIVIER LOVEY: Das ist der Name meiner Serie, in der ich Fotos im öffentlichen Raum aufklebe. Es ist eine Überlagerung von zwei Bildern, einem Bild der Realität und seiner Reproduktion. Es ist etwas Spielerisches, das ich 2016 begonnen habe.</p>
<p>JEMIMA: Was wollen Sie der Welt damit zeigen?</p>
<p>OLIVIER LOVEY: Ich denke, da gibt es zwei Dinge. Das erste ist, dass ich gerne über die Welt staune, aber vor allem über meine innere Welt. Es ist also eine Art Flucht: Ich erschaffe sozusagen eine Parallelwelt. Weil es sie nicht gibt, regt sie meine Fantasie an. Es gibt auch eine sehr reflexive Seite der Fotografie, da ich in meinem Leben nur fotografiere. Die Tatsache, dass ich Fotos fotografiere, ist eine Art, mir Fragen zu stellen. Es ist auch eine Art, vielleicht zu sehen, wann die Darstellung beginnt und was die Unterschiede zwischen Darstellung und Realität sind.</p>
<p>JEMIMA: Ist das, was Sie tun, eine imaginäre oder sogar fantastische Grenze?</p>
<p>OLIVIER LOVEY: Ja, das ist meine erste Absicht, glaube ich.</p>
<p>JEMIMA: Sie sind also Fotografin und ich sage nicht, dass Instagram das Gleiche kann, aber hat es für Sie heute noch einen Wert, Fotografin zu sein, mit all den Leuten, die Fotos machen?</p>
<p>OLIVIER LOVEY: Ich denke, es gibt verschiedene Arten der Fotografie. Du kannst das Essen fotografieren, das du mittags isst, und das ist nicht das Gleiche wie das Foto deiner Mutter an ihrem Hochzeitstag. Und die Fotos, die ich mache, sind noch einmal etwas anderes, das ist ein anderes Niveau. Und das funktioniert auf Instagram übrigens viel weniger gut als Essen auf einem Teller... Aber es ist eigentlich ein ganzer Prozess, es ist nicht einfach nur ein Schnappschuss. Es ist viel länger. Und ich mache das vor allem für mich, wenn andere Leute es sich anschauen wollen, ist das in Ordnung, aber zuerst ist es für mich.</p>
<p>JEMIMA: Hat sich die Leidenschaft für die Fotografie von selbst entwickelt?</p>
<p>OLIVIER LOVEY: Nein, denn ich erinnere mich daran, dass ich als Kind nie ein Foto gemacht habe. Wenn meine Eltern mich baten, Familienfotos zu machen, habe ich das gehasst! Ich habe sogar einen Master in Psychologie gemacht, aber das hat mir nicht gefallen. Ich musste also einen anderen Weg finden und wollte Grafikdesign studieren. Als ich Grafikdesign studierte, stieß ich zufällig auf die Fotografie, und da hat es plötzlich Klick gemacht. Es war plötzlich eine Selbstverständlichkeit; ich hatte wirklich Lust, eher Auftragsarbeiten zu machen, ich habe überhaupt nicht an eine künstlerische Arbeit gedacht. Es war eine Verkettung von Umständen, die mich dazu gebracht haben, eher eine künstlerische Arbeit zu machen.</p>
<p>JEMIMA: Sie haben vorher gesagt, dass Sie viel draußen arbeiten. Ist es für Sie nützlich, im Studio zu arbeiten?</p>
<p>OLIVIER LOVEY: Das Studio ist etwas ganz anderes, es ist ein Raum ohne Diskurs, ein Raum der Freiheit. Ich habe damit angefangen, und da ich gerne alternative Welten erschaffe, bietet das Studio eine leere Leinwand. Im Moment ist es ein Chaos, aber wenn man nur das Blau einrahmt, ist es nur ein blauer Hintergrund, aber es kann zu einem Himmel werden, wenn man ein bestimmtes Licht einsetzt. Alles ist letztendlich kontrollierbar und das gefällt mir wirklich sehr. Es ist ganz anders, wenn man draußen ist: Man kann die Umgebung nutzen, vielleicht gibt es eine Steinmauer, die eine bestimmte Stimmung erzeugt, und das natürliche Licht kann sehr schön sein. Aber das Studio ist wirklich gut, wenn man sich ausdrücken will.</p>
<p>JEMIMA: Der Spiegel auf dem Boden und die zwei Blumensträuße in einem Topf - nützen die Ihnen etwas?</p>
<p>OLIVIER LOVEY: Der Spiegel auf dem Boden ist nur eine Art Reflektor: Er nimmt das Licht auf und schwenkt es zum Beispiel unter das Kinn, um die Schatten zu entfernen. Die Blumen verwende ich oft, um Doppelbelichtungen zu machen. Ich mag es, zwei Bilder auf demselben Film oder digital in derselben Datei zu mischen. Ich mache also ein Foto von einer Person, ich mache ein Foto von den Blumen und dann mischt es sich: Ich mag Überraschungen. Ich bin in vielen Dingen ein Kontrollfreak, aber was ich mit meinem Foto erreichen will, ist in erster Linie, mich selbst zu überraschen. Ich probiere Dinge aus, und dann passiert plötzlich etwas und ich denke: "Das ist unglaublich!" Und das ist mein Spaß. Dann fangen die Probleme an...</p>
<p>JEMIMA: Wann haben Sie sich gedacht, dass es als Künstler viel interessanter sein könnte, große Bilder zu machen - und nicht unbedingt in Rahmen?</p>
<p>OLIVIER LOVEY: Ich denke, das ist ein ziemlich offensichtlicher Ansatz für mich. Da ich fantastische Welten erschaffe, ist die Idee, dass man in diese eintauchen kann. Und die Fantasie, in das Bild hineinzugehen, kam mir in den Sinn. Meine erste Installation war ein langer Korridor, in dem man buchstäblich in das Bild hineinging. Es war ein bisschen symbolisch und es passierte nicht viel, wenn man in das Foto hineinging, aber die Idee war da. Ich denke, ich habe dann versucht, die Leute in eine Kulisse zu setzen und den Betrachter mit einzubeziehen. Die vielleicht etwas grandiose Seite, die Erhabenheit dieser Bilder, ist für mich auch wichtig. Außerdem bin ich ein bisschen jüdisch-christlich, ich brauche es, dass man die Arbeit hinter dem, was ich mache, spürt. Je größer es also ist, desto wertvoller ist es für mich.</p>
<p>JEMIMA: Vielen Dank! Ich hoffe, wir können uns wiedersehen. Bis bald!</p>
<p>OLIVIER LOVEY: Vielen Dank, dass Sie gekommen sind.</p>
<p>&nbsp;</p>

<p>°°</p>



<p class="has-small-font-size">ART'S COOL oder "Art is cool"!</p>



<p class="has-small-font-size">Dies ist eine Begegnung mit einem zeitgenössischen Kunstwerk in der Schweiz, betrachtet, erkundet, und hinterfragt von jungen Menschen. Auf die Fragen der Jugendlichen geben wiederum die Künstlerin oder der Künstler auf ihre Weise eine Antwort. Ganz einfach, nicht?</p>



<p class="has-small-font-size">In dieser dritten Staffel lädt unser Podcast junge Leute dazu ein, mit Künstlern in ihren Ateliers irgendwo in der Schweiz zu sprechen. In jeder Episode tauchen Sie in zwei sich ergänzenden Sequenzen in das Herz des künstlerischen Schaffens ein: zuerst eine immersive Erkundung des Ateliers und dann eine Diskussion über ein faszinierendes Objekt.</p>
<p class="has-small-font-size">Heute <strong>Jemima</strong> traf <a href="http://www.olivierlovey.ch"><strong>Olivier Lovey</strong></a> in seinem Atelier in Sion (Wallis).</p>
<p class="has-small-font-size">Sammle zeitgenössische Kunst mit deinen Ohren! Die Webseite <a href="https://artscool.ch/de/"><strong>artscool.ch/de</strong></a> präsentiert alle Episoden, die seit Herbst 2021 ausgestrahlt wurden. Eine vielfältige und wachsende Sammlung! Ausserdem findest du dort alle Portraits der jugendlichen Fans der zeitgenössischen Kunst, die Kurzbiographien der interviewten Künstlerinnen und Künstler und die Bilder der Werke.</p>



<p class="has-small-font-size">Wenn Sie zur Verbreitung des ART'S COOL-Podcasts beitragen möchten, zögern Sie nicht, anderen davon zu erzählen, ihn zu abonnieren und ihm fünf Sterne auf Ihrer bevorzugten Hörplattform zu geben. Sie können uns auch auf Instagram folgen, unter dem Account <strong><a href="https://www.instagram.com/young_pods/">young_pods</a>.</strong></p>



<p><span style="font-weight: 400;">Der ART'S COOL Podcast wird dank der wertvollen Unterstützung der Loterie Romande, der Ernst Göhner Stiftung, der Fondation Françoise Champoud, der Fondation Leenaards, der Fondation Oertli, der Fondation Sandoz, der Kantone Bern, Wallis, Waadt realisiert und ausgestrahlt.</span></p>
<p><span style="font-weight: 400;">Dank an das Schweizerische Institut für Kunstwissenschaft (SIK-ISEA) für die biografischen Quellen zu den Künstlern. </span></p>



<p class="has-small-font-size">Interview und Stimme: Florence Grivel.<br />Musik und Sounddesign: Christophe Gonet.</p>



<p class="has-black-color has-text-color has-small-font-size">Dies ist eine Produktion <a href="https://www.youngpods.ch/" target="_blank" rel="noreferrer noopener"><span style="text-decoration: underline;"><strong>Young Pods</strong></span></a>.</p>

<p>Sion (Wallis) - Atelier von Olivier Lovey (1/2): Jemima diskutiert über die Arbeit des Fotografen, während sie nach und nach sein Atelier entdeckt, und fragt sich, welchen Wert die Fotografie im Zeitalter von Instagram hat.</p>
