{"id":3116,"date":"2024-10-10T10:00:31","date_gmt":"2024-10-10T08:00:31","guid":{"rendered":"https:\/\/artscool.ch\/?post_type=podcast&#038;p=3116"},"modified":"2025-03-04T10:37:08","modified_gmt":"2025-03-04T09:37:08","slug":"jemima-maximilien-urfer","status":"publish","type":"podcast","link":"https:\/\/artscool.ch\/de\/podcast\/jemima-maximilien-urfer\/","title":{"rendered":"Jemima &amp; Maximilian Urfer"},"content":{"rendered":"<h2><strong>Hallo, ich hei\u00dfe Jemima, bin bald sechzehn Jahre alt und wohne in La Tour-de-Peilz.<\/strong><\/h2>\r\n<h2><strong>Kunst ist f\u00fcr mich eine Art, sich auszudr\u00fccken, aber auch eine Art, dem Alltag zu entfliehen und uns zu zeigen, dass es auch eine positive Seite in diesem Leben gibt.<\/strong><\/h2>\r\n<h2><strong>Heute bin ich mit dem K\u00fcnstler Maximilien Urfer in seinem Atelier in Sion.<\/strong><\/h2>\r\n<p>&nbsp;<\/p>\r\n<p><strong>JEMIMA:<\/strong> Guten Tag. Sehr erfreut.<\/p>\r\n<p><strong>MAXIMILIAN URFER:<\/strong> Sehr erfreut und willkommen hier.<\/p>\r\n<p><strong>JEMIMA:<\/strong> Vielen Dank. Ich habe geh\u00f6rt, dass du dich nicht gerne langweilst und deshalb auf verschiedene Arten Spa\u00df haben willst, vor allem mit Instrumenten: Du spielst Saxophon, Gitarre, Schlagzeug... K\u00f6nnten wir die Kl\u00e4nge in deinem Atelier ein wenig erforschen?<\/p>\r\n<p><strong>MAXIMILIAN URFER:<\/strong> Alles, was es in diesem Atelier gibt, habe ich nicht gesucht, es ist quasi zu mir gekommen. Eines Tages lag es auf meinem Weg. Das sind Dinge, die ich haben wollte, aber ich habe sie nicht im Internet bestellt. Der Kontrabass, den du da hinten siehst, ist also das Gleiche. Es war ein alter Traum, einen zu haben, und eines Tages stand er vor mir. Eines Tages hatte ich ein Auto - was sehr selten ist - und ich hatte auch das Geld, um es zu kaufen - und das ist noch seltener - und deshalb ist er jetzt hier. Ich konnte nicht nein sagen... Ah, au\u00dferdem ist sie nicht gestimmt....<\/p>\r\n<p>Es gibt noch ein anderes Instrument, das ich hier besonders mag: ein Keyboard, das ich auf einem Flohmarkt gefunden habe, eine Farfisa! Es ist leider nicht die Farfisa, die Pink Floyd in ihren Alben verwendet hat, aber wir sind nicht weit von diesem sehr, sehr seltsamen Sound entfernt.<\/p>\r\n<p><strong>JEMIMA:<\/strong> Ich bin ein gro\u00dfer Fan von Pink Floyd. In deinem Atelier gibt es wirklich viele Dinge, die mich interessiert haben und die au\u00dfergew\u00f6hnlich sind.<\/p>\r\n<p><strong>MAXIMILIAN URFER:<\/strong> Es ist gut, dass du mir von diesem Panel erz\u00e4hlst, denn es ist ein Panel, dessen Autor ich nicht bin. Der Autor ist ein Freund, der Teil einer musikalischen Formation ist (die wir mit f\u00fcnf anderen Freunden gegr\u00fcndet haben) und die darin besteht, den Improvisationshahn f\u00fcr vier oder f\u00fcnf Stunden manchmal hier aufzudrehen, obwohl man wei\u00df, dass niemand alle Instrumente spielen kann. Die Strategie ist zirkul\u00e4r, d. h. alle zwanzig Minuten wird das Instrument gewechselt, egal was passiert.<\/p>\r\n<p><strong>JEMIMA:<\/strong> Ich habe dieses Schild gew\u00e4hlt, weil darauf etwas geschrieben steht: \"Unsere Musik ist nicht elegant, aber wir sind elegant\". Ihre Musik ist nicht elegant, weil Sie improvisieren, oder?<\/p>\r\n<p><strong>MAXIMILIAN URFER:<\/strong> Ja, das ist es auf jeden Fall. Wenn man hierher kommt, um zu spielen, muss man versuchen, sich so viel wie m\u00f6glich zu erlauben, den Druck zu vergessen, den man sich machen will, ob man spielen kann oder nicht, und versuchen, so rein wie m\u00f6glich zu spielen und dann so nat\u00fcrlich wie m\u00f6glich zu spielen. Das ist wirklich die Herausforderung. Und dann konterkarieren wir das mit diesem kleinen Satz: Wir sind elegant ... was noch zu beweisen ist, aber das ist kein Satz, den ich f\u00fcr mich selbst in Anspruch nehme.....<\/p>\r\n<p><strong>JEMIMA:<\/strong> Wir haben viel \u00fcber Musik gesprochen, \u00fcber das, was in deinem Atelier passiert, aber ich habe auch geh\u00f6rt, dass du Filme machst. K\u00f6nnten wir einen Ausschnitt davon sehen?<\/p>\r\n<p><strong>MAXIMILIAN URFER:<\/strong> Mit Vergn\u00fcgen. Wir sprachen dar\u00fcber, auf die Welt zu achten und wach zu sein. Entdecken wir also einen Ausschnitt aus dieser Filmreihe, die ich Ende 2023 initiiert habe und die den Namen \"Aufmerksamkeiten\" tr\u00e4gt.<\/p>\r\n<p><strong>JEMIMA:<\/strong> Nur eine Frage: Kanntest du die Leute, die im Film vorkommen, oder nicht?<\/p>\r\n<p><strong>MAXIMILIAN URFER:<\/strong> Also \u00fcberhaupt nicht. Andererseits ist die Gemeinschaft, die wir am Ende des Films vor Augen haben, die Gemeinschaft, von der ich am Anfang des Films gesprochen habe. Diese Gemeinschaft kam in dem Moment, in dem ich die Kamera eingeschaltet habe, unabh\u00e4ngig von meinem Willen. Das war nat\u00fcrlich nicht geplant und es ist die erste sehr sch\u00f6ne \u00dcberraschung in diesem Protokoll, eine Kamera einzuschalten, eine Stunde zu warten und dann zu sehen, was passiert.<\/p>\r\n<p><strong>JEMIMA:<\/strong> Mir ist aufgefallen, dass wir am Anfang alle gelacht haben.<\/p>\r\n<p><strong>MAXIMILIAN URFER:<\/strong> Es soll nicht lustig sein, aber was passiert, ist, dass der Kommentar, der uns am\u00fcsiert hat, eigentlich eine kleine innere Stimme ist, die wir alle - glaube ich - im Kopf haben, wenn wir uns im \u00f6ffentlichen Raum aufhalten und uns auf eine Bank setzen. Hier geht es also darum, sie ungefiltert nach au\u00dfen zu tragen, zu improvisieren, je nachdem, was ich vor Augen habe, allerdings mit einer etwas st\u00e4rkeren Selbstzensur, als wenn ich es nur in meinem Kopf machen w\u00fcrde, denn es wird ja sichtbar gemacht. Es geht also darum, all die Fragen zu nehmen, die mir in dem Moment in den Kopf kommen, in dem diese Dinge geschehen, und zu erkennen, dass das Leben fast st\u00e4rker ist als ein Drehbuch, weil immer etwas passiert.<\/p>\r\n<p>Ich k\u00f6nnte das in einem Wald machen, es w\u00fcrde etwas passieren. In einer Stunde in einem Wald, in dem niemand ist, w\u00fcrde eine Menge passieren. Davon bin ich \u00fcberzeugt. Das wird auch der n\u00e4chste Schritt sein. F\u00fcr mich ist es fast eine Meditations\u00fcbung, das zu tun.<\/p>\r\n<p><strong>JEMIMA:<\/strong> Vielen Dank, Maximilian! Es war mir eine Freude, dein Atelier und alles darin zu sehen. Bis zum n\u00e4chsten Mal, hoffe ich!<\/p>\r\n<p><strong>MAXIMILIAN URFER:<\/strong> Es war mir ein Vergn\u00fcgen, dich zu treffen! Vielen Dank f\u00fcr deine Aufmerksamkeit.<\/p>\r\n<p>&nbsp;<\/p>\r\n<p>&nbsp;<\/p>\r\n\r\n<p>\u00b0\u00b0<\/p>\r\n\r\n\r\n\r\n<p class=\"has-small-font-size\">ART'S COOL oder \"Art is cool\"!<\/p>\r\n\r\n\r\n\r\n<p class=\"has-small-font-size\">Dies ist eine Begegnung mit einem zeitgen\u00f6ssischen Kunstwerk in der Schweiz, betrachtet, erkundet, und hinterfragt von jungen Menschen. Auf die Fragen der Jugendlichen geben wiederum die K\u00fcnstlerin oder der K\u00fcnstler auf ihre Weise eine Antwort. Ganz einfach, nicht?<\/p>\r\n\r\n\r\n\r\n<p class=\"has-small-font-size\">In dieser dritten Staffel l\u00e4dt unser Podcast junge Leute dazu ein, mit K\u00fcnstlern in ihren Ateliers irgendwo in der Schweiz zu sprechen. In jeder Episode tauchen Sie in zwei sich erg\u00e4nzenden Sequenzen in das Herz des k\u00fcnstlerischen Schaffens ein: zuerst eine immersive Erkundung des Ateliers und dann eine Diskussion \u00fcber ein faszinierendes Objekt.<\/p>\r\n<p class=\"has-small-font-size\">Heute <strong>Jemima<\/strong> traf <strong><a href=\"http:\/\/www.maximilienurfer.com\">Maximilian Urfer<\/a> <\/strong>in seinem Atelier in Sion (Wallis).<\/p>\r\n<p class=\"has-small-font-size\">Sammle zeitgen\u00f6ssische Kunst mit deinen Ohren! Die Webseite <a href=\"https:\/\/artscool.ch\/de\/\"><strong>artscool.ch\/de<\/strong><\/a> pr\u00e4sentiert alle Episoden, die seit Herbst 2021 ausgestrahlt wurden. Eine vielf\u00e4ltige und wachsende Sammlung! Ausserdem findest du dort alle Portraits der jugendlichen Fans der zeitgen\u00f6ssischen Kunst, die Kurzbiographien der interviewten K\u00fcnstlerinnen und K\u00fcnstler und die Bilder der Werke.<\/p>\r\n\r\n\r\n\r\n<p class=\"has-small-font-size\">Wenn Sie zur Verbreitung des ART'S COOL-Podcasts beitragen m\u00f6chten, z\u00f6gern Sie nicht, anderen davon zu erz\u00e4hlen, ihn zu abonnieren und ihm f\u00fcnf Sterne auf Ihrer bevorzugten H\u00f6rplattform zu geben. Sie k\u00f6nnen uns auch auf Instagram folgen, unter dem Account <strong><a href=\"https:\/\/www.instagram.com\/young_pods\/\">young_pods<\/a>.<\/strong><\/p>\r\n\r\n\r\n\r\n<p>Der ART'S COOL Podcast wird dank der wertvollen Unterst\u00fctzung der Loterie Romande, der Ernst G\u00f6hner Stiftung, der Fondation Fran\u00e7oise Champoud, der Fondation Leenaards, der Fondation Oertli, der Fondation Sandoz, der Kantone Bern, Wallis, Waadt realisiert und ausgestrahlt.<\/p>\r\n<p>Dank an das Schweizerische Institut f\u00fcr Kunstwissenschaft (SIK-ISEA) f\u00fcr die biografischen Quellen zu den K\u00fcnstlern. <\/p>\r\n\r\n\r\n\r\n<p class=\"has-small-font-size\">Interview und Stimme: Florence Grivel.<br \/>Musik und Sounddesign: Christophe Gonet.<\/p>\r\n\r\n\r\n\r\n<p class=\"has-black-color has-text-color has-small-font-size\">Dies ist eine Produktion <a href=\"https:\/\/www.youngpods.ch\/\" target=\"_blank\" rel=\"noreferrer noopener\"><span style=\"text-decoration: underline;\"><strong>Young Pods<\/strong><\/span><\/a>.<\/p>","protected":false},"excerpt":{"rendered":"<p>Sion (Wallis) - Atelier von Maximilien Urfer (2\/2): Jemima erkundet den Raum und die Kl\u00e4nge im Atelier des K\u00fcnstlers. Dann wird ihre Aufmerksamkeit auf ein Schild gelenkt, das verk\u00fcndet: \"Unsere Musik ist nicht elegant, wir sind elegant\".<\/p>","protected":false},"featured_media":3120,"template":"","artist":[243],"canton":[157],"episode-":[265],"season":[133],"podcast-categories":[],"class_list":["post-3116","podcast","type-podcast","status-publish","has-post-thumbnail","hentry","artist-maximilien-urfer","canton-valais-wallis","episode--episode-83","season-season-3"],"acf":[],"_links":{"self":[{"href":"https:\/\/artscool.ch\/de\/wp-json\/wp\/v2\/podcast\/3116","targetHints":{"allow":["GET"]}}],"collection":[{"href":"https:\/\/artscool.ch\/de\/wp-json\/wp\/v2\/podcast"}],"about":[{"href":"https:\/\/artscool.ch\/de\/wp-json\/wp\/v2\/types\/podcast"}],"version-history":[{"count":8,"href":"https:\/\/artscool.ch\/de\/wp-json\/wp\/v2\/podcast\/3116\/revisions"}],"predecessor-version":[{"id":3286,"href":"https:\/\/artscool.ch\/de\/wp-json\/wp\/v2\/podcast\/3116\/revisions\/3286"}],"wp:featuredmedia":[{"embeddable":true,"href":"https:\/\/artscool.ch\/de\/wp-json\/wp\/v2\/media\/3120"}],"wp:attachment":[{"href":"https:\/\/artscool.ch\/de\/wp-json\/wp\/v2\/media?parent=3116"}],"wp:term":[{"taxonomy":"artist","embeddable":true,"href":"https:\/\/artscool.ch\/de\/wp-json\/wp\/v2\/artist?post=3116"},{"taxonomy":"canton","embeddable":true,"href":"https:\/\/artscool.ch\/de\/wp-json\/wp\/v2\/canton?post=3116"},{"taxonomy":"episode-","embeddable":true,"href":"https:\/\/artscool.ch\/de\/wp-json\/wp\/v2\/episode-?post=3116"},{"taxonomy":"season","embeddable":true,"href":"https:\/\/artscool.ch\/de\/wp-json\/wp\/v2\/season?post=3116"},{"taxonomy":"podcast-categories","embeddable":true,"href":"https:\/\/artscool.ch\/de\/wp-json\/wp\/v2\/podcast-categories?post=3116"}],"curies":[{"name":"wp","href":"https:\/\/api.w.org\/{rel}","templated":true}]}}

<h2><strong>Hallo, ich heiße Jemima, bin bald sechzehn Jahre alt und wohne in La Tour-de-Peilz.</strong></h2>
<h2><strong>Kunst ist für mich eine Art, sich auszudrücken, aber auch eine Art, dem Alltag zu entfliehen und uns zu zeigen, dass es auch eine positive Seite in diesem Leben gibt.</strong></h2>
<h2><strong>Heute bin ich mit dem Künstler Maximilien Urfer in seinem Atelier in Sion.</strong></h2>
<p>&nbsp;</p>
<p><strong>JEMIMA:</strong> Guten Tag. Sehr erfreut.</p>
<p><strong>MAXIMILIAN URFER:</strong> Sehr erfreut und willkommen hier.</p>
<p><strong>JEMIMA:</strong> Vielen Dank. Ich habe gehört, dass du dich nicht gerne langweilst und deshalb auf verschiedene Arten Spaß haben willst, vor allem mit Instrumenten: Du spielst Saxophon, Gitarre, Schlagzeug... Könnten wir die Klänge in deinem Atelier ein wenig erforschen?</p>
<p><strong>MAXIMILIAN URFER:</strong> Alles, was es in diesem Atelier gibt, habe ich nicht gesucht, es ist quasi zu mir gekommen. Eines Tages lag es auf meinem Weg. Das sind Dinge, die ich haben wollte, aber ich habe sie nicht im Internet bestellt. Der Kontrabass, den du da hinten siehst, ist also das Gleiche. Es war ein alter Traum, einen zu haben, und eines Tages stand er vor mir. Eines Tages hatte ich ein Auto - was sehr selten ist - und ich hatte auch das Geld, um es zu kaufen - und das ist noch seltener - und deshalb ist er jetzt hier. Ich konnte nicht nein sagen... Ah, außerdem ist sie nicht gestimmt....</p>
<p>Es gibt noch ein anderes Instrument, das ich hier besonders mag: ein Keyboard, das ich auf einem Flohmarkt gefunden habe, eine Farfisa! Es ist leider nicht die Farfisa, die Pink Floyd in ihren Alben verwendet hat, aber wir sind nicht weit von diesem sehr, sehr seltsamen Sound entfernt.</p>
<p><strong>JEMIMA:</strong> Ich bin ein großer Fan von Pink Floyd. In deinem Atelier gibt es wirklich viele Dinge, die mich interessiert haben und die außergewöhnlich sind.</p>
<p><strong>MAXIMILIAN URFER:</strong> Es ist gut, dass du mir von diesem Panel erzählst, denn es ist ein Panel, dessen Autor ich nicht bin. Der Autor ist ein Freund, der Teil einer musikalischen Formation ist (die wir mit fünf anderen Freunden gegründet haben) und die darin besteht, den Improvisationshahn für vier oder fünf Stunden manchmal hier aufzudrehen, obwohl man weiß, dass niemand alle Instrumente spielen kann. Die Strategie ist zirkulär, d. h. alle zwanzig Minuten wird das Instrument gewechselt, egal was passiert.</p>
<p><strong>JEMIMA:</strong> Ich habe dieses Schild gewählt, weil darauf etwas geschrieben steht: "Unsere Musik ist nicht elegant, aber wir sind elegant". Ihre Musik ist nicht elegant, weil Sie improvisieren, oder?</p>
<p><strong>MAXIMILIAN URFER:</strong> Ja, das ist es auf jeden Fall. Wenn man hierher kommt, um zu spielen, muss man versuchen, sich so viel wie möglich zu erlauben, den Druck zu vergessen, den man sich machen will, ob man spielen kann oder nicht, und versuchen, so rein wie möglich zu spielen und dann so natürlich wie möglich zu spielen. Das ist wirklich die Herausforderung. Und dann konterkarieren wir das mit diesem kleinen Satz: Wir sind elegant ... was noch zu beweisen ist, aber das ist kein Satz, den ich für mich selbst in Anspruch nehme.....</p>
<p><strong>JEMIMA:</strong> Wir haben viel über Musik gesprochen, über das, was in deinem Atelier passiert, aber ich habe auch gehört, dass du Filme machst. Könnten wir einen Ausschnitt davon sehen?</p>
<p><strong>MAXIMILIAN URFER:</strong> Mit Vergnügen. Wir sprachen darüber, auf die Welt zu achten und wach zu sein. Entdecken wir also einen Ausschnitt aus dieser Filmreihe, die ich Ende 2023 initiiert habe und die den Namen "Aufmerksamkeiten" trägt.</p>
<p><strong>JEMIMA:</strong> Nur eine Frage: Kanntest du die Leute, die im Film vorkommen, oder nicht?</p>
<p><strong>MAXIMILIAN URFER:</strong> Also überhaupt nicht. Andererseits ist die Gemeinschaft, die wir am Ende des Films vor Augen haben, die Gemeinschaft, von der ich am Anfang des Films gesprochen habe. Diese Gemeinschaft kam in dem Moment, in dem ich die Kamera eingeschaltet habe, unabhängig von meinem Willen. Das war natürlich nicht geplant und es ist die erste sehr schöne Überraschung in diesem Protokoll, eine Kamera einzuschalten, eine Stunde zu warten und dann zu sehen, was passiert.</p>
<p><strong>JEMIMA:</strong> Mir ist aufgefallen, dass wir am Anfang alle gelacht haben.</p>
<p><strong>MAXIMILIAN URFER:</strong> Es soll nicht lustig sein, aber was passiert, ist, dass der Kommentar, der uns amüsiert hat, eigentlich eine kleine innere Stimme ist, die wir alle - glaube ich - im Kopf haben, wenn wir uns im öffentlichen Raum aufhalten und uns auf eine Bank setzen. Hier geht es also darum, sie ungefiltert nach außen zu tragen, zu improvisieren, je nachdem, was ich vor Augen habe, allerdings mit einer etwas stärkeren Selbstzensur, als wenn ich es nur in meinem Kopf machen würde, denn es wird ja sichtbar gemacht. Es geht also darum, all die Fragen zu nehmen, die mir in dem Moment in den Kopf kommen, in dem diese Dinge geschehen, und zu erkennen, dass das Leben fast stärker ist als ein Drehbuch, weil immer etwas passiert.</p>
<p>Ich könnte das in einem Wald machen, es würde etwas passieren. In einer Stunde in einem Wald, in dem niemand ist, würde eine Menge passieren. Davon bin ich überzeugt. Das wird auch der nächste Schritt sein. Für mich ist es fast eine Meditationsübung, das zu tun.</p>
<p><strong>JEMIMA:</strong> Vielen Dank, Maximilian! Es war mir eine Freude, dein Atelier und alles darin zu sehen. Bis zum nächsten Mal, hoffe ich!</p>
<p><strong>MAXIMILIAN URFER:</strong> Es war mir ein Vergnügen, dich zu treffen! Vielen Dank für deine Aufmerksamkeit.</p>
<p>&nbsp;</p>
<p>&nbsp;</p>

<p>°°</p>



<p class="has-small-font-size">ART'S COOL oder "Art is cool"!</p>



<p class="has-small-font-size">Dies ist eine Begegnung mit einem zeitgenössischen Kunstwerk in der Schweiz, betrachtet, erkundet, und hinterfragt von jungen Menschen. Auf die Fragen der Jugendlichen geben wiederum die Künstlerin oder der Künstler auf ihre Weise eine Antwort. Ganz einfach, nicht?</p>



<p class="has-small-font-size">In dieser dritten Staffel lädt unser Podcast junge Leute dazu ein, mit Künstlern in ihren Ateliers irgendwo in der Schweiz zu sprechen. In jeder Episode tauchen Sie in zwei sich ergänzenden Sequenzen in das Herz des künstlerischen Schaffens ein: zuerst eine immersive Erkundung des Ateliers und dann eine Diskussion über ein faszinierendes Objekt.</p>
<p class="has-small-font-size">Heute <strong>Jemima</strong> traf <strong><a href="http://www.maximilienurfer.com">Maximilian Urfer</a> </strong>in seinem Atelier in Sion (Wallis).</p>
<p class="has-small-font-size">Sammle zeitgenössische Kunst mit deinen Ohren! Die Webseite <a href="https://artscool.ch/de/"><strong>artscool.ch/de</strong></a> präsentiert alle Episoden, die seit Herbst 2021 ausgestrahlt wurden. Eine vielfältige und wachsende Sammlung! Ausserdem findest du dort alle Portraits der jugendlichen Fans der zeitgenössischen Kunst, die Kurzbiographien der interviewten Künstlerinnen und Künstler und die Bilder der Werke.</p>



<p class="has-small-font-size">Wenn Sie zur Verbreitung des ART'S COOL-Podcasts beitragen möchten, zögern Sie nicht, anderen davon zu erzählen, ihn zu abonnieren und ihm fünf Sterne auf Ihrer bevorzugten Hörplattform zu geben. Sie können uns auch auf Instagram folgen, unter dem Account <strong><a href="https://www.instagram.com/young_pods/">young_pods</a>.</strong></p>



<p>Der ART'S COOL Podcast wird dank der wertvollen Unterstützung der Loterie Romande, der Ernst Göhner Stiftung, der Fondation Françoise Champoud, der Fondation Leenaards, der Fondation Oertli, der Fondation Sandoz, der Kantone Bern, Wallis, Waadt realisiert und ausgestrahlt.</p>
<p>Dank an das Schweizerische Institut für Kunstwissenschaft (SIK-ISEA) für die biografischen Quellen zu den Künstlern. </p>



<p class="has-small-font-size">Interview und Stimme: Florence Grivel.<br />Musik und Sounddesign: Christophe Gonet.</p>



<p class="has-black-color has-text-color has-small-font-size">Dies ist eine Produktion <a href="https://www.youngpods.ch/" target="_blank" rel="noreferrer noopener"><span style="text-decoration: underline;"><strong>Young Pods</strong></span></a>.</p>

<p>Sion (Wallis) - Atelier von Maximilien Urfer (2/2): Jemima erkundet den Raum und die Klänge im Atelier des Künstlers. Dann wird ihre Aufmerksamkeit auf ein Schild gelenkt, das verkündet: "Unsere Musik ist nicht elegant, wir sind elegant".</p>
