{"id":2887,"date":"2024-10-03T15:08:13","date_gmt":"2024-10-03T13:08:13","guid":{"rendered":"https:\/\/artscool.ch\/?post_type=podcast&#038;p=2887"},"modified":"2025-03-04T10:38:01","modified_gmt":"2025-03-04T09:38:01","slug":"keila-maximilien-urfer","status":"publish","type":"podcast","link":"https:\/\/artscool.ch\/de\/podcast\/keila-maximilien-urfer\/","title":{"rendered":"Keila &amp; Maximilian Urfer"},"content":{"rendered":"<h2><strong>Hallo, ich hei\u00dfe Keila, bin vierzehn Jahre alt und wohne in La Tour-de-Peilz.<\/strong><\/h2>\r\n<h2><strong>Kunst ist f\u00fcr mich etwas sehr Pers\u00f6nliches, mit dem man sich zu allen Themen ausdr\u00fccken kann.<\/strong><\/h2>\r\n<h2><strong>Heute habe ich einen Termin mit dem K\u00fcnstler Maximilian Urfer in Sitten. Kommst du mit?<\/strong><\/h2>\r\n<p>&nbsp;<\/p>\r\n<p><strong>KEILA:<\/strong> Ich bin an einem besonderen Ort, wir sind von Geb\u00e4uden umgeben; vor mir ist so etwas wie eine Garage, in der verschiedene Dinge stehen. Ich denke, ich bin am richtigen Ort.<\/p>\r\n<p><strong>MAXIMILIAN URFER:<\/strong> Hallo Hallo<\/p>\r\n<p><strong>KEILA:<\/strong> Hallo, sehr erfreut, ich bin Keila.<\/p>\r\n<p><strong>MAXIMILIAN URFER:<\/strong> Ich freue mich, Sie kennenzulernen. Ich bin Maximilian. Willkommen in meiner H\u00f6hle. Wir werden diese sehr schwere T\u00fcr schlie\u00dfen. Dann machen wir uns auf den Weg. Sie d\u00fcrfen mir gerne folgen.<\/p>\r\n<p><strong>KEILA:<\/strong> Der Ort ist halbschattig, es gibt viele Dinge und viele Fahrr\u00e4der.<\/p>\r\n<p><strong>MAXIMILIAN URFER:<\/strong> Wenn man ein St\u00fcck weitergeht, gelangt man in einen kleinen Raum.<\/p>\r\n<p><strong>KEILA:<\/strong> Wow, also ja, das ist wirklich sch\u00f6n! Ich finde, dass man sich in diesem Raum ausdr\u00fccken kann! Es gibt viele Platten, Gitarren, ein Schlagzeug, das ist wirklich cool. Es gibt Klaviere... Man merkt, dass die K\u00fcnstlerin, die hier bei mir ist, wirklich einen Hang zur Musik hat.<\/p>\r\n<p><strong>MAXIMILIAN URFER:<\/strong> Ich glaube, da stimme ich mit dir \u00fcberein. Es gibt hier viele Instrumente, die ich nicht professionell spielen kann. F\u00fcr mich sind es Werkzeuge, die jedes Mal eine Erkundung mit sich bringen. Und es ist gut, es nicht zu wissen, f\u00fcr mich ist es besser, es nicht gelernt zu haben.<\/p>\r\n<p><strong>KEILA:<\/strong> Das ist wirklich interessant, denn du sagst, dass du kein Musiker bist, aber es gibt sehr viele Musikinstrumente. Warum sagst du dann, dass du nicht glaubst, dass du ein Musiker bist?<\/p>\r\n<p><strong>MAXIMILIAN URFER:<\/strong> In Wirklichkeit bin ich ein Musiker. Ich bin sogar nur Musiker. Wenn du willst, ist mein Hauptantrieb die Musik, die Musikalit\u00e4t und die Improvisation. Das sind die gro\u00dfen Knotenpunkte in all meinen Praktiken, egal ob sie fotografisch, filmisch oder malerisch sind. Ich mache auch Musik. Eigentlich ber\u00fchrt alles die ganze Zeit die Musik. Aber wir sprechen von Musik im weitesten Sinne, wir sprechen von Musikalit\u00e4t. Wir sprechen nicht davon, dass man auf einer B\u00fchne steht und ein Konzert gibt, um Leute zu erfreuen, das ist ganz und gar nicht das Gleiche. Es geht wirklich um die Musik in ihrer wesentlichsten Form, das ist es. Deshalb gibt es all diese Instrumente um uns herum.<\/p>\r\n<p><strong>KEILA:<\/strong> Ich habe einen Text vor mir, in dem es hei\u00dft: \"Maximilian Urfer ist wie du, er liebt das Leben und manchmal auch nicht. Wenn er sich langweilt, und das ist oft der Fall, setzt er unz\u00e4hlige Strategien ein, um sich lebendig zu f\u00fchlen.\" Ich glaube, du hast das geschrieben, also bist du immer noch damit einverstanden?<\/p>\r\n<p><strong>MAXIMILIAN URFER:<\/strong> Ja, ja, ja, ja, ich stimme dem immer zu. Ich bin sogar mit dem Prinzip der Permakultur einverstanden. Es gibt Monokulturen und dann gibt es Permakultur. Wenn man nicht sein ganzes Leben lang nur Gurken anbauen will, muss man die Dinge diversifizieren. Das f\u00fchrt gerade dazu, dass man keinen wahnsinnigen Druck auf das Obst und Gem\u00fcse aus\u00fcbt, das wachsen wird, da es nicht nur von uns abh\u00e4ngt.<\/p>\r\n<p>Wenn ich mich also dazu entschieden h\u00e4tte, nur Musik zu machen, m\u00fcsste ich wie ein Verr\u00fcckter arbeiten und das w\u00fcrde mich ziemlich schnell erm\u00fcden, denke ich, und es w\u00fcrde mich unter wahnsinnigen Druck setzen. Meine Strategie ist es also, eine Menge davon zu haben und von einer Strategie zur n\u00e4chsten springen zu k\u00f6nnen, wenn meine Lust und meine Inspiration folgen. Ich achte sehr auf diese Bewegungen und Str\u00f6mungen. Und ja, ich stimme diesem Text immer noch zu.<\/p>\r\n<p><strong>KEILA:<\/strong> Und wie f\u00e4ngst du an, mit Musik oder anderen Dingen, die du machst?<\/p>\r\n<p><strong>MAXIMILIAN URFER:<\/strong> Es beginnt empirisch und es beginnt eigentlich immer mit Langeweile. Das erste Mal, dass ich eine Gitarre in die Hand genommen habe, war mit acht Jahren und sie stand auf einem Schrank bei meiner Gro\u00dfmutter; mit acht Jahren wusste ich nicht, was ich tun sollte, au\u00dfer fernzusehen. Der Fernseher langweilte mich ziemlich schnell, also sagte ich mir: \"Ich muss mich irgendwie besch\u00e4ftigen\". Ich habe mir eine Gitarre besorgt und damit einen kleinen Kanal ge\u00f6ffnet, der sich immer weiter ge\u00f6ffnet hat. F\u00fcnfunddrei\u00dfig Jahre sp\u00e4ter hat es das ergeben, was du hier siehst. Es ist also immer noch die Langeweile, der Aufbruch. Ich kann nicht einfach nur da sein und warten, bis es vorbei ist, das ist es. Langeweile ist eine echte Frage f\u00fcr mich und eine andere echte Frage, die mit Langeweile zu tun hat, ist die Aufmerksamkeit, die man den Dingen schenkt.<\/p>\r\n<p>Und es ist auch ein Wunsch, sich mehr auf das zu konzentrieren, was man hat. Ich springe von einem Hahn zum anderen und male, zeichne, spiele Kontrabass, Saxophon, singe, mache Filme und so weiter... Und gleichzeitig muss ich mich voll und ganz auf das konzentrieren, was ich jetzt tue. Es sind organische Bewegungen, man muss nur da sein und ihnen zuh\u00f6ren...<\/p>\r\n<p><strong>KEILA:<\/strong> Aber wo sind deine Werke hier im Studio?<\/p>\r\n<p><strong>MAXIMILIAN URFER:<\/strong> Dieses Studio ist ein Spielplatz: Es gibt Rutschen, es gibt Schaukeln, es gibt alles, um zu \u00fcben und zu spielen. Mit Spielen meine ich Improvisation. Das ist also die Pr\u00e4senz dieser Instrumente hier. Und dann gibt es im Hintergrund auch noch einen Computer mit einem klassischen Schreibtisch, wie du gesehen hast. Auf diesem Schreibtisch befinden sich alle Filme, die ich in den letzten drei\u00dfig Jahren gedreht habe. Also ein Archiv, das ziemlich schwerf\u00e4llig wird. Es gibt auch mein gesamtes Archiv, das mit der Malerei zu tun hat.<\/p>\r\n<p>Die Werke befinden sich derzeit haupts\u00e4chlich auf diesem Computer. Was diesen Teil betrifft, da ich ein anderes Atelier f\u00fcr die Malerei habe. Wenn ich hier malen w\u00fcrde, w\u00fcrde ich ersticken. Es gibt nicht viel Bel\u00fcftung, also muss man aufpassen.<\/p>\r\n<p><strong>KEILA:<\/strong> Was ist f\u00fcr dich die Definition von Kunst?<\/p>\r\n<p><strong>MAXIMILIAN URFER:<\/strong> So lange wie m\u00f6glich am Leben bleiben in einem Leben, das man organisch geerbt hat. Das ist der Weg, um tats\u00e4chlich viel lebendiger zu sein, viel wacher in Bezug auf alles, was uns umgibt. So, das ist vielleicht meine aktuelle Definition, die ich in zehn Jahren wahrscheinlich aktualisieren werde.<\/p>\r\n<p><strong>KEILA:<\/strong> Vielen Dank f\u00fcr all die Antworten, die du mir gegeben hast, und viel Erfolg!<\/p>\r\n<p><strong>MAXIMILIAN URFER:<\/strong> Vielen Dank an dich.<\/p>\r\n<p>&nbsp;<\/p>\r\n\r\n<p>\u00b0\u00b0<\/p>\r\n\r\n\r\n\r\n<p class=\"has-small-font-size\">ART'S COOL oder \"Art is cool\"!<\/p>\r\n\r\n\r\n\r\n<p class=\"has-small-font-size\">Dies ist eine Begegnung mit einem zeitgen\u00f6ssischen Kunstwerk in der Schweiz, betrachtet, erkundet, und hinterfragt von jungen Menschen. Auf die Fragen der Jugendlichen geben wiederum die K\u00fcnstlerin oder der K\u00fcnstler auf ihre Weise eine Antwort. Ganz einfach, nicht?<\/p>\r\n\r\n\r\n\r\n<p class=\"has-small-font-size\">In dieser dritten Staffel l\u00e4dt unser Podcast junge Leute dazu ein, mit K\u00fcnstlern in ihren Ateliers irgendwo in der Schweiz zu sprechen. In jeder Episode tauchen Sie in zwei sich erg\u00e4nzenden Sequenzen in das Herz des k\u00fcnstlerischen Schaffens ein: zuerst eine immersive Erkundung des Ateliers und dann eine Diskussion \u00fcber ein faszinierendes Objekt.<\/p>\r\n<p class=\"has-small-font-size\">Heute <strong>Keila<\/strong> traf <strong><a href=\"http:\/\/www.maximilienurfer.com\">Maximilian Urfer<\/a> <\/strong>in seinem Atelier in Sion (Wallis).<\/p>\r\n<p class=\"has-small-font-size\">Sammle zeitgen\u00f6ssische Kunst mit deinen Ohren! Die Webseite <a href=\"https:\/\/artscool.ch\/de\/\"><strong>artscool.ch\/de<\/strong><\/a> pr\u00e4sentiert alle Episoden, die seit Herbst 2021 ausgestrahlt wurden. Eine vielf\u00e4ltige und wachsende Sammlung! Ausserdem findest du dort alle Portraits der jugendlichen Fans der zeitgen\u00f6ssischen Kunst, die Kurzbiographien der interviewten K\u00fcnstlerinnen und K\u00fcnstler und die Bilder der Werke.<\/p>\r\n\r\n\r\n\r\n<p class=\"has-small-font-size\">Wenn Sie zur Verbreitung des ART'S COOL-Podcasts beitragen m\u00f6chten, z\u00f6gern Sie nicht, anderen davon zu erz\u00e4hlen, ihn zu abonnieren und ihm f\u00fcnf Sterne auf Ihrer bevorzugten H\u00f6rplattform zu geben. Sie k\u00f6nnen uns auch auf Instagram folgen, unter dem Account <strong><a href=\"https:\/\/www.instagram.com\/young_pods\/\">young_pods<\/a>.<\/strong><\/p>\r\n\r\n\r\n\r\n<p>Der ART'S COOL Podcast wird dank der wertvollen Unterst\u00fctzung der Loterie Romande, der Ernst G\u00f6hner Stiftung, der Fondation Fran\u00e7oise Champoud, der Fondation Leenaards, der Fondation Oertli, der Fondation Sandoz, der Kantone Bern, Wallis, Waadt realisiert und ausgestrahlt.<\/p>\r\n<p>Dank an das Schweizerische Institut f\u00fcr Kunstwissenschaft (SIK-ISEA) f\u00fcr die biografischen Quellen zu den K\u00fcnstlern. <\/p>\r\n\r\n\r\n\r\n<p class=\"has-small-font-size\">Interview und Stimme: Florence Grivel.<br \/>Musik und Sounddesign: Christophe Gonet.<\/p>\r\n\r\n\r\n\r\n<p class=\"has-black-color has-text-color has-small-font-size\">Dies ist eine Produktion <a href=\"https:\/\/www.youngpods.ch\/\" target=\"_blank\" rel=\"noreferrer noopener\"><span style=\"text-decoration: underline;\"><strong>Young Pods<\/strong><\/span><\/a>.<\/p>","protected":false},"excerpt":{"rendered":"<p>Sion (Wallis) - Atelier von Maximilien Urfer (1\/2): Keila entdeckt das \"H\u00f6hlenatelier\" des K\u00fcnstlers und ist erstaunt \u00fcber die unglaubliche Sammlung an Musikinstrumenten, die sie dort vorfindet.<\/p>","protected":false},"featured_media":2890,"template":"","artist":[243],"canton":[157],"episode-":[132],"season":[133],"podcast-categories":[],"class_list":["post-2887","podcast","type-podcast","status-publish","has-post-thumbnail","hentry","artist-maximilien-urfer","canton-valais-wallis","episode--episode-82","season-season-3"],"acf":[],"_links":{"self":[{"href":"https:\/\/artscool.ch\/de\/wp-json\/wp\/v2\/podcast\/2887","targetHints":{"allow":["GET"]}}],"collection":[{"href":"https:\/\/artscool.ch\/de\/wp-json\/wp\/v2\/podcast"}],"about":[{"href":"https:\/\/artscool.ch\/de\/wp-json\/wp\/v2\/types\/podcast"}],"version-history":[{"count":4,"href":"https:\/\/artscool.ch\/de\/wp-json\/wp\/v2\/podcast\/2887\/revisions"}],"predecessor-version":[{"id":3287,"href":"https:\/\/artscool.ch\/de\/wp-json\/wp\/v2\/podcast\/2887\/revisions\/3287"}],"wp:featuredmedia":[{"embeddable":true,"href":"https:\/\/artscool.ch\/de\/wp-json\/wp\/v2\/media\/2890"}],"wp:attachment":[{"href":"https:\/\/artscool.ch\/de\/wp-json\/wp\/v2\/media?parent=2887"}],"wp:term":[{"taxonomy":"artist","embeddable":true,"href":"https:\/\/artscool.ch\/de\/wp-json\/wp\/v2\/artist?post=2887"},{"taxonomy":"canton","embeddable":true,"href":"https:\/\/artscool.ch\/de\/wp-json\/wp\/v2\/canton?post=2887"},{"taxonomy":"episode-","embeddable":true,"href":"https:\/\/artscool.ch\/de\/wp-json\/wp\/v2\/episode-?post=2887"},{"taxonomy":"season","embeddable":true,"href":"https:\/\/artscool.ch\/de\/wp-json\/wp\/v2\/season?post=2887"},{"taxonomy":"podcast-categories","embeddable":true,"href":"https:\/\/artscool.ch\/de\/wp-json\/wp\/v2\/podcast-categories?post=2887"}],"curies":[{"name":"wp","href":"https:\/\/api.w.org\/{rel}","templated":true}]}}

<h2><strong>Hallo, ich heiße Keila, bin vierzehn Jahre alt und wohne in La Tour-de-Peilz.</strong></h2>
<h2><strong>Kunst ist für mich etwas sehr Persönliches, mit dem man sich zu allen Themen ausdrücken kann.</strong></h2>
<h2><strong>Heute habe ich einen Termin mit dem Künstler Maximilian Urfer in Sitten. Kommst du mit?</strong></h2>
<p>&nbsp;</p>
<p><strong>KEILA:</strong> Ich bin an einem besonderen Ort, wir sind von Gebäuden umgeben; vor mir ist so etwas wie eine Garage, in der verschiedene Dinge stehen. Ich denke, ich bin am richtigen Ort.</p>
<p><strong>MAXIMILIAN URFER:</strong> Hallo Hallo</p>
<p><strong>KEILA:</strong> Hallo, sehr erfreut, ich bin Keila.</p>
<p><strong>MAXIMILIAN URFER:</strong> Ich freue mich, Sie kennenzulernen. Ich bin Maximilian. Willkommen in meiner Höhle. Wir werden diese sehr schwere Tür schließen. Dann machen wir uns auf den Weg. Sie dürfen mir gerne folgen.</p>
<p><strong>KEILA:</strong> Der Ort ist halbschattig, es gibt viele Dinge und viele Fahrräder.</p>
<p><strong>MAXIMILIAN URFER:</strong> Wenn man ein Stück weitergeht, gelangt man in einen kleinen Raum.</p>
<p><strong>KEILA:</strong> Wow, also ja, das ist wirklich schön! Ich finde, dass man sich in diesem Raum ausdrücken kann! Es gibt viele Platten, Gitarren, ein Schlagzeug, das ist wirklich cool. Es gibt Klaviere... Man merkt, dass die Künstlerin, die hier bei mir ist, wirklich einen Hang zur Musik hat.</p>
<p><strong>MAXIMILIAN URFER:</strong> Ich glaube, da stimme ich mit dir überein. Es gibt hier viele Instrumente, die ich nicht professionell spielen kann. Für mich sind es Werkzeuge, die jedes Mal eine Erkundung mit sich bringen. Und es ist gut, es nicht zu wissen, für mich ist es besser, es nicht gelernt zu haben.</p>
<p><strong>KEILA:</strong> Das ist wirklich interessant, denn du sagst, dass du kein Musiker bist, aber es gibt sehr viele Musikinstrumente. Warum sagst du dann, dass du nicht glaubst, dass du ein Musiker bist?</p>
<p><strong>MAXIMILIAN URFER:</strong> In Wirklichkeit bin ich ein Musiker. Ich bin sogar nur Musiker. Wenn du willst, ist mein Hauptantrieb die Musik, die Musikalität und die Improvisation. Das sind die großen Knotenpunkte in all meinen Praktiken, egal ob sie fotografisch, filmisch oder malerisch sind. Ich mache auch Musik. Eigentlich berührt alles die ganze Zeit die Musik. Aber wir sprechen von Musik im weitesten Sinne, wir sprechen von Musikalität. Wir sprechen nicht davon, dass man auf einer Bühne steht und ein Konzert gibt, um Leute zu erfreuen, das ist ganz und gar nicht das Gleiche. Es geht wirklich um die Musik in ihrer wesentlichsten Form, das ist es. Deshalb gibt es all diese Instrumente um uns herum.</p>
<p><strong>KEILA:</strong> Ich habe einen Text vor mir, in dem es heißt: "Maximilian Urfer ist wie du, er liebt das Leben und manchmal auch nicht. Wenn er sich langweilt, und das ist oft der Fall, setzt er unzählige Strategien ein, um sich lebendig zu fühlen." Ich glaube, du hast das geschrieben, also bist du immer noch damit einverstanden?</p>
<p><strong>MAXIMILIAN URFER:</strong> Ja, ja, ja, ja, ich stimme dem immer zu. Ich bin sogar mit dem Prinzip der Permakultur einverstanden. Es gibt Monokulturen und dann gibt es Permakultur. Wenn man nicht sein ganzes Leben lang nur Gurken anbauen will, muss man die Dinge diversifizieren. Das führt gerade dazu, dass man keinen wahnsinnigen Druck auf das Obst und Gemüse ausübt, das wachsen wird, da es nicht nur von uns abhängt.</p>
<p>Wenn ich mich also dazu entschieden hätte, nur Musik zu machen, müsste ich wie ein Verrückter arbeiten und das würde mich ziemlich schnell ermüden, denke ich, und es würde mich unter wahnsinnigen Druck setzen. Meine Strategie ist es also, eine Menge davon zu haben und von einer Strategie zur nächsten springen zu können, wenn meine Lust und meine Inspiration folgen. Ich achte sehr auf diese Bewegungen und Strömungen. Und ja, ich stimme diesem Text immer noch zu.</p>
<p><strong>KEILA:</strong> Und wie fängst du an, mit Musik oder anderen Dingen, die du machst?</p>
<p><strong>MAXIMILIAN URFER:</strong> Es beginnt empirisch und es beginnt eigentlich immer mit Langeweile. Das erste Mal, dass ich eine Gitarre in die Hand genommen habe, war mit acht Jahren und sie stand auf einem Schrank bei meiner Großmutter; mit acht Jahren wusste ich nicht, was ich tun sollte, außer fernzusehen. Der Fernseher langweilte mich ziemlich schnell, also sagte ich mir: "Ich muss mich irgendwie beschäftigen". Ich habe mir eine Gitarre besorgt und damit einen kleinen Kanal geöffnet, der sich immer weiter geöffnet hat. Fünfunddreißig Jahre später hat es das ergeben, was du hier siehst. Es ist also immer noch die Langeweile, der Aufbruch. Ich kann nicht einfach nur da sein und warten, bis es vorbei ist, das ist es. Langeweile ist eine echte Frage für mich und eine andere echte Frage, die mit Langeweile zu tun hat, ist die Aufmerksamkeit, die man den Dingen schenkt.</p>
<p>Und es ist auch ein Wunsch, sich mehr auf das zu konzentrieren, was man hat. Ich springe von einem Hahn zum anderen und male, zeichne, spiele Kontrabass, Saxophon, singe, mache Filme und so weiter... Und gleichzeitig muss ich mich voll und ganz auf das konzentrieren, was ich jetzt tue. Es sind organische Bewegungen, man muss nur da sein und ihnen zuhören...</p>
<p><strong>KEILA:</strong> Aber wo sind deine Werke hier im Studio?</p>
<p><strong>MAXIMILIAN URFER:</strong> Dieses Studio ist ein Spielplatz: Es gibt Rutschen, es gibt Schaukeln, es gibt alles, um zu üben und zu spielen. Mit Spielen meine ich Improvisation. Das ist also die Präsenz dieser Instrumente hier. Und dann gibt es im Hintergrund auch noch einen Computer mit einem klassischen Schreibtisch, wie du gesehen hast. Auf diesem Schreibtisch befinden sich alle Filme, die ich in den letzten dreißig Jahren gedreht habe. Also ein Archiv, das ziemlich schwerfällig wird. Es gibt auch mein gesamtes Archiv, das mit der Malerei zu tun hat.</p>
<p>Die Werke befinden sich derzeit hauptsächlich auf diesem Computer. Was diesen Teil betrifft, da ich ein anderes Atelier für die Malerei habe. Wenn ich hier malen würde, würde ich ersticken. Es gibt nicht viel Belüftung, also muss man aufpassen.</p>
<p><strong>KEILA:</strong> Was ist für dich die Definition von Kunst?</p>
<p><strong>MAXIMILIAN URFER:</strong> So lange wie möglich am Leben bleiben in einem Leben, das man organisch geerbt hat. Das ist der Weg, um tatsächlich viel lebendiger zu sein, viel wacher in Bezug auf alles, was uns umgibt. So, das ist vielleicht meine aktuelle Definition, die ich in zehn Jahren wahrscheinlich aktualisieren werde.</p>
<p><strong>KEILA:</strong> Vielen Dank für all die Antworten, die du mir gegeben hast, und viel Erfolg!</p>
<p><strong>MAXIMILIAN URFER:</strong> Vielen Dank an dich.</p>
<p>&nbsp;</p>

<p>°°</p>



<p class="has-small-font-size">ART'S COOL oder "Art is cool"!</p>



<p class="has-small-font-size">Dies ist eine Begegnung mit einem zeitgenössischen Kunstwerk in der Schweiz, betrachtet, erkundet, und hinterfragt von jungen Menschen. Auf die Fragen der Jugendlichen geben wiederum die Künstlerin oder der Künstler auf ihre Weise eine Antwort. Ganz einfach, nicht?</p>



<p class="has-small-font-size">In dieser dritten Staffel lädt unser Podcast junge Leute dazu ein, mit Künstlern in ihren Ateliers irgendwo in der Schweiz zu sprechen. In jeder Episode tauchen Sie in zwei sich ergänzenden Sequenzen in das Herz des künstlerischen Schaffens ein: zuerst eine immersive Erkundung des Ateliers und dann eine Diskussion über ein faszinierendes Objekt.</p>
<p class="has-small-font-size">Heute <strong>Keila</strong> traf <strong><a href="http://www.maximilienurfer.com">Maximilian Urfer</a> </strong>in seinem Atelier in Sion (Wallis).</p>
<p class="has-small-font-size">Sammle zeitgenössische Kunst mit deinen Ohren! Die Webseite <a href="https://artscool.ch/de/"><strong>artscool.ch/de</strong></a> präsentiert alle Episoden, die seit Herbst 2021 ausgestrahlt wurden. Eine vielfältige und wachsende Sammlung! Ausserdem findest du dort alle Portraits der jugendlichen Fans der zeitgenössischen Kunst, die Kurzbiographien der interviewten Künstlerinnen und Künstler und die Bilder der Werke.</p>



<p class="has-small-font-size">Wenn Sie zur Verbreitung des ART'S COOL-Podcasts beitragen möchten, zögern Sie nicht, anderen davon zu erzählen, ihn zu abonnieren und ihm fünf Sterne auf Ihrer bevorzugten Hörplattform zu geben. Sie können uns auch auf Instagram folgen, unter dem Account <strong><a href="https://www.instagram.com/young_pods/">young_pods</a>.</strong></p>



<p>Der ART'S COOL Podcast wird dank der wertvollen Unterstützung der Loterie Romande, der Ernst Göhner Stiftung, der Fondation Françoise Champoud, der Fondation Leenaards, der Fondation Oertli, der Fondation Sandoz, der Kantone Bern, Wallis, Waadt realisiert und ausgestrahlt.</p>
<p>Dank an das Schweizerische Institut für Kunstwissenschaft (SIK-ISEA) für die biografischen Quellen zu den Künstlern. </p>



<p class="has-small-font-size">Interview und Stimme: Florence Grivel.<br />Musik und Sounddesign: Christophe Gonet.</p>



<p class="has-black-color has-text-color has-small-font-size">Dies ist eine Produktion <a href="https://www.youngpods.ch/" target="_blank" rel="noreferrer noopener"><span style="text-decoration: underline;"><strong>Young Pods</strong></span></a>.</p>

<p>Sion (Wallis) - Atelier von Maximilien Urfer (1/2): Keila entdeckt das "Höhlenatelier" des Künstlers und ist erstaunt über die unglaubliche Sammlung an Musikinstrumenten, die sie dort vorfindet.</p>
