{"id":2825,"date":"2024-02-29T10:00:26","date_gmt":"2024-02-29T09:00:26","guid":{"rendered":"https:\/\/artscool.ch\/?post_type=podcast&#038;p=2825"},"modified":"2024-10-04T12:25:38","modified_gmt":"2024-10-04T10:25:38","slug":"ahmed-lang-baumann","status":"publish","type":"podcast","link":"https:\/\/artscool.ch\/de\/podcast\/ahmed-lang-baumann\/","title":{"rendered":"Ahmed &amp; Lang\/Baumann"},"content":{"rendered":"<h3><b>Hallo, mein Name ist Ahmed. Ich bin achtzehn Jahre alt und wohne in Biel.<\/b><\/h3>\r\n<p>&nbsp;<\/p>\r\n<h3><b>Kunst ist f\u00fcr mich eine \u00d6ffnung des Geistes, eine Entdeckung der Kultur und eine \u00d6ffnung gegen\u00fcber der Welt.<\/b><\/h3>\r\n<p>&nbsp;<\/p>\r\n<h3><b>Heute habe ich einen Termin mit einem Kunstwerk von Lang\/Baumann, das in Biel an der Zentralstrasse 60 steht. Kommst du mit?<\/b><\/h3>\r\n<p>&nbsp;<\/p>\r\n<p><span style=\"font-weight: 400;\"><strong>AHMED:<\/strong> Ich befinde mich derzeit im Palais des Congr\u00e8s. Wir n\u00e4hern uns langsam dem Kunstwerk, wir werden es entdecken. Das Werk habe ich schon mehrmals gesehen, weil ich in Biel aufgewachsen bin, und jedes Mal bin ich davor stehen geblieben, weil es ziemlich speziell und nicht allt\u00e4glich ist.<\/span><\/p>\r\n<p><span style=\"font-weight: 400;\">Man muss schon ziemlich weit nach oben schauen, um sie zu sehen und zu beschreiben. Es ist eine Treppe, die ins Nirgendwo f\u00fchrt, ins Leere, ganz oben in einem Turm des Kongresszentrums. Im Inneren des Geb\u00e4udes befinden sich Arbeitsb\u00fcros f\u00fcr verschiedene Unternehmen.\u00a0<\/span><\/p>\r\n<p><span style=\"font-weight: 400;\">Wenn ich dieses Werk betrachte, denke ich, dass es ein Gef\u00fchl der Instabilit\u00e4t erzeugt. Ich denke, ich stelle mir vor, auf dieser Treppe zu stehen und ein bisschen Angst vor der Leere zu haben, schwindelig zu werden. Und das schafft eine Fragestellung rund um dieses Werk. Denn der gew\u00e4hlte Standort ist nicht unbedeutend. Es befindet sich im Verwaltungsturm des Kongresszentrums, also stellt man sich vor, dass im Inneren eher ernste Dinge passieren... und direkt daneben befindet sich ein zeitgen\u00f6ssisches Kunstwerk, das eher r\u00e4tselhaft oder sogar absurd ist.<\/span><\/p>\r\n<p><span style=\"font-weight: 400;\">Ich werde Ihnen nun einige Informationen zu diesem Werk vorlesen. Es hei\u00dft \"Beautiful Steps #2\" von Lang\/Baumann und ist ein Werk, das Anfang des zwanzigsten Jahrhunderts entstanden ist. Jahrhunderts gefertigt wurde. 2009. Es ist eine Skulptur aus verzinktem Stahl und eloxiertem Aluminium und es ist sehr gro\u00df, weil es 177 x 523 x 458 cm misst.<\/span><\/p>\r\n<p><span style=\"font-weight: 400;\">Als ich es von so weit weg sah, war es schwer, seine wahre Gr\u00f6\u00dfe zu erkennen, weil es so hoch und ziemlich unerreichbar ist und buchst\u00e4blich im luftleeren Raum steht. Ihre Dimensionen zu sehen, zeigt, dass sie als Kunstwerk wirklich gro\u00df ist.<\/span><\/p>\r\n<p><span style=\"font-weight: 400;\"><strong>LANG\/BAUMANN (SABINA LANG):<\/strong> Hallo Ahmed, wir werden versuchen, deine Fragen zu beantworten.<\/span><\/p>\r\n<p><span style=\"font-weight: 400;\"><strong>AHMED:<\/strong> War es wirklich eine bewusste Entscheidung, dieses Werk neben einem so ernsten Komplex in einer Arbeitswelt zu platzieren, oder wurde es aufgezwungen?<\/span><\/p>\r\n<p><span style=\"font-weight: 400;\"><strong>LANG\/BAUMANN:<\/strong> \"Beautiful Steps #2\" bezieht sich weniger auf die Nutzung, d. h. was in dem Geb\u00e4ude passiert, als auf seine Architektur und seine Formen. Das Geb\u00e4ude wurde 1966 erbaut und war f\u00fcr die damalige Zeit sehr modern und f\u00fcr Biel sehr urban. Es birgt einige Geheimnisse. Zum einen erweckt es als einziges hohes Geb\u00e4ude im Zentrum der Stadt den Eindruck eines Wolkenkratzers, obwohl es in Wirklichkeit nur 55 Meter hoch ist und nur 17 Stockwerke hat. Der Eindruck wird noch dadurch verst\u00e4rkt, dass das Raster der Glasfassade nicht den Stockwerken entspricht, aber den Eindruck erweckt. Dann hat er diesen \u00fcberdimensionierten Betonrahmen, der sehr funktional zu sein scheint. Doch in Wirklichkeit befindet sich au\u00dfer ein paar Schornsteinen nichts in diesem Betonteil.<\/span><\/p>\r\n<p><span style=\"font-weight: 400;\">Das Werk wurde urspr\u00fcnglich f\u00fcr die 11. Schweizer Skulpturenausstellung geschaffen. Der Titel dieser Ausstellung lautete \"Utopics\". In diesem Sinne ist das Werk auch eine Art Utopie, eine Vorstellung davon, wie ein kleines Zimmer oder eine Wohnung in dem Betonrahmen aussehen k\u00f6nnte.<\/span><\/p>\r\n<p><span style=\"font-weight: 400;\"><strong>AHMED:<\/strong> Ist es wirklich Absicht, dass die Treppe dort oben Angst oder Schwindelgef\u00fchle ausl\u00f6st?<\/span><\/p>\r\n<p><span style=\"font-weight: 400;\"><strong>LANG\/BAUMANN:<\/strong> Ja, da sich das Kunstwerk so weit oben befindet, dass es ausgestellt ist, und da es keine Gel\u00e4nder an den Treppen gibt, spielt dieses Schwindelgef\u00fchl nat\u00fcrlich eine Rolle. Aber wir glauben, dass es weniger darum geht, Angst zu vermitteln, als vielmehr um eine minimalistische Suggestion und dass jeder schnell begreift, dass es nicht real sein kann.<\/span><\/p>\r\n<p><span style=\"font-weight: 400;\"><strong>AHMED:<\/strong> Man merkt im Namen, dass es ein Hashtag 2 davor gibt, also ist es die zweite Skulptur, daher der Name der Treppe. Ich nehme also an, dass Sie schon einmal eine gemacht haben. Und wenn ja, ist das Ihre Dom\u00e4ne, dass Sie sich wirklich in diesen Aspekt der Angst, des Schwindels und der in der Luft h\u00e4ngenden Treppe vertiefen wollen?<\/span><\/p>\r\n<p><span style=\"font-weight: 400;\"><strong>LANG\/BAUMANN:<\/strong> Ja, es gibt jetzt neunzehn Treppenskulpturen, aber sie sehen alle sehr unterschiedlich aus. Nummer eins war sehr farbenfroh, aus Holz und im Inneren gebaut. Das Kunstwerk befindet sich in einem Wohnhaus von zwei Kunstsammlern. Hier haben wir uns f\u00fcr Metall entschieden, weil es solide ist, alles in filigranem Zustand, und weil sein Stil gut mit Beton harmoniert.<\/span><\/p>\r\n<p><span style=\"font-weight: 400;\">Manchmal ist die Treppe nicht sehr auff\u00e4llig, weil das Grau des Metalls mit dem Grau des Betons verschmilzt. Aber wenn die Sonne stark scheint, werfen die Stufen des Gitters einen gro\u00dfen Schatten auf die Wand darunter und man kann sie sehr gut sehen. Dieser Unterschied in der Sichtbarkeit gef\u00e4llt uns.<\/span><\/p>\r\n<p><span style=\"font-weight: 400;\"><strong>AHMED:<\/strong> Ist das ein Werk, das eher Hoffnung oder Verzweiflung ausl\u00f6sen sollte? Ich w\u00fcrde gerne etwas \u00fcber die Geschichte hinter dieser Treppe erfahren...<\/span><\/p>\r\n<p><span style=\"font-weight: 400;\"><strong>LANG\/BAUMANN:<\/strong> Es liegt an der Vorstellungskraft jedes einzelnen Zuschauers, wie er dieses Werk lesen m\u00f6chte. F\u00fcr uns ist es eher leicht und anregend als deprimierend. Es ist ein Angebot f\u00fcr eine Art Gehirnakrobatik.<\/span><\/p>\r\n<p><span style=\"font-weight: 400;\"><strong>AHMED:<\/strong> Die Leute schauen nicht oft nach oben, um zu schauen. Hatten Sie also keine Angst, dass die Leute Ihr Werk nicht bemerken w\u00fcrden?<\/span><\/p>\r\n<p><span style=\"font-weight: 400;\"><strong>LANG\/BAUMANN:<\/strong> Ja, das stimmt, aber nur, wenn man sich in der N\u00e4he des Geb\u00e4udes befindet. Das Kongresszentrum ist auch aus der Ferne sichtbar. Wir haben uns daf\u00fcr entschieden, \"Beautiful Steps #2\" ganz oben zu platzieren, damit es nicht zu auff\u00e4llig ist; damit es zeitweise im Hintergrund steht und nicht st\u00e4ndig um Aufmerksamkeit schreit.<\/span><\/p>\r\n<p><span style=\"font-weight: 400;\">Bye Bye Ahmed.<\/span><\/p>\r\n<p><span style=\"font-weight: 400;\">Alles Gute f\u00fcr dich!<\/span><\/p>\r\n<p>&nbsp;<\/p>\r\n\r\n<p>\u00b0\u00b0<\/p>\r\n\r\n\r\n\r\n<p class=\"has-small-font-size\">ART'S COOL oder \"Art is cool\"!<\/p>\r\n\r\n\r\n\r\n<p class=\"has-small-font-size\">Dies ist eine Begegnung mit einem zeitgen\u00f6ssischen Kunstwerk in der Schweiz, betrachtet, erkundet, und hinterfragt von jungen Menschen. Auf die Fragen der Jugendlichen geben wiederum die K\u00fcnstlerin oder der K\u00fcnstler auf ihre Weise eine Antwort. Ganz einfach, nicht?<\/p>\r\n\r\n\r\n\r\n<p class=\"has-small-font-size\">In dieser zweiten Saison l\u00e4dt unser Podcast dich ein, Werke ausserhalb der \u00fcblichen Ausstellungsorte zu besuchen, meistens im Freien! Fast jede Woche entdecken wir gemeinsam eine k\u00fcnstlerische Sch\u00f6pfung, die irgendwo in der Schweiz im \u00f6ffentlichen Raum zu finden ist.<\/p>\r\n<p class=\"has-small-font-size\">Heute ging es um <strong>\"Beautiful Steps #2\"<\/strong> von <a href=\"https:\/\/www.langbaumann.com\"><strong>Lang\/Baumann<\/strong><\/a>Die Geschichte einer Frau, die unter dem neugierigen Blick von<strong>Ahmed<\/strong>. Lassen Sie es sich nicht entgehen, das Kunstwerk selbst zu entdecken, in <strong>Biel<\/strong>In der Rue Centrale 60, an der Au\u00dfenfassade des Kongresszentrums.<\/p>\r\n\r\n\r\n\r\n\r\n\r\n<p class=\"has-small-font-size\">Sammle zeitgen\u00f6ssische Kunst mit deinen Ohren! Die Webseite <a href=\"https:\/\/artscool.ch\/de\/\"><strong>artscool.ch\/de<\/strong><\/a> pr\u00e4sentiert alle Episoden, die seit Herbst 2021 ausgestrahlt wurden. Eine vielf\u00e4ltige und wachsende Sammlung! Ausserdem findest du dort alle Portraits der jugendlichen Fans der zeitgen\u00f6ssischen Kunst, die Kurzbiographien der interviewten K\u00fcnstlerinnen und K\u00fcnstler und die Bilder der Werke.<\/p>\r\n\r\n\r\n\r\n<p class=\"has-small-font-size\">Wenn Sie zur Verbreitung des ART'S COOL-Podcasts beitragen m\u00f6chten, z\u00f6gern Sie nicht, anderen davon zu erz\u00e4hlen, ihn zu abonnieren und ihm f\u00fcnf Sterne auf Ihrer bevorzugten H\u00f6rplattform zu geben. Sie k\u00f6nnen uns auch auf Instagram folgen, unter dem Account <strong><a href=\"https:\/\/www.instagram.com\/young_pods\/\">young_pods<\/a>.<\/strong><\/p>\r\n\r\n\r\n\r\n<p class=\"has-small-font-size\">Der Podcast ART\u2019S COOL wird realisiert und ausgestrahlt mit der grossz\u00fcgigen Unterst\u00fctzung der Loterie Romande, dem Migros-Kulturprozent, der Oertli-Stiftung, der Sandoz-Familienstiftung, den Kantonen Aargau, Basel-Stadt, Bern, Genf, Glarus, Graub\u00fcnden, Obwalden, Sankt Gallen, Solothurn, Thurgau, Waadt, Wallis, Zug, Z\u00fcrich, und den St\u00e4dten Winterthur, Yverdon-les-bains, Zug und Z\u00fcrich.<\/p>\r\n\r\n\r\n\r\n<p class=\"has-small-font-size\">Mit der Stimme von Florence Grivel in der franz\u00f6sischen Version und Stephan Kyburz in der deutschen Version.<br \/>Musik and Sounddesign von Christophe Gonet.<\/p>\r\n\r\n\r\n\r\n<p class=\"has-black-color has-text-color has-small-font-size\">Dies ist eine Produktion <a href=\"https:\/\/www.youngpods.ch\/\" target=\"_blank\" rel=\"noreferrer noopener\"><span style=\"text-decoration: underline;\"><strong>Young Pods<\/strong><\/span><\/a>.<\/p>\r\n\r\n\r\n\r\n<p>&nbsp;<\/p>","protected":false},"excerpt":{"rendered":"<p>Biel, Zentralstrasse 60: Ahmed wird schwindelig, als er Lang\/Baumanns in der Luft h\u00e4ngende Treppe betrachtet.<\/p>","protected":false},"featured_media":2829,"template":"","artist":[202],"canton":[137],"episode-":[127],"season":[82],"podcast-categories":[],"class_list":["post-2825","podcast","type-podcast","status-publish","has-post-thumbnail","hentry","artist-lang-baumann","canton-bern-berne","episode--episode-77","season-season-2"],"acf":[],"_links":{"self":[{"href":"https:\/\/artscool.ch\/de\/wp-json\/wp\/v2\/podcast\/2825","targetHints":{"allow":["GET"]}}],"collection":[{"href":"https:\/\/artscool.ch\/de\/wp-json\/wp\/v2\/podcast"}],"about":[{"href":"https:\/\/artscool.ch\/de\/wp-json\/wp\/v2\/types\/podcast"}],"version-history":[{"count":4,"href":"https:\/\/artscool.ch\/de\/wp-json\/wp\/v2\/podcast\/2825\/revisions"}],"predecessor-version":[{"id":2831,"href":"https:\/\/artscool.ch\/de\/wp-json\/wp\/v2\/podcast\/2825\/revisions\/2831"}],"wp:featuredmedia":[{"embeddable":true,"href":"https:\/\/artscool.ch\/de\/wp-json\/wp\/v2\/media\/2829"}],"wp:attachment":[{"href":"https:\/\/artscool.ch\/de\/wp-json\/wp\/v2\/media?parent=2825"}],"wp:term":[{"taxonomy":"artist","embeddable":true,"href":"https:\/\/artscool.ch\/de\/wp-json\/wp\/v2\/artist?post=2825"},{"taxonomy":"canton","embeddable":true,"href":"https:\/\/artscool.ch\/de\/wp-json\/wp\/v2\/canton?post=2825"},{"taxonomy":"episode-","embeddable":true,"href":"https:\/\/artscool.ch\/de\/wp-json\/wp\/v2\/episode-?post=2825"},{"taxonomy":"season","embeddable":true,"href":"https:\/\/artscool.ch\/de\/wp-json\/wp\/v2\/season?post=2825"},{"taxonomy":"podcast-categories","embeddable":true,"href":"https:\/\/artscool.ch\/de\/wp-json\/wp\/v2\/podcast-categories?post=2825"}],"curies":[{"name":"wp","href":"https:\/\/api.w.org\/{rel}","templated":true}]}}

<h3><b>Hallo, mein Name ist Ahmed. Ich bin achtzehn Jahre alt und wohne in Biel.</b></h3>
<p>&nbsp;</p>
<h3><b>Kunst ist für mich eine Öffnung des Geistes, eine Entdeckung der Kultur und eine Öffnung gegenüber der Welt.</b></h3>
<p>&nbsp;</p>
<h3><b>Heute habe ich einen Termin mit einem Kunstwerk von Lang/Baumann, das in Biel an der Zentralstrasse 60 steht. Kommst du mit?</b></h3>
<p>&nbsp;</p>
<p><span style="font-weight: 400;"><strong>AHMED:</strong> Ich befinde mich derzeit im Palais des Congrès. Wir nähern uns langsam dem Kunstwerk, wir werden es entdecken. Das Werk habe ich schon mehrmals gesehen, weil ich in Biel aufgewachsen bin, und jedes Mal bin ich davor stehen geblieben, weil es ziemlich speziell und nicht alltäglich ist.</span></p>
<p><span style="font-weight: 400;">Man muss schon ziemlich weit nach oben schauen, um sie zu sehen und zu beschreiben. Es ist eine Treppe, die ins Nirgendwo führt, ins Leere, ganz oben in einem Turm des Kongresszentrums. Im Inneren des Gebäudes befinden sich Arbeitsbüros für verschiedene Unternehmen. </span></p>
<p><span style="font-weight: 400;">Wenn ich dieses Werk betrachte, denke ich, dass es ein Gefühl der Instabilität erzeugt. Ich denke, ich stelle mir vor, auf dieser Treppe zu stehen und ein bisschen Angst vor der Leere zu haben, schwindelig zu werden. Und das schafft eine Fragestellung rund um dieses Werk. Denn der gewählte Standort ist nicht unbedeutend. Es befindet sich im Verwaltungsturm des Kongresszentrums, also stellt man sich vor, dass im Inneren eher ernste Dinge passieren... und direkt daneben befindet sich ein zeitgenössisches Kunstwerk, das eher rätselhaft oder sogar absurd ist.</span></p>
<p><span style="font-weight: 400;">Ich werde Ihnen nun einige Informationen zu diesem Werk vorlesen. Es heißt "Beautiful Steps #2" von Lang/Baumann und ist ein Werk, das Anfang des zwanzigsten Jahrhunderts entstanden ist. Jahrhunderts gefertigt wurde. 2009. Es ist eine Skulptur aus verzinktem Stahl und eloxiertem Aluminium und es ist sehr groß, weil es 177 x 523 x 458 cm misst.</span></p>
<p><span style="font-weight: 400;">Als ich es von so weit weg sah, war es schwer, seine wahre Größe zu erkennen, weil es so hoch und ziemlich unerreichbar ist und buchstäblich im luftleeren Raum steht. Ihre Dimensionen zu sehen, zeigt, dass sie als Kunstwerk wirklich groß ist.</span></p>
<p><span style="font-weight: 400;"><strong>LANG/BAUMANN (SABINA LANG):</strong> Hallo Ahmed, wir werden versuchen, deine Fragen zu beantworten.</span></p>
<p><span style="font-weight: 400;"><strong>AHMED:</strong> War es wirklich eine bewusste Entscheidung, dieses Werk neben einem so ernsten Komplex in einer Arbeitswelt zu platzieren, oder wurde es aufgezwungen?</span></p>
<p><span style="font-weight: 400;"><strong>LANG/BAUMANN:</strong> "Beautiful Steps #2" bezieht sich weniger auf die Nutzung, d. h. was in dem Gebäude passiert, als auf seine Architektur und seine Formen. Das Gebäude wurde 1966 erbaut und war für die damalige Zeit sehr modern und für Biel sehr urban. Es birgt einige Geheimnisse. Zum einen erweckt es als einziges hohes Gebäude im Zentrum der Stadt den Eindruck eines Wolkenkratzers, obwohl es in Wirklichkeit nur 55 Meter hoch ist und nur 17 Stockwerke hat. Der Eindruck wird noch dadurch verstärkt, dass das Raster der Glasfassade nicht den Stockwerken entspricht, aber den Eindruck erweckt. Dann hat er diesen überdimensionierten Betonrahmen, der sehr funktional zu sein scheint. Doch in Wirklichkeit befindet sich außer ein paar Schornsteinen nichts in diesem Betonteil.</span></p>
<p><span style="font-weight: 400;">Das Werk wurde ursprünglich für die 11. Schweizer Skulpturenausstellung geschaffen. Der Titel dieser Ausstellung lautete "Utopics". In diesem Sinne ist das Werk auch eine Art Utopie, eine Vorstellung davon, wie ein kleines Zimmer oder eine Wohnung in dem Betonrahmen aussehen könnte.</span></p>
<p><span style="font-weight: 400;"><strong>AHMED:</strong> Ist es wirklich Absicht, dass die Treppe dort oben Angst oder Schwindelgefühle auslöst?</span></p>
<p><span style="font-weight: 400;"><strong>LANG/BAUMANN:</strong> Ja, da sich das Kunstwerk so weit oben befindet, dass es ausgestellt ist, und da es keine Geländer an den Treppen gibt, spielt dieses Schwindelgefühl natürlich eine Rolle. Aber wir glauben, dass es weniger darum geht, Angst zu vermitteln, als vielmehr um eine minimalistische Suggestion und dass jeder schnell begreift, dass es nicht real sein kann.</span></p>
<p><span style="font-weight: 400;"><strong>AHMED:</strong> Man merkt im Namen, dass es ein Hashtag 2 davor gibt, also ist es die zweite Skulptur, daher der Name der Treppe. Ich nehme also an, dass Sie schon einmal eine gemacht haben. Und wenn ja, ist das Ihre Domäne, dass Sie sich wirklich in diesen Aspekt der Angst, des Schwindels und der in der Luft hängenden Treppe vertiefen wollen?</span></p>
<p><span style="font-weight: 400;"><strong>LANG/BAUMANN:</strong> Ja, es gibt jetzt neunzehn Treppenskulpturen, aber sie sehen alle sehr unterschiedlich aus. Nummer eins war sehr farbenfroh, aus Holz und im Inneren gebaut. Das Kunstwerk befindet sich in einem Wohnhaus von zwei Kunstsammlern. Hier haben wir uns für Metall entschieden, weil es solide ist, alles in filigranem Zustand, und weil sein Stil gut mit Beton harmoniert.</span></p>
<p><span style="font-weight: 400;">Manchmal ist die Treppe nicht sehr auffällig, weil das Grau des Metalls mit dem Grau des Betons verschmilzt. Aber wenn die Sonne stark scheint, werfen die Stufen des Gitters einen großen Schatten auf die Wand darunter und man kann sie sehr gut sehen. Dieser Unterschied in der Sichtbarkeit gefällt uns.</span></p>
<p><span style="font-weight: 400;"><strong>AHMED:</strong> Ist das ein Werk, das eher Hoffnung oder Verzweiflung auslösen sollte? Ich würde gerne etwas über die Geschichte hinter dieser Treppe erfahren...</span></p>
<p><span style="font-weight: 400;"><strong>LANG/BAUMANN:</strong> Es liegt an der Vorstellungskraft jedes einzelnen Zuschauers, wie er dieses Werk lesen möchte. Für uns ist es eher leicht und anregend als deprimierend. Es ist ein Angebot für eine Art Gehirnakrobatik.</span></p>
<p><span style="font-weight: 400;"><strong>AHMED:</strong> Die Leute schauen nicht oft nach oben, um zu schauen. Hatten Sie also keine Angst, dass die Leute Ihr Werk nicht bemerken würden?</span></p>
<p><span style="font-weight: 400;"><strong>LANG/BAUMANN:</strong> Ja, das stimmt, aber nur, wenn man sich in der Nähe des Gebäudes befindet. Das Kongresszentrum ist auch aus der Ferne sichtbar. Wir haben uns dafür entschieden, "Beautiful Steps #2" ganz oben zu platzieren, damit es nicht zu auffällig ist; damit es zeitweise im Hintergrund steht und nicht ständig um Aufmerksamkeit schreit.</span></p>
<p><span style="font-weight: 400;">Bye Bye Ahmed.</span></p>
<p><span style="font-weight: 400;">Alles Gute für dich!</span></p>
<p>&nbsp;</p>

<p>°°</p>



<p class="has-small-font-size">ART'S COOL oder "Art is cool"!</p>



<p class="has-small-font-size">Dies ist eine Begegnung mit einem zeitgenössischen Kunstwerk in der Schweiz, betrachtet, erkundet, und hinterfragt von jungen Menschen. Auf die Fragen der Jugendlichen geben wiederum die Künstlerin oder der Künstler auf ihre Weise eine Antwort. Ganz einfach, nicht?</p>



<p class="has-small-font-size">In dieser zweiten Saison lädt unser Podcast dich ein, Werke ausserhalb der üblichen Ausstellungsorte zu besuchen, meistens im Freien! Fast jede Woche entdecken wir gemeinsam eine künstlerische Schöpfung, die irgendwo in der Schweiz im öffentlichen Raum zu finden ist.</p>
<p class="has-small-font-size">Heute ging es um <strong>"Beautiful Steps #2"</strong> von <a href="https://www.langbaumann.com"><strong>Lang/Baumann</strong></a>Die Geschichte einer Frau, die unter dem neugierigen Blick von<strong>Ahmed</strong>. Lassen Sie es sich nicht entgehen, das Kunstwerk selbst zu entdecken, in <strong>Biel</strong>In der Rue Centrale 60, an der Außenfassade des Kongresszentrums.</p>





<p class="has-small-font-size">Sammle zeitgenössische Kunst mit deinen Ohren! Die Webseite <a href="https://artscool.ch/de/"><strong>artscool.ch/de</strong></a> präsentiert alle Episoden, die seit Herbst 2021 ausgestrahlt wurden. Eine vielfältige und wachsende Sammlung! Ausserdem findest du dort alle Portraits der jugendlichen Fans der zeitgenössischen Kunst, die Kurzbiographien der interviewten Künstlerinnen und Künstler und die Bilder der Werke.</p>



<p class="has-small-font-size">Wenn Sie zur Verbreitung des ART'S COOL-Podcasts beitragen möchten, zögern Sie nicht, anderen davon zu erzählen, ihn zu abonnieren und ihm fünf Sterne auf Ihrer bevorzugten Hörplattform zu geben. Sie können uns auch auf Instagram folgen, unter dem Account <strong><a href="https://www.instagram.com/young_pods/">young_pods</a>.</strong></p>



<p class="has-small-font-size">Der Podcast ART’S COOL wird realisiert und ausgestrahlt mit der grosszügigen Unterstützung der Loterie Romande, dem Migros-Kulturprozent, der Oertli-Stiftung, der Sandoz-Familienstiftung, den Kantonen Aargau, Basel-Stadt, Bern, Genf, Glarus, Graubünden, Obwalden, Sankt Gallen, Solothurn, Thurgau, Waadt, Wallis, Zug, Zürich, und den Städten Winterthur, Yverdon-les-bains, Zug und Zürich.</p>



<p class="has-small-font-size">Mit der Stimme von Florence Grivel in der französischen Version und Stephan Kyburz in der deutschen Version.<br />Musik and Sounddesign von Christophe Gonet.</p>



<p class="has-black-color has-text-color has-small-font-size">Dies ist eine Produktion <a href="https://www.youngpods.ch/" target="_blank" rel="noreferrer noopener"><span style="text-decoration: underline;"><strong>Young Pods</strong></span></a>.</p>



<p>&nbsp;</p>

<p>Biel, Zentralstrasse 60: Ahmed wird schwindelig, als er Lang/Baumanns in der Luft hängende Treppe betrachtet.</p>
