{"id":2815,"date":"2024-02-22T18:44:37","date_gmt":"2024-02-22T17:44:37","guid":{"rendered":"https:\/\/artscool.ch\/?post_type=podcast&#038;p=2815"},"modified":"2024-10-04T12:26:18","modified_gmt":"2024-10-04T10:26:18","slug":"mauro-rene-odermatt","status":"publish","type":"podcast","link":"https:\/\/artscool.ch\/de\/podcast\/mauro-rene-odermatt\/","title":{"rendered":"Mauro &amp; Ren\u00e9 Odermatt"},"content":{"rendered":"<h3 style=\"padding-left: 40px;\"><strong>Hallo zusammen, ich bin Mauro, bin sechzehn Jahre, und lebe in Rothenburg im Kanton Luzern.<\/strong><\/h3>\r\n<p>&nbsp;<\/p>\r\n<h3 style=\"padding-left: 40px;\"><strong>Kunst bedeutet f\u00fcr mich, oder besser gesagt, ist f\u00fcr mich eine Art sich auszudr\u00fccken oder einer Geschichte zu erz\u00e4hlen.<\/strong><\/h3>\r\n<p>&nbsp;<\/p>\r\n<h3 style=\"padding-left: 40px;\"><strong>Heute habe ich eine Begegnung mit einem Kunstwerk von Ren\u00e9 Odermatt in Sarnen. Kommt doch auch mit!<\/strong><\/h3>\r\n<p>&nbsp;<\/p>\r\n<p><strong>MAURO:<\/strong> Wir sind hier im Seefeld in Sarnen, direkt neben dem Sarnersee. Hier gibt es ein Ufer mit einem kleinen Steg, wo man baden kann. Und hier vor mir steht das Kunstwerk, der Kentaur. Und in der N\u00e4he gibt es auch noch ein Fussballfeld, ein paar B\u00e4ume und Sitzgelegenheiten.<\/p>\r\n<p>Das Kunstwerk steht auf vier oder f\u00fcnf Metallst\u00fctzen. Es ist ein Baum, er k\u00f6nnte so gewachsen sein. Man sieht aber auch, dass das Werk bearbeitet worden ist. Es hat so eine L-Form, ein umgekehrtes L. Und es ist dunkelbraun Baum-farbig. Dies ist der Kentaur von Ren\u00e9 Odermatt. Das Werk befindet sich im Seefeld in Sarnen, beim Ausfluss der Aa, im Kanton Obwalden. Das Werk wurde 2017 realisiert und es ist eine Skulptur aus Eichenholz. Das Werk ist ungef\u00e4hr zwei Meter lang und drei Meter hoch.<\/p>\r\n<p>Jetzt habe ich noch einige Fragen an den K\u00fcnstler Ren\u00e9 Odermatt.<\/p>\r\n<p><strong>REN\u00c9 ODERMATT:<\/strong> Salut Mauro! Sch\u00f6n, dass du den Kentaur genau so gelesen hast, wie ich es mir von Anfang an vorgestellt habe. Was du hier siehst, sieht genauso aus wie ein gewachsener Baum. Auch die Farbigkeit der Skulptur ist so geworden wie ein gewachsener Baum. Im 2017, als die Skulptur versetzt worden war, war sie noch ganz hell. Und mit den Jahren ist die Farbigkeit durch Regen und Sonne wie zu einem richtigen Baum mit Rinde geworden.<\/p>\r\n<p><strong>MAURO:<\/strong> Also, wenn ich das Kunstwerk sehe, dann frage ich mich direkt, wie es entstanden ist. Weil es f\u00fcr mich sehr nat\u00fcrlich aussieht. Es ist ein Konstrukt aus Holz. Der Titel passt auch sehr gut, weil es hat etwas von einem Centaur, es heisst ja Kentaur. Ich frage mich direkt, wie ist das Kunstwerk entstanden. War der Baum schon so, aus dem es entstanden ist, oder musste der K\u00fcnstler ihn bearbeiten? Also ich w\u00fcrde gerne wissen, mit welchen Werkzeugen Ren\u00e9 Odermatt gearbeitet hat. Es sieht so nach Holzwerkzeugen aus. Das w\u00fcrde mich sehr interessieren.<\/p>\r\n<p><strong>REN\u00c9 ODERMATT:<\/strong> Entstanden ist die Skulptur mit vielen verschiedenen Werkzeugen. Die Ausgangslage war eine richtige Wurzel, so gross etwa wie ein Fuss. Und die Wurzel wurde dann eingescannt, also fotografiert mit digitalen Kameras. Und diese Daten wurden dann im Computer bearbeitet. In der gleichen Zeit sind 24 St\u00fcck von Eichenholz in der geplanten Gr\u00f6sse verleimt und ausges\u00e4gt worden. Die vielen Eichenholzst\u00fccke wurden dann mit einer CNC-Fr\u00e4se ausgefr\u00e4st und die fertigen St\u00fccke wieder zusammengeleimt. Die ganze Skulptur wurde dann noch mit einer Schleifmaschine und mit viel Arbeit \u00fcberarbeitet.<\/p>\r\n<p><strong>MAURO:<\/strong> Wie lange hat es gedauert, bis du das Projekt fertig gestellt hattest, also von Anfang an bis zum Ende?<\/p>\r\n<p><strong>REN\u00c9 ODERMATT:<\/strong> Im Fr\u00fchling 2014 machte ich den ersten Anruf f\u00fcr die Produktion. Zwei Firmen waren an daran beteiligt. Danach waren viele Arbeitsschritte von diesen zwei Firmen notwendig, bis die ganze Skulptur fertig erstellt war. Die eine Firma hat, wie zuvor erkl\u00e4rt, das Eichenholz verleimt. Und die zweite Firma hat die Skulptur aus dem Holz gefr\u00e4st, mit einer CNC-Fr\u00e4se. Im 2017 wurde dann die ganze Skulptur vom Werkhof in Sarnen auf betonierte Punktfundamente versetzt.<\/p>\r\n<p><strong>MAURO:<\/strong> Wie bist du auf den Titel \"Kentaur\" gekommen?<\/p>\r\n<p><strong>REN\u00c9 ODERMATT:<\/strong> Der Titel ist eigentlich so daraus entstanden, was ich in der Originalwurzel drin gesehen habe. Das hast du genau auch so gesehen. So quasi ein Abbild von einem Mischwesen, halb Pferd, halb Mensch. Aber wie sagen geh\u00f6rt habe in Sarnen, andere sehen dort einen Ingwer, oder sonst ein Gebilde. Das ist nat\u00fcrlich auch ganz korrekt, weil man sieht darin, was man sehen m\u00f6chte.<\/p>\r\n<p><strong>MAURO:<\/strong> Was hast du dir bei dem Kunstwerk gedacht? Was ist der Hintergrund des Kunstwerks?<\/p>\r\n<p><strong>REN\u00c9 ODERMATT:<\/strong> Der Gedanke war, dass ich ein kleines St\u00fcck Holz \u2013 Ich mache das auch sonst, dass ich kleine \u00c4ste oder Wurzeln vergr\u00f6ssere, oder 1:1 nachschnitze \u2013 die Idee war, dass ich ein Wurzelholzst\u00fcck wieder in Holz vergr\u00f6ssere. Also eine vorgefundene Wurzel zehn Mal vergr\u00f6ssern lasse. Die Idee ist, dass man in Gebilde wie Wolken und Wurzeln Gesichter und Figuren sieht entdecken k\u00f6nnen. Und das hat mich dazu gebracht, eine Wurzel, in der ich einen Kentaur gesehen habe, zehn Mal in Holz vergr\u00f6ssern zu lassen.<\/p>\r\n<p><strong>MAURO:<\/strong> Wie hast du diesen Auftrag erhalten oder wie bist du dazu gekommen, ein solches Projekt zu realisieren?<\/p>\r\n<p><strong>REN\u00c9 ODERMATT:<\/strong> Im Jahr 2005 hat es in der Schweiz ein grosses Hochwasser gegeben. Und zum Beispiel das Ufer des Sarnersees wurde dazumals komplett \u00fcberschwemmt und zerst\u00f6rt. Das Wasser kam bis nach Sarnen hinein. Danach wurde alles neu gestaltet mit dem Lido Campingplatz und dem Fussballplatz. Und ein Wettbwerb auf Einladung war dann ausgeschrieben, um in diesem grossen Bereich Kunst im \u00f6ffentlichen Raum zu planen und zu realisieren. Das ist der Grund, dass ich dann f\u00fcr diese Arbeit angefangen habe, zu \u00fcberlegen, zu planen und auszuf\u00fchren.<\/p>\r\n<p>Also Mauro, ich w\u00fcnsche dir weiterhin viel Spass und Vergn\u00fcgen beim Betrachten von Kunst und ich w\u00fcnsche dir eine gute Zeit f\u00fcr deine Zukunft.<\/p>\r\n<p>Ich danke dir.<\/p>\r\n<p>&nbsp;<\/p>\r\n\r\n<p>\u00b0\u00b0<\/p>\r\n\r\n\r\n\r\n<p class=\"has-small-font-size\">ART'S COOL oder \"Art is cool\"!<\/p>\r\n\r\n\r\n\r\n<p class=\"has-small-font-size\">Dies ist eine Begegnung mit einem zeitgen\u00f6ssischen Kunstwerk in der Schweiz, betrachtet, erkundet, und hinterfragt von jungen Menschen. Auf die Fragen der Jugendlichen geben wiederum die K\u00fcnstlerin oder der K\u00fcnstler auf ihre Weise eine Antwort. Ganz einfach, nicht?<\/p>\r\n\r\n\r\n\r\n<p class=\"has-small-font-size\">In dieser zweiten Saison l\u00e4dt unser Podcast dich ein, Werke ausserhalb der \u00fcblichen Ausstellungsorte zu besuchen, meistens im Freien! Fast jede Woche entdecken wir gemeinsam eine k\u00fcnstlerische Sch\u00f6pfung, die irgendwo in der Schweiz im \u00f6ffentlichen Raum zu finden ist.<\/p>\r\n<p class=\"has-small-font-size\">Heute ging es um \"\u00a0<strong>Kentaur<\/strong>\u00a0\" von <a href=\"https:\/\/www.reneodermatt.ch\"><strong>Ren\u00e9 Odermatt<\/strong><\/a>, untersucht vom neugierigen Blick von <strong>Mauro<\/strong>. Lassen Sie es sich nicht entgehen, das Kunstwerk selbst zu entdecken, im Seefeld in <strong>Sarnen<\/strong>Der Ort liegt im Kanton Obwalden, direkt an der Ausfahrt der Sarner Aa.<\/p>\r\n\r\n\r\n\r\n\r\n\r\n<p class=\"has-small-font-size\">Sammle zeitgen\u00f6ssische Kunst mit deinen Ohren! Die Webseite <a href=\"https:\/\/artscool.ch\/de\/\"><strong>artscool.ch\/de<\/strong><\/a> pr\u00e4sentiert alle Episoden, die seit Herbst 2021 ausgestrahlt wurden. Eine vielf\u00e4ltige und wachsende Sammlung! Ausserdem findest du dort alle Portraits der jugendlichen Fans der zeitgen\u00f6ssischen Kunst, die Kurzbiographien der interviewten K\u00fcnstlerinnen und K\u00fcnstler und die Bilder der Werke.<\/p>\r\n\r\n\r\n\r\n<p class=\"has-small-font-size\">Wenn Sie zur Verbreitung des ART'S COOL-Podcasts beitragen m\u00f6chten, z\u00f6gern Sie nicht, anderen davon zu erz\u00e4hlen, ihn zu abonnieren und ihm f\u00fcnf Sterne auf Ihrer bevorzugten H\u00f6rplattform zu geben. Sie k\u00f6nnen uns auch auf Instagram folgen, unter dem Account <strong><a href=\"https:\/\/www.instagram.com\/young_pods\/\">young_pods<\/a>.<\/strong><\/p>\r\n\r\n\r\n\r\n<p class=\"has-small-font-size\">Der Podcast ART\u2019S COOL wird realisiert und ausgestrahlt mit der grossz\u00fcgigen Unterst\u00fctzung der Loterie Romande, dem Migros-Kulturprozent, der Oertli-Stiftung, der Sandoz-Familienstiftung, den Kantonen Aargau, Basel-Stadt, Bern, Genf, Glarus, Graub\u00fcnden, Obwalden, Sankt Gallen, Solothurn, Thurgau, Waadt, Wallis, Zug, Z\u00fcrich, und den St\u00e4dten Winterthur, Yverdon-les-bains, Zug und Z\u00fcrich.<\/p>\r\n\r\n\r\n\r\n<p class=\"has-small-font-size\">Mit der Stimme von Florence Grivel in der franz\u00f6sischen Version und Stephan Kyburz in der deutschen Version.<br \/>Musik and Sounddesign von Christophe Gonet.<\/p>\r\n\r\n\r\n\r\n<p class=\"has-black-color has-text-color has-small-font-size\">Dies ist eine Produktion <a href=\"https:\/\/www.youngpods.ch\/\" target=\"_blank\" rel=\"noreferrer noopener\"><span style=\"text-decoration: underline;\"><strong>Young Pods<\/strong><\/span><\/a>.<\/p>\r\n\r\n\r\n\r\n<p>&nbsp;<\/p>","protected":false},"excerpt":{"rendered":"<p>Seefeld Sarnen: Mauro hat eine Verabredung mit Ren\u00e9 Odermatts Werk \"Kentaur\". Er denkt, dass der Baum wirklich so gewachsen sein k\u00f6nnte.<\/p>","protected":false},"featured_media":2818,"template":"","artist":[213],"canton":[148],"episode-":[126],"season":[82],"podcast-categories":[],"class_list":["post-2815","podcast","type-podcast","status-publish","has-post-thumbnail","hentry","artist-rene-odermatt","canton-obwalden","episode--episode-76","season-season-2"],"acf":[],"_links":{"self":[{"href":"https:\/\/artscool.ch\/de\/wp-json\/wp\/v2\/podcast\/2815","targetHints":{"allow":["GET"]}}],"collection":[{"href":"https:\/\/artscool.ch\/de\/wp-json\/wp\/v2\/podcast"}],"about":[{"href":"https:\/\/artscool.ch\/de\/wp-json\/wp\/v2\/types\/podcast"}],"version-history":[{"count":7,"href":"https:\/\/artscool.ch\/de\/wp-json\/wp\/v2\/podcast\/2815\/revisions"}],"predecessor-version":[{"id":2824,"href":"https:\/\/artscool.ch\/de\/wp-json\/wp\/v2\/podcast\/2815\/revisions\/2824"}],"wp:featuredmedia":[{"embeddable":true,"href":"https:\/\/artscool.ch\/de\/wp-json\/wp\/v2\/media\/2818"}],"wp:attachment":[{"href":"https:\/\/artscool.ch\/de\/wp-json\/wp\/v2\/media?parent=2815"}],"wp:term":[{"taxonomy":"artist","embeddable":true,"href":"https:\/\/artscool.ch\/de\/wp-json\/wp\/v2\/artist?post=2815"},{"taxonomy":"canton","embeddable":true,"href":"https:\/\/artscool.ch\/de\/wp-json\/wp\/v2\/canton?post=2815"},{"taxonomy":"episode-","embeddable":true,"href":"https:\/\/artscool.ch\/de\/wp-json\/wp\/v2\/episode-?post=2815"},{"taxonomy":"season","embeddable":true,"href":"https:\/\/artscool.ch\/de\/wp-json\/wp\/v2\/season?post=2815"},{"taxonomy":"podcast-categories","embeddable":true,"href":"https:\/\/artscool.ch\/de\/wp-json\/wp\/v2\/podcast-categories?post=2815"}],"curies":[{"name":"wp","href":"https:\/\/api.w.org\/{rel}","templated":true}]}}

Mauro &amp; René Odermatt

<h3 style="padding-left: 40px;"><strong>Hallo zusammen, ich bin Mauro, bin sechzehn Jahre, und lebe in Rothenburg im Kanton Luzern.</strong></h3>
<p>&nbsp;</p>
<h3 style="padding-left: 40px;"><strong>Kunst bedeutet für mich, oder besser gesagt, ist für mich eine Art sich auszudrücken oder einer Geschichte zu erzählen.</strong></h3>
<p>&nbsp;</p>
<h3 style="padding-left: 40px;"><strong>Heute habe ich eine Begegnung mit einem Kunstwerk von René Odermatt in Sarnen. Kommt doch auch mit!</strong></h3>
<p>&nbsp;</p>
<p><strong>MAURO:</strong> Wir sind hier im Seefeld in Sarnen, direkt neben dem Sarnersee. Hier gibt es ein Ufer mit einem kleinen Steg, wo man baden kann. Und hier vor mir steht das Kunstwerk, der Kentaur. Und in der Nähe gibt es auch noch ein Fussballfeld, ein paar Bäume und Sitzgelegenheiten.</p>
<p>Das Kunstwerk steht auf vier oder fünf Metallstützen. Es ist ein Baum, er könnte so gewachsen sein. Man sieht aber auch, dass das Werk bearbeitet worden ist. Es hat so eine L-Form, ein umgekehrtes L. Und es ist dunkelbraun Baum-farbig. Dies ist der Kentaur von René Odermatt. Das Werk befindet sich im Seefeld in Sarnen, beim Ausfluss der Aa, im Kanton Obwalden. Das Werk wurde 2017 realisiert und es ist eine Skulptur aus Eichenholz. Das Werk ist ungefähr zwei Meter lang und drei Meter hoch.</p>
<p>Jetzt habe ich noch einige Fragen an den Künstler René Odermatt.</p>
<p><strong>RENÉ ODERMATT:</strong> Salut Mauro! Schön, dass du den Kentaur genau so gelesen hast, wie ich es mir von Anfang an vorgestellt habe. Was du hier siehst, sieht genauso aus wie ein gewachsener Baum. Auch die Farbigkeit der Skulptur ist so geworden wie ein gewachsener Baum. Im 2017, als die Skulptur versetzt worden war, war sie noch ganz hell. Und mit den Jahren ist die Farbigkeit durch Regen und Sonne wie zu einem richtigen Baum mit Rinde geworden.</p>
<p><strong>MAURO:</strong> Also, wenn ich das Kunstwerk sehe, dann frage ich mich direkt, wie es entstanden ist. Weil es für mich sehr natürlich aussieht. Es ist ein Konstrukt aus Holz. Der Titel passt auch sehr gut, weil es hat etwas von einem Centaur, es heisst ja Kentaur. Ich frage mich direkt, wie ist das Kunstwerk entstanden. War der Baum schon so, aus dem es entstanden ist, oder musste der Künstler ihn bearbeiten? Also ich würde gerne wissen, mit welchen Werkzeugen René Odermatt gearbeitet hat. Es sieht so nach Holzwerkzeugen aus. Das würde mich sehr interessieren.</p>
<p><strong>RENÉ ODERMATT:</strong> Entstanden ist die Skulptur mit vielen verschiedenen Werkzeugen. Die Ausgangslage war eine richtige Wurzel, so gross etwa wie ein Fuss. Und die Wurzel wurde dann eingescannt, also fotografiert mit digitalen Kameras. Und diese Daten wurden dann im Computer bearbeitet. In der gleichen Zeit sind 24 Stück von Eichenholz in der geplanten Grösse verleimt und ausgesägt worden. Die vielen Eichenholzstücke wurden dann mit einer CNC-Fräse ausgefräst und die fertigen Stücke wieder zusammengeleimt. Die ganze Skulptur wurde dann noch mit einer Schleifmaschine und mit viel Arbeit überarbeitet.</p>
<p><strong>MAURO:</strong> Wie lange hat es gedauert, bis du das Projekt fertig gestellt hattest, also von Anfang an bis zum Ende?</p>
<p><strong>RENÉ ODERMATT:</strong> Im Frühling 2014 machte ich den ersten Anruf für die Produktion. Zwei Firmen waren an daran beteiligt. Danach waren viele Arbeitsschritte von diesen zwei Firmen notwendig, bis die ganze Skulptur fertig erstellt war. Die eine Firma hat, wie zuvor erklärt, das Eichenholz verleimt. Und die zweite Firma hat die Skulptur aus dem Holz gefräst, mit einer CNC-Fräse. Im 2017 wurde dann die ganze Skulptur vom Werkhof in Sarnen auf betonierte Punktfundamente versetzt.</p>
<p><strong>MAURO:</strong> Wie bist du auf den Titel "Kentaur" gekommen?</p>
<p><strong>RENÉ ODERMATT:</strong> Der Titel ist eigentlich so daraus entstanden, was ich in der Originalwurzel drin gesehen habe. Das hast du genau auch so gesehen. So quasi ein Abbild von einem Mischwesen, halb Pferd, halb Mensch. Aber wie sagen gehört habe in Sarnen, andere sehen dort einen Ingwer, oder sonst ein Gebilde. Das ist natürlich auch ganz korrekt, weil man sieht darin, was man sehen möchte.</p>
<p><strong>MAURO:</strong> Was hast du dir bei dem Kunstwerk gedacht? Was ist der Hintergrund des Kunstwerks?</p>
<p><strong>RENÉ ODERMATT:</strong> Der Gedanke war, dass ich ein kleines Stück Holz – Ich mache das auch sonst, dass ich kleine Äste oder Wurzeln vergrössere, oder 1:1 nachschnitze – die Idee war, dass ich ein Wurzelholzstück wieder in Holz vergrössere. Also eine vorgefundene Wurzel zehn Mal vergrössern lasse. Die Idee ist, dass man in Gebilde wie Wolken und Wurzeln Gesichter und Figuren sieht entdecken können. Und das hat mich dazu gebracht, eine Wurzel, in der ich einen Kentaur gesehen habe, zehn Mal in Holz vergrössern zu lassen.</p>
<p><strong>MAURO:</strong> Wie hast du diesen Auftrag erhalten oder wie bist du dazu gekommen, ein solches Projekt zu realisieren?</p>
<p><strong>RENÉ ODERMATT:</strong> Im Jahr 2005 hat es in der Schweiz ein grosses Hochwasser gegeben. Und zum Beispiel das Ufer des Sarnersees wurde dazumals komplett überschwemmt und zerstört. Das Wasser kam bis nach Sarnen hinein. Danach wurde alles neu gestaltet mit dem Lido Campingplatz und dem Fussballplatz. Und ein Wettbwerb auf Einladung war dann ausgeschrieben, um in diesem grossen Bereich Kunst im öffentlichen Raum zu planen und zu realisieren. Das ist der Grund, dass ich dann für diese Arbeit angefangen habe, zu überlegen, zu planen und auszuführen.</p>
<p>Also Mauro, ich wünsche dir weiterhin viel Spass und Vergnügen beim Betrachten von Kunst und ich wünsche dir eine gute Zeit für deine Zukunft.</p>
<p>Ich danke dir.</p>
<p>&nbsp;</p>

<p>°°</p>



<p class="has-small-font-size">ART'S COOL oder "Art is cool"!</p>



<p class="has-small-font-size">Dies ist eine Begegnung mit einem zeitgenössischen Kunstwerk in der Schweiz, betrachtet, erkundet, und hinterfragt von jungen Menschen. Auf die Fragen der Jugendlichen geben wiederum die Künstlerin oder der Künstler auf ihre Weise eine Antwort. Ganz einfach, nicht?</p>



<p class="has-small-font-size">In dieser zweiten Saison lädt unser Podcast dich ein, Werke ausserhalb der üblichen Ausstellungsorte zu besuchen, meistens im Freien! Fast jede Woche entdecken wir gemeinsam eine künstlerische Schöpfung, die irgendwo in der Schweiz im öffentlichen Raum zu finden ist.</p>
<p class="has-small-font-size">Heute ging es um " <strong>Kentaur</strong> " von <a href="https://www.reneodermatt.ch"><strong>René Odermatt</strong></a>, untersucht vom neugierigen Blick von <strong>Mauro</strong>. Lassen Sie es sich nicht entgehen, das Kunstwerk selbst zu entdecken, im Seefeld in <strong>Sarnen</strong>Der Ort liegt im Kanton Obwalden, direkt an der Ausfahrt der Sarner Aa.</p>





<p class="has-small-font-size">Sammle zeitgenössische Kunst mit deinen Ohren! Die Webseite <a href="https://artscool.ch/de/"><strong>artscool.ch/de</strong></a> präsentiert alle Episoden, die seit Herbst 2021 ausgestrahlt wurden. Eine vielfältige und wachsende Sammlung! Ausserdem findest du dort alle Portraits der jugendlichen Fans der zeitgenössischen Kunst, die Kurzbiographien der interviewten Künstlerinnen und Künstler und die Bilder der Werke.</p>



<p class="has-small-font-size">Wenn Sie zur Verbreitung des ART'S COOL-Podcasts beitragen möchten, zögern Sie nicht, anderen davon zu erzählen, ihn zu abonnieren und ihm fünf Sterne auf Ihrer bevorzugten Hörplattform zu geben. Sie können uns auch auf Instagram folgen, unter dem Account <strong><a href="https://www.instagram.com/young_pods/">young_pods</a>.</strong></p>



<p class="has-small-font-size">Der Podcast ART’S COOL wird realisiert und ausgestrahlt mit der grosszügigen Unterstützung der Loterie Romande, dem Migros-Kulturprozent, der Oertli-Stiftung, der Sandoz-Familienstiftung, den Kantonen Aargau, Basel-Stadt, Bern, Genf, Glarus, Graubünden, Obwalden, Sankt Gallen, Solothurn, Thurgau, Waadt, Wallis, Zug, Zürich, und den Städten Winterthur, Yverdon-les-bains, Zug und Zürich.</p>



<p class="has-small-font-size">Mit der Stimme von Florence Grivel in der französischen Version und Stephan Kyburz in der deutschen Version.<br />Musik and Sounddesign von Christophe Gonet.</p>



<p class="has-black-color has-text-color has-small-font-size">Dies ist eine Produktion <a href="https://www.youngpods.ch/" target="_blank" rel="noreferrer noopener"><span style="text-decoration: underline;"><strong>Young Pods</strong></span></a>.</p>



<p>&nbsp;</p>

<p>Seefeld Sarnen: Mauro hat eine Verabredung mit René Odermatts Werk "Kentaur". Er denkt, dass der Baum wirklich so gewachsen sein könnte.</p>
