{"id":2787,"date":"2024-02-01T15:02:16","date_gmt":"2024-02-01T14:02:16","guid":{"rendered":"https:\/\/artscool.ch\/?post_type=podcast&#038;p=2787"},"modified":"2024-10-04T12:28:48","modified_gmt":"2024-10-04T10:28:48","slug":"luna-esther-shalev-gerz","status":"publish","type":"podcast","link":"https:\/\/artscool.ch\/de\/podcast\/luna-esther-shalev-gerz\/","title":{"rendered":"Luna &amp; Esther Shalev-Gerz"},"content":{"rendered":"<h3 style=\"padding-left: 40px;\"><strong>Hallo. Ich hei\u00dfe Luna, bin neunzehn Jahre alt und wohne in Genf.<\/strong><\/h3>\r\n<p>&nbsp;<\/p>\r\n<h3 style=\"padding-left: 40px;\"><strong>Kunst ist f\u00fcr mich so etwas wie ein universelles Mittel, um Emotionen und Botschaften zu vermitteln.<\/strong><\/h3>\r\n<p>&nbsp;<\/p>\r\n<h3 style=\"padding-left: 40px;\"><strong>Heute habe ich eine Verabredung mit einem Kunstwerk von Esther Shalev-Gerz in Genf. Kommst du mit?<\/strong><\/h3>\r\n<p>&nbsp;<\/p>\r\n<p><strong>LUNA:<\/strong> Ich komme an meinem Ziel an. Wir gehen in eine Fu\u00dfg\u00e4ngerzone mit kleinen Bistros. Es ist ein ganz klein wenig ruhiger. Wir warten darauf, das Kunstwerk zu sehen... Wir gehen gerade an einer Fassade mit vielen Fensterl\u00e4den in allen Farben vorbei. Ich glaube nicht, dass es das ist, aber auf jeden Fall ist es sehr fr\u00f6hlich und farbenfroh. Wir kommen zum Ende der Stra\u00dfe, also haben wir sie auf den ersten Blick nicht gefunden. Also gehen wir zur\u00fcck und suchen. Wir schauen, ob wir sie finden. Ich habe mich gerade umgedreht und mir ist aufgefallen, dass \u00fcber dem Geb\u00e4ude, also auf dem Dach ganz oben, mir das Kunstwerk aufgefallen ist und es scheint im Moment zwei Uhren zu sein. Aber es ist sehr hoch und war daher auf den ersten Blick nicht erkennbar.<\/p>\r\n<p>Ich sehe zwei Uhren, die aussehen, als w\u00e4ren sie miteinander verschmolzen; entweder sind sie aneinander geklebt oder noch nicht fertiggestellt. Die Zeiger drehen sich in entgegengesetzte Richtungen, also eine im Uhrzeigersinn und die andere gegen den Uhrzeigersinn, ein bisschen symmetrisch, gleichzeitig. Und es ist eine wei\u00dfe Uhr mit schwarzen Zeigern und dem Sekundenzeiger in Rot. Alles ist umgekehrt.<\/p>\r\n<p>Das erinnert mich an das Thema der Zeit, die vergeht, ein wenig im Zeitraffer, hier vergehen die Sekunden sehr schnell. Eigentlich nicht, das Tempo ist normal. Die Symmetrie, ich wei\u00df nicht genau, was das bedeuten kann, aber da es zwei Uhren gibt, erinnert es mich an zwei Menschen, die nicht unbedingt die gleiche Vorstellung vom Leben und der Zeit haben, aber ihr Leben zusammen verbringen, sie schaffen es, sich aufeinander einzustellen und Zeit miteinander zu verbringen.<\/p>\r\n<p>Die Zeit, die vergeht, kann ein wenig be\u00e4ngstigend sein, sie kann etwas sein, das nicht unbedingt gut ist, weil man die Zeit, die vergeht, nicht kontrollieren kann. Aber gleichzeitig kann es auch gut investierte Zeit sein, die man mit Freunden oder der Familie verbringt. Das ist also nicht unbedingt negativ verbunden. Vor allem, weil es hier zwei Uhren gibt. Es ist also nicht die Einsamkeit der vergehenden Zeit, sondern eher etwas, das man zu zweit macht.<\/p>\r\n<p>Vielleicht finde ich mehr Informationen, wenn ich den Klappentext lese. Das Werk hei\u00dft \"Les Ins\u00e9parables\" (Die Unzertrennlichen) von Esther Shalev-Gerz. Es wurde 2016 hergestellt und ist eine Installation, eine Doppeluhr aus Edelstahl und Aluminium, mit einem motorisierten Doppelwerk und einem elektrischen System. Die Abmessungen betragen 300 x 180 x 35 Zentimeter.<\/p>\r\n<p>Es ist also relativ gro\u00df. Aber ich habe es nicht sofort gesehen, eher wegen der Lage. Der Titel \"Les Ins\u00e9parables\" (Die Unzertrennlichen) passt ein bisschen zu dem, was ich gesagt habe: Es sind zwei verschmolzene Uhren, also k\u00f6nnten es zwei Menschen sein, die Zeit miteinander verbringen und unzertrennlich sind. Die Zeit ist also symmetrisch, aber unterschiedlich. Das bedeutet, dass es einen Unterschied gibt, aber es bleibt eine Verbindung, eine Verbindung, die nicht abrei\u00dft, wenn die Zeit vergeht.<\/p>\r\n<p>In jeder Uhr fehlen die kleinen Striche f\u00fcr die Minuten; das k\u00f6nnte bedeuten, dass jeder dem anderen ein wenig entgegenkommt, und schlie\u00dflich funktioniert es.<\/p>\r\n<p>Ich habe ein paar Fragen an den K\u00fcnstler.<\/p>\r\n<p><strong>ESTHER SHALEV-GERZ:<\/strong> Hallo Luna, ich werde versuchen, deine Fragen zu beantworten. Es ist lustig, dass du das Werk nicht auf den ersten Blick gefunden hast. Das ist auch das, was mir an der Einladung der Stadt Genf und des FMAC an die K\u00fcnstler gefallen hat: in die R\u00e4ume auf den D\u00e4chern zu investieren, die man normalerweise nicht betrachtet. Diese Orte, die dem Himmel und den Wolken nahe sind. Ich nahm die Einladung an und platzierte meine Doppeluhr auf dem sanierten Geb\u00e4ude, das historisch gesehen Anfang des 20.<\/p>\r\n<p><strong>LUNA:<\/strong> Soll die Zeit auf diese Weise genutzt werden, um uns in der Gegenwart zu verankern und uns zu zeigen, dass die Zeit das ist, was uns immer wieder in die Realit\u00e4t zur\u00fcckbringt? Oder ist es hier eher die Tatsache, dass es sich um eine Symmetrie handelt und eine Uhr in die eine Richtung und eine in die andere geht. Und das sagt uns eher, dass die Zeit letztendlich ein menschliches Konstrukt ist und dass man ihr nicht mehr trauen sollte. Und der Titel \"Les ins\u00e9parables\" (Die Unzertrennlichen) fordert dazu auf, Zeit mit der Person zu verbringen, die man sich ausgesucht hat?<\/p>\r\n<p><strong>ESTHER SHALEV-GERZ:<\/strong> Diese Doppeluhr habe ich geschaffen, um einen Philosophen namens Walter Benjamin zu gr\u00fc\u00dfen, der sagte, dass man immer in der Gegenwart ist. Man ist nicht in der Vergangenheit und man ist nicht in der Zukunft. Selbst wenn man die Vergangenheit einl\u00e4dt, l\u00e4dt man sie in die Gegenwart ein. Und ich lebe, denke und kreiere meine Kunst auf die gleiche Weise. Wir sind immer in der Gegenwart. In dieser Doppeluhr gibt es einen Ort der \u00dcberschneidung, an dem sich die beiden Zeiten, die vorw\u00e4rts und die r\u00fcckw\u00e4rts laufende, treffen, und es entsteht so etwas wie ein kleiner Raum, der der Raum der Gegenwart ist, obwohl alle Uhren immer in der Gegenwart sind. Diejenige, die r\u00fcckw\u00e4rts l\u00e4uft, widerspricht in gewisser Weise dieser Erfindung der Menschen, der Uhrmacher.<\/p>\r\n<p>Diese Doppeluhr bietet uns ein grafisches Bild: Manchmal bilden die beiden Zifferbl\u00e4tter eine Linie, manchmal bilden sie andere Formen. Es ist wie ein Kunstwerk, das sich die ganze Zeit bewegt und einen Moment des Innehaltens bietet, in dem die Zeit stillsteht. Und dieser Moment ist der wertvollste Moment in der Kunst. Denn man schafft es, Besucher und Betrachter einzuladen, ihre eigene Beziehung zum Kunstwerk neu zu erfinden, wie vielleicht auch dein eigenes Angebot. Es ist ein Moment der Begegnung, des Teilens zwischen zwei Menschen, und ich finde es wunderbar, dass du zu diesem Vorschlag gekommen bist.<\/p>\r\n<p><strong>LUNA:<\/strong> Wie haben Sie sie dort oben montiert? Ich frage mich auch, ob zwei solche Uhren in Genf, der Stadt, die f\u00fcr ihre Uhren bekannt ist, eine Anspielung auf die Stadt ist oder nicht unbedingt auf Grund der Lage?<\/p>\r\n<p><strong>ESTHER SHALEV-GERZ:<\/strong> Wir haben die Uhr in einer Uhrenmanufaktur gebaut. Wir brachten sie mit einem Lastwagen und montierten sie mit einem riesigen Kran. Wir haben vorher einen Test gemacht, um zu sehen, welche Gr\u00f6\u00dfe f\u00fcr diese Stra\u00dfe am besten geeignet ist. Diese Stra\u00dfe ist sehr interessant, weil sie einen Winkel bildet, und wenn man von der Hauptstra\u00dfe aus auf diese Seite schaut, sieht man etwas Rundes. Die Gr\u00f6\u00dfe war sehr gro\u00df und es wurde zu drei Metern. Das bedeutet, dass es doppelt so gro\u00df ist wie ich.<\/p>\r\n<p>Bye bye Luna. Gute Fortsetzung.<\/p>\r\n<p>&nbsp;<\/p>\r\n\r\n<p>\u00b0\u00b0<\/p>\r\n\r\n\r\n\r\n<p class=\"has-small-font-size\">ART'S COOL oder \"Art is cool\"!<\/p>\r\n\r\n\r\n\r\n<p class=\"has-small-font-size\">Dies ist eine Begegnung mit einem zeitgen\u00f6ssischen Kunstwerk in der Schweiz, betrachtet, erkundet, und hinterfragt von jungen Menschen. Auf die Fragen der Jugendlichen geben wiederum die K\u00fcnstlerin oder der K\u00fcnstler auf ihre Weise eine Antwort. Ganz einfach, nicht?<\/p>\r\n\r\n\r\n\r\n<p class=\"has-small-font-size\">In dieser zweiten Saison l\u00e4dt unser Podcast dich ein, Werke ausserhalb der \u00fcblichen Ausstellungsorte zu besuchen, meistens im Freien! Fast jede Woche entdecken wir gemeinsam eine k\u00fcnstlerische Sch\u00f6pfung, die irgendwo in der Schweiz im \u00f6ffentlichen Raum zu finden ist.<\/p>\r\n<p class=\"has-small-font-size\">Heute ging es um \"Die Unzertrennlichen\" von<a href=\"http:\/\/www.shalev-gerz.net\">Esther Shalev-Gerz<\/a>Sie wurde von Luna mit neugierigen Augen betrachtet. Verpassen Sie es nicht, das Kunstwerk pers\u00f6nlich in Genf, Rue Lissignol 8 und 10, zu besichtigen.<\/p>\r\n\r\n\r\n\r\n\r\n\r\n<p class=\"has-small-font-size\">Sammle zeitgen\u00f6ssische Kunst mit deinen Ohren! Die Webseite <a href=\"https:\/\/artscool.ch\/de\/\"><strong>artscool.ch\/de<\/strong><\/a> pr\u00e4sentiert alle Episoden, die seit Herbst 2021 ausgestrahlt wurden. Eine vielf\u00e4ltige und wachsende Sammlung! Ausserdem findest du dort alle Portraits der jugendlichen Fans der zeitgen\u00f6ssischen Kunst, die Kurzbiographien der interviewten K\u00fcnstlerinnen und K\u00fcnstler und die Bilder der Werke.<\/p>\r\n\r\n\r\n\r\n<p class=\"has-small-font-size\">Falls du zur Verbreitung des Podcasts ART\u2019S COOL beitragen m\u00f6chtest, z\u00f6gere nicht\u2026 in deinem Umfeld dar\u00fcber zu sprechen, den Podcast auf deiner bevorzugten Plattform zu abonnieren und mit f\u00fcnf Sternen zu bewerten. Du kannst uns auch auf Instagram folgen unter dem Account <strong><a href=\"https:\/\/www.instagram.com\/young_pods\/\">young_pods<\/a>.<\/strong><\/p>\r\n\r\n\r\n\r\n<p class=\"has-small-font-size\">Der Podcast ART\u2019S COOL wird realisiert und ausgestrahlt mit der grossz\u00fcgigen Unterst\u00fctzung der Loterie Romande, dem Migros-Kulturprozent, der Oertli-Stiftung, der Sandoz-Familienstiftung, den Kantonen Aargau, Basel-Stadt, Bern, Genf, Glarus, Graub\u00fcnden, Obwalden, Sankt Gallen, Solothurn, Thurgau, Waadt, Wallis, Zug, Z\u00fcrich, und den St\u00e4dten Winterthur, Yverdon-les-bains, Zug und Z\u00fcrich.<\/p>\r\n\r\n\r\n\r\n<p class=\"has-small-font-size\">Mit der Stimme von Florence Grivel in der franz\u00f6sischen Version und Stephan Kyburz in der deutschen Version.<br \/>Musik and Sounddesign von Christophe Gonet.<\/p>\r\n\r\n\r\n\r\n<p class=\"has-black-color has-text-color has-small-font-size\">Dies ist eine Produktion <a href=\"https:\/\/www.youngpods.ch\/\" target=\"_blank\" rel=\"noreferrer noopener\"><span style=\"text-decoration: underline;\"><strong>Young Pods<\/strong><\/span><\/a>.<\/p>\r\n\r\n\r\n\r\n<p>&nbsp;<\/p>","protected":false},"excerpt":{"rendered":"<p>Genf, Rue Lissignol 8 und 10: Luna entdeckt das Werk von Esther Shalev-Gerz, das auf den D\u00e4chern von Geb\u00e4uden thront. Die Doppeluhr l\u00e4sst sie \u00fcber die symmetrische, aber unterschiedliche Zeit, unsere Beziehung zur Zeit und zu einem geliebten Menschen nachdenken.<\/p>","protected":false},"featured_media":2791,"template":"","artist":[228],"canton":[141],"episode-":[123],"season":[82],"podcast-categories":[],"class_list":["post-2787","podcast","type-podcast","status-publish","has-post-thumbnail","hentry","artist-esther-shalev-gerz","canton-geneve","episode--episode-73","season-season-2"],"acf":[],"_links":{"self":[{"href":"https:\/\/artscool.ch\/de\/wp-json\/wp\/v2\/podcast\/2787","targetHints":{"allow":["GET"]}}],"collection":[{"href":"https:\/\/artscool.ch\/de\/wp-json\/wp\/v2\/podcast"}],"about":[{"href":"https:\/\/artscool.ch\/de\/wp-json\/wp\/v2\/types\/podcast"}],"version-history":[{"count":4,"href":"https:\/\/artscool.ch\/de\/wp-json\/wp\/v2\/podcast\/2787\/revisions"}],"predecessor-version":[{"id":2794,"href":"https:\/\/artscool.ch\/de\/wp-json\/wp\/v2\/podcast\/2787\/revisions\/2794"}],"wp:featuredmedia":[{"embeddable":true,"href":"https:\/\/artscool.ch\/de\/wp-json\/wp\/v2\/media\/2791"}],"wp:attachment":[{"href":"https:\/\/artscool.ch\/de\/wp-json\/wp\/v2\/media?parent=2787"}],"wp:term":[{"taxonomy":"artist","embeddable":true,"href":"https:\/\/artscool.ch\/de\/wp-json\/wp\/v2\/artist?post=2787"},{"taxonomy":"canton","embeddable":true,"href":"https:\/\/artscool.ch\/de\/wp-json\/wp\/v2\/canton?post=2787"},{"taxonomy":"episode-","embeddable":true,"href":"https:\/\/artscool.ch\/de\/wp-json\/wp\/v2\/episode-?post=2787"},{"taxonomy":"season","embeddable":true,"href":"https:\/\/artscool.ch\/de\/wp-json\/wp\/v2\/season?post=2787"},{"taxonomy":"podcast-categories","embeddable":true,"href":"https:\/\/artscool.ch\/de\/wp-json\/wp\/v2\/podcast-categories?post=2787"}],"curies":[{"name":"wp","href":"https:\/\/api.w.org\/{rel}","templated":true}]}}

<h3 style="padding-left: 40px;"><strong>Hallo. Ich heiße Luna, bin neunzehn Jahre alt und wohne in Genf.</strong></h3>
<p>&nbsp;</p>
<h3 style="padding-left: 40px;"><strong>Kunst ist für mich so etwas wie ein universelles Mittel, um Emotionen und Botschaften zu vermitteln.</strong></h3>
<p>&nbsp;</p>
<h3 style="padding-left: 40px;"><strong>Heute habe ich eine Verabredung mit einem Kunstwerk von Esther Shalev-Gerz in Genf. Kommst du mit?</strong></h3>
<p>&nbsp;</p>
<p><strong>LUNA:</strong> Ich komme an meinem Ziel an. Wir gehen in eine Fußgängerzone mit kleinen Bistros. Es ist ein ganz klein wenig ruhiger. Wir warten darauf, das Kunstwerk zu sehen... Wir gehen gerade an einer Fassade mit vielen Fensterläden in allen Farben vorbei. Ich glaube nicht, dass es das ist, aber auf jeden Fall ist es sehr fröhlich und farbenfroh. Wir kommen zum Ende der Straße, also haben wir sie auf den ersten Blick nicht gefunden. Also gehen wir zurück und suchen. Wir schauen, ob wir sie finden. Ich habe mich gerade umgedreht und mir ist aufgefallen, dass über dem Gebäude, also auf dem Dach ganz oben, mir das Kunstwerk aufgefallen ist und es scheint im Moment zwei Uhren zu sein. Aber es ist sehr hoch und war daher auf den ersten Blick nicht erkennbar.</p>
<p>Ich sehe zwei Uhren, die aussehen, als wären sie miteinander verschmolzen; entweder sind sie aneinander geklebt oder noch nicht fertiggestellt. Die Zeiger drehen sich in entgegengesetzte Richtungen, also eine im Uhrzeigersinn und die andere gegen den Uhrzeigersinn, ein bisschen symmetrisch, gleichzeitig. Und es ist eine weiße Uhr mit schwarzen Zeigern und dem Sekundenzeiger in Rot. Alles ist umgekehrt.</p>
<p>Das erinnert mich an das Thema der Zeit, die vergeht, ein wenig im Zeitraffer, hier vergehen die Sekunden sehr schnell. Eigentlich nicht, das Tempo ist normal. Die Symmetrie, ich weiß nicht genau, was das bedeuten kann, aber da es zwei Uhren gibt, erinnert es mich an zwei Menschen, die nicht unbedingt die gleiche Vorstellung vom Leben und der Zeit haben, aber ihr Leben zusammen verbringen, sie schaffen es, sich aufeinander einzustellen und Zeit miteinander zu verbringen.</p>
<p>Die Zeit, die vergeht, kann ein wenig beängstigend sein, sie kann etwas sein, das nicht unbedingt gut ist, weil man die Zeit, die vergeht, nicht kontrollieren kann. Aber gleichzeitig kann es auch gut investierte Zeit sein, die man mit Freunden oder der Familie verbringt. Das ist also nicht unbedingt negativ verbunden. Vor allem, weil es hier zwei Uhren gibt. Es ist also nicht die Einsamkeit der vergehenden Zeit, sondern eher etwas, das man zu zweit macht.</p>
<p>Vielleicht finde ich mehr Informationen, wenn ich den Klappentext lese. Das Werk heißt "Les Inséparables" (Die Unzertrennlichen) von Esther Shalev-Gerz. Es wurde 2016 hergestellt und ist eine Installation, eine Doppeluhr aus Edelstahl und Aluminium, mit einem motorisierten Doppelwerk und einem elektrischen System. Die Abmessungen betragen 300 x 180 x 35 Zentimeter.</p>
<p>Es ist also relativ groß. Aber ich habe es nicht sofort gesehen, eher wegen der Lage. Der Titel "Les Inséparables" (Die Unzertrennlichen) passt ein bisschen zu dem, was ich gesagt habe: Es sind zwei verschmolzene Uhren, also könnten es zwei Menschen sein, die Zeit miteinander verbringen und unzertrennlich sind. Die Zeit ist also symmetrisch, aber unterschiedlich. Das bedeutet, dass es einen Unterschied gibt, aber es bleibt eine Verbindung, eine Verbindung, die nicht abreißt, wenn die Zeit vergeht.</p>
<p>In jeder Uhr fehlen die kleinen Striche für die Minuten; das könnte bedeuten, dass jeder dem anderen ein wenig entgegenkommt, und schließlich funktioniert es.</p>
<p>Ich habe ein paar Fragen an den Künstler.</p>
<p><strong>ESTHER SHALEV-GERZ:</strong> Hallo Luna, ich werde versuchen, deine Fragen zu beantworten. Es ist lustig, dass du das Werk nicht auf den ersten Blick gefunden hast. Das ist auch das, was mir an der Einladung der Stadt Genf und des FMAC an die Künstler gefallen hat: in die Räume auf den Dächern zu investieren, die man normalerweise nicht betrachtet. Diese Orte, die dem Himmel und den Wolken nahe sind. Ich nahm die Einladung an und platzierte meine Doppeluhr auf dem sanierten Gebäude, das historisch gesehen Anfang des 20.</p>
<p><strong>LUNA:</strong> Soll die Zeit auf diese Weise genutzt werden, um uns in der Gegenwart zu verankern und uns zu zeigen, dass die Zeit das ist, was uns immer wieder in die Realität zurückbringt? Oder ist es hier eher die Tatsache, dass es sich um eine Symmetrie handelt und eine Uhr in die eine Richtung und eine in die andere geht. Und das sagt uns eher, dass die Zeit letztendlich ein menschliches Konstrukt ist und dass man ihr nicht mehr trauen sollte. Und der Titel "Les inséparables" (Die Unzertrennlichen) fordert dazu auf, Zeit mit der Person zu verbringen, die man sich ausgesucht hat?</p>
<p><strong>ESTHER SHALEV-GERZ:</strong> Diese Doppeluhr habe ich geschaffen, um einen Philosophen namens Walter Benjamin zu grüßen, der sagte, dass man immer in der Gegenwart ist. Man ist nicht in der Vergangenheit und man ist nicht in der Zukunft. Selbst wenn man die Vergangenheit einlädt, lädt man sie in die Gegenwart ein. Und ich lebe, denke und kreiere meine Kunst auf die gleiche Weise. Wir sind immer in der Gegenwart. In dieser Doppeluhr gibt es einen Ort der Überschneidung, an dem sich die beiden Zeiten, die vorwärts und die rückwärts laufende, treffen, und es entsteht so etwas wie ein kleiner Raum, der der Raum der Gegenwart ist, obwohl alle Uhren immer in der Gegenwart sind. Diejenige, die rückwärts läuft, widerspricht in gewisser Weise dieser Erfindung der Menschen, der Uhrmacher.</p>
<p>Diese Doppeluhr bietet uns ein grafisches Bild: Manchmal bilden die beiden Zifferblätter eine Linie, manchmal bilden sie andere Formen. Es ist wie ein Kunstwerk, das sich die ganze Zeit bewegt und einen Moment des Innehaltens bietet, in dem die Zeit stillsteht. Und dieser Moment ist der wertvollste Moment in der Kunst. Denn man schafft es, Besucher und Betrachter einzuladen, ihre eigene Beziehung zum Kunstwerk neu zu erfinden, wie vielleicht auch dein eigenes Angebot. Es ist ein Moment der Begegnung, des Teilens zwischen zwei Menschen, und ich finde es wunderbar, dass du zu diesem Vorschlag gekommen bist.</p>
<p><strong>LUNA:</strong> Wie haben Sie sie dort oben montiert? Ich frage mich auch, ob zwei solche Uhren in Genf, der Stadt, die für ihre Uhren bekannt ist, eine Anspielung auf die Stadt ist oder nicht unbedingt auf Grund der Lage?</p>
<p><strong>ESTHER SHALEV-GERZ:</strong> Wir haben die Uhr in einer Uhrenmanufaktur gebaut. Wir brachten sie mit einem Lastwagen und montierten sie mit einem riesigen Kran. Wir haben vorher einen Test gemacht, um zu sehen, welche Größe für diese Straße am besten geeignet ist. Diese Straße ist sehr interessant, weil sie einen Winkel bildet, und wenn man von der Hauptstraße aus auf diese Seite schaut, sieht man etwas Rundes. Die Größe war sehr groß und es wurde zu drei Metern. Das bedeutet, dass es doppelt so groß ist wie ich.</p>
<p>Bye bye Luna. Gute Fortsetzung.</p>
<p>&nbsp;</p>

<p>°°</p>



<p class="has-small-font-size">ART'S COOL oder "Art is cool"!</p>



<p class="has-small-font-size">Dies ist eine Begegnung mit einem zeitgenössischen Kunstwerk in der Schweiz, betrachtet, erkundet, und hinterfragt von jungen Menschen. Auf die Fragen der Jugendlichen geben wiederum die Künstlerin oder der Künstler auf ihre Weise eine Antwort. Ganz einfach, nicht?</p>



<p class="has-small-font-size">In dieser zweiten Saison lädt unser Podcast dich ein, Werke ausserhalb der üblichen Ausstellungsorte zu besuchen, meistens im Freien! Fast jede Woche entdecken wir gemeinsam eine künstlerische Schöpfung, die irgendwo in der Schweiz im öffentlichen Raum zu finden ist.</p>
<p class="has-small-font-size">Heute ging es um "Die Unzertrennlichen" von<a href="http://www.shalev-gerz.net">Esther Shalev-Gerz</a>Sie wurde von Luna mit neugierigen Augen betrachtet. Verpassen Sie es nicht, das Kunstwerk persönlich in Genf, Rue Lissignol 8 und 10, zu besichtigen.</p>





<p class="has-small-font-size">Sammle zeitgenössische Kunst mit deinen Ohren! Die Webseite <a href="https://artscool.ch/de/"><strong>artscool.ch/de</strong></a> präsentiert alle Episoden, die seit Herbst 2021 ausgestrahlt wurden. Eine vielfältige und wachsende Sammlung! Ausserdem findest du dort alle Portraits der jugendlichen Fans der zeitgenössischen Kunst, die Kurzbiographien der interviewten Künstlerinnen und Künstler und die Bilder der Werke.</p>



<p class="has-small-font-size">Falls du zur Verbreitung des Podcasts ART’S COOL beitragen möchtest, zögere nicht… in deinem Umfeld darüber zu sprechen, den Podcast auf deiner bevorzugten Plattform zu abonnieren und mit fünf Sternen zu bewerten. Du kannst uns auch auf Instagram folgen unter dem Account <strong><a href="https://www.instagram.com/young_pods/">young_pods</a>.</strong></p>



<p class="has-small-font-size">Der Podcast ART’S COOL wird realisiert und ausgestrahlt mit der grosszügigen Unterstützung der Loterie Romande, dem Migros-Kulturprozent, der Oertli-Stiftung, der Sandoz-Familienstiftung, den Kantonen Aargau, Basel-Stadt, Bern, Genf, Glarus, Graubünden, Obwalden, Sankt Gallen, Solothurn, Thurgau, Waadt, Wallis, Zug, Zürich, und den Städten Winterthur, Yverdon-les-bains, Zug und Zürich.</p>



<p class="has-small-font-size">Mit der Stimme von Florence Grivel in der französischen Version und Stephan Kyburz in der deutschen Version.<br />Musik and Sounddesign von Christophe Gonet.</p>



<p class="has-black-color has-text-color has-small-font-size">Dies ist eine Produktion <a href="https://www.youngpods.ch/" target="_blank" rel="noreferrer noopener"><span style="text-decoration: underline;"><strong>Young Pods</strong></span></a>.</p>



<p>&nbsp;</p>

<p>Genf, Rue Lissignol 8 und 10: Luna entdeckt das Werk von Esther Shalev-Gerz, das auf den Dächern von Gebäuden thront. Die Doppeluhr lässt sie über die symmetrische, aber unterschiedliche Zeit, unsere Beziehung zur Zeit und zu einem geliebten Menschen nachdenken.</p>
