{"id":2764,"date":"2024-01-18T18:38:41","date_gmt":"2024-01-18T17:38:41","guid":{"rendered":"https:\/\/artscool.ch\/?post_type=podcast&#038;p=2764"},"modified":"2024-10-04T12:30:51","modified_gmt":"2024-10-04T10:30:51","slug":"thais-haus-am-gern","status":"publish","type":"podcast","link":"https:\/\/artscool.ch\/de\/podcast\/thais-haus-am-gern\/","title":{"rendered":"Tha\u00efs &amp; Haus am Gern"},"content":{"rendered":"<h3 style=\"padding-left: 40px;\"><strong>Hallo! Mein Name ist Tha\u00efs, ich bin siebzehn Jahre alt und wohne in Biel.<\/strong><\/h3>\r\n<p>&nbsp;<\/p>\r\n<h3 style=\"padding-left: 40px;\"><strong>Kunst ist f\u00fcr mich eine M\u00f6glichkeit f\u00fcr jemanden, sich auszudr\u00fccken, seine Meinung zu zeigen und Dinge mitzuteilen.<\/strong><\/h3>\r\n<p>&nbsp;<\/p>\r\n<h3 style=\"padding-left: 40px;\"><strong>Heute habe ich eine Verabredung mit einem Kunstwerk von Haus am Gern, das sich auf dem Vorplatz der Zentralstrasse in Biel befindet.<\/strong><\/h3>\r\n<p>&nbsp;<\/p>\r\n<p>Ich komme auf die Esplanade und sehe das Kunstwerk schon von weitem; ich kenne es, weil ich schon mehrmals daran vorbeigegangen bin. Als ich das erste Mal hier war, war ich mit der Schule da und wir waren dort. Und wir hatten mit den K\u00fcnstlern gesprochen. Aber das ist schon sehr lange her, ich glaube, ich war zw\u00f6lf Jahre alt.<\/p>\r\n<p>So, jetzt stehe ich vor dem Kunstwerk. Das ist eine Holztrib\u00fcne in der Mitte einer Gr\u00fcnfl\u00e4che. Der Platz ist durch wei\u00dfe Holzz\u00e4une abgegrenzt. Ich denke, dass sie Teil des Kunstwerks sind, aber ich finde nicht, dass sie wirklich n\u00fctzlich sind. Da ich den Kontext ein wenig kenne, wei\u00df ich, dass sie an Texas erinnern sollen. Ich habe die Atmosph\u00e4re ein wenig wahrgenommen, es gibt Vegetation und die Z\u00e4une haben einen gewissen \"Ranch\"-Effekt. Als ich das Kunstwerk mit meiner Schule besichtigt habe, war ich auf der Trib\u00fcne und es ist vielleicht interessanter, wenn man darauf sitzen kann.<\/p>\r\n<p>Ich denke, es ist ein Kunstwerk, weil es in einer gesch\u00fctzten Art und Weise aufgestellt ist, \u00e4hnlich wie eine Ausstellung. Es ist ausgestellt. Aber ich denke, es w\u00e4re besser, wenn man sich hinsetzen k\u00f6nnte, wenn das Kunstwerk vielleicht interaktiv w\u00e4re.<\/p>\r\n<p>Ich lese einige Informationen \u00fcber das Werk vor. Es hei\u00dft \"Texas\" von Haus am Gern (Rudolf Steiner und Barbara Meyer Cesta). Sie wurde im Jahr 2018 realisiert. Es ist eine Installation mit verschiedenen Techniken. Es gibt eine Wiese, einen Zaun und Trib\u00fcnen und die Ma\u00dfe der Wiese sind etwa 113 Meter lang und 16 Meter breit.<\/p>\r\n<p>Jetzt w\u00fcrde ich den K\u00fcnstlern gerne ein paar Fragen stellen.<\/p>\r\n<p><strong>HAUS AM GERN:<\/strong> Hallo, Tha\u00efs. Wir werden versuchen, deine Fragen zu beantworten, d. h. ich, Barbara.<\/p>\r\n<p><strong>THAIS:<\/strong> Warum ist da ein Zaun?<\/p>\r\n<p><strong>HAUS AM GERN:<\/strong> Der wei\u00dfe Zaun ist ein klassisches Pferdegehege und wird nicht um das Kunstwerk herum gebaut. Er ist Teil des Kunstwerks. Das ist sehr wichtig, denn um \"Texas\" zu verstehen, muss man diese Anlage nicht als Konstruktion, sondern als Kunstwerk betrachten. Und in einem Kunstwerk spielen alle Teile, die dazu geh\u00f6ren, miteinander und werden gemeinsam zu etwas Neuem, das immer wieder Fragen aufwirft. Sonst w\u00e4re es kein Kunstwerk, sondern eine Konstruktion, eine Dekoration.<\/p>\r\n<p>\"Texas\" besteht aus einem Paddock, einer trockenen Wiese, einer Trib\u00fcne und sogar einer sch\u00f6nen Aussicht. Die Pferdekoppel erinnert an Pferde, die man hier bislang noch nicht gesehen hat, aber man wei\u00df ja nie. Die Pferdekoppel erinnert an Grenzen, denn die Pferdekoppel ist auch eine Grenze. Sie grenzt das trockene Grasland ab, auf dem viele Insekten leben, seit es \"Texas\" gibt, und die Koppel sch\u00fctzt diese Insekten vor Fahrzeugen und vielleicht auch vor Pferden.<\/p>\r\n<p>Diese Grenze erinnert auch daran, dass eine Grenze immer zwei Seiten hat und dass man sie immer \u00fcberqueren kann. Und diese Grenze wirft weitere wichtige Fragen auf. Wo ist innen, wo ist au\u00dfen? Ist man sich sicher, dass man wei\u00df, auf welcher Seite man sich befindet, wenn man auf der Trib\u00fcne sitzt? Vielleicht ist die Stadt au\u00dferhalb und du in \"Texas\" innerhalb... und du kannst, wann immer du willst, die Grenze wieder \u00fcberqueren, um die Stadt zu betreten.<\/p>\r\n<p><strong>THAIS:<\/strong> W\u00e4re es nicht interaktiver, wenn die Leute darauf sitzen k\u00f6nnten?<\/p>\r\n<p><strong>HAUS AM GERN:<\/strong> Warum glaubst du, dass du den Zaun nicht \u00fcberqueren darfst? Hast du ein Verbotsschild gesehen? Es ist \u00fcberhaupt nicht verboten, das Fahrerlager zu \u00fcberqueren und sich auf die Trib\u00fcne zu setzen, sich hinzulegen, eine Pause zu machen oder die Weite der Pr\u00e4rie zu betrachten und sich dabei vorzustellen, in Texas zu sein, auch wenn du schon dort bist. \"Texas\" ist auch ein witziges Kunstwerk, das zeigt, dass die Kunst die Macht hat, au\u00dfergew\u00f6hnliche Orte zu erschaffen.<\/p>\r\n<p><strong>THAIS:<\/strong> Hat es etwas mit dem Kongresszentrum zu tun oder war es einfach nur Zufall, dass es sich auf der Esplanade befand?<\/p>\r\n<p><strong>HAUS AM GERN:<\/strong> \"Texas\" befindet sich genau im Schatten des Turms des Kongresszentrums und wir sind sehr stolz darauf, mit dem Schatten dieses wundersch\u00f6nen Geb\u00e4udes spielen zu k\u00f6nnen. Und wenn du auf der Trib\u00fcne sitzt, kannst du ein Selfie auf mit dem ber\u00fchmten Bieler Geb\u00e4ude im Hintergrund machen.<\/p>\r\n<p><strong>THAIS:<\/strong> Und warum hei\u00dft das Werk \"Texas\"?<\/p>\r\n<p><strong>HAUS AM GERN:<\/strong> Es war einfach klar, dass dieses Kunstwerk den Namen \"Texas\" tragen sollte. Paris zum Beispiel h\u00e4tte \u00fcberhaupt nicht gepasst und wir finden es cool, dass wir in Biel jemanden in Texas treffen k\u00f6nnen.<\/p>\r\n<p>Bye bye Tha\u00efs. Gute Fortsetzung!<\/p>\r\n<p>&nbsp;<\/p>\r\n\r\n<p>\u00b0\u00b0<\/p>\r\n\r\n\r\n\r\n<p class=\"has-small-font-size\">ART'S COOL oder \"Art is cool\"!<\/p>\r\n\r\n\r\n\r\n<p class=\"has-small-font-size\">Dies ist eine Begegnung mit einem zeitgen\u00f6ssischen Kunstwerk in der Schweiz, betrachtet, erkundet, und hinterfragt von jungen Menschen. Auf die Fragen der Jugendlichen geben wiederum die K\u00fcnstlerin oder der K\u00fcnstler auf ihre Weise eine Antwort. Ganz einfach, nicht?<\/p>\r\n\r\n\r\n\r\n<p class=\"has-small-font-size\">In dieser zweiten Saison l\u00e4dt unser Podcast dich ein, Werke ausserhalb der \u00fcblichen Ausstellungsorte zu besuchen, meistens im Freien! Fast jede Woche entdecken wir gemeinsam eine k\u00fcnstlerische Sch\u00f6pfung, die irgendwo in der Schweiz im \u00f6ffentlichen Raum zu finden ist.<\/p>\r\n<p class=\"has-small-font-size\">Heute ging es um \"Texas\" von <a href=\"http:\/\/www.hausamgern.ch\">Haus am Gern<\/a>Das Bild wurde von Tha\u00efs mit neugierigen Augen betrachtet. Verpassen Sie es nicht, das Kunstwerk pers\u00f6nlich an der Zentralstrasse 60 in Biel zu besichtigen.<\/p>\r\n\r\n\r\n\r\n\r\n\r\n<p class=\"has-small-font-size\">Sammle zeitgen\u00f6ssische Kunst mit deinen Ohren! Die Webseite <a href=\"https:\/\/artscool.ch\/de\/\"><strong>artscool.ch\/de<\/strong><\/a> pr\u00e4sentiert alle Episoden, die seit Herbst 2021 ausgestrahlt wurden. Eine vielf\u00e4ltige und wachsende Sammlung! Ausserdem findest du dort alle Portraits der jugendlichen Fans der zeitgen\u00f6ssischen Kunst, die Kurzbiographien der interviewten K\u00fcnstlerinnen und K\u00fcnstler und die Bilder der Werke.<\/p>\r\n\r\n\r\n\r\n<p class=\"has-small-font-size\">Falls du zur Verbreitung des Podcasts ART\u2019S COOL beitragen m\u00f6chtest, z\u00f6gere nicht\u2026 in deinem Umfeld dar\u00fcber zu sprechen, den Podcast auf deiner bevorzugten Plattform zu abonnieren und mit f\u00fcnf Sternen zu bewerten. Du kannst uns auch auf Instagram folgen unter dem Account <strong><a href=\"https:\/\/www.instagram.com\/young_pods\/\">young_pods<\/a>.<\/strong><\/p>\r\n\r\n\r\n\r\n<p class=\"has-small-font-size\">Der Podcast ART\u2019S COOL wird realisiert und ausgestrahlt mit der grossz\u00fcgigen Unterst\u00fctzung der Loterie Romande, dem Migros-Kulturprozent, der Oertli-Stiftung, der Sandoz-Familienstiftung, den Kantonen Aargau, Basel-Stadt, Bern, Genf, Glarus, Graub\u00fcnden, Obwalden, Sankt Gallen, Solothurn, Thurgau, Waadt, Wallis, Zug, Z\u00fcrich, und den St\u00e4dten Winterthur, Yverdon-les-bains, Zug und Z\u00fcrich.<\/p>\r\n\r\n\r\n\r\n<p class=\"has-small-font-size\">Mit der Stimme von Florence Grivel in der franz\u00f6sischen Version und Stephan Kyburz in der deutschen Version.<br \/>Musik and Sounddesign von Christophe Gonet.<\/p>\r\n\r\n\r\n\r\n<p class=\"has-black-color has-text-color has-small-font-size\">Dies ist eine Produktion <a href=\"https:\/\/www.youngpods.ch\/\" target=\"_blank\" rel=\"noreferrer noopener\"><span style=\"text-decoration: underline;\"><strong>Young Pods<\/strong><\/span><\/a>.<\/p>\r\n\r\n\r\n\r\n<p>&nbsp;<\/p>","protected":false},"excerpt":{"rendered":"<p>Biel, Zentralstrasse 60: Tha\u00efs denkt sich, dass \"Texas\" einladender w\u00e4re, wenn man dort sitzen k\u00f6nnte.<\/p>","protected":false},"featured_media":2769,"template":"","artist":[188],"canton":[137],"episode-":[121],"season":[82],"podcast-categories":[],"class_list":["post-2764","podcast","type-podcast","status-publish","has-post-thumbnail","hentry","artist-haus-am-gern","canton-bern-berne","episode--episode-71","season-season-2"],"acf":[],"_links":{"self":[{"href":"https:\/\/artscool.ch\/de\/wp-json\/wp\/v2\/podcast\/2764","targetHints":{"allow":["GET"]}}],"collection":[{"href":"https:\/\/artscool.ch\/de\/wp-json\/wp\/v2\/podcast"}],"about":[{"href":"https:\/\/artscool.ch\/de\/wp-json\/wp\/v2\/types\/podcast"}],"version-history":[{"count":6,"href":"https:\/\/artscool.ch\/de\/wp-json\/wp\/v2\/podcast\/2764\/revisions"}],"predecessor-version":[{"id":2772,"href":"https:\/\/artscool.ch\/de\/wp-json\/wp\/v2\/podcast\/2764\/revisions\/2772"}],"wp:featuredmedia":[{"embeddable":true,"href":"https:\/\/artscool.ch\/de\/wp-json\/wp\/v2\/media\/2769"}],"wp:attachment":[{"href":"https:\/\/artscool.ch\/de\/wp-json\/wp\/v2\/media?parent=2764"}],"wp:term":[{"taxonomy":"artist","embeddable":true,"href":"https:\/\/artscool.ch\/de\/wp-json\/wp\/v2\/artist?post=2764"},{"taxonomy":"canton","embeddable":true,"href":"https:\/\/artscool.ch\/de\/wp-json\/wp\/v2\/canton?post=2764"},{"taxonomy":"episode-","embeddable":true,"href":"https:\/\/artscool.ch\/de\/wp-json\/wp\/v2\/episode-?post=2764"},{"taxonomy":"season","embeddable":true,"href":"https:\/\/artscool.ch\/de\/wp-json\/wp\/v2\/season?post=2764"},{"taxonomy":"podcast-categories","embeddable":true,"href":"https:\/\/artscool.ch\/de\/wp-json\/wp\/v2\/podcast-categories?post=2764"}],"curies":[{"name":"wp","href":"https:\/\/api.w.org\/{rel}","templated":true}]}}

Thaïs &amp; Haus am Gern

<h3 style="padding-left: 40px;"><strong>Hallo! Mein Name ist Thaïs, ich bin siebzehn Jahre alt und wohne in Biel.</strong></h3>
<p>&nbsp;</p>
<h3 style="padding-left: 40px;"><strong>Kunst ist für mich eine Möglichkeit für jemanden, sich auszudrücken, seine Meinung zu zeigen und Dinge mitzuteilen.</strong></h3>
<p>&nbsp;</p>
<h3 style="padding-left: 40px;"><strong>Heute habe ich eine Verabredung mit einem Kunstwerk von Haus am Gern, das sich auf dem Vorplatz der Zentralstrasse in Biel befindet.</strong></h3>
<p>&nbsp;</p>
<p>Ich komme auf die Esplanade und sehe das Kunstwerk schon von weitem; ich kenne es, weil ich schon mehrmals daran vorbeigegangen bin. Als ich das erste Mal hier war, war ich mit der Schule da und wir waren dort. Und wir hatten mit den Künstlern gesprochen. Aber das ist schon sehr lange her, ich glaube, ich war zwölf Jahre alt.</p>
<p>So, jetzt stehe ich vor dem Kunstwerk. Das ist eine Holztribüne in der Mitte einer Grünfläche. Der Platz ist durch weiße Holzzäune abgegrenzt. Ich denke, dass sie Teil des Kunstwerks sind, aber ich finde nicht, dass sie wirklich nützlich sind. Da ich den Kontext ein wenig kenne, weiß ich, dass sie an Texas erinnern sollen. Ich habe die Atmosphäre ein wenig wahrgenommen, es gibt Vegetation und die Zäune haben einen gewissen "Ranch"-Effekt. Als ich das Kunstwerk mit meiner Schule besichtigt habe, war ich auf der Tribüne und es ist vielleicht interessanter, wenn man darauf sitzen kann.</p>
<p>Ich denke, es ist ein Kunstwerk, weil es in einer geschützten Art und Weise aufgestellt ist, ähnlich wie eine Ausstellung. Es ist ausgestellt. Aber ich denke, es wäre besser, wenn man sich hinsetzen könnte, wenn das Kunstwerk vielleicht interaktiv wäre.</p>
<p>Ich lese einige Informationen über das Werk vor. Es heißt "Texas" von Haus am Gern (Rudolf Steiner und Barbara Meyer Cesta). Sie wurde im Jahr 2018 realisiert. Es ist eine Installation mit verschiedenen Techniken. Es gibt eine Wiese, einen Zaun und Tribünen und die Maße der Wiese sind etwa 113 Meter lang und 16 Meter breit.</p>
<p>Jetzt würde ich den Künstlern gerne ein paar Fragen stellen.</p>
<p><strong>HAUS AM GERN:</strong> Hallo, Thaïs. Wir werden versuchen, deine Fragen zu beantworten, d. h. ich, Barbara.</p>
<p><strong>THAIS:</strong> Warum ist da ein Zaun?</p>
<p><strong>HAUS AM GERN:</strong> Der weiße Zaun ist ein klassisches Pferdegehege und wird nicht um das Kunstwerk herum gebaut. Er ist Teil des Kunstwerks. Das ist sehr wichtig, denn um "Texas" zu verstehen, muss man diese Anlage nicht als Konstruktion, sondern als Kunstwerk betrachten. Und in einem Kunstwerk spielen alle Teile, die dazu gehören, miteinander und werden gemeinsam zu etwas Neuem, das immer wieder Fragen aufwirft. Sonst wäre es kein Kunstwerk, sondern eine Konstruktion, eine Dekoration.</p>
<p>"Texas" besteht aus einem Paddock, einer trockenen Wiese, einer Tribüne und sogar einer schönen Aussicht. Die Pferdekoppel erinnert an Pferde, die man hier bislang noch nicht gesehen hat, aber man weiß ja nie. Die Pferdekoppel erinnert an Grenzen, denn die Pferdekoppel ist auch eine Grenze. Sie grenzt das trockene Grasland ab, auf dem viele Insekten leben, seit es "Texas" gibt, und die Koppel schützt diese Insekten vor Fahrzeugen und vielleicht auch vor Pferden.</p>
<p>Diese Grenze erinnert auch daran, dass eine Grenze immer zwei Seiten hat und dass man sie immer überqueren kann. Und diese Grenze wirft weitere wichtige Fragen auf. Wo ist innen, wo ist außen? Ist man sich sicher, dass man weiß, auf welcher Seite man sich befindet, wenn man auf der Tribüne sitzt? Vielleicht ist die Stadt außerhalb und du in "Texas" innerhalb... und du kannst, wann immer du willst, die Grenze wieder überqueren, um die Stadt zu betreten.</p>
<p><strong>THAIS:</strong> Wäre es nicht interaktiver, wenn die Leute darauf sitzen könnten?</p>
<p><strong>HAUS AM GERN:</strong> Warum glaubst du, dass du den Zaun nicht überqueren darfst? Hast du ein Verbotsschild gesehen? Es ist überhaupt nicht verboten, das Fahrerlager zu überqueren und sich auf die Tribüne zu setzen, sich hinzulegen, eine Pause zu machen oder die Weite der Prärie zu betrachten und sich dabei vorzustellen, in Texas zu sein, auch wenn du schon dort bist. "Texas" ist auch ein witziges Kunstwerk, das zeigt, dass die Kunst die Macht hat, außergewöhnliche Orte zu erschaffen.</p>
<p><strong>THAIS:</strong> Hat es etwas mit dem Kongresszentrum zu tun oder war es einfach nur Zufall, dass es sich auf der Esplanade befand?</p>
<p><strong>HAUS AM GERN:</strong> "Texas" befindet sich genau im Schatten des Turms des Kongresszentrums und wir sind sehr stolz darauf, mit dem Schatten dieses wunderschönen Gebäudes spielen zu können. Und wenn du auf der Tribüne sitzt, kannst du ein Selfie auf mit dem berühmten Bieler Gebäude im Hintergrund machen.</p>
<p><strong>THAIS:</strong> Und warum heißt das Werk "Texas"?</p>
<p><strong>HAUS AM GERN:</strong> Es war einfach klar, dass dieses Kunstwerk den Namen "Texas" tragen sollte. Paris zum Beispiel hätte überhaupt nicht gepasst und wir finden es cool, dass wir in Biel jemanden in Texas treffen können.</p>
<p>Bye bye Thaïs. Gute Fortsetzung!</p>
<p>&nbsp;</p>

<p>°°</p>



<p class="has-small-font-size">ART'S COOL oder "Art is cool"!</p>



<p class="has-small-font-size">Dies ist eine Begegnung mit einem zeitgenössischen Kunstwerk in der Schweiz, betrachtet, erkundet, und hinterfragt von jungen Menschen. Auf die Fragen der Jugendlichen geben wiederum die Künstlerin oder der Künstler auf ihre Weise eine Antwort. Ganz einfach, nicht?</p>



<p class="has-small-font-size">In dieser zweiten Saison lädt unser Podcast dich ein, Werke ausserhalb der üblichen Ausstellungsorte zu besuchen, meistens im Freien! Fast jede Woche entdecken wir gemeinsam eine künstlerische Schöpfung, die irgendwo in der Schweiz im öffentlichen Raum zu finden ist.</p>
<p class="has-small-font-size">Heute ging es um "Texas" von <a href="http://www.hausamgern.ch">Haus am Gern</a>Das Bild wurde von Thaïs mit neugierigen Augen betrachtet. Verpassen Sie es nicht, das Kunstwerk persönlich an der Zentralstrasse 60 in Biel zu besichtigen.</p>





<p class="has-small-font-size">Sammle zeitgenössische Kunst mit deinen Ohren! Die Webseite <a href="https://artscool.ch/de/"><strong>artscool.ch/de</strong></a> präsentiert alle Episoden, die seit Herbst 2021 ausgestrahlt wurden. Eine vielfältige und wachsende Sammlung! Ausserdem findest du dort alle Portraits der jugendlichen Fans der zeitgenössischen Kunst, die Kurzbiographien der interviewten Künstlerinnen und Künstler und die Bilder der Werke.</p>



<p class="has-small-font-size">Falls du zur Verbreitung des Podcasts ART’S COOL beitragen möchtest, zögere nicht… in deinem Umfeld darüber zu sprechen, den Podcast auf deiner bevorzugten Plattform zu abonnieren und mit fünf Sternen zu bewerten. Du kannst uns auch auf Instagram folgen unter dem Account <strong><a href="https://www.instagram.com/young_pods/">young_pods</a>.</strong></p>



<p class="has-small-font-size">Der Podcast ART’S COOL wird realisiert und ausgestrahlt mit der grosszügigen Unterstützung der Loterie Romande, dem Migros-Kulturprozent, der Oertli-Stiftung, der Sandoz-Familienstiftung, den Kantonen Aargau, Basel-Stadt, Bern, Genf, Glarus, Graubünden, Obwalden, Sankt Gallen, Solothurn, Thurgau, Waadt, Wallis, Zug, Zürich, und den Städten Winterthur, Yverdon-les-bains, Zug und Zürich.</p>



<p class="has-small-font-size">Mit der Stimme von Florence Grivel in der französischen Version und Stephan Kyburz in der deutschen Version.<br />Musik and Sounddesign von Christophe Gonet.</p>



<p class="has-black-color has-text-color has-small-font-size">Dies ist eine Produktion <a href="https://www.youngpods.ch/" target="_blank" rel="noreferrer noopener"><span style="text-decoration: underline;"><strong>Young Pods</strong></span></a>.</p>



<p>&nbsp;</p>

<p>Biel, Zentralstrasse 60: Thaïs denkt sich, dass "Texas" einladender wäre, wenn man dort sitzen könnte.</p>
