{"id":2693,"date":"2023-12-01T00:09:19","date_gmt":"2023-11-30T23:09:19","guid":{"rendered":"https:\/\/artscool.ch\/?post_type=podcast&#038;p=2693"},"modified":"2024-10-04T12:33:47","modified_gmt":"2024-10-04T10:33:47","slug":"ismael-pierre-vadi","status":"publish","type":"podcast","link":"https:\/\/artscool.ch\/de\/podcast\/ismael-pierre-vadi\/","title":{"rendered":"Ismael &amp; Pierre Vadi"},"content":{"rendered":"<h3 style=\"padding-left: 40px;\"><strong>Hallo, ich bin hier. Mein Name ist Ismael. Ich bin sechzehn Jahre alt und wohne in Sion.<\/strong><\/h3>\r\n<p>&nbsp;<\/p>\r\n<h3 style=\"padding-left: 40px;\"><strong>Kunst ist f\u00fcr mich eine Reflexion dessen, was wir \u00fcber die realen Dinge denken.<\/strong><\/h3>\r\n<p>&nbsp;<\/p>\r\n<h3 style=\"padding-left: 40px;\"><strong>Heute habe ich eine Verabredung mit einem Kunstwerk von Pierre Vadi, das sich im Park des Kulturzentrums Arsenaux in Sitten befindet. Kommst du mit?<\/strong><\/h3>\r\n<h3 style=\"padding-left: 40px;\">\u00a0<\/h3>\r\n<p><span style=\"font-weight: 400;\"><strong>ISMAEL:<\/strong> Man sieht, dass es ein Hauptgeb\u00e4ude gibt, das aus Beton besteht und ziemlich futuristisch aussieht. Wir gehen an dem Geb\u00e4ude vorbei und gehen geradewegs auf das Kunstwerk zu. Ich glaube, ich sehe etwas, aber ich wei\u00df nicht einmal, ob es ein Kunstwerk ist. Ich bin etwas verwirrt.\u00a0<\/span><\/p>\r\n<p><span style=\"font-weight: 400;\">Eigentlich sieht dieses Werk eher wie ein W\u00fcrfel aus. Es gibt eine Vitrine, einen Kasten, also eine Art Raum, der klein genug ist, um Gegenst\u00e4nde und B\u00fccher hineinzustellen.<\/span><\/p>\r\n<p><span style=\"font-weight: 400;\">Wenn ich n\u00e4her herangehe und etwas genauer hinschaue, gibt es ein bisschen Schlitze wie Wege im Inneren. Ich sehe, dass es einen Schalter gibt, Lampen, als ob man tats\u00e4chlich darin lesen k\u00f6nnte.<\/span><\/p>\r\n<p><span style=\"font-weight: 400;\">Ah, der Name des Werkes ist eigentlich \"Lemme\". Lemme\" bedeutet eigentlich \"lass mich\", also \"lass mich lesen\" oder \"lass mich ausruhen\" oder so etwas in der Art. \"Lemme\" ist \"Let me\" auf Englisch... es ist vielleicht nicht auf Englisch, aber es erinnert mich daran.\u00a0<\/span><\/p>\r\n<p><span style=\"font-weight: 400;\">Dieses Werk ist \"Lemme\" von Pierre Vadi. Ich sehe, dass es zwischen 2013 und 2019 entstanden ist, also muss es sehr lange gedauert haben. Im Grunde ist es eine Skulptur und ein Ausstellungsraum. Sie besteht aus Stahlbeton, Glas, Edelstahl und einem elektrischen System.<\/span><\/p>\r\n<p><span style=\"font-weight: 400;\">Ich sehe, dass es eine Bel\u00fcftung gibt, das hei\u00dft, es wird regelm\u00e4\u00dfig als Raum genutzt, wenn man so will als Kunstwerk, und deshalb habe ich jetzt viele Fragen.<\/span><\/p>\r\n<p><span style=\"font-weight: 400;\">Gibt es einen Zusammenhang mit den Waffenarsenalen oder haben Sie sich gedacht, dass es einfach ein guter Ort ist.\u00a0<\/span><\/p>\r\n<p><span style=\"font-weight: 400;\"><strong>PIERRE VADI:<\/strong>\u00a0Hallo Isma\u00ebl, hier ist Pierre. Danke f\u00fcr dein Interesse und deine Fragen. Das Werk befindet sich im Park des Kulturzentrums Arsenaux, in dem sich die Mediathek von Sitten befindet. Ich habe es mir vor ziemlich langer Zeit, im Jahr 2013, im Rahmen eines Wettbewerbs f\u00fcr \u00f6ffentliche Kunst f\u00fcr die Arsenale ausgedacht. Mein Vorschlag, vor dem du heute stehst, bestand aus dem Bau einer Skulptur in Form eines Miniaturgeb\u00e4udes, das aus Beton gebaut wurde. Dieses Geb\u00e4ude war wie eine Form von architektonischer Fiktion, die sp\u00e4ter Kunstausstellungen beherbergen sollte. Das tut es heute, auch wenn ich, was deinen Besuch betrifft, verstehe, dass du es besuchst, w\u00e4hrend es leer ist. Du musst also wiederkommen oder auf <\/span><a href=\"https:\/\/www.lemme.site\/\"><span style=\"font-weight: 400;\">www.lemme.site<\/span><\/a><span style=\"font-weight: 400;\"> um zu sehen, was dort bis heute gemacht wurde bzw. was die K\u00fcnstler dort gemacht haben.<\/span><\/p>\r\n<p><span style=\"font-weight: 400;\">Wie dem auch sei, 2019 haben wir \"Lemme\" zusammen mit der Renovierung des Hauptgeb\u00e4udes der Arsenale er\u00f6ffnet. Von 2019 bis 2021 habe ich selbst zw\u00f6lf Ausstellungen in diesem Raum organisiert, und seit 2022 und f\u00fcr zwei Jahre hat Josiane Imhasly die k\u00fcnstlerische Leitung \u00fcbernommen.\u00a0<\/span><\/p>\r\n<p><span style=\"font-weight: 400;\"><strong>ISMAEL:<\/strong> Ich frage mich, wie das gemacht wurde? Weil es die Arbeit eines Architekten ist. Es ist eigentlich ein kleines Museum: Es gibt wirklich R\u00e4ume, G\u00e4nge, du gehst rein, du gehst raus, es ist unglaublich.<\/span><\/p>\r\n<p><span style=\"font-weight: 400;\"><strong>PIERRE VADI:<\/strong> Also ja, genau das ist es. Ich bin zwar kein Architekt, aber ich interessiere mich f\u00fcr Architektur und zur Zeit des Wettbewerbs habe ich geduldig ein Modell mit verschiedenen R\u00e4umen gebaut. Ich stellte mir dieses Objekt als einen mentalen Raum oder ein System von R\u00e4umen vor, die miteinander verbunden sind. Zun\u00e4chst, so erinnere ich mich, wollte ich den Eindruck erwecken, dass die R\u00e4ume aus einer vollen Masse ausgehoben werden, die ich ausgraben w\u00fcrde. Aber das funktionierte nicht so gut. Und so musste ich zu einem konstruktiven, klassischeren System zur\u00fcckkehren, das von hochgezogenen W\u00e4nden und \u00d6ffnungen ausgeht. Aber immer noch mit der Idee eines Raumes, der aus mehreren miteinander verbundenen R\u00e4umen besteht, wie zum Beispiel ein Museum. Und auch die Idee von verschiedenen Arten von Fenstern, die verschiedene Arten von Blicken erm\u00f6glichen, beibehalten. Wie du siehst, gibt es Fenster in verschiedenen H\u00f6hen \u00fcber dem Boden und man kann sich das wie eine Art Alterspyramide des Blicks vorstellen.<\/span><\/p>\r\n<p><span style=\"font-weight: 400;\">Als mein Entwurf von der Jury ausgew\u00e4hlt wurde, ging ich mit meinem Modell zu einem Architekten, den ich kannte, und er erstellte die Pl\u00e4ne, die f\u00fcr den Bau der Skulptur erforderlich waren. In echt und mit einer richtigen Baufirma.<\/span><\/p>\r\n<p><span style=\"font-weight: 400;\"><strong>ISMAEL:<\/strong> Wozu dienen diese Steckdosen und Schalter?\u00a0<\/span><\/p>\r\n<p><span style=\"font-weight: 400;\"><strong>PIERRE VADI:<\/strong> Dies dient dazu, Ausstellungen zu beleuchten, L\u00f6cher in die W\u00e4nde zu schneiden, um die Wandarbeiten, die dort aufgeh\u00e4ngt werden sollen, zu befestigen. Und diese Steckdosen dienen in der Regel dazu, die W\u00fcnsche der K\u00fcnstler nach Strom zu erf\u00fcllen. Das kann f\u00fcr Ton oder Projektionen sein.<\/span><\/p>\r\n<p><span style=\"font-weight: 400;\"><strong>ISMAEL:<\/strong> Kann man sie betreten?<\/span><\/p>\r\n<p><span style=\"font-weight: 400;\"><strong>PIERRE VADI:<\/strong> Ja, man kann sie betreten, aber nicht jeder. Man kann sie nur betreten, um die Ausstellungen zu installieren; sie ist sehr klein. Die Idee ist, dass die Menschen, die Besucher, die Skulptur betrachten und dann die Werke in der Skulptur betrachten. Und die Ausstellung ist eine Art Drehbuch f\u00fcr einen Film, den die Zuschauer selbst drehen, jeder und jede, von seinem oder ihrem Blick aus, von seinem oder ihrem interpretierenden Sinn aus. Es ist also im Idealfall eine Begegnung zwischen dem, was die K\u00fcnstler tun, und der Neugier des Blicks der Menschen.<\/span><\/p>\r\n<p><span style=\"font-weight: 400;\"><strong>ISMAEL:<\/strong> Und deshalb w\u00fcrde ich gerne wissen, ob der Titel des Werks als \"Lemme\" auf Franz\u00f6sisch oder als \"Lemme\" auf Englisch zu verstehen ist, was eine Abk\u00fcrzung von \"Let me\" ist.<\/span><\/p>\r\n<p><span style=\"font-weight: 400;\"><strong>PIERRE VADI:<\/strong> Eigentlich ist der Titel des Werks, der auch zum Namen des Raums wurde, \"Lemme\", mit einem gro\u00dfen L. Ich habe es nicht so gemeint. Ich habe nicht an \"Let me\" gedacht, wie du vorschl\u00e4gst, sondern eher an l'aime, wie wenn man jemanden oder etwas liebt, wie eine Liebeserkl\u00e4rung. Ansonsten ist Lemme eher ein gelehrtes Wort und wird \u00fcbrigens in der Alltagssprache \u00fcberhaupt nicht verwendet. In der Linguistik ist ein Wort ein Lemma. Man baut Aussagen mit Lemmata auf. In der Mathematik ist ein Lemma ein Zwischenergebnis, das f\u00fcr den Beweis eines gr\u00f6\u00dferen Theorems n\u00fctzlich ist.<\/span><\/p>\r\n<p><span style=\"font-weight: 400;\">Es ist genau wie bei der Skulptur, die nur ein fester Rahmen ist, von dem aus man neue Formen erfinden kann, solange es hoffentlich Menschen gibt, die dieses Experiment fortsetzen wollen.<\/span><\/p>\r\n<p><span style=\"font-weight: 400;\">Schau doch mal bei einer der n\u00e4chsten Vernissagen vorbei.<\/span><\/p>\r\n<p><span style=\"font-weight: 400;\">Und Ismael, danke nochmal. Liebe Gr\u00fc\u00dfe!<\/span><\/p>\r\n<p>&nbsp;<\/p>\r\n<p>&nbsp;<\/p>\r\n\r\n<p>\u00b0\u00b0<\/p>\r\n\r\n\r\n\r\n<p class=\"has-small-font-size\">\"ART'S COOL\" oder \"Art is cool\"!<\/p>\r\n\r\n\r\n\r\n<p class=\"has-small-font-size\">Dies ist eine Begegnung mit einem zeitgen\u00f6ssischen Kunstwerk in der Schweiz, betrachtet, erkundet, und hinterfragt von jungen Menschen. Auf die Fragen der Jugendlichen geben wiederum die K\u00fcnstlerin oder der K\u00fcnstler auf ihre Weise eine Antwort. Ganz einfach, nicht?<\/p>\r\n\r\n\r\n\r\n<p class=\"has-small-font-size\">In dieser zweiten Saison l\u00e4dt unser Podcast dich ein, Werke ausserhalb der \u00fcblichen Ausstellungsorte zu besuchen, meistens im Freien! Fast jede Woche entdecken wir gemeinsam eine k\u00fcnstlerische Sch\u00f6pfung, die irgendwo in der Schweiz im \u00f6ffentlichen Raum zu finden ist.<\/p>\r\n\r\n\r\n\r\n<p class=\"has-small-font-size\">Heute ging es um \"\u00a0<a href=\"https:\/\/www.lemme.site\/\">Lemma<\/a>\u00a0\" von Pierre Vadi, das von Ismaels neugierigem Blick untersucht wurde. Verpassen Sie nicht, das Werk, von dem in Sitten die Rede war, im Park des Kulturzentrums Arsenaux in der Rue de Lausanne in natura zu sehen.<\/p>\r\n\r\n\r\n\r\n<p class=\"has-small-font-size\">Sammle zeitgen\u00f6ssische Kunst mit deinen Ohren! Die Webseite <a href=\"https:\/\/artscool.ch\/de\/\"><strong>artscool.ch\/de<\/strong><\/a> pr\u00e4sentiert alle Episoden, die seit Herbst 2021 ausgestrahlt wurden. Eine vielf\u00e4ltige und wachsende Sammlung! Ausserdem findest du dort alle Portraits der jugendlichen Fans der zeitgen\u00f6ssischen Kunst, die Kurzbiographien der interviewten K\u00fcnstlerinnen und K\u00fcnstler und die Bilder der Werke.<\/p>\r\n\r\n\r\n\r\n<p class=\"has-small-font-size\">Falls du zur Verbreitung des Podcasts ART\u2019S COOL beitragen m\u00f6chtest, z\u00f6gere nicht\u2026 in deinem Umfeld dar\u00fcber zu sprechen, den Podcast auf deiner bevorzugten Plattform zu abonnieren und mit f\u00fcnf Sternen zu bewerten. Du kannst uns auch auf Instagram folgen unter dem Account <strong><a href=\"https:\/\/www.instagram.com\/young_pods\/\">young_pods<\/a>.<\/strong><\/p>\r\n\r\n\r\n\r\n<p class=\"has-small-font-size\">Der Podcast ART\u2019S COOL wird realisiert und ausgestrahlt mit der grossz\u00fcgigen Unterst\u00fctzung der Loterie Romande, dem Migros-Kulturprozent, der Oertli-Stiftung, der Sandoz-Familienstiftung, den Kantonen Aargau, Basel-Stadt, Bern, Genf, Glarus, Graub\u00fcnden, Obwalden, Sankt Gallen, Solothurn, Thurgau, Waadt, Wallis, Zug, Z\u00fcrich, und den St\u00e4dten Winterthur, Yverdon-les-bains, Zug und Z\u00fcrich.<\/p>\r\n\r\n\r\n\r\n<p class=\"has-small-font-size\">Mit der Stimme von Florence Grivel in der franz\u00f6sischen Version und Stephan Kyburz in der deutschen Version.<br \/>Musik and Sounddesign von Christophe Gonet.<\/p>\r\n\r\n\r\n\r\n<p class=\"has-black-color has-text-color has-small-font-size\">Dies ist eine Produktion <a href=\"https:\/\/www.youngpods.ch\/\" target=\"_blank\" rel=\"noreferrer noopener\"><span style=\"text-decoration: underline;\"><strong>Young Pods<\/strong><\/span><\/a>.<\/p>\r\n\r\n\r\n\r\n<p>&nbsp;<\/p>","protected":false},"excerpt":{"rendered":"<p>Sitten, Park des Kulturzentrums Arsenaux: Ismael entdeckt mit begeisterter Neugier das Werk von Pierre Vadi, das nicht nur eine Skulptur, sondern auch ein Ausstellungsraum ist.<\/p>","protected":false},"featured_media":2729,"template":"","artist":[236],"canton":[157],"episode-":[117],"season":[82],"podcast-categories":[],"class_list":["post-2693","podcast","type-podcast","status-publish","has-post-thumbnail","hentry","artist-pierre-vadi","canton-valais-wallis","episode--episode-67","season-season-2"],"acf":[],"_links":{"self":[{"href":"https:\/\/artscool.ch\/de\/wp-json\/wp\/v2\/podcast\/2693","targetHints":{"allow":["GET"]}}],"collection":[{"href":"https:\/\/artscool.ch\/de\/wp-json\/wp\/v2\/podcast"}],"about":[{"href":"https:\/\/artscool.ch\/de\/wp-json\/wp\/v2\/types\/podcast"}],"version-history":[{"count":5,"href":"https:\/\/artscool.ch\/de\/wp-json\/wp\/v2\/podcast\/2693\/revisions"}],"predecessor-version":[{"id":2733,"href":"https:\/\/artscool.ch\/de\/wp-json\/wp\/v2\/podcast\/2693\/revisions\/2733"}],"wp:featuredmedia":[{"embeddable":true,"href":"https:\/\/artscool.ch\/de\/wp-json\/wp\/v2\/media\/2729"}],"wp:attachment":[{"href":"https:\/\/artscool.ch\/de\/wp-json\/wp\/v2\/media?parent=2693"}],"wp:term":[{"taxonomy":"artist","embeddable":true,"href":"https:\/\/artscool.ch\/de\/wp-json\/wp\/v2\/artist?post=2693"},{"taxonomy":"canton","embeddable":true,"href":"https:\/\/artscool.ch\/de\/wp-json\/wp\/v2\/canton?post=2693"},{"taxonomy":"episode-","embeddable":true,"href":"https:\/\/artscool.ch\/de\/wp-json\/wp\/v2\/episode-?post=2693"},{"taxonomy":"season","embeddable":true,"href":"https:\/\/artscool.ch\/de\/wp-json\/wp\/v2\/season?post=2693"},{"taxonomy":"podcast-categories","embeddable":true,"href":"https:\/\/artscool.ch\/de\/wp-json\/wp\/v2\/podcast-categories?post=2693"}],"curies":[{"name":"wp","href":"https:\/\/api.w.org\/{rel}","templated":true}]}}

<h3 style="padding-left: 40px;"><strong>Hallo, ich bin hier. Mein Name ist Ismael. Ich bin sechzehn Jahre alt und wohne in Sion.</strong></h3>
<p>&nbsp;</p>
<h3 style="padding-left: 40px;"><strong>Kunst ist für mich eine Reflexion dessen, was wir über die realen Dinge denken.</strong></h3>
<p>&nbsp;</p>
<h3 style="padding-left: 40px;"><strong>Heute habe ich eine Verabredung mit einem Kunstwerk von Pierre Vadi, das sich im Park des Kulturzentrums Arsenaux in Sitten befindet. Kommst du mit?</strong></h3>
<h3 style="padding-left: 40px;"> </h3>
<p><span style="font-weight: 400;"><strong>ISMAEL:</strong> Man sieht, dass es ein Hauptgebäude gibt, das aus Beton besteht und ziemlich futuristisch aussieht. Wir gehen an dem Gebäude vorbei und gehen geradewegs auf das Kunstwerk zu. Ich glaube, ich sehe etwas, aber ich weiß nicht einmal, ob es ein Kunstwerk ist. Ich bin etwas verwirrt. </span></p>
<p><span style="font-weight: 400;">Eigentlich sieht dieses Werk eher wie ein Würfel aus. Es gibt eine Vitrine, einen Kasten, also eine Art Raum, der klein genug ist, um Gegenstände und Bücher hineinzustellen.</span></p>
<p><span style="font-weight: 400;">Wenn ich näher herangehe und etwas genauer hinschaue, gibt es ein bisschen Schlitze wie Wege im Inneren. Ich sehe, dass es einen Schalter gibt, Lampen, als ob man tatsächlich darin lesen könnte.</span></p>
<p><span style="font-weight: 400;">Ah, der Name des Werkes ist eigentlich "Lemme". Lemme" bedeutet eigentlich "lass mich", also "lass mich lesen" oder "lass mich ausruhen" oder so etwas in der Art. "Lemme" ist "Let me" auf Englisch... es ist vielleicht nicht auf Englisch, aber es erinnert mich daran. </span></p>
<p><span style="font-weight: 400;">Dieses Werk ist "Lemme" von Pierre Vadi. Ich sehe, dass es zwischen 2013 und 2019 entstanden ist, also muss es sehr lange gedauert haben. Im Grunde ist es eine Skulptur und ein Ausstellungsraum. Sie besteht aus Stahlbeton, Glas, Edelstahl und einem elektrischen System.</span></p>
<p><span style="font-weight: 400;">Ich sehe, dass es eine Belüftung gibt, das heißt, es wird regelmäßig als Raum genutzt, wenn man so will als Kunstwerk, und deshalb habe ich jetzt viele Fragen.</span></p>
<p><span style="font-weight: 400;">Gibt es einen Zusammenhang mit den Waffenarsenalen oder haben Sie sich gedacht, dass es einfach ein guter Ort ist. </span></p>
<p><span style="font-weight: 400;"><strong>PIERRE VADI:</strong> Hallo Ismaël, hier ist Pierre. Danke für dein Interesse und deine Fragen. Das Werk befindet sich im Park des Kulturzentrums Arsenaux, in dem sich die Mediathek von Sitten befindet. Ich habe es mir vor ziemlich langer Zeit, im Jahr 2013, im Rahmen eines Wettbewerbs für öffentliche Kunst für die Arsenale ausgedacht. Mein Vorschlag, vor dem du heute stehst, bestand aus dem Bau einer Skulptur in Form eines Miniaturgebäudes, das aus Beton gebaut wurde. Dieses Gebäude war wie eine Form von architektonischer Fiktion, die später Kunstausstellungen beherbergen sollte. Das tut es heute, auch wenn ich, was deinen Besuch betrifft, verstehe, dass du es besuchst, während es leer ist. Du musst also wiederkommen oder auf </span><a href="https://www.lemme.site/"><span style="font-weight: 400;">www.lemme.site</span></a><span style="font-weight: 400;"> um zu sehen, was dort bis heute gemacht wurde bzw. was die Künstler dort gemacht haben.</span></p>
<p><span style="font-weight: 400;">Wie dem auch sei, 2019 haben wir "Lemme" zusammen mit der Renovierung des Hauptgebäudes der Arsenale eröffnet. Von 2019 bis 2021 habe ich selbst zwölf Ausstellungen in diesem Raum organisiert, und seit 2022 und für zwei Jahre hat Josiane Imhasly die künstlerische Leitung übernommen. </span></p>
<p><span style="font-weight: 400;"><strong>ISMAEL:</strong> Ich frage mich, wie das gemacht wurde? Weil es die Arbeit eines Architekten ist. Es ist eigentlich ein kleines Museum: Es gibt wirklich Räume, Gänge, du gehst rein, du gehst raus, es ist unglaublich.</span></p>
<p><span style="font-weight: 400;"><strong>PIERRE VADI:</strong> Also ja, genau das ist es. Ich bin zwar kein Architekt, aber ich interessiere mich für Architektur und zur Zeit des Wettbewerbs habe ich geduldig ein Modell mit verschiedenen Räumen gebaut. Ich stellte mir dieses Objekt als einen mentalen Raum oder ein System von Räumen vor, die miteinander verbunden sind. Zunächst, so erinnere ich mich, wollte ich den Eindruck erwecken, dass die Räume aus einer vollen Masse ausgehoben werden, die ich ausgraben würde. Aber das funktionierte nicht so gut. Und so musste ich zu einem konstruktiven, klassischeren System zurückkehren, das von hochgezogenen Wänden und Öffnungen ausgeht. Aber immer noch mit der Idee eines Raumes, der aus mehreren miteinander verbundenen Räumen besteht, wie zum Beispiel ein Museum. Und auch die Idee von verschiedenen Arten von Fenstern, die verschiedene Arten von Blicken ermöglichen, beibehalten. Wie du siehst, gibt es Fenster in verschiedenen Höhen über dem Boden und man kann sich das wie eine Art Alterspyramide des Blicks vorstellen.</span></p>
<p><span style="font-weight: 400;">Als mein Entwurf von der Jury ausgewählt wurde, ging ich mit meinem Modell zu einem Architekten, den ich kannte, und er erstellte die Pläne, die für den Bau der Skulptur erforderlich waren. In echt und mit einer richtigen Baufirma.</span></p>
<p><span style="font-weight: 400;"><strong>ISMAEL:</strong> Wozu dienen diese Steckdosen und Schalter? </span></p>
<p><span style="font-weight: 400;"><strong>PIERRE VADI:</strong> Dies dient dazu, Ausstellungen zu beleuchten, Löcher in die Wände zu schneiden, um die Wandarbeiten, die dort aufgehängt werden sollen, zu befestigen. Und diese Steckdosen dienen in der Regel dazu, die Wünsche der Künstler nach Strom zu erfüllen. Das kann für Ton oder Projektionen sein.</span></p>
<p><span style="font-weight: 400;"><strong>ISMAEL:</strong> Kann man sie betreten?</span></p>
<p><span style="font-weight: 400;"><strong>PIERRE VADI:</strong> Ja, man kann sie betreten, aber nicht jeder. Man kann sie nur betreten, um die Ausstellungen zu installieren; sie ist sehr klein. Die Idee ist, dass die Menschen, die Besucher, die Skulptur betrachten und dann die Werke in der Skulptur betrachten. Und die Ausstellung ist eine Art Drehbuch für einen Film, den die Zuschauer selbst drehen, jeder und jede, von seinem oder ihrem Blick aus, von seinem oder ihrem interpretierenden Sinn aus. Es ist also im Idealfall eine Begegnung zwischen dem, was die Künstler tun, und der Neugier des Blicks der Menschen.</span></p>
<p><span style="font-weight: 400;"><strong>ISMAEL:</strong> Und deshalb würde ich gerne wissen, ob der Titel des Werks als "Lemme" auf Französisch oder als "Lemme" auf Englisch zu verstehen ist, was eine Abkürzung von "Let me" ist.</span></p>
<p><span style="font-weight: 400;"><strong>PIERRE VADI:</strong> Eigentlich ist der Titel des Werks, der auch zum Namen des Raums wurde, "Lemme", mit einem großen L. Ich habe es nicht so gemeint. Ich habe nicht an "Let me" gedacht, wie du vorschlägst, sondern eher an l'aime, wie wenn man jemanden oder etwas liebt, wie eine Liebeserklärung. Ansonsten ist Lemme eher ein gelehrtes Wort und wird übrigens in der Alltagssprache überhaupt nicht verwendet. In der Linguistik ist ein Wort ein Lemma. Man baut Aussagen mit Lemmata auf. In der Mathematik ist ein Lemma ein Zwischenergebnis, das für den Beweis eines größeren Theorems nützlich ist.</span></p>
<p><span style="font-weight: 400;">Es ist genau wie bei der Skulptur, die nur ein fester Rahmen ist, von dem aus man neue Formen erfinden kann, solange es hoffentlich Menschen gibt, die dieses Experiment fortsetzen wollen.</span></p>
<p><span style="font-weight: 400;">Schau doch mal bei einer der nächsten Vernissagen vorbei.</span></p>
<p><span style="font-weight: 400;">Und Ismael, danke nochmal. Liebe Grüße!</span></p>
<p>&nbsp;</p>
<p>&nbsp;</p>

<p>°°</p>



<p class="has-small-font-size">"ART'S COOL" oder "Art is cool"!</p>



<p class="has-small-font-size">Dies ist eine Begegnung mit einem zeitgenössischen Kunstwerk in der Schweiz, betrachtet, erkundet, und hinterfragt von jungen Menschen. Auf die Fragen der Jugendlichen geben wiederum die Künstlerin oder der Künstler auf ihre Weise eine Antwort. Ganz einfach, nicht?</p>



<p class="has-small-font-size">In dieser zweiten Saison lädt unser Podcast dich ein, Werke ausserhalb der üblichen Ausstellungsorte zu besuchen, meistens im Freien! Fast jede Woche entdecken wir gemeinsam eine künstlerische Schöpfung, die irgendwo in der Schweiz im öffentlichen Raum zu finden ist.</p>



<p class="has-small-font-size">Heute ging es um " <a href="https://www.lemme.site/">Lemma</a> " von Pierre Vadi, das von Ismaels neugierigem Blick untersucht wurde. Verpassen Sie nicht, das Werk, von dem in Sitten die Rede war, im Park des Kulturzentrums Arsenaux in der Rue de Lausanne in natura zu sehen.</p>



<p class="has-small-font-size">Sammle zeitgenössische Kunst mit deinen Ohren! Die Webseite <a href="https://artscool.ch/de/"><strong>artscool.ch/de</strong></a> präsentiert alle Episoden, die seit Herbst 2021 ausgestrahlt wurden. Eine vielfältige und wachsende Sammlung! Ausserdem findest du dort alle Portraits der jugendlichen Fans der zeitgenössischen Kunst, die Kurzbiographien der interviewten Künstlerinnen und Künstler und die Bilder der Werke.</p>



<p class="has-small-font-size">Falls du zur Verbreitung des Podcasts ART’S COOL beitragen möchtest, zögere nicht… in deinem Umfeld darüber zu sprechen, den Podcast auf deiner bevorzugten Plattform zu abonnieren und mit fünf Sternen zu bewerten. Du kannst uns auch auf Instagram folgen unter dem Account <strong><a href="https://www.instagram.com/young_pods/">young_pods</a>.</strong></p>



<p class="has-small-font-size">Der Podcast ART’S COOL wird realisiert und ausgestrahlt mit der grosszügigen Unterstützung der Loterie Romande, dem Migros-Kulturprozent, der Oertli-Stiftung, der Sandoz-Familienstiftung, den Kantonen Aargau, Basel-Stadt, Bern, Genf, Glarus, Graubünden, Obwalden, Sankt Gallen, Solothurn, Thurgau, Waadt, Wallis, Zug, Zürich, und den Städten Winterthur, Yverdon-les-bains, Zug und Zürich.</p>



<p class="has-small-font-size">Mit der Stimme von Florence Grivel in der französischen Version und Stephan Kyburz in der deutschen Version.<br />Musik and Sounddesign von Christophe Gonet.</p>



<p class="has-black-color has-text-color has-small-font-size">Dies ist eine Produktion <a href="https://www.youngpods.ch/" target="_blank" rel="noreferrer noopener"><span style="text-decoration: underline;"><strong>Young Pods</strong></span></a>.</p>



<p>&nbsp;</p>
