{"id":2556,"date":"2023-11-09T15:23:58","date_gmt":"2023-11-09T14:23:58","guid":{"rendered":"https:\/\/artscool.ch\/?post_type=podcast&#038;p=2556"},"modified":"2024-10-04T12:34:26","modified_gmt":"2024-10-04T10:34:26","slug":"kenin-peter-jenny","status":"publish","type":"podcast","link":"https:\/\/artscool.ch\/de\/podcast\/kenin-peter-jenny\/","title":{"rendered":"Kenin &amp; Peter Jenny"},"content":{"rendered":"<p class=\"has-small-font-size\">\u00a0<\/p>\r\n\r\n<h3 style=\"padding-left: 40px;\"><b>Hallo zusammen, ich heisse Kenin, ich bin achtzehn Jahre alt und ich wohne in Ennenda.<\/b><\/h3>\r\n<h3>\u00a0<\/h3>\r\n<h3 style=\"padding-left: 40px;\"><b>Kunst bedeutet f\u00fcr mich, mich ausdr\u00fccken zu k\u00f6nnen und meine Gef\u00fchle zu kommunizieren ohne Worte \u2013 damit meine ich auch Personen dessen Sprache ich nicht verstehe oder nicht sprechen kann.<\/b><\/h3>\r\n<h3>\u00a0<\/h3>\r\n<h3 style=\"padding-left: 40px;\"><b>Heute habe ich eine Begegnung von Peter Jenny in Ennenda. Kommt ihr auch mit?<\/b><\/h3>\r\n<h3 style=\"padding-left: 40px;\">\u00a0<\/h3>\r\n<p><span style=\"font-weight: 400;\">Wir sind von Glarus hin\u00fcber nach Ennenda spaziert, wir sind nicht weit vom Gemeindehaus weg. Es ist ein sehr heisser Sommertag und man sieht bereits den kleinen Park um das Gemeindehaus herum.\u00a0<\/span><\/p>\r\n<p><span style=\"font-weight: 400;\">Wir haben jetzt das Kunstwerk gefunden. Es ist ein grosser, schr\u00e4ger und hohler Tisch aus Metall. Und er steht auf einem Sockel. Durch die L\u00fccke im Tisch kann man eine Inschrift lesen.<\/span><\/p>\r\n<p><span style=\"font-weight: 400;\">Das Kunstwerk heisst \u201cSchiefertisch\u201d von Peter Jenny. Das Werk befindet sich vor dem Gemeindegeb\u00e4ude von Ennenda im Kanton Glarus. Das Werk wurde 2012 realisiert. Das Werk besteht aus einem Sockel aus Beton und Stahlbeinen im Biedermeierstil. Das Werk ist etwa zwei Meter lang, eineinhalb Meter breit und etwa eineinhalb Meter hoch.\u00a0<\/span><\/p>\r\n<p><span style=\"font-weight: 400;\">Ich habe nun noch einige Fragen an Peter Jenny.<\/span><\/p>\r\n<p><span style=\"font-weight: 400;\"><strong>PETER JENNY:<\/strong> Hallo Kenin, dein Interesse f\u00fcr den Tisch freut mich. Neugierde und Fragen sind die Grundlagen der Wahrnehmung. Dies gilt auch f\u00fcr Tischgespr\u00e4che. Und das sch\u00f6nste dabei ist, die Fragen und Antworten sind fliessend \u2013 richtig und falsch werden wandelbar. Phantasie soll nicht ausgehebelt werden, sondern Anregung bez\u00fcglich des Meinungsaustauschs bewirken.\u00a0<\/span><\/p>\r\n<p><span style=\"font-weight: 400;\"><strong>KENIN:<\/strong> Mich nimmt es Wunder, warum es im Werk \u201cSchiefertisch\u201d keinen Schiefer hat und ein grosses Loch in der Mitte vom Tisch ist. Und warum hast du gerade einen Tisch ausgew\u00e4hlt als M\u00f6belst\u00fcck und nicht etwas anderes, wie einen Stuhl?\u00a0<\/span><\/p>\r\n<p><span style=\"font-weight: 400;\"><strong>PETER JENNY:<\/strong> Genau genommen ist die Bezeichnung Tisch ja eher ungen\u00fcgend. Gestaltet wurde die Erinnerung an einen Tisch. Realistisch sieht ein Tisch ja weissgott anders aus. Der Stil erinnert an Biedermeier. Die Ausgangslage f\u00fcr dieses Denkmal war unser eigener Esstisch, der seit vielen Jahren in unserer Familie steht. Die Masse sind millimetergenau identisch mit unserem M\u00f6bel. Neu ist vor dem Gemeindehaus in Ennenda dient es dem geistigen Gebrauch, gegessen wird nach wie vor zu Hause.<\/span><\/p>\r\n<p><span style=\"font-weight: 400;\">1616 erfand ein hessischer Tischler, der in Ennenda arbeitete, den Schiefertisch. Hartholz war teuer. Der Schiefer aus dem Sernftal g\u00fcnstiger. In Ennenda wurde einer der ersten Exportartikel produziert und damit Arbeitspl\u00e4tze und Auskommen erm\u00f6glicht. Die Stiftung Pro Ennenda gab mir den Auftrag, daf\u00fcr ein Zeichen zu entwerfen, das im \u00f6ffentlichen Raum an die einstige Pioniertat erinnert. 2011 war es dann soweit. Das Zeichen oder Denkmal \u2013 besser gesagt: Denk mal nach. \u2013 wurde eingeweiht. Das Resultat war zwar ein Tisch, der aber kein Tisch sein wollte. Wir finden es normal, uns an einen Tisch zu setzen, aber sich an einen Tisch denken, wird schon schwieriger, weil sich Sitzen und Denken zwar nicht ausschliessen, aber eine andere Form ben\u00f6tigen.\u00a0<\/span><\/p>\r\n<p><span style=\"font-weight: 400;\">Wenn es um das Mitdenken geht, oder das Andenken. Anregung liefert auch das Wort \u201cSchiefer\u201d. Aus der Bezeichnung Schiefertisch bietet sich der Tisch in Schr\u00e4glage an. Die gewollte Doppeldeutigkeit ergibt sich von selbst, wenn wir uns auf das Wort- und Formenspiel einlassen. Aus dem Rahmen fallen ist gewollt, genau wie die Schieferplatte, die hier unter dem Tisch liegt. Aus der Geschichte wird Gegenwart und aus der Gegenwart wird Geschichte. Der Sockel ver\u00e4ndert die \u00fcbliche Tischh\u00f6he des Tischs, hebt ab, schwebt, besonders wenn das Gras der umgebenden Wiese hoch steht. Das Gras bestimmte die Sockelh\u00f6he, der Tisch wird entr\u00fcckt.\u00a0<\/span><\/p>\r\n<p><span style=\"font-weight: 400;\"><strong>KENIN:<\/strong> Eine andere Frage zum Kunstwerk w\u00e4re, ob es mit Absicht rostet.\u00a0<\/span><\/p>\r\n<p><span style=\"font-weight: 400;\"><strong>PETER JENNY:<\/strong> Eine der h\u00e4ufigsten Fragen ist: warum rostet der Tischrahmen? Nun, ich lasse Rost zu. Er entsteht durch einen nat\u00fcrlichen Prozess. Dar\u00fcber hinaus l\u00e4dt Rost nicht gerade dazu ein, den Denktisch mit einem Esstisch zu verwechseln. Ber\u00fchrung wird nicht angestrebt bei diesem Objekt.<\/span><\/p>\r\n<p><span style=\"font-weight: 400;\">Kenin, ich m\u00f6chte dir herzlich danken f\u00fcr deine Fragen. Du hast mich zur Erkl\u00e4rung des Entwurfsprozesses angeregt. In Wirklichkeit findet dieser nat\u00fcrlich in einem wilden Durcheinander statt. Die Reflexion kann aber durchaus im Nachhinein erfolgen.<\/span><\/p>\r\n<p><span style=\"font-weight: 400;\">Dank auch an Benjamin Siegrist f\u00fcr die Umsetzung der Schrift, die er in der Bilderhauerei von Daniel Ledergerber ausf\u00fchren durfte. Und nat\u00fcrlich der Stiftung Pro Ennenda mit dem Vorsitzenden J\u00fcrg Walcher, die mir erlaubte, ein Zeichen zu setzen f\u00fcr kreative Handwerker, die vor hunderten von Jahren in Ennenda wirkten und es verstanden, aus der Not eine Tugend zu machen.<\/span><\/p>\r\n\r\n<p>\u00b0\u00b0<\/p>\r\n\r\n\r\n\r\n<p class=\"has-small-font-size\">\"ART'S COOL\" oder \"Art is cool\"!<\/p>\r\n\r\n\r\n\r\n<p class=\"has-small-font-size\">Dies ist eine Begegnung mit einem zeitgen\u00f6ssischen Kunstwerk in der Schweiz, betrachtet, erkundet, und hinterfragt von jungen Menschen. Auf die Fragen der Jugendlichen geben wiederum die K\u00fcnstlerin oder der K\u00fcnstler auf ihre Weise eine Antwort. Ganz einfach, nicht?<\/p>\r\n\r\n\r\n\r\n<p class=\"has-small-font-size\">In dieser zweiten Saison l\u00e4dt unser Podcast dich ein, Werke ausserhalb der \u00fcblichen Ausstellungsorte zu besuchen, meistens im Freien! Fast jede Woche entdecken wir gemeinsam eine k\u00fcnstlerische Sch\u00f6pfung, die irgendwo in der Schweiz im \u00f6ffentlichen Raum zu finden ist.<\/p>\r\n\r\n\r\n\r\n<p class=\"has-small-font-size\">Heute ging es um \"<strong>Schiefertisch<\/strong>\" von <strong>Peter Jenny<\/strong>, untersucht vom neugierigen Blick von <strong>Kenin<\/strong>. Verpasse nicht, das Kunstwerk in Wirklichkeit selber zu entdecken, und zwar in der vor dem Gemeindegeb\u00e4ude in Ennenda im Kanton Glarus.<\/p>\r\n\r\n\r\n\r\n<p class=\"has-small-font-size\">Sammle zeitgen\u00f6ssische Kunst mit deinen Ohren! Die Webseite <a href=\"https:\/\/artscool.ch\/de\/\"><strong>artscool.ch\/de<\/strong><\/a> pr\u00e4sentiert alle Episoden, die seit Herbst 2021 ausgestrahlt wurden. Eine vielf\u00e4ltige und wachsende Sammlung! Ausserdem findest du dort alle Portraits der jugendlichen Fans der zeitgen\u00f6ssischen Kunst, die Kurzbiographien der interviewten K\u00fcnstlerinnen und K\u00fcnstler und die Bilder der Werke.<\/p>\r\n\r\n\r\n\r\n<p class=\"has-small-font-size\">Falls du zur Verbreitung des Podcasts ART\u2019S COOL beitragen m\u00f6chtest, z\u00f6gere nicht\u2026 in deinem Umfeld dar\u00fcber zu sprechen, den Podcast auf deiner bevorzugten Plattform zu abonnieren und mit f\u00fcnf Sternen zu bewerten. Du kannst uns auch auf Instagram folgen unter dem Account <strong><a href=\"https:\/\/www.instagram.com\/young_pods\/\">young_pods<\/a>.<\/strong><\/p>\r\n\r\n\r\n\r\n<p class=\"has-small-font-size\">Der Podcast ART\u2019S COOL wird realisiert und ausgestrahlt mit der grossz\u00fcgigen Unterst\u00fctzung der Loterie Romande, dem Migros-Kulturprozent, der Oertli-Stiftung, der Sandoz-Familienstiftung, den Kantonen Aargau, Basel-Stadt, Bern, Genf, Glarus, Graub\u00fcnden, Obwalden, Sankt Gallen, Solothurn, Thurgau, Waadt, Wallis, Zug, Z\u00fcrich, und den St\u00e4dten Winterthur, Yverdon-les-bains, Zug und Z\u00fcrich.<\/p>\r\n\r\n\r\n\r\n<p class=\"has-small-font-size\">Mit der Stimme von Florence Grivel in der franz\u00f6sischen Version und Stephan Kyburz in der deutschen Version.<br \/>Musik and Sounddesign von Christophe Gonet.<\/p>\r\n\r\n\r\n\r\n<p class=\"has-black-color has-text-color has-small-font-size\">Dies ist eine Produktion <a href=\"https:\/\/www.youngpods.ch\/\" target=\"_blank\" rel=\"noreferrer noopener\"><span style=\"text-decoration: underline;\"><strong>Young Pods<\/strong><\/span><\/a>.<\/p>\r\n\r\n\r\n\r\n<p>&nbsp;<\/p>","protected":false},"excerpt":{"rendered":"<p>Ennenda, Park des Gemeindehauses: Kenin entdeckt den \"Schiefertisch\" von Peter Jenny. Er fragt sich, ob es Absicht ist, dass der Tisch rostet.<\/p>","protected":false},"featured_media":2557,"template":"","artist":[195],"canton":[142],"episode-":[115],"season":[82],"podcast-categories":[],"class_list":["post-2556","podcast","type-podcast","status-publish","has-post-thumbnail","hentry","artist-peter-jenny","canton-glarus","episode--episode-66","season-season-2"],"acf":[],"_links":{"self":[{"href":"https:\/\/artscool.ch\/de\/wp-json\/wp\/v2\/podcast\/2556","targetHints":{"allow":["GET"]}}],"collection":[{"href":"https:\/\/artscool.ch\/de\/wp-json\/wp\/v2\/podcast"}],"about":[{"href":"https:\/\/artscool.ch\/de\/wp-json\/wp\/v2\/types\/podcast"}],"version-history":[{"count":2,"href":"https:\/\/artscool.ch\/de\/wp-json\/wp\/v2\/podcast\/2556\/revisions"}],"predecessor-version":[{"id":2734,"href":"https:\/\/artscool.ch\/de\/wp-json\/wp\/v2\/podcast\/2556\/revisions\/2734"}],"wp:featuredmedia":[{"embeddable":true,"href":"https:\/\/artscool.ch\/de\/wp-json\/wp\/v2\/media\/2557"}],"wp:attachment":[{"href":"https:\/\/artscool.ch\/de\/wp-json\/wp\/v2\/media?parent=2556"}],"wp:term":[{"taxonomy":"artist","embeddable":true,"href":"https:\/\/artscool.ch\/de\/wp-json\/wp\/v2\/artist?post=2556"},{"taxonomy":"canton","embeddable":true,"href":"https:\/\/artscool.ch\/de\/wp-json\/wp\/v2\/canton?post=2556"},{"taxonomy":"episode-","embeddable":true,"href":"https:\/\/artscool.ch\/de\/wp-json\/wp\/v2\/episode-?post=2556"},{"taxonomy":"season","embeddable":true,"href":"https:\/\/artscool.ch\/de\/wp-json\/wp\/v2\/season?post=2556"},{"taxonomy":"podcast-categories","embeddable":true,"href":"https:\/\/artscool.ch\/de\/wp-json\/wp\/v2\/podcast-categories?post=2556"}],"curies":[{"name":"wp","href":"https:\/\/api.w.org\/{rel}","templated":true}]}}

<p class="has-small-font-size"> </p>

<h3 style="padding-left: 40px;"><b>Hallo zusammen, ich heisse Kenin, ich bin achtzehn Jahre alt und ich wohne in Ennenda.</b></h3>
<h3> </h3>
<h3 style="padding-left: 40px;"><b>Kunst bedeutet für mich, mich ausdrücken zu können und meine Gefühle zu kommunizieren ohne Worte – damit meine ich auch Personen dessen Sprache ich nicht verstehe oder nicht sprechen kann.</b></h3>
<h3> </h3>
<h3 style="padding-left: 40px;"><b>Heute habe ich eine Begegnung von Peter Jenny in Ennenda. Kommt ihr auch mit?</b></h3>
<h3 style="padding-left: 40px;"> </h3>
<p><span style="font-weight: 400;">Wir sind von Glarus hinüber nach Ennenda spaziert, wir sind nicht weit vom Gemeindehaus weg. Es ist ein sehr heisser Sommertag und man sieht bereits den kleinen Park um das Gemeindehaus herum. </span></p>
<p><span style="font-weight: 400;">Wir haben jetzt das Kunstwerk gefunden. Es ist ein grosser, schräger und hohler Tisch aus Metall. Und er steht auf einem Sockel. Durch die Lücke im Tisch kann man eine Inschrift lesen.</span></p>
<p><span style="font-weight: 400;">Das Kunstwerk heisst “Schiefertisch” von Peter Jenny. Das Werk befindet sich vor dem Gemeindegebäude von Ennenda im Kanton Glarus. Das Werk wurde 2012 realisiert. Das Werk besteht aus einem Sockel aus Beton und Stahlbeinen im Biedermeierstil. Das Werk ist etwa zwei Meter lang, eineinhalb Meter breit und etwa eineinhalb Meter hoch. </span></p>
<p><span style="font-weight: 400;">Ich habe nun noch einige Fragen an Peter Jenny.</span></p>
<p><span style="font-weight: 400;"><strong>PETER JENNY:</strong> Hallo Kenin, dein Interesse für den Tisch freut mich. Neugierde und Fragen sind die Grundlagen der Wahrnehmung. Dies gilt auch für Tischgespräche. Und das schönste dabei ist, die Fragen und Antworten sind fliessend – richtig und falsch werden wandelbar. Phantasie soll nicht ausgehebelt werden, sondern Anregung bezüglich des Meinungsaustauschs bewirken. </span></p>
<p><span style="font-weight: 400;"><strong>KENIN:</strong> Mich nimmt es Wunder, warum es im Werk “Schiefertisch” keinen Schiefer hat und ein grosses Loch in der Mitte vom Tisch ist. Und warum hast du gerade einen Tisch ausgewählt als Möbelstück und nicht etwas anderes, wie einen Stuhl? </span></p>
<p><span style="font-weight: 400;"><strong>PETER JENNY:</strong> Genau genommen ist die Bezeichnung Tisch ja eher ungenügend. Gestaltet wurde die Erinnerung an einen Tisch. Realistisch sieht ein Tisch ja weissgott anders aus. Der Stil erinnert an Biedermeier. Die Ausgangslage für dieses Denkmal war unser eigener Esstisch, der seit vielen Jahren in unserer Familie steht. Die Masse sind millimetergenau identisch mit unserem Möbel. Neu ist vor dem Gemeindehaus in Ennenda dient es dem geistigen Gebrauch, gegessen wird nach wie vor zu Hause.</span></p>
<p><span style="font-weight: 400;">1616 erfand ein hessischer Tischler, der in Ennenda arbeitete, den Schiefertisch. Hartholz war teuer. Der Schiefer aus dem Sernftal günstiger. In Ennenda wurde einer der ersten Exportartikel produziert und damit Arbeitsplätze und Auskommen ermöglicht. Die Stiftung Pro Ennenda gab mir den Auftrag, dafür ein Zeichen zu entwerfen, das im öffentlichen Raum an die einstige Pioniertat erinnert. 2011 war es dann soweit. Das Zeichen oder Denkmal – besser gesagt: Denk mal nach. – wurde eingeweiht. Das Resultat war zwar ein Tisch, der aber kein Tisch sein wollte. Wir finden es normal, uns an einen Tisch zu setzen, aber sich an einen Tisch denken, wird schon schwieriger, weil sich Sitzen und Denken zwar nicht ausschliessen, aber eine andere Form benötigen. </span></p>
<p><span style="font-weight: 400;">Wenn es um das Mitdenken geht, oder das Andenken. Anregung liefert auch das Wort “Schiefer”. Aus der Bezeichnung Schiefertisch bietet sich der Tisch in Schräglage an. Die gewollte Doppeldeutigkeit ergibt sich von selbst, wenn wir uns auf das Wort- und Formenspiel einlassen. Aus dem Rahmen fallen ist gewollt, genau wie die Schieferplatte, die hier unter dem Tisch liegt. Aus der Geschichte wird Gegenwart und aus der Gegenwart wird Geschichte. Der Sockel verändert die übliche Tischhöhe des Tischs, hebt ab, schwebt, besonders wenn das Gras der umgebenden Wiese hoch steht. Das Gras bestimmte die Sockelhöhe, der Tisch wird entrückt. </span></p>
<p><span style="font-weight: 400;"><strong>KENIN:</strong> Eine andere Frage zum Kunstwerk wäre, ob es mit Absicht rostet. </span></p>
<p><span style="font-weight: 400;"><strong>PETER JENNY:</strong> Eine der häufigsten Fragen ist: warum rostet der Tischrahmen? Nun, ich lasse Rost zu. Er entsteht durch einen natürlichen Prozess. Darüber hinaus lädt Rost nicht gerade dazu ein, den Denktisch mit einem Esstisch zu verwechseln. Berührung wird nicht angestrebt bei diesem Objekt.</span></p>
<p><span style="font-weight: 400;">Kenin, ich möchte dir herzlich danken für deine Fragen. Du hast mich zur Erklärung des Entwurfsprozesses angeregt. In Wirklichkeit findet dieser natürlich in einem wilden Durcheinander statt. Die Reflexion kann aber durchaus im Nachhinein erfolgen.</span></p>
<p><span style="font-weight: 400;">Dank auch an Benjamin Siegrist für die Umsetzung der Schrift, die er in der Bilderhauerei von Daniel Ledergerber ausführen durfte. Und natürlich der Stiftung Pro Ennenda mit dem Vorsitzenden Jürg Walcher, die mir erlaubte, ein Zeichen zu setzen für kreative Handwerker, die vor hunderten von Jahren in Ennenda wirkten und es verstanden, aus der Not eine Tugend zu machen.</span></p>

<p>°°</p>



<p class="has-small-font-size">"ART'S COOL" oder "Art is cool"!</p>



<p class="has-small-font-size">Dies ist eine Begegnung mit einem zeitgenössischen Kunstwerk in der Schweiz, betrachtet, erkundet, und hinterfragt von jungen Menschen. Auf die Fragen der Jugendlichen geben wiederum die Künstlerin oder der Künstler auf ihre Weise eine Antwort. Ganz einfach, nicht?</p>



<p class="has-small-font-size">In dieser zweiten Saison lädt unser Podcast dich ein, Werke ausserhalb der üblichen Ausstellungsorte zu besuchen, meistens im Freien! Fast jede Woche entdecken wir gemeinsam eine künstlerische Schöpfung, die irgendwo in der Schweiz im öffentlichen Raum zu finden ist.</p>



<p class="has-small-font-size">Heute ging es um "<strong>Schiefertisch</strong>" von <strong>Peter Jenny</strong>, untersucht vom neugierigen Blick von <strong>Kenin</strong>. Verpasse nicht, das Kunstwerk in Wirklichkeit selber zu entdecken, und zwar in der vor dem Gemeindegebäude in Ennenda im Kanton Glarus.</p>



<p class="has-small-font-size">Sammle zeitgenössische Kunst mit deinen Ohren! Die Webseite <a href="https://artscool.ch/de/"><strong>artscool.ch/de</strong></a> präsentiert alle Episoden, die seit Herbst 2021 ausgestrahlt wurden. Eine vielfältige und wachsende Sammlung! Ausserdem findest du dort alle Portraits der jugendlichen Fans der zeitgenössischen Kunst, die Kurzbiographien der interviewten Künstlerinnen und Künstler und die Bilder der Werke.</p>



<p class="has-small-font-size">Falls du zur Verbreitung des Podcasts ART’S COOL beitragen möchtest, zögere nicht… in deinem Umfeld darüber zu sprechen, den Podcast auf deiner bevorzugten Plattform zu abonnieren und mit fünf Sternen zu bewerten. Du kannst uns auch auf Instagram folgen unter dem Account <strong><a href="https://www.instagram.com/young_pods/">young_pods</a>.</strong></p>



<p class="has-small-font-size">Der Podcast ART’S COOL wird realisiert und ausgestrahlt mit der grosszügigen Unterstützung der Loterie Romande, dem Migros-Kulturprozent, der Oertli-Stiftung, der Sandoz-Familienstiftung, den Kantonen Aargau, Basel-Stadt, Bern, Genf, Glarus, Graubünden, Obwalden, Sankt Gallen, Solothurn, Thurgau, Waadt, Wallis, Zug, Zürich, und den Städten Winterthur, Yverdon-les-bains, Zug und Zürich.</p>



<p class="has-small-font-size">Mit der Stimme von Florence Grivel in der französischen Version und Stephan Kyburz in der deutschen Version.<br />Musik and Sounddesign von Christophe Gonet.</p>



<p class="has-black-color has-text-color has-small-font-size">Dies ist eine Produktion <a href="https://www.youngpods.ch/" target="_blank" rel="noreferrer noopener"><span style="text-decoration: underline;"><strong>Young Pods</strong></span></a>.</p>



<p>&nbsp;</p>
