{"id":2553,"date":"2023-11-06T19:02:10","date_gmt":"2023-11-06T18:02:10","guid":{"rendered":"https:\/\/artscool.ch\/?post_type=podcast&#038;p=2553"},"modified":"2024-10-04T12:35:02","modified_gmt":"2024-10-04T10:35:02","slug":"lino-mai-thu-perret","status":"publish","type":"podcast","link":"https:\/\/artscool.ch\/de\/podcast\/lino-mai-thu-perret\/","title":{"rendered":"Lino &amp; Mai-Thu Perret"},"content":{"rendered":"<p class=\"has-small-font-size\">\u00a0<\/p>\r\n\r\n<h3 style=\"padding-left: 40px;\"><strong>Hallo, ich bin hier. Mein Name ist Lino und ich bin achtzehn Jahre alt. Ich wohne in Lausanne.<\/strong><\/h3>\r\n<p>&nbsp;<\/p>\r\n<h3 style=\"padding-left: 40px;\"><strong>Kunst ist f\u00fcr mich eine M\u00f6glichkeit, ein Gef\u00fchl auszudr\u00fccken.<\/strong><\/h3>\r\n<p>&nbsp;<\/p>\r\n<h3 style=\"padding-left: 40px;\"><strong>Heute bin ich mit einem Werk von Mai-Thu Perret in Genf verabredet. Kommst du mit?<\/strong><\/h3>\r\n<p>&nbsp;<\/p>\r\n<p>Das Kunstwerk befindet sich an der Fassade der Post in Montbrillant und wir machen uns auf den Weg, um es zu suchen. Wir stehen vor einer Garage, es gibt Treppen, T\u00fcren, die sich schlie\u00dfen, und ziemlich viel Aktivit\u00e4t. Man sieht, dass der Ort in Bewegung ist und dass es sich um einen Arbeitsort handelt. Wir gehen durch eine Cafeteria der fourchette verte des Cycle de Montbrillant, gehen nach rechts und befinden uns in einem Au\u00dfenkorridor. Ich glaube, vor uns liegt das Werk von Mai-Thu Perret... und ich habe es gerade gesehen! Augen auf der Fassade...Okay.<\/p>\r\n<p>Je weiter wir gehen, desto mehr Augen werden auf der Fassade entdeckt. Im Moment sieht man vier, f\u00fcnf, sechs... man f\u00fchlt sich beobachtet.<\/p>\r\n<p>Wir haben also vierzehn Augen auf der Fassade, auf einer verputzten Fassade. Sie sehen aus wie eine Art gro\u00dfe wei\u00dfe Sch\u00fcssel mit einer Pupille, einer Iris ... alles, was wie ein Auge aussieht. Und man sieht verschiedene Farben. Es gibt Gr\u00fcn, Braun, Grau in den Iriden, es ist wie ein Gem\u00e4lde. Es gibt welche, die sind einfarbig, in einer Farbe. Es gibt welche, die sind ein bisschen abgestuft. Es gibt welche, die haben Farbspritzer. Es ist eine lange Fassade und die Augen sind etwas zuf\u00e4llig verteilt, es sieht aus, als g\u00e4be es kein Muster.<\/p>\r\n<p>Ich denke direkt an Orwells \"1984\". Es sieht aus wie eine \u00dcberwachung der Arbeiter, weil wir uns in einem Arbeitsgeb\u00e4ude befinden ... wie in einer Art Dystopie. Die Augen haben nicht unbedingt ein Leben oder eine Seele. Man wei\u00df nicht genau, was sie anschauen. Sie schauen immer geradeaus. Es gibt keine Augen, die nach unten oder nach oben blicken. Es gibt keine Augen, die in die gleiche Richtung schauen, und deshalb wirkt es weniger lebendig.<\/p>\r\n<p>Es stellt sich die Frage, welche Bedeutung das Auge in anderen Kulturen haben kann, wie z. B. in Griechenland mit dem blauen Auge, das Gl\u00fcck bringen soll.<\/p>\r\n<p>Der Titel des Werks lautet \"In the Sandalwood Forest there are no Ordinary Trees\" (Im Sandalenwald gibt es keine gew\u00f6hnlichen B\u00e4ume). Es wurde von Mai-Thu Perret im Jahr 2015 geschaffen und ist eine Installation aus glasierter Keramik, die aus vierzehn Teilen besteht.<\/p>\r\n<p>Der Titel sagt uns, dass es \"in einem bestimmten Wald mit einer bestimmten Art von B\u00e4umen keine gew\u00f6hnlichen B\u00e4ume gibt\"... was k\u00f6nnte das bedeuten? Hier haben wir es also mit einem Wald zu tun, nicht mit B\u00e4umen, sondern mit Augen. Und diese Augen sind nicht gew\u00f6hnlich, denn sie sind alle einzigartig. Jedes Auge hat eine andere Art der Bemalung, vor allem in der Iris.<\/p>\r\n<p><strong>LINO:<\/strong> Meine erste Frage an die K\u00fcnstlerin w\u00e4re: Welche Idee hat Sie dazu bewogen, das genau an diesem Ort zu tun? Warum hier?<\/p>\r\n<p><strong>MAI-THU PERRET:<\/strong> Hallo Lino, ich werde versuchen, deine Fragen zu beantworten. Als ich das Geb\u00e4ude der La Poste de Montbrillant f\u00fcr den Wettbewerb besichtigte, fiel mir diese Wand auf. Als wir, die verschiedenen K\u00fcnstler, die am Wettbewerb teilgenommen haben, anfingen, daran zu arbeiten, war die Renovierung bereits abgeschlossen und der Raum war bereits gebaut. Wir arbeiteten nicht mit Pl\u00e4nen, sondern besuchten den Ort und die B\u00fcros der Mitarbeiter der Kantonalen Arbeitslosenkasse und es war sehr auff\u00e4llig. Es gab eine riesige wei\u00dfe Wand, die sich gegen\u00fcber den B\u00fcros befand. Das Ziel des Wettbewerbs war es, diese Wand zu f\u00fcllen. Und ich dachte mir sofort, dass es keine sehr gute Idee w\u00e4re, zu versuchen, die Wand zu f\u00fcllen. Ich wollte also keine Farbe auftragen oder eine Verkleidung anbringen, die alles bedeckt.<\/p>\r\n<p>Ich habe ziemlich schnell an Augen gedacht, weil ich es lustig fand, diesen Raum zu dekorieren, der doch ein ziemlich kalter, ziemlich technokratischer, ziemlich grauer, sehr mineralischer Raum ist. Ich fand es witzig, mit dem Augapfel, mit den Augen etwas Menschliches und wirklich K\u00f6rperbezogenes zur\u00fcckzubringen. Ich war auch daran interessiert, ein wenig mit dem Ort zu spielen. Wir hatten eine blinde Wand ... es war eine lustige Idee, Augen in die Wand zu setzen.<\/p>\r\n<p><strong>LINO:<\/strong> Warum haben Sie nur den Augapfel bearbeitet und das Auge nicht so dargestellt, wie wir es im Alltag sehen, mit einem Augenlid und Wimpern?<\/p>\r\n<p><strong>MAI-THU PERRET:<\/strong> Es ist merkw\u00fcrdiger, nur den Augapfel und nicht das ganze Auge mit den Wimpern zu machen. Ich finde, es ist etwas, das vielleicht weniger gesehen wird und weniger romantisch ist. Es gibt auch eine Verbindung zu den Gl\u00fccksbringern, die ebenfalls Augen sind.<\/p>\r\n<p>Au\u00dferdem mag ich es, mit geometrischen Formen zu arbeiten. Ich finde, dass der Augapfel in der Art, wie ich ihn dort behandelt habe, sowohl ein Organ des menschlichen K\u00f6rpers als auch eine Form ist. Es ist eine Halbkugel.<\/p>\r\n<p><strong>LINO:<\/strong> Ich habe gesehen, dass es sich um Keramikaugen handelt, ist das schwer? Und wie wurden sie angebracht, damit sie halten?<\/p>\r\n<p><strong>MAI-THU PERRET:<\/strong> Ja, es ist relativ schwer. Jedes Auge wiegt vielleicht hundert oder hundertf\u00fcnfzig Kilo; ich kann mich nicht mehr genau erinnern. Es ist aus Keramik. Es ist hohl, also ist das Auge selbst vielleicht maximal vier Zentimeter dick. Der Keramikteil ist an einem Edelstahlrahmen befestigt, der wiederum in einem anderen Edelstahlrahmen befestigt ist, der an der Wand befestigt ist.<\/p>\r\n<p><strong>LINO:<\/strong> Da wir uns an einem Arbeitsplatz befinden, an dem alle in die gleiche Richtung schauen, um Ziele zu erreichen, sieht man, dass auch die Augen in die gleiche Richtung schauen, und ich habe mich gefragt, ob dies nicht eine M\u00f6glichkeit w\u00e4re, zu differenzieren und zu zeigen, dass jeder einzigartig ist. Eine Art zu zeigen, dass, obwohl seine Augen in die gleiche Richtung schauen, jeder eine andere Art der Iris hat. Niemand ist also anonym.<\/p>\r\n<p><strong>MAI-THU PERRET:<\/strong> Ich finde es immer interessant, mit dem Verh\u00e4ltnis von Unterschied und Wiederholung zu spielen. Und in der Tat sind die Augen immer anders.<\/p>\r\n<p>Auf Wiedersehen, Lino.<br \/>Danke!<\/p>\r\n\r\n<p>\u00b0\u00b0<\/p>\r\n\r\n\r\n\r\n<p class=\"has-small-font-size\">\"ART'S COOL\" oder \"Art is cool\"!<\/p>\r\n\r\n\r\n\r\n<p class=\"has-small-font-size\">Dies ist eine Begegnung mit einem zeitgen\u00f6ssischen Kunstwerk in der Schweiz, betrachtet, erkundet, und hinterfragt von jungen Menschen. Auf die Fragen der Jugendlichen geben wiederum die K\u00fcnstlerin oder der K\u00fcnstler auf ihre Weise eine Antwort. Ganz einfach, nicht?<\/p>\r\n\r\n\r\n\r\n<p class=\"has-small-font-size\">In dieser zweiten Saison l\u00e4dt unser Podcast dich ein, Werke ausserhalb der \u00fcblichen Ausstellungsorte zu besuchen, meistens im Freien! Fast jede Woche entdecken wir gemeinsam eine k\u00fcnstlerische Sch\u00f6pfung, die irgendwo in der Schweiz im \u00f6ffentlichen Raum zu finden ist.<\/p>\r\n\r\n\r\n\r\n<p class=\"has-small-font-size\">Heute ging es um <em><strong>Im Sandalwood Forest gibt es keine gew\u00f6hnlichen B\u00e4ume<\/strong><\/em> von <a href=\"https:\/\/fr.wikipedia.org\/wiki\/Mai-Thu_Perret\" data-type=\"link\" data-id=\"https:\/\/fr.wikipedia.org\/wiki\/Mai-Thu_Perret\"><strong>Mai-Thu Perret<\/strong><\/a>, untersucht vom neugierigen Blick von <strong>Lino<\/strong>. Verpasse nicht das Kunstwerk in Wirklichkeit selber zu entdecken, und zwar in <strong>Genf<\/strong>Rue de Montbrillant 36.<\/p>\r\n\r\n\r\n\r\n<p class=\"has-small-font-size\">Sammle zeitgen\u00f6ssische Kunst mit deinen Ohren! Die Webseite <a href=\"https:\/\/artscool.ch\/de\/\"><strong>artscool.ch\/de<\/strong><\/a> pr\u00e4sentiert alle Episoden, die seit Herbst 2021 ausgestrahlt wurden. Eine vielf\u00e4ltige und wachsende Sammlung! Ausserdem findest du dort alle Portraits der jugendlichen Fans der zeitgen\u00f6ssischen Kunst, die Kurzbiographien der interviewten K\u00fcnstlerinnen und K\u00fcnstler und die Bilder der Werke.<\/p>\r\n\r\n\r\n\r\n<p class=\"has-small-font-size\">Falls du zur Verbreitung des Podcasts ART\u2019S COOL beitragen m\u00f6chtest, z\u00f6gere nicht\u2026 in deinem Umfeld dar\u00fcber zu sprechen, den Podcast auf deiner bevorzugten Plattform zu abonnieren und mit f\u00fcnf Sternen zu bewerten. Du kannst uns auch auf Instagram folgen unter dem Account <strong><a href=\"https:\/\/www.instagram.com\/young_pods\/\">young_pods<\/a>.<\/strong><\/p>\r\n\r\n\r\n\r\n<p class=\"has-small-font-size\">Der Podcast ART\u2019S COOL wird realisiert und ausgestrahlt mit der grossz\u00fcgigen Unterst\u00fctzung der Loterie Romande, dem Migros-Kulturprozent, der Oertli-Stiftung, der Sandoz-Familienstiftung, den Kantonen Aargau, Basel-Stadt, Bern, Genf, Glarus, Graub\u00fcnden, Obwalden, Sankt Gallen, Solothurn, Thurgau, Waadt, Wallis, Zug, Z\u00fcrich, und den St\u00e4dten Winterthur, Yverdon-les-bains, Zug und Z\u00fcrich.<\/p>\r\n\r\n\r\n\r\n<p class=\"has-small-font-size\">Mit der Stimme von Florence Grivel in der franz\u00f6sischen Version und Stephan Kyburz in der deutschen Version.<br \/>Musik and Sounddesign von Christophe Gonet.<\/p>\r\n\r\n\r\n\r\n<p class=\"has-black-color has-text-color has-small-font-size\">Dies ist eine Produktion <a href=\"https:\/\/www.youngpods.ch\/\" target=\"_blank\" rel=\"noreferrer noopener\"><span style=\"text-decoration: underline;\"><strong>Young Pods<\/strong><\/span><\/a>.<\/p>\r\n\r\n\r\n\r\n<p>&nbsp;<\/p>","protected":false},"excerpt":{"rendered":"<p>Rue de Montbrillant 36, Genf: Lino entdeckt eine Fassade, die ihn mit allen Augen anschaut... Er denkt an Orwell und fragt sich, welche Symbolik das Auge in verschiedenen Kulturen hat.<\/p>","protected":false},"featured_media":2554,"template":"","artist":[215],"canton":[141],"episode-":[114],"season":[82],"podcast-categories":[],"class_list":["post-2553","podcast","type-podcast","status-publish","has-post-thumbnail","hentry","artist-mai-thu-perret","canton-geneve","episode--episode-65","season-season-2"],"acf":[],"_links":{"self":[{"href":"https:\/\/artscool.ch\/de\/wp-json\/wp\/v2\/podcast\/2553","targetHints":{"allow":["GET"]}}],"collection":[{"href":"https:\/\/artscool.ch\/de\/wp-json\/wp\/v2\/podcast"}],"about":[{"href":"https:\/\/artscool.ch\/de\/wp-json\/wp\/v2\/types\/podcast"}],"version-history":[{"count":2,"href":"https:\/\/artscool.ch\/de\/wp-json\/wp\/v2\/podcast\/2553\/revisions"}],"predecessor-version":[{"id":3042,"href":"https:\/\/artscool.ch\/de\/wp-json\/wp\/v2\/podcast\/2553\/revisions\/3042"}],"wp:featuredmedia":[{"embeddable":true,"href":"https:\/\/artscool.ch\/de\/wp-json\/wp\/v2\/media\/2554"}],"wp:attachment":[{"href":"https:\/\/artscool.ch\/de\/wp-json\/wp\/v2\/media?parent=2553"}],"wp:term":[{"taxonomy":"artist","embeddable":true,"href":"https:\/\/artscool.ch\/de\/wp-json\/wp\/v2\/artist?post=2553"},{"taxonomy":"canton","embeddable":true,"href":"https:\/\/artscool.ch\/de\/wp-json\/wp\/v2\/canton?post=2553"},{"taxonomy":"episode-","embeddable":true,"href":"https:\/\/artscool.ch\/de\/wp-json\/wp\/v2\/episode-?post=2553"},{"taxonomy":"season","embeddable":true,"href":"https:\/\/artscool.ch\/de\/wp-json\/wp\/v2\/season?post=2553"},{"taxonomy":"podcast-categories","embeddable":true,"href":"https:\/\/artscool.ch\/de\/wp-json\/wp\/v2\/podcast-categories?post=2553"}],"curies":[{"name":"wp","href":"https:\/\/api.w.org\/{rel}","templated":true}]}}

<p class="has-small-font-size"> </p>

<h3 style="padding-left: 40px;"><strong>Hallo, ich bin hier. Mein Name ist Lino und ich bin achtzehn Jahre alt. Ich wohne in Lausanne.</strong></h3>
<p>&nbsp;</p>
<h3 style="padding-left: 40px;"><strong>Kunst ist für mich eine Möglichkeit, ein Gefühl auszudrücken.</strong></h3>
<p>&nbsp;</p>
<h3 style="padding-left: 40px;"><strong>Heute bin ich mit einem Werk von Mai-Thu Perret in Genf verabredet. Kommst du mit?</strong></h3>
<p>&nbsp;</p>
<p>Das Kunstwerk befindet sich an der Fassade der Post in Montbrillant und wir machen uns auf den Weg, um es zu suchen. Wir stehen vor einer Garage, es gibt Treppen, Türen, die sich schließen, und ziemlich viel Aktivität. Man sieht, dass der Ort in Bewegung ist und dass es sich um einen Arbeitsort handelt. Wir gehen durch eine Cafeteria der fourchette verte des Cycle de Montbrillant, gehen nach rechts und befinden uns in einem Außenkorridor. Ich glaube, vor uns liegt das Werk von Mai-Thu Perret... und ich habe es gerade gesehen! Augen auf der Fassade...Okay.</p>
<p>Je weiter wir gehen, desto mehr Augen werden auf der Fassade entdeckt. Im Moment sieht man vier, fünf, sechs... man fühlt sich beobachtet.</p>
<p>Wir haben also vierzehn Augen auf der Fassade, auf einer verputzten Fassade. Sie sehen aus wie eine Art große weiße Schüssel mit einer Pupille, einer Iris ... alles, was wie ein Auge aussieht. Und man sieht verschiedene Farben. Es gibt Grün, Braun, Grau in den Iriden, es ist wie ein Gemälde. Es gibt welche, die sind einfarbig, in einer Farbe. Es gibt welche, die sind ein bisschen abgestuft. Es gibt welche, die haben Farbspritzer. Es ist eine lange Fassade und die Augen sind etwas zufällig verteilt, es sieht aus, als gäbe es kein Muster.</p>
<p>Ich denke direkt an Orwells "1984". Es sieht aus wie eine Überwachung der Arbeiter, weil wir uns in einem Arbeitsgebäude befinden ... wie in einer Art Dystopie. Die Augen haben nicht unbedingt ein Leben oder eine Seele. Man weiß nicht genau, was sie anschauen. Sie schauen immer geradeaus. Es gibt keine Augen, die nach unten oder nach oben blicken. Es gibt keine Augen, die in die gleiche Richtung schauen, und deshalb wirkt es weniger lebendig.</p>
<p>Es stellt sich die Frage, welche Bedeutung das Auge in anderen Kulturen haben kann, wie z. B. in Griechenland mit dem blauen Auge, das Glück bringen soll.</p>
<p>Der Titel des Werks lautet "In the Sandalwood Forest there are no Ordinary Trees" (Im Sandalenwald gibt es keine gewöhnlichen Bäume). Es wurde von Mai-Thu Perret im Jahr 2015 geschaffen und ist eine Installation aus glasierter Keramik, die aus vierzehn Teilen besteht.</p>
<p>Der Titel sagt uns, dass es "in einem bestimmten Wald mit einer bestimmten Art von Bäumen keine gewöhnlichen Bäume gibt"... was könnte das bedeuten? Hier haben wir es also mit einem Wald zu tun, nicht mit Bäumen, sondern mit Augen. Und diese Augen sind nicht gewöhnlich, denn sie sind alle einzigartig. Jedes Auge hat eine andere Art der Bemalung, vor allem in der Iris.</p>
<p><strong>LINO:</strong> Meine erste Frage an die Künstlerin wäre: Welche Idee hat Sie dazu bewogen, das genau an diesem Ort zu tun? Warum hier?</p>
<p><strong>MAI-THU PERRET:</strong> Hallo Lino, ich werde versuchen, deine Fragen zu beantworten. Als ich das Gebäude der La Poste de Montbrillant für den Wettbewerb besichtigte, fiel mir diese Wand auf. Als wir, die verschiedenen Künstler, die am Wettbewerb teilgenommen haben, anfingen, daran zu arbeiten, war die Renovierung bereits abgeschlossen und der Raum war bereits gebaut. Wir arbeiteten nicht mit Plänen, sondern besuchten den Ort und die Büros der Mitarbeiter der Kantonalen Arbeitslosenkasse und es war sehr auffällig. Es gab eine riesige weiße Wand, die sich gegenüber den Büros befand. Das Ziel des Wettbewerbs war es, diese Wand zu füllen. Und ich dachte mir sofort, dass es keine sehr gute Idee wäre, zu versuchen, die Wand zu füllen. Ich wollte also keine Farbe auftragen oder eine Verkleidung anbringen, die alles bedeckt.</p>
<p>Ich habe ziemlich schnell an Augen gedacht, weil ich es lustig fand, diesen Raum zu dekorieren, der doch ein ziemlich kalter, ziemlich technokratischer, ziemlich grauer, sehr mineralischer Raum ist. Ich fand es witzig, mit dem Augapfel, mit den Augen etwas Menschliches und wirklich Körperbezogenes zurückzubringen. Ich war auch daran interessiert, ein wenig mit dem Ort zu spielen. Wir hatten eine blinde Wand ... es war eine lustige Idee, Augen in die Wand zu setzen.</p>
<p><strong>LINO:</strong> Warum haben Sie nur den Augapfel bearbeitet und das Auge nicht so dargestellt, wie wir es im Alltag sehen, mit einem Augenlid und Wimpern?</p>
<p><strong>MAI-THU PERRET:</strong> Es ist merkwürdiger, nur den Augapfel und nicht das ganze Auge mit den Wimpern zu machen. Ich finde, es ist etwas, das vielleicht weniger gesehen wird und weniger romantisch ist. Es gibt auch eine Verbindung zu den Glücksbringern, die ebenfalls Augen sind.</p>
<p>Außerdem mag ich es, mit geometrischen Formen zu arbeiten. Ich finde, dass der Augapfel in der Art, wie ich ihn dort behandelt habe, sowohl ein Organ des menschlichen Körpers als auch eine Form ist. Es ist eine Halbkugel.</p>
<p><strong>LINO:</strong> Ich habe gesehen, dass es sich um Keramikaugen handelt, ist das schwer? Und wie wurden sie angebracht, damit sie halten?</p>
<p><strong>MAI-THU PERRET:</strong> Ja, es ist relativ schwer. Jedes Auge wiegt vielleicht hundert oder hundertfünfzig Kilo; ich kann mich nicht mehr genau erinnern. Es ist aus Keramik. Es ist hohl, also ist das Auge selbst vielleicht maximal vier Zentimeter dick. Der Keramikteil ist an einem Edelstahlrahmen befestigt, der wiederum in einem anderen Edelstahlrahmen befestigt ist, der an der Wand befestigt ist.</p>
<p><strong>LINO:</strong> Da wir uns an einem Arbeitsplatz befinden, an dem alle in die gleiche Richtung schauen, um Ziele zu erreichen, sieht man, dass auch die Augen in die gleiche Richtung schauen, und ich habe mich gefragt, ob dies nicht eine Möglichkeit wäre, zu differenzieren und zu zeigen, dass jeder einzigartig ist. Eine Art zu zeigen, dass, obwohl seine Augen in die gleiche Richtung schauen, jeder eine andere Art der Iris hat. Niemand ist also anonym.</p>
<p><strong>MAI-THU PERRET:</strong> Ich finde es immer interessant, mit dem Verhältnis von Unterschied und Wiederholung zu spielen. Und in der Tat sind die Augen immer anders.</p>
<p>Auf Wiedersehen, Lino.<br />Danke!</p>

<p>°°</p>



<p class="has-small-font-size">"ART'S COOL" oder "Art is cool"!</p>



<p class="has-small-font-size">Dies ist eine Begegnung mit einem zeitgenössischen Kunstwerk in der Schweiz, betrachtet, erkundet, und hinterfragt von jungen Menschen. Auf die Fragen der Jugendlichen geben wiederum die Künstlerin oder der Künstler auf ihre Weise eine Antwort. Ganz einfach, nicht?</p>



<p class="has-small-font-size">In dieser zweiten Saison lädt unser Podcast dich ein, Werke ausserhalb der üblichen Ausstellungsorte zu besuchen, meistens im Freien! Fast jede Woche entdecken wir gemeinsam eine künstlerische Schöpfung, die irgendwo in der Schweiz im öffentlichen Raum zu finden ist.</p>



<p class="has-small-font-size">Heute ging es um <em><strong>Im Sandalwood Forest gibt es keine gewöhnlichen Bäume</strong></em> von <a href="https://fr.wikipedia.org/wiki/Mai-Thu_Perret" data-type="link" data-id="https://fr.wikipedia.org/wiki/Mai-Thu_Perret"><strong>Mai-Thu Perret</strong></a>, untersucht vom neugierigen Blick von <strong>Lino</strong>. Verpasse nicht das Kunstwerk in Wirklichkeit selber zu entdecken, und zwar in <strong>Genf</strong>Rue de Montbrillant 36.</p>



<p class="has-small-font-size">Sammle zeitgenössische Kunst mit deinen Ohren! Die Webseite <a href="https://artscool.ch/de/"><strong>artscool.ch/de</strong></a> präsentiert alle Episoden, die seit Herbst 2021 ausgestrahlt wurden. Eine vielfältige und wachsende Sammlung! Ausserdem findest du dort alle Portraits der jugendlichen Fans der zeitgenössischen Kunst, die Kurzbiographien der interviewten Künstlerinnen und Künstler und die Bilder der Werke.</p>



<p class="has-small-font-size">Falls du zur Verbreitung des Podcasts ART’S COOL beitragen möchtest, zögere nicht… in deinem Umfeld darüber zu sprechen, den Podcast auf deiner bevorzugten Plattform zu abonnieren und mit fünf Sternen zu bewerten. Du kannst uns auch auf Instagram folgen unter dem Account <strong><a href="https://www.instagram.com/young_pods/">young_pods</a>.</strong></p>



<p class="has-small-font-size">Der Podcast ART’S COOL wird realisiert und ausgestrahlt mit der grosszügigen Unterstützung der Loterie Romande, dem Migros-Kulturprozent, der Oertli-Stiftung, der Sandoz-Familienstiftung, den Kantonen Aargau, Basel-Stadt, Bern, Genf, Glarus, Graubünden, Obwalden, Sankt Gallen, Solothurn, Thurgau, Waadt, Wallis, Zug, Zürich, und den Städten Winterthur, Yverdon-les-bains, Zug und Zürich.</p>



<p class="has-small-font-size">Mit der Stimme von Florence Grivel in der französischen Version und Stephan Kyburz in der deutschen Version.<br />Musik and Sounddesign von Christophe Gonet.</p>



<p class="has-black-color has-text-color has-small-font-size">Dies ist eine Produktion <a href="https://www.youngpods.ch/" target="_blank" rel="noreferrer noopener"><span style="text-decoration: underline;"><strong>Young Pods</strong></span></a>.</p>



<p>&nbsp;</p>
