{"id":2550,"date":"2023-10-28T01:52:24","date_gmt":"2023-10-27T23:52:24","guid":{"rendered":"https:\/\/artscool.ch\/?post_type=podcast&#038;p=2550"},"modified":"2024-10-04T12:35:46","modified_gmt":"2024-10-04T10:35:46","slug":"olivia-sabrina-kerstin-kubalek-eva-pisana","status":"publish","type":"podcast","link":"https:\/\/artscool.ch\/de\/podcast\/olivia-sabrina-kerstin-kubalek-eva-pisana\/","title":{"rendered":"Olivia \/ Sabrina &amp; Kerstin Kubalek \/ Eva Pisana"},"content":{"rendered":"<p class=\"has-small-font-size\">\u00a0<\/p>\r\n\r\n<h3 style=\"padding-left: 40px;\"><strong>Hoi zusammen, mein Name ist Sabrina, ich bin sechzehn Jahre alt und ich komme aus Gottlieben. Und Kunst ist f\u00fcr mich etwas sehr pers\u00f6nliches, wo jeder seiner Kreativit\u00e4t freien Lauf lassen kann.<\/strong><\/h3>\r\n<h3 style=\"padding-left: 40px;\"><strong>Hallo, mein Name ist Olivia, ich bin siebzehn Jahre alt und komme aus Kreuzlingen. F\u00fcr mich ist Kunst etwas sehr kreatives und ich denke jeder versteht etwas anderes darunter.<\/strong><\/h3>\r\n<h3 style=\"padding-left: 40px;\"><strong>Heute haben wir eine Begegnung mit einem Kunstwerk von Kerstin Kubalek und Eva Pisana. Kommt ihr auch mit?<\/strong><\/h3>\r\n<p><strong>OLIVIA:<\/strong> Wir sind mit dem Bus 901 hierher gefahren, nach K\u00e4sbach und die Stimmung hier ist recht ruhig, also es hat nebendran eine Strasse, aber es hat hier auch sehr viele B\u00e4ume und auch Wiesen.<\/p>\r\n<p><strong>SABRINA:<\/strong> Genau, und jetzt gehen wir das Kunstwerk suchen. Wir sind jetzt gerade einen kleinen H\u00fcgel hinaufgegangen und zu unserer rechten sehen wir ein kleines Waldst\u00fcck, wo eine sch\u00f6ne Eiche davorsteht und daneben befindet sich das Kunstwerk.<\/p>\r\n<p><strong>OLIVIA:<\/strong> Und jetzt gehen wir es uns anschauen.<\/p>\r\n<p>Also um das Kunstwerk herum ist es ein bisschen waldartig und es hat auch viele Wiesen und gr\u00fcne B\u00e4ume und das Kunstwerk sieht aus wie ein grosser Stein, auf dem etwas drauf liegt.<\/p>\r\n<p><strong>SABRINA:<\/strong> Und man kann auch erkennen, dass der Stein wie \u00fcber dem Boden schwebt. Also es hat darunter Stelzen, auf denen der Stein draufsteht. Und auf dem Stein liegt auch etwas Tuchartiges. Aber es ist aus einem festen Material gemacht.<\/p>\r\n<p><strong>OLIVIA:<\/strong> Das Kunstwerk heisst \u201cFindling schwebend!\u201d von Kerstin Kubalek und Eva Pisana und es befindet sich am Schrofentobelweg im Quartier Kurzrickenbach in Kreuzlingen im Kanton Thurgau.<\/p>\r\n<p><strong>SABRINA:<\/strong> Das Werk ist 2020 realisiert worden und es besteht aus Beton und Bronze.<\/p>\r\n<p>Und jetzt haben wir noch einige Fragen an Kerstin Kubalek und Eva Pisana.<\/p>\r\n<p><strong>EVA PISANA:<\/strong> Liebe Olivia und liebe Sabrina, ich bin Eva Pisana und ich freue mich sehr, dass ihr euch f\u00fcr unser Kunstwerk interessiert.<\/p>\r\n<p><strong>KERSTIN KUBALEK:<\/strong> Hallo Olivia, hallo Sabrina, mein Name ist Kerstin Kubalek.<\/p>\r\n<p><strong>OLIVIA:<\/strong> Wir kamen Sie auf den Ort, wo das Kunstwerk jetzt steht?<\/p>\r\n<p><strong>KERSTIN KUBALEK:<\/strong> Der Standort wurde von der Kunstkommission Kreuzlingen ausgew\u00e4hlt. 2019 gab es einen Wettbewerb, eine Ausschreibung, und es sollte explizit f\u00fcr diesen Ort dort bei der Eiche oberhalb von Kreuzlingen ein Kunstwerk gestaltet werden, das sowohl auf die Geographie, auf die Lage, als auch auf die besondere Geschichte des Ortes eingeht. Eva Pisana und ich haben diesen Wettbewerb gewonnen und deswegen seht ihr heute unser Objekt dort unter der Eiche.<\/p>\r\n<p><strong>EVA PISANA: <\/strong>Das Gel\u00e4nde war vorgegeben und wir durften dann unser Werk realisieren und mussten dann dort auf dem Gel\u00e4nde etwas erschaffen. Das Gel\u00e4nde ging dann eben von diesem Hof Schrofen, bis hinunter zu diesem kleinen Teich, und eben diese Wiese, also da in diesem Bereich sollten wir etwas hinstellen. Und da haben wir diesen Ort dann ausgew\u00e4hlt f\u00fcr unseren Findling.<\/p>\r\n<p><strong>SABRINA:<\/strong> Wir fragen uns, warum es etwas Tuchartiges auf dem Stein drauf hat.<\/p>\r\n<p><strong>KERSTIN KUBALEK:<\/strong> Wenn man fr\u00fcher am Waldesrand entlang ging, Richtung Tobel, dann erreichte man eine Quelle und man konnte in diesem Quellwasser baden und es kamen viele Menschen dorthin, die nachweislich auch daf\u00fcr bezahlt haben, dass sie dort ein Bad nehmen durften. Und unser Gedanke war, dass wir das mit diesem Tuch, das auf dem Stein liegt, in Erinnerung rufen wollten. Dass dieser Ort fr\u00fcher benutzt wurde, um sich zu erfrischen, um diesen sch\u00f6nen Ausblick zu geniessen und um die Heilquelle zu nutzen.<\/p>\r\n<p><strong>EVA PISANA:<\/strong> Das Tuch steht erstens f\u00fcr das Schloss, aber auch f\u00fcr diese Heilquelle und das Bad, dass es auch noch in dem Schloss gab. So dass wir uns vorstellen, jemand kam aus dem Schloss, aus dem Bad und hat sich auf den Stein gesetzt und hat da sein Tuch liegen lassen. Oder jemand kam gerade von der Heilquelle zur\u00fcck und hat da sein Tuch liegen lassen. Und das Tuch deshalb auch aus einem sehr edlen Material, weil wir wollten irgendwo noch etwas von dem Schloss her\u00fcber retten, also ein kostbares Material benutzen.<\/p>\r\n<p><strong>OLIVIA:<\/strong> Warum schwebt der Findling?<\/p>\r\n<p><strong>KERSTIN KUBALEK:<\/strong> Ein schwebender Stein geht gegen die Sehgewohnheiten und l\u00e4dt so den Betrachter ein, sich das Objekt genauer anzuschauen \u2013 das hoffen wir zumindest.<\/p>\r\n<p><strong>EVA PISANA:<\/strong> Auf die Idee, den Stein dann schweben zu lassen, kamen wir eigentlich auch durch den Ort selbst. Also, weil dieses ganze Gef\u00fchl, dass da mal ein Schloss stand und dass da eine Heilquelle war und diese riesige Eiche unter der wir den Stein dann ja auch platziert haben, hat irgendwie etwas Mystisches f\u00fcr uns gehabt und wir fanden dies komplett prosaisch da einfach nur so einen Stein hinzuknallen. Weil genau von der Vorstellung, dass dies auch ein echter Stein h\u00e4tte sein k\u00f6nnen, der da bereits lag, und wir h\u00e4tten nur noch ein Tuch dr\u00fcber geh\u00e4ngt, sondern es sollte irgendwie auch das Zeitlose von diesem Platz dargestellt werden. Das Schwebende hat ja auch immer etwas Zeitloses und etwas Mystisches. Und deswegen schwebt der Stein.<\/p>\r\n<p><strong>SABRINA:<\/strong> Wieso ist der Findling innen drin hohl und Sie haben nicht einen echten Stein da hingelegt?<\/p>\r\n<p><strong>KERSTIN KUBALEK:<\/strong> Da sich an der Stelle des Schrofens vor vielen Millionen Jahren ein Gletscher befunden hat, gibt es immens viele Findlinge in dieser Region. Und so kamen wir eben auf einen Stein, der dies symbolisiert und eben auch wieder auf die geografische Lage hindeutet. Allerdings w\u00e4re in der Realisierung des Objektes ein richtiger, massiver Findling viel zu schwer gewesen. Denn ein solcher Findling h\u00e4tte man nicht auf diese Stehlen setzen k\u00f6nnen. Und so h\u00e4tten wir also den Findling nicht zum Schweben gebracht. Aber da uns das so wichtig war, haben wir da einen Kompromiss eingehen m\u00fcssen und fanden die L\u00f6sung mit einem k\u00fcnstlichen Findling eigentlich auch ganz spannend.<\/p>\r\n<p><strong>EVA PISANA:<\/strong> Der zweite Punkt war, dass von der Verarbeitung her, wenn man einen Bronzeguss macht, man macht ja erstmal das Wachsmodell und das wird dann sp\u00e4ter in Bronze verwandelt durch das Gussverfahren. Und beim Bronzeguss entsteht dann manchmal doch eine Ver\u00e4nderung. Der ganze Bronzeguss kann sich verziehen oder schrumpft ein bisschen. Man kann nicht so ganz genau berechnen, wie das dann wird. Und eventuell h\u00e4tte dies dann auf einen fixen, festen Stein gar nicht mehr gepasst. Deswegen haben wir es andersrum gemacht. Wir haben erst das Tuch gegossen und haben dann den Felsen darunter angepasst. So dass dies dann dazu gef\u00fchrt hat, das dieser Stein einfach nachgebildet wurde.<\/p>\r\n<p>Liebe Sabrina, liebe Olivia, ich merke auch selber, dass bei moderner Kunst es ganz wichtig ist, dass man weiss, warum etwas irgendwie entstanden ist. Und bei uns kann man ja auch wirklich sehen, es gibt einige Gr\u00fcnde warum wir das gebaut haben, was wir dann gebaut haben. Das war also nicht nur so ein Hirngespinst, dass uns \u00fcber Nacht einfiel, sondern da haben wir lange mit gerungen, mit diesem Kunstwerk auch diese \u00d6rtlichkeit repr\u00e4sentieren zu k\u00f6nnen.<\/p>\r\n<p>Dann w\u00fcnsche ich euch ganz viel Gl\u00fcck f\u00fcr eure Arbeit und bin sehr gespannt. Dann verbleibe ich bis dahin, liebe Gr\u00fcsse, Eva Pisana.<\/p>\r\n<p><strong>KERSTIN KUBALEK:<\/strong> Liebe Olivia, liebe Sabrina, ich freue mich, dass ihr neugierig auf unser Objekt wart. Und es gibt ja noch ganz viel hier zu entdecken im \u00f6ffentlichen Raum, rund um den Bodensee, da gibt es ja die Bodensee-Kunstwege. Und da kann ich euch nur empfehlen, da euch weiter auf die Suche zu machen und viel zu entdecken.<\/p>\r\n<p>Tsch\u00fcss.<\/p>\r\n\r\n<p>\u00b0\u00b0<\/p>\r\n\r\n\r\n\r\n<p class=\"has-small-font-size\">\"ART'S COOL\" oder \"Art is cool\"!<\/p>\r\n\r\n\r\n\r\n<p class=\"has-small-font-size\">Dies ist eine Begegnung mit einem zeitgen\u00f6ssischen Kunstwerk in der Schweiz, betrachtet, erkundet, und hinterfragt von jungen Menschen. Auf die Fragen der Jugendlichen geben wiederum die K\u00fcnstlerin oder der K\u00fcnstler auf ihre Weise eine Antwort. Ganz einfach, nicht?<\/p>\r\n\r\n\r\n\r\n<p class=\"has-small-font-size\">In dieser zweiten Saison l\u00e4dt unser Podcast dich ein, Werke ausserhalb der \u00fcblichen Ausstellungsorte zu besuchen, meistens im Freien! Fast jede Woche entdecken wir gemeinsam eine k\u00fcnstlerische Sch\u00f6pfung, die irgendwo in der Schweiz im \u00f6ffentlichen Raum zu finden ist.<\/p>\r\n\r\n\r\n\r\n<p class=\"has-small-font-size\">Heute ging es um \"Findling schwebend!\" von <a href=\"http:\/\/www.kerstin-kubalek.com\/\" data-type=\"link\" data-id=\"http:\/\/www.kerstin-kubalek.com\/\">Kerstin Kubalek<\/a> &amp; Eva Pisana, die von Olivia und Sabrina mit neugierigen Augen betrachtet wurden. Verpasse nicht, das Kunstwerk in Wirklichkeit selber zu entdecken, und zwar auf am Schrofentobelweg im Quartier Kurzrickenbach in Kreuzlingen im Kanton Thurgau.<\/p>\r\n\r\n\r\n\r\n<p class=\"has-small-font-size\">Sammle zeitgen\u00f6ssische Kunst mit deinen Ohren! Die Webseite <a href=\"https:\/\/artscool.ch\/de\/\"><strong>artscool.ch\/de<\/strong><\/a> pr\u00e4sentiert alle Episoden, die seit Herbst 2021 ausgestrahlt wurden. Eine vielf\u00e4ltige und wachsende Sammlung! Ausserdem findest du dort alle Portraits der jugendlichen Fans der zeitgen\u00f6ssischen Kunst, die Kurzbiographien der interviewten K\u00fcnstlerinnen und K\u00fcnstler und die Bilder der Werke.<\/p>\r\n\r\n\r\n\r\n<p class=\"has-small-font-size\">Falls du zur Verbreitung des Podcasts ART\u2019S COOL beitragen m\u00f6chtest, z\u00f6gere nicht\u2026 in deinem Umfeld dar\u00fcber zu sprechen, den Podcast auf deiner bevorzugten Plattform zu abonnieren und mit f\u00fcnf Sternen zu bewerten. Du kannst uns auch auf Instagram folgen unter dem Account <strong><a href=\"https:\/\/www.instagram.com\/young_pods\/\">young_pods<\/a>.<\/strong><\/p>\r\n\r\n\r\n\r\n<p class=\"has-small-font-size\">Der Podcast ART\u2019S COOL wird realisiert und ausgestrahlt mit der grossz\u00fcgigen Unterst\u00fctzung der Loterie Romande, dem Migros-Kulturprozent, der Oertli-Stiftung, der Sandoz-Familienstiftung, den Kantonen Aargau, Basel-Stadt, Bern, Genf, Glarus, Graub\u00fcnden, Obwalden, Sankt Gallen, Solothurn, Thurgau, Waadt, Wallis, Zug, Z\u00fcrich, und den St\u00e4dten Winterthur, Yverdon-les-bains, Zug und Z\u00fcrich.<\/p>\r\n\r\n\r\n\r\n<p class=\"has-small-font-size\">Mit der Stimme von Florence Grivel in der franz\u00f6sischen Version und Stephan Kyburz in der deutschen Version.<br \/>Musik and Sounddesign von Christophe Gonet.<\/p>\r\n\r\n\r\n\r\n<p class=\"has-black-color has-text-color has-small-font-size\">Dies ist eine Produktion <a href=\"https:\/\/www.youngpods.ch\/\" target=\"_blank\" rel=\"noreferrer noopener\"><span style=\"text-decoration: underline;\"><strong>Young Pods<\/strong><\/span><\/a>.<\/p>\r\n\r\n\r\n\r\n<p>&nbsp;<\/p>","protected":false},"excerpt":{"rendered":"<p>Schrofentobelweg, Kreuzlingen: Olivia und Sabrina sind \u00fcberrascht, als sie das Werk \"Findling schwebend! Sie fragen sich, warum der Findling schwebt.<\/p>","protected":false},"featured_media":2551,"template":"","artist":[201],"canton":[153],"episode-":[113],"season":[82],"podcast-categories":[],"class_list":["post-2550","podcast","type-podcast","status-publish","has-post-thumbnail","hentry","artist-kerstin-kubalek-eva-pisana","canton-thurgau","episode--episode-64","season-season-2"],"acf":[],"_links":{"self":[{"href":"https:\/\/artscool.ch\/de\/wp-json\/wp\/v2\/podcast\/2550","targetHints":{"allow":["GET"]}}],"collection":[{"href":"https:\/\/artscool.ch\/de\/wp-json\/wp\/v2\/podcast"}],"about":[{"href":"https:\/\/artscool.ch\/de\/wp-json\/wp\/v2\/types\/podcast"}],"version-history":[{"count":2,"href":"https:\/\/artscool.ch\/de\/wp-json\/wp\/v2\/podcast\/2550\/revisions"}],"predecessor-version":[{"id":3043,"href":"https:\/\/artscool.ch\/de\/wp-json\/wp\/v2\/podcast\/2550\/revisions\/3043"}],"wp:featuredmedia":[{"embeddable":true,"href":"https:\/\/artscool.ch\/de\/wp-json\/wp\/v2\/media\/2551"}],"wp:attachment":[{"href":"https:\/\/artscool.ch\/de\/wp-json\/wp\/v2\/media?parent=2550"}],"wp:term":[{"taxonomy":"artist","embeddable":true,"href":"https:\/\/artscool.ch\/de\/wp-json\/wp\/v2\/artist?post=2550"},{"taxonomy":"canton","embeddable":true,"href":"https:\/\/artscool.ch\/de\/wp-json\/wp\/v2\/canton?post=2550"},{"taxonomy":"episode-","embeddable":true,"href":"https:\/\/artscool.ch\/de\/wp-json\/wp\/v2\/episode-?post=2550"},{"taxonomy":"season","embeddable":true,"href":"https:\/\/artscool.ch\/de\/wp-json\/wp\/v2\/season?post=2550"},{"taxonomy":"podcast-categories","embeddable":true,"href":"https:\/\/artscool.ch\/de\/wp-json\/wp\/v2\/podcast-categories?post=2550"}],"curies":[{"name":"wp","href":"https:\/\/api.w.org\/{rel}","templated":true}]}}

<p class="has-small-font-size"> </p>

<h3 style="padding-left: 40px;"><strong>Hoi zusammen, mein Name ist Sabrina, ich bin sechzehn Jahre alt und ich komme aus Gottlieben. Und Kunst ist für mich etwas sehr persönliches, wo jeder seiner Kreativität freien Lauf lassen kann.</strong></h3>
<h3 style="padding-left: 40px;"><strong>Hallo, mein Name ist Olivia, ich bin siebzehn Jahre alt und komme aus Kreuzlingen. Für mich ist Kunst etwas sehr kreatives und ich denke jeder versteht etwas anderes darunter.</strong></h3>
<h3 style="padding-left: 40px;"><strong>Heute haben wir eine Begegnung mit einem Kunstwerk von Kerstin Kubalek und Eva Pisana. Kommt ihr auch mit?</strong></h3>
<p><strong>OLIVIA:</strong> Wir sind mit dem Bus 901 hierher gefahren, nach Käsbach und die Stimmung hier ist recht ruhig, also es hat nebendran eine Strasse, aber es hat hier auch sehr viele Bäume und auch Wiesen.</p>
<p><strong>SABRINA:</strong> Genau, und jetzt gehen wir das Kunstwerk suchen. Wir sind jetzt gerade einen kleinen Hügel hinaufgegangen und zu unserer rechten sehen wir ein kleines Waldstück, wo eine schöne Eiche davorsteht und daneben befindet sich das Kunstwerk.</p>
<p><strong>OLIVIA:</strong> Und jetzt gehen wir es uns anschauen.</p>
<p>Also um das Kunstwerk herum ist es ein bisschen waldartig und es hat auch viele Wiesen und grüne Bäume und das Kunstwerk sieht aus wie ein grosser Stein, auf dem etwas drauf liegt.</p>
<p><strong>SABRINA:</strong> Und man kann auch erkennen, dass der Stein wie über dem Boden schwebt. Also es hat darunter Stelzen, auf denen der Stein draufsteht. Und auf dem Stein liegt auch etwas Tuchartiges. Aber es ist aus einem festen Material gemacht.</p>
<p><strong>OLIVIA:</strong> Das Kunstwerk heisst “Findling schwebend!” von Kerstin Kubalek und Eva Pisana und es befindet sich am Schrofentobelweg im Quartier Kurzrickenbach in Kreuzlingen im Kanton Thurgau.</p>
<p><strong>SABRINA:</strong> Das Werk ist 2020 realisiert worden und es besteht aus Beton und Bronze.</p>
<p>Und jetzt haben wir noch einige Fragen an Kerstin Kubalek und Eva Pisana.</p>
<p><strong>EVA PISANA:</strong> Liebe Olivia und liebe Sabrina, ich bin Eva Pisana und ich freue mich sehr, dass ihr euch für unser Kunstwerk interessiert.</p>
<p><strong>KERSTIN KUBALEK:</strong> Hallo Olivia, hallo Sabrina, mein Name ist Kerstin Kubalek.</p>
<p><strong>OLIVIA:</strong> Wir kamen Sie auf den Ort, wo das Kunstwerk jetzt steht?</p>
<p><strong>KERSTIN KUBALEK:</strong> Der Standort wurde von der Kunstkommission Kreuzlingen ausgewählt. 2019 gab es einen Wettbewerb, eine Ausschreibung, und es sollte explizit für diesen Ort dort bei der Eiche oberhalb von Kreuzlingen ein Kunstwerk gestaltet werden, das sowohl auf die Geographie, auf die Lage, als auch auf die besondere Geschichte des Ortes eingeht. Eva Pisana und ich haben diesen Wettbewerb gewonnen und deswegen seht ihr heute unser Objekt dort unter der Eiche.</p>
<p><strong>EVA PISANA: </strong>Das Gelände war vorgegeben und wir durften dann unser Werk realisieren und mussten dann dort auf dem Gelände etwas erschaffen. Das Gelände ging dann eben von diesem Hof Schrofen, bis hinunter zu diesem kleinen Teich, und eben diese Wiese, also da in diesem Bereich sollten wir etwas hinstellen. Und da haben wir diesen Ort dann ausgewählt für unseren Findling.</p>
<p><strong>SABRINA:</strong> Wir fragen uns, warum es etwas Tuchartiges auf dem Stein drauf hat.</p>
<p><strong>KERSTIN KUBALEK:</strong> Wenn man früher am Waldesrand entlang ging, Richtung Tobel, dann erreichte man eine Quelle und man konnte in diesem Quellwasser baden und es kamen viele Menschen dorthin, die nachweislich auch dafür bezahlt haben, dass sie dort ein Bad nehmen durften. Und unser Gedanke war, dass wir das mit diesem Tuch, das auf dem Stein liegt, in Erinnerung rufen wollten. Dass dieser Ort früher benutzt wurde, um sich zu erfrischen, um diesen schönen Ausblick zu geniessen und um die Heilquelle zu nutzen.</p>
<p><strong>EVA PISANA:</strong> Das Tuch steht erstens für das Schloss, aber auch für diese Heilquelle und das Bad, dass es auch noch in dem Schloss gab. So dass wir uns vorstellen, jemand kam aus dem Schloss, aus dem Bad und hat sich auf den Stein gesetzt und hat da sein Tuch liegen lassen. Oder jemand kam gerade von der Heilquelle zurück und hat da sein Tuch liegen lassen. Und das Tuch deshalb auch aus einem sehr edlen Material, weil wir wollten irgendwo noch etwas von dem Schloss herüber retten, also ein kostbares Material benutzen.</p>
<p><strong>OLIVIA:</strong> Warum schwebt der Findling?</p>
<p><strong>KERSTIN KUBALEK:</strong> Ein schwebender Stein geht gegen die Sehgewohnheiten und lädt so den Betrachter ein, sich das Objekt genauer anzuschauen – das hoffen wir zumindest.</p>
<p><strong>EVA PISANA:</strong> Auf die Idee, den Stein dann schweben zu lassen, kamen wir eigentlich auch durch den Ort selbst. Also, weil dieses ganze Gefühl, dass da mal ein Schloss stand und dass da eine Heilquelle war und diese riesige Eiche unter der wir den Stein dann ja auch platziert haben, hat irgendwie etwas Mystisches für uns gehabt und wir fanden dies komplett prosaisch da einfach nur so einen Stein hinzuknallen. Weil genau von der Vorstellung, dass dies auch ein echter Stein hätte sein können, der da bereits lag, und wir hätten nur noch ein Tuch drüber gehängt, sondern es sollte irgendwie auch das Zeitlose von diesem Platz dargestellt werden. Das Schwebende hat ja auch immer etwas Zeitloses und etwas Mystisches. Und deswegen schwebt der Stein.</p>
<p><strong>SABRINA:</strong> Wieso ist der Findling innen drin hohl und Sie haben nicht einen echten Stein da hingelegt?</p>
<p><strong>KERSTIN KUBALEK:</strong> Da sich an der Stelle des Schrofens vor vielen Millionen Jahren ein Gletscher befunden hat, gibt es immens viele Findlinge in dieser Region. Und so kamen wir eben auf einen Stein, der dies symbolisiert und eben auch wieder auf die geografische Lage hindeutet. Allerdings wäre in der Realisierung des Objektes ein richtiger, massiver Findling viel zu schwer gewesen. Denn ein solcher Findling hätte man nicht auf diese Stehlen setzen können. Und so hätten wir also den Findling nicht zum Schweben gebracht. Aber da uns das so wichtig war, haben wir da einen Kompromiss eingehen müssen und fanden die Lösung mit einem künstlichen Findling eigentlich auch ganz spannend.</p>
<p><strong>EVA PISANA:</strong> Der zweite Punkt war, dass von der Verarbeitung her, wenn man einen Bronzeguss macht, man macht ja erstmal das Wachsmodell und das wird dann später in Bronze verwandelt durch das Gussverfahren. Und beim Bronzeguss entsteht dann manchmal doch eine Veränderung. Der ganze Bronzeguss kann sich verziehen oder schrumpft ein bisschen. Man kann nicht so ganz genau berechnen, wie das dann wird. Und eventuell hätte dies dann auf einen fixen, festen Stein gar nicht mehr gepasst. Deswegen haben wir es andersrum gemacht. Wir haben erst das Tuch gegossen und haben dann den Felsen darunter angepasst. So dass dies dann dazu geführt hat, das dieser Stein einfach nachgebildet wurde.</p>
<p>Liebe Sabrina, liebe Olivia, ich merke auch selber, dass bei moderner Kunst es ganz wichtig ist, dass man weiss, warum etwas irgendwie entstanden ist. Und bei uns kann man ja auch wirklich sehen, es gibt einige Gründe warum wir das gebaut haben, was wir dann gebaut haben. Das war also nicht nur so ein Hirngespinst, dass uns über Nacht einfiel, sondern da haben wir lange mit gerungen, mit diesem Kunstwerk auch diese Örtlichkeit repräsentieren zu können.</p>
<p>Dann wünsche ich euch ganz viel Glück für eure Arbeit und bin sehr gespannt. Dann verbleibe ich bis dahin, liebe Grüsse, Eva Pisana.</p>
<p><strong>KERSTIN KUBALEK:</strong> Liebe Olivia, liebe Sabrina, ich freue mich, dass ihr neugierig auf unser Objekt wart. Und es gibt ja noch ganz viel hier zu entdecken im öffentlichen Raum, rund um den Bodensee, da gibt es ja die Bodensee-Kunstwege. Und da kann ich euch nur empfehlen, da euch weiter auf die Suche zu machen und viel zu entdecken.</p>
<p>Tschüss.</p>

<p>°°</p>



<p class="has-small-font-size">"ART'S COOL" oder "Art is cool"!</p>



<p class="has-small-font-size">Dies ist eine Begegnung mit einem zeitgenössischen Kunstwerk in der Schweiz, betrachtet, erkundet, und hinterfragt von jungen Menschen. Auf die Fragen der Jugendlichen geben wiederum die Künstlerin oder der Künstler auf ihre Weise eine Antwort. Ganz einfach, nicht?</p>



<p class="has-small-font-size">In dieser zweiten Saison lädt unser Podcast dich ein, Werke ausserhalb der üblichen Ausstellungsorte zu besuchen, meistens im Freien! Fast jede Woche entdecken wir gemeinsam eine künstlerische Schöpfung, die irgendwo in der Schweiz im öffentlichen Raum zu finden ist.</p>



<p class="has-small-font-size">Heute ging es um "Findling schwebend!" von <a href="http://www.kerstin-kubalek.com/" data-type="link" data-id="http://www.kerstin-kubalek.com/">Kerstin Kubalek</a> &amp; Eva Pisana, die von Olivia und Sabrina mit neugierigen Augen betrachtet wurden. Verpasse nicht, das Kunstwerk in Wirklichkeit selber zu entdecken, und zwar auf am Schrofentobelweg im Quartier Kurzrickenbach in Kreuzlingen im Kanton Thurgau.</p>



<p class="has-small-font-size">Sammle zeitgenössische Kunst mit deinen Ohren! Die Webseite <a href="https://artscool.ch/de/"><strong>artscool.ch/de</strong></a> präsentiert alle Episoden, die seit Herbst 2021 ausgestrahlt wurden. Eine vielfältige und wachsende Sammlung! Ausserdem findest du dort alle Portraits der jugendlichen Fans der zeitgenössischen Kunst, die Kurzbiographien der interviewten Künstlerinnen und Künstler und die Bilder der Werke.</p>



<p class="has-small-font-size">Falls du zur Verbreitung des Podcasts ART’S COOL beitragen möchtest, zögere nicht… in deinem Umfeld darüber zu sprechen, den Podcast auf deiner bevorzugten Plattform zu abonnieren und mit fünf Sternen zu bewerten. Du kannst uns auch auf Instagram folgen unter dem Account <strong><a href="https://www.instagram.com/young_pods/">young_pods</a>.</strong></p>



<p class="has-small-font-size">Der Podcast ART’S COOL wird realisiert und ausgestrahlt mit der grosszügigen Unterstützung der Loterie Romande, dem Migros-Kulturprozent, der Oertli-Stiftung, der Sandoz-Familienstiftung, den Kantonen Aargau, Basel-Stadt, Bern, Genf, Glarus, Graubünden, Obwalden, Sankt Gallen, Solothurn, Thurgau, Waadt, Wallis, Zug, Zürich, und den Städten Winterthur, Yverdon-les-bains, Zug und Zürich.</p>



<p class="has-small-font-size">Mit der Stimme von Florence Grivel in der französischen Version und Stephan Kyburz in der deutschen Version.<br />Musik and Sounddesign von Christophe Gonet.</p>



<p class="has-black-color has-text-color has-small-font-size">Dies ist eine Produktion <a href="https://www.youngpods.ch/" target="_blank" rel="noreferrer noopener"><span style="text-decoration: underline;"><strong>Young Pods</strong></span></a>.</p>



<p>&nbsp;</p>

<p>Schrofentobelweg, Kreuzlingen: Olivia und Sabrina sind überrascht, als sie das Werk "Findling schwebend! Sie fragen sich, warum der Findling schwebt.</p>
