{"id":2547,"date":"2023-10-19T19:05:44","date_gmt":"2023-10-19T17:05:44","guid":{"rendered":"https:\/\/artscool.ch\/?post_type=podcast&#038;p=2547"},"modified":"2024-10-04T12:37:09","modified_gmt":"2024-10-04T10:37:09","slug":"charlie-beat-streuli","status":"publish","type":"podcast","link":"https:\/\/artscool.ch\/de\/podcast\/charlie-beat-streuli\/","title":{"rendered":"Charlie &amp; Beat Streuli"},"content":{"rendered":"<p class=\"has-small-font-size\">\u00a0<\/p>\r\n\r\n<h3 style=\"padding-left: 40px;\"><strong>Hallo, ich hei\u00dfe Charlie, bin dreizehn Jahre alt und wohne in Sitten.<\/strong><\/h3>\r\n<p>&nbsp;<\/p>\r\n<h3 style=\"padding-left: 40px;\"><strong>Kunst ist f\u00fcr mich das, was unsere Gedanken heute ausdr\u00fccken.<\/strong><\/h3>\r\n<p>&nbsp;<\/p>\r\n<h3 style=\"padding-left: 40px;\"><strong>Heute habe ich einen Termin mit Beat Streulis Werk auf dem Energypolis-Campus in Sion. Kommst du mit?<\/strong><\/h3>\r\n<p>&nbsp;<\/p>\r\n<p>Ich befinde mich in einem eher industriellen Gebiet, nicht weit vom Bahnhof entfernt, wo es viele Neubauten gibt. Ich sehe das Geb\u00e4ude dort vor mir und die Gesichter, die auf den Glasscheiben erscheinen. Ich sehe bestimmte Merkmale ihrer Gesichter, auf jeden Fall eine Brille oder auch eine Nase. Ich gehe ins Innere, um besser sehen zu k\u00f6nnen.<\/p>\r\n<p>Wir befinden uns eher an einem ruhigen, stillen Ort. Sofort kann man die Gesichter besser erkennen; es sind Gesichter von M\u00e4dchen und Jungen. Gegen\u00fcber von mir ist eine Person mit offenem Mund abgebildet, als ob sie sprechen w\u00fcrde. Die Bilder sind ziemlich gro\u00df. Ich f\u00fchle mich ein wenig beobachtet und ein wenig verst\u00f6rt. Man hat den Eindruck, dass sie einen anschauen, aber sie schauen einen nicht unbedingt an, es ist wie eine Pr\u00e4senz.<\/p>\r\n<p>Ich lese den Klappentext. Das Werk hei\u00dft \"Ohne Titel\" von Beat Streuli. Es wurde im Jahr 2022 geschaffen. Es handelt sich um eine permanente Installation von Fotografien. Es handelt sich um transparente Digitaldrucke, die in Glas eingebettet sind. Ihre Abmessungen sind variabel, je nach Gr\u00f6\u00dfe der Fensterscheiben in den Geb\u00e4uden.<\/p>\r\n<p>Die Portr\u00e4ts sind im Glas ... deshalb ist es ziemlich beeindruckend.<\/p>\r\n<p><strong>CHARLIE<\/strong> Ich werde dem K\u00fcnstler einige Fragen stellen.<\/p>\r\n<p><strong>BEAT STREULI:<\/strong> Hallo Charlie, ich werde versuchen, deine Fragen zu beantworten.<\/p>\r\n<p><strong>CHARLIE<\/strong> Warum gibt es keinen Titel f\u00fcr dieses Werk?<\/p>\r\n<p><strong>BEAT STREULI:<\/strong> Normalerweise mag ich diese Art von Titel \"Ohne Titel\" nicht besonders, denn es ist nat\u00fcrlich auch ein Titel nach allem. Aber am Anfang, als ich meinen Vorschlag f\u00fcr diesen Wettbewerb gemacht habe, gab es einen Titel, den ich verwendet habe, der etwas zu kompliziert war. Ich hatte das Projekt \"Energiestadt, lokales und globales Leben, Transparenz und Offenheit\" genannt... Wie du siehst, war das ein viel zu langer Titel und etwas K\u00fcrzeres erschien mir banal. Ich habe Installationen dieser Art bereits \"Face\" oder \"Interface\" genannt, weil sich die Gesichter genau zwischen Innen und Au\u00dfen befinden. Aber schlie\u00dflich dachte ich, dass diese recht gro\u00dfe Installation f\u00fcr sich selbst spricht und kein Etikett oder eine andere Definition braucht, die die offene Wahrnehmung der Bilder ein wenig einschr\u00e4nken w\u00fcrde.<\/p>\r\n<p><strong>CHARLIE<\/strong> Wie viele Gesichter sind auf den Fenstern zu sehen?<\/p>\r\n<p><strong>BEAT STREULI:<\/strong> Ich kann mich nicht mehr an die genaue Anzahl der Gesichter erinnern, aber es gibt ungef\u00e4hr f\u00fcnfzig Glasscheiben, die ich im Erdgeschoss der drei Geb\u00e4ude verwendet habe. Ich w\u00fcrde also sagen, dass man etwa zwanzig Personen sehen kann. Nat\u00fcrlich haben wir noch viel mehr Menschen fotografiert. Aber wie immer bei meiner Arbeit treffe ich eine recht strenge Auswahl und verwende nur einen sehr kleinen Prozentsatz des gesamten Materials.<\/p>\r\n<p><strong>CHARLIE<\/strong> Warum sind es nur Gesichter und keine Gegenst\u00e4nde oder andere Dinge?<\/p>\r\n<p><strong>BEAT STREULI:<\/strong> Du hattest vielleicht nicht zu allen R\u00e4umen der Geb\u00e4ude Zugang, aber es gibt eine ganze Reihe von Kompositionen, in denen es keine Gesichter gibt, sondern nur Strukturen, fast abstrakte Elemente. Fast alle Bilder sind \u00fcbrigens Kompositionen; Textfragmente und Architekturdetails wurden \u00fcber die Portr\u00e4ts gelegt, um ihnen eine malerischere Qualit\u00e4t zu verleihen. Etwas Komplexeres, das sich besser in die Architektur und die R\u00e4ume einf\u00fcgt, in denen die Angestellten und Studenten arbeiten.<\/p>\r\n<p><strong>CHARLIE<\/strong> Die Gesichter sind eher recht jung, und ich frage mich, ob das Absicht ist, denn es ist eine Umgebung, in der viele junge Menschen studieren.<\/p>\r\n<p><strong>BEAT STREULI:<\/strong> Bei den Fenstern mit den gro\u00dfen Gesichtern handelt es sich vor allem um Portr\u00e4ts von Studierenden dieser Schule, die jedoch in den alten Geb\u00e4uden der HES-SO fotografiert worden waren. Es gibt auch einige Lehrer und Assistenten, die dort arbeiten oder gearbeitet haben, die auf einigen Fenstern zu sehen sind. Dann gibt es auch noch Fotos von Passanten in internationalen St\u00e4dten wie New York, London, Malaga und anderen, auch wenn man nicht wirklich erkennen kann, wo diese Fotos aufgenommen wurden.<\/p>\r\n<p>Es gibt also zwei Bildebenen, mit Fotos von ganzen Charakteren, die ich in der Art von Schnappsch\u00fcssen fotografiert habe, und den anderen, die eher Portr\u00e4ts sind. Und dann gibt es noch die Ebene, die ich als abstrakt bezeichne. Mit diesen drei Ebenen, die ich manchmal \u00fcbereinander gelegt habe, wollte ich auf den Teil des Originaltitels verweisen, der \"lokal und global\" lautet. Diese Schule ist eine Einrichtung, die in erster Linie f\u00fcr die lokale Bev\u00f6lkerung gedacht ist. Aber nat\u00fcrlich ist sie nur m\u00f6glich und wirksam, wenn sie in einem sehr offenen und global vernetzten Rahmen stattfindet.<\/p>\r\n<p><strong>CHARLIE<\/strong> Wie haben Sie ein Bild in das Glas gebracht?<\/p>\r\n<p><strong>BEAT STREULI:<\/strong> Es ist eine sehr sch\u00f6ne Technik, die ich dort zum ersten Mal f\u00fcr ein \u00f6ffentliches Auftragsprojekt einsetzen konnte. Sie wird auf eine ziemlich interessante Art und Weise hergestellt, denn in dem Sicherheitsglas, das aus mehreren Glasschichten besteht, gibt es Klebefolien, die die Schichten zusammenhalten. Und man kann diese Folien bedrucken, bevor man sie sp\u00e4ter zwischen die Gl\u00e4ser einf\u00fcgt. Man kann mit diesen Techniken in sehr gro\u00dfen Formaten arbeiten. Es gibt Glasscheiben, die etwa f\u00fcnf Meter hoch und drei Meter breit sind, und das Bild bedeckt diese gesamte Fl\u00e4che in einem einzigen Raum. F\u00fcr mich war es auch wegen dieser Technik ein sehr sch\u00f6nes Projekt, da man so ma\u00dfstabsgetreu an der Architektur der Geb\u00e4ude arbeiten konnte. Eine Architektur, die mir ebenfalls sehr gut gefiel.<\/p>\r\n<p>Bye bye Charlie. Danke f\u00fcr dein Interesse und deine Fragen.<\/p>\r\n<p>Gute Fortsetzung!<\/p>\r\n\r\n<p>\u00b0\u00b0<\/p>\r\n\r\n\r\n\r\n<p class=\"has-small-font-size\">\"ART'S COOL\" oder \"Art is cool\"!<\/p>\r\n\r\n\r\n\r\n<p class=\"has-small-font-size\">Dies ist eine Begegnung mit einem zeitgen\u00f6ssischen Kunstwerk in der Schweiz, betrachtet, erkundet, und hinterfragt von jungen Menschen. Auf die Fragen der Jugendlichen geben wiederum die K\u00fcnstlerin oder der K\u00fcnstler auf ihre Weise eine Antwort. Ganz einfach, nicht?<\/p>\r\n\r\n\r\n\r\n<p class=\"has-small-font-size\">In dieser zweiten Saison l\u00e4dt unser Podcast dich ein, Werke ausserhalb der \u00fcblichen Ausstellungsorte zu besuchen, meistens im Freien! Fast jede Woche entdecken wir gemeinsam eine k\u00fcnstlerische Sch\u00f6pfung, die irgendwo in der Schweiz im \u00f6ffentlichen Raum zu finden ist.<\/p>\r\n\r\n\r\n\r\n<p class=\"has-small-font-size\">Heute ging es um das Werk \"Ohne Titel\" von <a href=\"http:\/\/www.beatstreuli.com\">Beat Streuli<\/a>unter dem neugierigen Blick von Charlie. Verpassen Sie es nicht, das Werk auf dem Energypolis-Campus in Sion in natura zu sehen.<\/p>\r\n\r\n\r\n\r\n<p class=\"has-small-font-size\">Sammle zeitgen\u00f6ssische Kunst mit deinen Ohren! Die Webseite <a href=\"https:\/\/artscool.ch\/de\/\"><strong>artscool.ch\/de<\/strong><\/a> pr\u00e4sentiert alle Episoden, die seit Herbst 2021 ausgestrahlt wurden. Eine vielf\u00e4ltige und wachsende Sammlung! Ausserdem findest du dort alle Portraits der jugendlichen Fans der zeitgen\u00f6ssischen Kunst, die Kurzbiographien der interviewten K\u00fcnstlerinnen und K\u00fcnstler und die Bilder der Werke.<\/p>\r\n\r\n\r\n\r\n<p class=\"has-small-font-size\">Falls du zur Verbreitung des Podcasts ART\u2019S COOL beitragen m\u00f6chtest, z\u00f6gere nicht\u2026 in deinem Umfeld dar\u00fcber zu sprechen, den Podcast auf deiner bevorzugten Plattform zu abonnieren und mit f\u00fcnf Sternen zu bewerten. Du kannst uns auch auf Instagram folgen unter dem Account <strong><a href=\"https:\/\/www.instagram.com\/young_pods\/\">young_pods<\/a>.<\/strong><\/p>\r\n\r\n\r\n\r\n<p class=\"has-small-font-size\">Der Podcast ART\u2019S COOL wird realisiert und ausgestrahlt mit der grossz\u00fcgigen Unterst\u00fctzung der Loterie Romande, dem Migros-Kulturprozent, der Oertli-Stiftung, der Sandoz-Familienstiftung, den Kantonen Aargau, Basel-Stadt, Bern, Genf, Glarus, Graub\u00fcnden, Obwalden, Sankt Gallen, Solothurn, Thurgau, Waadt, Wallis, Zug, Z\u00fcrich, und den St\u00e4dten Winterthur, Yverdon-les-bains, Zug und Z\u00fcrich.<\/p>\r\n\r\n\r\n\r\n<p class=\"has-small-font-size\">Mit der Stimme von Florence Grivel in der franz\u00f6sischen Version und Stephan Kyburz in der deutschen Version.<br \/>Musik and Sounddesign von Christophe Gonet.<\/p>\r\n\r\n\r\n\r\n<p class=\"has-black-color has-text-color has-small-font-size\">Dies ist eine Produktion <a href=\"https:\/\/www.youngpods.ch\/\" target=\"_blank\" rel=\"noreferrer noopener\"><span style=\"text-decoration: underline;\"><strong>Young Pods<\/strong><\/span><\/a>.<\/p>\r\n\r\n\r\n\r\n<p>&nbsp;<\/p>","protected":false},"excerpt":{"rendered":"<p>Energypolis, Sion: Charlie entdeckt Beat Streulis gro\u00dfformatige Fotografien, die die Fenster der Geb\u00e4ude auf dem Campus beleben, und fragt sich, wie der K\u00fcnstler Bilder in Glas einfangen konnte.<\/p>","protected":false},"featured_media":2549,"template":"","artist":[232],"canton":[157],"episode-":[112],"season":[82],"podcast-categories":[],"class_list":["post-2547","podcast","type-podcast","status-publish","has-post-thumbnail","hentry","artist-beat-streuli","canton-valais-wallis","episode--episode-63","season-season-2"],"acf":[],"_links":{"self":[{"href":"https:\/\/artscool.ch\/de\/wp-json\/wp\/v2\/podcast\/2547","targetHints":{"allow":["GET"]}}],"collection":[{"href":"https:\/\/artscool.ch\/de\/wp-json\/wp\/v2\/podcast"}],"about":[{"href":"https:\/\/artscool.ch\/de\/wp-json\/wp\/v2\/types\/podcast"}],"version-history":[{"count":2,"href":"https:\/\/artscool.ch\/de\/wp-json\/wp\/v2\/podcast\/2547\/revisions"}],"predecessor-version":[{"id":3044,"href":"https:\/\/artscool.ch\/de\/wp-json\/wp\/v2\/podcast\/2547\/revisions\/3044"}],"wp:featuredmedia":[{"embeddable":true,"href":"https:\/\/artscool.ch\/de\/wp-json\/wp\/v2\/media\/2549"}],"wp:attachment":[{"href":"https:\/\/artscool.ch\/de\/wp-json\/wp\/v2\/media?parent=2547"}],"wp:term":[{"taxonomy":"artist","embeddable":true,"href":"https:\/\/artscool.ch\/de\/wp-json\/wp\/v2\/artist?post=2547"},{"taxonomy":"canton","embeddable":true,"href":"https:\/\/artscool.ch\/de\/wp-json\/wp\/v2\/canton?post=2547"},{"taxonomy":"episode-","embeddable":true,"href":"https:\/\/artscool.ch\/de\/wp-json\/wp\/v2\/episode-?post=2547"},{"taxonomy":"season","embeddable":true,"href":"https:\/\/artscool.ch\/de\/wp-json\/wp\/v2\/season?post=2547"},{"taxonomy":"podcast-categories","embeddable":true,"href":"https:\/\/artscool.ch\/de\/wp-json\/wp\/v2\/podcast-categories?post=2547"}],"curies":[{"name":"wp","href":"https:\/\/api.w.org\/{rel}","templated":true}]}}

<p class="has-small-font-size"> </p>

<h3 style="padding-left: 40px;"><strong>Hallo, ich heiße Charlie, bin dreizehn Jahre alt und wohne in Sitten.</strong></h3>
<p>&nbsp;</p>
<h3 style="padding-left: 40px;"><strong>Kunst ist für mich das, was unsere Gedanken heute ausdrücken.</strong></h3>
<p>&nbsp;</p>
<h3 style="padding-left: 40px;"><strong>Heute habe ich einen Termin mit Beat Streulis Werk auf dem Energypolis-Campus in Sion. Kommst du mit?</strong></h3>
<p>&nbsp;</p>
<p>Ich befinde mich in einem eher industriellen Gebiet, nicht weit vom Bahnhof entfernt, wo es viele Neubauten gibt. Ich sehe das Gebäude dort vor mir und die Gesichter, die auf den Glasscheiben erscheinen. Ich sehe bestimmte Merkmale ihrer Gesichter, auf jeden Fall eine Brille oder auch eine Nase. Ich gehe ins Innere, um besser sehen zu können.</p>
<p>Wir befinden uns eher an einem ruhigen, stillen Ort. Sofort kann man die Gesichter besser erkennen; es sind Gesichter von Mädchen und Jungen. Gegenüber von mir ist eine Person mit offenem Mund abgebildet, als ob sie sprechen würde. Die Bilder sind ziemlich groß. Ich fühle mich ein wenig beobachtet und ein wenig verstört. Man hat den Eindruck, dass sie einen anschauen, aber sie schauen einen nicht unbedingt an, es ist wie eine Präsenz.</p>
<p>Ich lese den Klappentext. Das Werk heißt "Ohne Titel" von Beat Streuli. Es wurde im Jahr 2022 geschaffen. Es handelt sich um eine permanente Installation von Fotografien. Es handelt sich um transparente Digitaldrucke, die in Glas eingebettet sind. Ihre Abmessungen sind variabel, je nach Größe der Fensterscheiben in den Gebäuden.</p>
<p>Die Porträts sind im Glas ... deshalb ist es ziemlich beeindruckend.</p>
<p><strong>CHARLIE</strong> Ich werde dem Künstler einige Fragen stellen.</p>
<p><strong>BEAT STREULI:</strong> Hallo Charlie, ich werde versuchen, deine Fragen zu beantworten.</p>
<p><strong>CHARLIE</strong> Warum gibt es keinen Titel für dieses Werk?</p>
<p><strong>BEAT STREULI:</strong> Normalerweise mag ich diese Art von Titel "Ohne Titel" nicht besonders, denn es ist natürlich auch ein Titel nach allem. Aber am Anfang, als ich meinen Vorschlag für diesen Wettbewerb gemacht habe, gab es einen Titel, den ich verwendet habe, der etwas zu kompliziert war. Ich hatte das Projekt "Energiestadt, lokales und globales Leben, Transparenz und Offenheit" genannt... Wie du siehst, war das ein viel zu langer Titel und etwas Kürzeres erschien mir banal. Ich habe Installationen dieser Art bereits "Face" oder "Interface" genannt, weil sich die Gesichter genau zwischen Innen und Außen befinden. Aber schließlich dachte ich, dass diese recht große Installation für sich selbst spricht und kein Etikett oder eine andere Definition braucht, die die offene Wahrnehmung der Bilder ein wenig einschränken würde.</p>
<p><strong>CHARLIE</strong> Wie viele Gesichter sind auf den Fenstern zu sehen?</p>
<p><strong>BEAT STREULI:</strong> Ich kann mich nicht mehr an die genaue Anzahl der Gesichter erinnern, aber es gibt ungefähr fünfzig Glasscheiben, die ich im Erdgeschoss der drei Gebäude verwendet habe. Ich würde also sagen, dass man etwa zwanzig Personen sehen kann. Natürlich haben wir noch viel mehr Menschen fotografiert. Aber wie immer bei meiner Arbeit treffe ich eine recht strenge Auswahl und verwende nur einen sehr kleinen Prozentsatz des gesamten Materials.</p>
<p><strong>CHARLIE</strong> Warum sind es nur Gesichter und keine Gegenstände oder andere Dinge?</p>
<p><strong>BEAT STREULI:</strong> Du hattest vielleicht nicht zu allen Räumen der Gebäude Zugang, aber es gibt eine ganze Reihe von Kompositionen, in denen es keine Gesichter gibt, sondern nur Strukturen, fast abstrakte Elemente. Fast alle Bilder sind übrigens Kompositionen; Textfragmente und Architekturdetails wurden über die Porträts gelegt, um ihnen eine malerischere Qualität zu verleihen. Etwas Komplexeres, das sich besser in die Architektur und die Räume einfügt, in denen die Angestellten und Studenten arbeiten.</p>
<p><strong>CHARLIE</strong> Die Gesichter sind eher recht jung, und ich frage mich, ob das Absicht ist, denn es ist eine Umgebung, in der viele junge Menschen studieren.</p>
<p><strong>BEAT STREULI:</strong> Bei den Fenstern mit den großen Gesichtern handelt es sich vor allem um Porträts von Studierenden dieser Schule, die jedoch in den alten Gebäuden der HES-SO fotografiert worden waren. Es gibt auch einige Lehrer und Assistenten, die dort arbeiten oder gearbeitet haben, die auf einigen Fenstern zu sehen sind. Dann gibt es auch noch Fotos von Passanten in internationalen Städten wie New York, London, Malaga und anderen, auch wenn man nicht wirklich erkennen kann, wo diese Fotos aufgenommen wurden.</p>
<p>Es gibt also zwei Bildebenen, mit Fotos von ganzen Charakteren, die ich in der Art von Schnappschüssen fotografiert habe, und den anderen, die eher Porträts sind. Und dann gibt es noch die Ebene, die ich als abstrakt bezeichne. Mit diesen drei Ebenen, die ich manchmal übereinander gelegt habe, wollte ich auf den Teil des Originaltitels verweisen, der "lokal und global" lautet. Diese Schule ist eine Einrichtung, die in erster Linie für die lokale Bevölkerung gedacht ist. Aber natürlich ist sie nur möglich und wirksam, wenn sie in einem sehr offenen und global vernetzten Rahmen stattfindet.</p>
<p><strong>CHARLIE</strong> Wie haben Sie ein Bild in das Glas gebracht?</p>
<p><strong>BEAT STREULI:</strong> Es ist eine sehr schöne Technik, die ich dort zum ersten Mal für ein öffentliches Auftragsprojekt einsetzen konnte. Sie wird auf eine ziemlich interessante Art und Weise hergestellt, denn in dem Sicherheitsglas, das aus mehreren Glasschichten besteht, gibt es Klebefolien, die die Schichten zusammenhalten. Und man kann diese Folien bedrucken, bevor man sie später zwischen die Gläser einfügt. Man kann mit diesen Techniken in sehr großen Formaten arbeiten. Es gibt Glasscheiben, die etwa fünf Meter hoch und drei Meter breit sind, und das Bild bedeckt diese gesamte Fläche in einem einzigen Raum. Für mich war es auch wegen dieser Technik ein sehr schönes Projekt, da man so maßstabsgetreu an der Architektur der Gebäude arbeiten konnte. Eine Architektur, die mir ebenfalls sehr gut gefiel.</p>
<p>Bye bye Charlie. Danke für dein Interesse und deine Fragen.</p>
<p>Gute Fortsetzung!</p>

<p>°°</p>



<p class="has-small-font-size">"ART'S COOL" oder "Art is cool"!</p>



<p class="has-small-font-size">Dies ist eine Begegnung mit einem zeitgenössischen Kunstwerk in der Schweiz, betrachtet, erkundet, und hinterfragt von jungen Menschen. Auf die Fragen der Jugendlichen geben wiederum die Künstlerin oder der Künstler auf ihre Weise eine Antwort. Ganz einfach, nicht?</p>



<p class="has-small-font-size">In dieser zweiten Saison lädt unser Podcast dich ein, Werke ausserhalb der üblichen Ausstellungsorte zu besuchen, meistens im Freien! Fast jede Woche entdecken wir gemeinsam eine künstlerische Schöpfung, die irgendwo in der Schweiz im öffentlichen Raum zu finden ist.</p>



<p class="has-small-font-size">Heute ging es um das Werk "Ohne Titel" von <a href="http://www.beatstreuli.com">Beat Streuli</a>unter dem neugierigen Blick von Charlie. Verpassen Sie es nicht, das Werk auf dem Energypolis-Campus in Sion in natura zu sehen.</p>



<p class="has-small-font-size">Sammle zeitgenössische Kunst mit deinen Ohren! Die Webseite <a href="https://artscool.ch/de/"><strong>artscool.ch/de</strong></a> präsentiert alle Episoden, die seit Herbst 2021 ausgestrahlt wurden. Eine vielfältige und wachsende Sammlung! Ausserdem findest du dort alle Portraits der jugendlichen Fans der zeitgenössischen Kunst, die Kurzbiographien der interviewten Künstlerinnen und Künstler und die Bilder der Werke.</p>



<p class="has-small-font-size">Falls du zur Verbreitung des Podcasts ART’S COOL beitragen möchtest, zögere nicht… in deinem Umfeld darüber zu sprechen, den Podcast auf deiner bevorzugten Plattform zu abonnieren und mit fünf Sternen zu bewerten. Du kannst uns auch auf Instagram folgen unter dem Account <strong><a href="https://www.instagram.com/young_pods/">young_pods</a>.</strong></p>



<p class="has-small-font-size">Der Podcast ART’S COOL wird realisiert und ausgestrahlt mit der grosszügigen Unterstützung der Loterie Romande, dem Migros-Kulturprozent, der Oertli-Stiftung, der Sandoz-Familienstiftung, den Kantonen Aargau, Basel-Stadt, Bern, Genf, Glarus, Graubünden, Obwalden, Sankt Gallen, Solothurn, Thurgau, Waadt, Wallis, Zug, Zürich, und den Städten Winterthur, Yverdon-les-bains, Zug und Zürich.</p>



<p class="has-small-font-size">Mit der Stimme von Florence Grivel in der französischen Version und Stephan Kyburz in der deutschen Version.<br />Musik and Sounddesign von Christophe Gonet.</p>



<p class="has-black-color has-text-color has-small-font-size">Dies ist eine Produktion <a href="https://www.youngpods.ch/" target="_blank" rel="noreferrer noopener"><span style="text-decoration: underline;"><strong>Young Pods</strong></span></a>.</p>



<p>&nbsp;</p>

<p>Energypolis, Sion: Charlie entdeckt Beat Streulis großformatige Fotografien, die die Fenster der Gebäude auf dem Campus beleben, und fragt sich, wie der Künstler Bilder in Glas einfangen konnte.</p>
