{"id":2508,"date":"2023-07-07T19:49:36","date_gmt":"2023-07-07T17:49:36","guid":{"rendered":"https:\/\/artscool.ch\/?post_type=podcast&#038;p=2508"},"modified":"2024-10-04T12:46:36","modified_gmt":"2024-10-04T10:46:36","slug":"ella-gaspard-delachaux","status":"publish","type":"podcast","link":"https:\/\/artscool.ch\/de\/podcast\/ella-gaspard-delachaux\/","title":{"rendered":"Ella &amp; Gaspard Delachaux"},"content":{"rendered":"<p class=\"has-small-font-size\">\u00a0<\/p>\r\n\r\n<h3><strong>Hallo, Ich hei\u00dfe Ella, bin neunzehn Jahre alt und wohne in Estavayer-le-Lac.<\/strong><\/h3>\r\n<p>&nbsp;<\/p>\r\n<h3><strong>Kunst ist f\u00fcr mich ein Mittel, um sich auszudr\u00fccken. Es ist eine etwas universelle Sprache, die jeder verstehen kann.<\/strong><\/h3>\r\n<p>&nbsp;<\/p>\r\n<h3><strong>Heute habe ich eine Verabredung mit einem Kunstwerk in Yverdon. Es ist eine Skulptur von Gaspard Delachaux, die sich auf einem Kreisel in der N\u00e4he der Thermalb\u00e4der befindet. Kommst du mit?<\/strong><\/h3>\r\n<p>&nbsp;<\/p>\r\n<p><strong>ELLA:<\/strong> <span style=\"font-weight: 400;\">Im Moment laufen wir auf der Stra\u00dfe. Ich sehe einen kleinen Kiosk zu meiner Linken und in der Mitte der Stra\u00dfe den Kreisel, wo ein Tapir Wasser spuckt. Ich sehe ihn jetzt auf dem R\u00fccken liegen, mit seinen kleinen Beinen auf dem Bauch: Er spuckt Wasser. Mit dem Wind verteilen sich die Tropfen. Und wir sind ganz nah an den Thermalb\u00e4dern zu unserer Rechten. Wir \u00fcberqueren die Stra\u00dfe, damit wir uns vor dem Tapir positionieren k\u00f6nnen und nicht von den Autos gest\u00f6rt werden.\u00a0<\/span><\/p>\r\n<p><span style=\"font-weight: 400;\">Dann ist er wahrscheinlich aus Stein, so wie ich das sehe. Er sieht ziemlich gl\u00fccklich aus, er badet in seinem Wasser. Im Moment f\u00fchle ich mich durch ihn nur in Frage gestellt. Und ich m\u00f6chte es mir n\u00e4her ansehen.<\/span><\/p>\r\n<p><span style=\"font-weight: 400;\">Was mich an den Tapir erinnert, ist die Vorstellung, die man z. B. in Asien hat, wo er L\u00fcgen, Angst und oft auch Wasser, das f\u00fcr die Reinigung steht, repr\u00e4sentiert. F\u00fcr mich besteht die Botschaft hier also vielleicht darin, dass Angst und L\u00fcgen ausgespuckt werden, um durch das Wasser, das aus seinem Mund kommt, gereinigt zu werden.<\/span><\/p>\r\n<p><span style=\"font-weight: 400;\">Vielleicht erfahre ich mehr, wenn ich den Steckbrief lese... Es handelt sich um ein Werk von Gaspard Delachaux. Es hei\u00dft \"Le Grand Baigneur\" (Der gro\u00dfe Bader) und stammt aus dem Jahr 2002.\u00a0<\/span><\/p>\r\n<p><span style=\"font-weight: 400;\">Was bringt mir das? Ich wei\u00df es nicht, da es sehr abstrakt ist und unsere eigene Sichtweise er\u00f6ffnet. F\u00fcr mich badet der gro\u00dfe Badende im Wasser und in seinen eigenen Gedanken, da er das Wasser ausspuckt und dann in ihm badet.<\/span><\/p>\r\n<p><span style=\"font-weight: 400;\">Dann dreht man sich um ... und sieht, dass er aus jedem Blickwinkel cool aussieht. Ich mag ihn eher von vorne. Ein kleiner Tipp: Stellen Sie sich frontal hin und gehen Sie um die Skulptur herum, denn das ist wichtig. Man kann sehen, dass er auch einen kleinen Schwanz hat, den man vorher nicht sehen konnte.<\/span><\/p>\r\n<p><span style=\"font-weight: 400;\">Das r\u00fchrt mich, weil man dann wirklich seinen ganzen K\u00f6rper sehen kann. Und ich muss zugeben, dass ich mich auf ihn setzen und mit ihm kuscheln m\u00f6chte, wenn er auf dem R\u00fccken liegt und man sein B\u00e4uchlein sieht.<\/span><\/p>\r\n<p><span style=\"font-weight: 400;\">Ich habe einige Fragen an den K\u00fcnstler.<\/span><\/p>\r\n<p><span style=\"font-weight: 400;\"><strong>GASPARD DELACHAUX:<\/strong> Hallo Ella, ich werde versuchen, deine Fragen zu beantworten.<\/span><\/p>\r\n<p><span style=\"font-weight: 400;\"><strong>ELLA:<\/strong> Erste Frage: Ist es ein Tapir oder nicht?<\/span><\/p>\r\n<p><b>GASPARD DELACHAUX:<\/b><span style=\"font-weight: 400;\"> J<\/span><span style=\"font-weight: 400;\">ch w\u00fcrde sagen, es ist ein Nini in dem Sinne, dass es weder ein Tapir, noch ein B\u00e4r, noch ein Ameisenb\u00e4r ist. Es ist einfach ein Hybrid.<\/span><\/p>\r\n<p><span style=\"font-weight: 400;\"><strong>ELLA:<\/strong> Gibt es eine Verbindung zwischen der Fl\u00fcssigkeit, die der Tapir ausspuckt, und dem Saft, in dem er badet?<\/span><\/p>\r\n<p><b>GASPARD DELACHAUX: <\/b><span style=\"font-weight: 400;\">Es gibt eine Pumpe, die das Wasser aus dem Becken saugt und es meinem gro\u00dfen Badegast erm\u00f6glicht, zu spucken. Als ich diese Skulptur gemacht habe, wollte ich ein Tier, das wirklich gut im Wasser liegt und spuckt, so wie ich ... ich habe als Kind in der Badewanne gespuckt.<\/span><\/p>\r\n<p><span style=\"font-weight: 400;\"><strong>ELLA:<\/strong> Warum haben Sie ihn in diese Position gebracht und nicht auf alle Viere?<\/span><\/p>\r\n<p><b>GASPARD DELACHAUX:<\/b><span style=\"font-weight: 400;\"> Wenn du im Meer, im See oder im Schwimmbad baden gehst, hast du dann schon einmal versucht, auf dem Bauch zu planschen?<\/span><\/p>\r\n<p><span style=\"font-weight: 400;\"><strong>ELLA:<\/strong> Machen Sie oft Skulpturen, die den Betrachtern ans Herz wachsen?<\/span><\/p>\r\n<p><span style=\"font-weight: 400;\"><strong>GASPARD DELACHAUX:<\/strong> Das ist eine Frage, die sehr interessant ist, weil sie im Zentrum meines Interesses steht. Ich habe viele Skulpturen, die den Titel \"Mechantoupas\" tragen, weil man eigentlich nicht wei\u00df, auf welchem Fu\u00df man tanzen soll. Oder wenn sie aggressiv ist, gibt sie dann nicht nur an, weil sie ein bisschen Angst hat und insgeheim doch gerne geliebt werden m\u00f6chte?<\/span><\/p>\r\n<p><span style=\"font-weight: 400;\"><strong>ELLA:<\/strong> Wie ich es empfunden habe, ist dieses Werk ziemlich r\u00fchrend, aber Felsen sind oft etwas H\u00e4rteres, Konkreteres und weniger weich und r\u00fchrend. Also fragte ich mich: Warum der Fels?<\/span><\/p>\r\n<p><span style=\"font-weight: 400;\"><strong>GASPARD DELACHAUX:<\/strong> Wenn ich meine Skulptur aus Knetmasse gemacht h\u00e4tte, w\u00e4re sie nicht lange haltbar gewesen. Es gibt also in meiner Skulptur trotzdem immer noch das Problem, ein Material zu haben, das dauerhaft ist. Aber um \u00fcber diese Bemerkung hinauszugehen, m\u00f6chte ich noch hinzuf\u00fcgen, dass der Stein aus Soignies, den ich bearbeite, ein v\u00f6llig tierischer Stein ist. Er hat sich vor dreihundert Millionen Jahren im Meer in Belgien gebildet, und all die kleinen Mollusken, die dort waren, sind zerfallen, haben sich zersetzt und sind zu Stein geworden. Und dreihundert Millionen Jahre sp\u00e4ter mache ich aus diesem harten Stein wieder Tierarten, die ziemlich weich sein k\u00f6nnen. Das ist ein ganzer Zyklus, der mir sehr gef\u00e4llt, weil man mit kleinen Tieren beginnt, die ein bisschen weich sind, die hart werden, und ich mache daraus wieder Dinge, die manchmal ein bisschen weich sind.<\/span><\/p>\r\n<p><span style=\"font-weight: 400;\"><strong>ELLA:<\/strong> Und warum sollte man einen Brunnen haben, wenn man nicht darin baden oder planschen kann?<\/span><\/p>\r\n<p><span style=\"font-weight: 400;\"><strong>GASPARD DELACHAUX:<\/strong> Ich glaube, das ist die exklusive Dom\u00e4ne des gro\u00dfen Baders und auf jeden Fall w\u00e4re es ein bisschen gef\u00e4hrlich gewesen, die Leute dazu zu bringen, die Stra\u00dfe zu \u00fcberqueren, um zu planschen.<\/span><\/p>\r\n<p><span style=\"font-weight: 400;\">Bye bye Ella.<\/span><\/p>\r\n<p><span style=\"font-weight: 400;\">Alles Gute f\u00fcr dich!<\/span><\/p>\r\n<p>&nbsp;<\/p>\r\n\r\n<p>&nbsp;<\/p>\r\n\r\n\r\n\r\n<p>\u00b0\u00b0<\/p>\r\n\r\n\r\n\r\n<p class=\"has-small-font-size\">\"ART'S COOL\" oder \"Art is cool\"!<\/p>\r\n\r\n\r\n\r\n<p class=\"has-small-font-size\">Dies ist eine Begegnung mit einem zeitgen\u00f6ssischen Kunstwerk in der Schweiz, betrachtet, erkundet, und hinterfragt von jungen Menschen. Auf die Fragen der Jugendlichen geben wiederum die K\u00fcnstlerin oder der K\u00fcnstler auf ihre Weise eine Antwort. Ganz einfach, nicht?<\/p>\r\n\r\n\r\n\r\n<p class=\"has-small-font-size\">In dieser zweiten Saison l\u00e4dt unser Podcast dich ein, Werke ausserhalb der \u00fcblichen Ausstellungsorte zu besuchen, meistens im Freien! Fast jede Woche entdecken wir gemeinsam eine k\u00fcnstlerische Sch\u00f6pfung, die irgendwo in der Schweiz im \u00f6ffentlichen Raum zu finden ist.<\/p>\r\n\r\n\r\n\r\n<p class=\"has-small-font-size\">Heute ging es um das Kunstwerk <em>Der gro\u00dfe Bader<\/em> von <a href=\"https:\/\/gasparddelachaux.ch\/\">Gaspard Delachaux<\/a>unter dem neugierigen Blick von Ella. Verpassen Sie es nicht, das Werk in Yverdon-les-Bains auf dem Kreisverkehr an der Kreuzung der Avenue des Bains und des Chemin de Floreyres in natura zu sehen.<\/p>\r\n\r\n\r\n\r\n<p class=\"has-small-font-size\">Sammle zeitgen\u00f6ssische Kunst mit deinen Ohren! Die Webseite <a href=\"https:\/\/artscool.ch\/de\/\"><strong>artscool.ch\/de<\/strong><\/a> pr\u00e4sentiert alle Episoden, die seit Herbst 2021 ausgestrahlt wurden. Eine vielf\u00e4ltige und wachsende Sammlung! Ausserdem findest du dort alle Portraits der jugendlichen Fans der zeitgen\u00f6ssischen Kunst, die Kurzbiographien der interviewten K\u00fcnstlerinnen und K\u00fcnstler und die Bilder der Werke.<\/p>\r\n\r\n\r\n\r\n<p class=\"has-small-font-size\">Falls du zur Verbreitung des Podcasts ART\u2019S COOL beitragen m\u00f6chtest, z\u00f6gere nicht\u2026 in deinem Umfeld dar\u00fcber zu sprechen, den Podcast auf deiner bevorzugten Plattform zu abonnieren und mit f\u00fcnf Sternen zu bewerten. Du kannst uns auch auf Instagram folgen unter dem Account <strong><a href=\"https:\/\/www.instagram.com\/young_pods\/\">young_pods<\/a>.<\/strong><\/p>\r\n\r\n\r\n\r\n<p class=\"has-small-font-size\">Der Podcast ART\u2019S COOL wird realisiert und ausgestrahlt mit der grossz\u00fcgigen Unterst\u00fctzung der Loterie Romande, dem Migros-Kulturprozent, der Oertli-Stiftung, der Sandoz-Familienstiftung, den Kantonen Aargau, Basel-Stadt, Bern, Genf, Glarus, Graub\u00fcnden, Obwalden, Sankt Gallen, Solothurn, Thurgau, Waadt, Wallis, Zug, Z\u00fcrich, und den St\u00e4dten Winterthur, Yverdon-les-bains, Zug und Z\u00fcrich.<\/p>\r\n\r\n\r\n\r\n<p class=\"has-small-font-size\">Mit der Stimme von Florence Grivel in der franz\u00f6sischen Version und Stephan Kyburz in der deutschen Version.<br \/>Musik and Sounddesign von Christophe Gonet.<\/p>\r\n\r\n\r\n\r\n<p class=\"has-black-color has-text-color has-small-font-size\">Dies ist eine Produktion <a href=\"https:\/\/www.youngpods.ch\/\" target=\"_blank\" rel=\"noreferrer noopener\"><span style=\"text-decoration: underline;\"><strong>Young Pods<\/strong><\/span><\/a>.<\/p>","protected":false},"excerpt":{"rendered":"<p>Yverdon-les-Bains, Avenue des Bains: Ella ist von dem prallen Bauch und dem gl\u00fccklichen Gesichtsausdruck des \"Grand Baigneur\" von Gaspard Delachaux begeistert. Sie fragt sich, ob der K\u00fcnstler oft versucht, die Monster z\u00e4rtlich zu machen.<\/p>","protected":false},"featured_media":2510,"template":"","artist":[176],"canton":[156],"episode-":[103],"season":[82],"podcast-categories":[],"class_list":["post-2508","podcast","type-podcast","status-publish","has-post-thumbnail","hentry","artist-gaspard-delachaux","canton-vaud","episode--episode-54","season-season-2"],"acf":[],"_links":{"self":[{"href":"https:\/\/artscool.ch\/de\/wp-json\/wp\/v2\/podcast\/2508","targetHints":{"allow":["GET"]}}],"collection":[{"href":"https:\/\/artscool.ch\/de\/wp-json\/wp\/v2\/podcast"}],"about":[{"href":"https:\/\/artscool.ch\/de\/wp-json\/wp\/v2\/types\/podcast"}],"version-history":[{"count":2,"href":"https:\/\/artscool.ch\/de\/wp-json\/wp\/v2\/podcast\/2508\/revisions"}],"predecessor-version":[{"id":3053,"href":"https:\/\/artscool.ch\/de\/wp-json\/wp\/v2\/podcast\/2508\/revisions\/3053"}],"wp:featuredmedia":[{"embeddable":true,"href":"https:\/\/artscool.ch\/de\/wp-json\/wp\/v2\/media\/2510"}],"wp:attachment":[{"href":"https:\/\/artscool.ch\/de\/wp-json\/wp\/v2\/media?parent=2508"}],"wp:term":[{"taxonomy":"artist","embeddable":true,"href":"https:\/\/artscool.ch\/de\/wp-json\/wp\/v2\/artist?post=2508"},{"taxonomy":"canton","embeddable":true,"href":"https:\/\/artscool.ch\/de\/wp-json\/wp\/v2\/canton?post=2508"},{"taxonomy":"episode-","embeddable":true,"href":"https:\/\/artscool.ch\/de\/wp-json\/wp\/v2\/episode-?post=2508"},{"taxonomy":"season","embeddable":true,"href":"https:\/\/artscool.ch\/de\/wp-json\/wp\/v2\/season?post=2508"},{"taxonomy":"podcast-categories","embeddable":true,"href":"https:\/\/artscool.ch\/de\/wp-json\/wp\/v2\/podcast-categories?post=2508"}],"curies":[{"name":"wp","href":"https:\/\/api.w.org\/{rel}","templated":true}]}}

<p class="has-small-font-size"> </p>

<h3><strong>Hallo, Ich heiße Ella, bin neunzehn Jahre alt und wohne in Estavayer-le-Lac.</strong></h3>
<p>&nbsp;</p>
<h3><strong>Kunst ist für mich ein Mittel, um sich auszudrücken. Es ist eine etwas universelle Sprache, die jeder verstehen kann.</strong></h3>
<p>&nbsp;</p>
<h3><strong>Heute habe ich eine Verabredung mit einem Kunstwerk in Yverdon. Es ist eine Skulptur von Gaspard Delachaux, die sich auf einem Kreisel in der Nähe der Thermalbäder befindet. Kommst du mit?</strong></h3>
<p>&nbsp;</p>
<p><strong>ELLA:</strong> <span style="font-weight: 400;">Im Moment laufen wir auf der Straße. Ich sehe einen kleinen Kiosk zu meiner Linken und in der Mitte der Straße den Kreisel, wo ein Tapir Wasser spuckt. Ich sehe ihn jetzt auf dem Rücken liegen, mit seinen kleinen Beinen auf dem Bauch: Er spuckt Wasser. Mit dem Wind verteilen sich die Tropfen. Und wir sind ganz nah an den Thermalbädern zu unserer Rechten. Wir überqueren die Straße, damit wir uns vor dem Tapir positionieren können und nicht von den Autos gestört werden. </span></p>
<p><span style="font-weight: 400;">Dann ist er wahrscheinlich aus Stein, so wie ich das sehe. Er sieht ziemlich glücklich aus, er badet in seinem Wasser. Im Moment fühle ich mich durch ihn nur in Frage gestellt. Und ich möchte es mir näher ansehen.</span></p>
<p><span style="font-weight: 400;">Was mich an den Tapir erinnert, ist die Vorstellung, die man z. B. in Asien hat, wo er Lügen, Angst und oft auch Wasser, das für die Reinigung steht, repräsentiert. Für mich besteht die Botschaft hier also vielleicht darin, dass Angst und Lügen ausgespuckt werden, um durch das Wasser, das aus seinem Mund kommt, gereinigt zu werden.</span></p>
<p><span style="font-weight: 400;">Vielleicht erfahre ich mehr, wenn ich den Steckbrief lese... Es handelt sich um ein Werk von Gaspard Delachaux. Es heißt "Le Grand Baigneur" (Der große Bader) und stammt aus dem Jahr 2002. </span></p>
<p><span style="font-weight: 400;">Was bringt mir das? Ich weiß es nicht, da es sehr abstrakt ist und unsere eigene Sichtweise eröffnet. Für mich badet der große Badende im Wasser und in seinen eigenen Gedanken, da er das Wasser ausspuckt und dann in ihm badet.</span></p>
<p><span style="font-weight: 400;">Dann dreht man sich um ... und sieht, dass er aus jedem Blickwinkel cool aussieht. Ich mag ihn eher von vorne. Ein kleiner Tipp: Stellen Sie sich frontal hin und gehen Sie um die Skulptur herum, denn das ist wichtig. Man kann sehen, dass er auch einen kleinen Schwanz hat, den man vorher nicht sehen konnte.</span></p>
<p><span style="font-weight: 400;">Das rührt mich, weil man dann wirklich seinen ganzen Körper sehen kann. Und ich muss zugeben, dass ich mich auf ihn setzen und mit ihm kuscheln möchte, wenn er auf dem Rücken liegt und man sein Bäuchlein sieht.</span></p>
<p><span style="font-weight: 400;">Ich habe einige Fragen an den Künstler.</span></p>
<p><span style="font-weight: 400;"><strong>GASPARD DELACHAUX:</strong> Hallo Ella, ich werde versuchen, deine Fragen zu beantworten.</span></p>
<p><span style="font-weight: 400;"><strong>ELLA:</strong> Erste Frage: Ist es ein Tapir oder nicht?</span></p>
<p><b>GASPARD DELACHAUX:</b><span style="font-weight: 400;"> J</span><span style="font-weight: 400;">ch würde sagen, es ist ein Nini in dem Sinne, dass es weder ein Tapir, noch ein Bär, noch ein Ameisenbär ist. Es ist einfach ein Hybrid.</span></p>
<p><span style="font-weight: 400;"><strong>ELLA:</strong> Gibt es eine Verbindung zwischen der Flüssigkeit, die der Tapir ausspuckt, und dem Saft, in dem er badet?</span></p>
<p><b>GASPARD DELACHAUX: </b><span style="font-weight: 400;">Es gibt eine Pumpe, die das Wasser aus dem Becken saugt und es meinem großen Badegast ermöglicht, zu spucken. Als ich diese Skulptur gemacht habe, wollte ich ein Tier, das wirklich gut im Wasser liegt und spuckt, so wie ich ... ich habe als Kind in der Badewanne gespuckt.</span></p>
<p><span style="font-weight: 400;"><strong>ELLA:</strong> Warum haben Sie ihn in diese Position gebracht und nicht auf alle Viere?</span></p>
<p><b>GASPARD DELACHAUX:</b><span style="font-weight: 400;"> Wenn du im Meer, im See oder im Schwimmbad baden gehst, hast du dann schon einmal versucht, auf dem Bauch zu planschen?</span></p>
<p><span style="font-weight: 400;"><strong>ELLA:</strong> Machen Sie oft Skulpturen, die den Betrachtern ans Herz wachsen?</span></p>
<p><span style="font-weight: 400;"><strong>GASPARD DELACHAUX:</strong> Das ist eine Frage, die sehr interessant ist, weil sie im Zentrum meines Interesses steht. Ich habe viele Skulpturen, die den Titel "Mechantoupas" tragen, weil man eigentlich nicht weiß, auf welchem Fuß man tanzen soll. Oder wenn sie aggressiv ist, gibt sie dann nicht nur an, weil sie ein bisschen Angst hat und insgeheim doch gerne geliebt werden möchte?</span></p>
<p><span style="font-weight: 400;"><strong>ELLA:</strong> Wie ich es empfunden habe, ist dieses Werk ziemlich rührend, aber Felsen sind oft etwas Härteres, Konkreteres und weniger weich und rührend. Also fragte ich mich: Warum der Fels?</span></p>
<p><span style="font-weight: 400;"><strong>GASPARD DELACHAUX:</strong> Wenn ich meine Skulptur aus Knetmasse gemacht hätte, wäre sie nicht lange haltbar gewesen. Es gibt also in meiner Skulptur trotzdem immer noch das Problem, ein Material zu haben, das dauerhaft ist. Aber um über diese Bemerkung hinauszugehen, möchte ich noch hinzufügen, dass der Stein aus Soignies, den ich bearbeite, ein völlig tierischer Stein ist. Er hat sich vor dreihundert Millionen Jahren im Meer in Belgien gebildet, und all die kleinen Mollusken, die dort waren, sind zerfallen, haben sich zersetzt und sind zu Stein geworden. Und dreihundert Millionen Jahre später mache ich aus diesem harten Stein wieder Tierarten, die ziemlich weich sein können. Das ist ein ganzer Zyklus, der mir sehr gefällt, weil man mit kleinen Tieren beginnt, die ein bisschen weich sind, die hart werden, und ich mache daraus wieder Dinge, die manchmal ein bisschen weich sind.</span></p>
<p><span style="font-weight: 400;"><strong>ELLA:</strong> Und warum sollte man einen Brunnen haben, wenn man nicht darin baden oder planschen kann?</span></p>
<p><span style="font-weight: 400;"><strong>GASPARD DELACHAUX:</strong> Ich glaube, das ist die exklusive Domäne des großen Baders und auf jeden Fall wäre es ein bisschen gefährlich gewesen, die Leute dazu zu bringen, die Straße zu überqueren, um zu planschen.</span></p>
<p><span style="font-weight: 400;">Bye bye Ella.</span></p>
<p><span style="font-weight: 400;">Alles Gute für dich!</span></p>
<p>&nbsp;</p>

<p>&nbsp;</p>



<p>°°</p>



<p class="has-small-font-size">"ART'S COOL" oder "Art is cool"!</p>



<p class="has-small-font-size">Dies ist eine Begegnung mit einem zeitgenössischen Kunstwerk in der Schweiz, betrachtet, erkundet, und hinterfragt von jungen Menschen. Auf die Fragen der Jugendlichen geben wiederum die Künstlerin oder der Künstler auf ihre Weise eine Antwort. Ganz einfach, nicht?</p>



<p class="has-small-font-size">In dieser zweiten Saison lädt unser Podcast dich ein, Werke ausserhalb der üblichen Ausstellungsorte zu besuchen, meistens im Freien! Fast jede Woche entdecken wir gemeinsam eine künstlerische Schöpfung, die irgendwo in der Schweiz im öffentlichen Raum zu finden ist.</p>



<p class="has-small-font-size">Heute ging es um das Kunstwerk <em>Der große Bader</em> von <a href="https://gasparddelachaux.ch/">Gaspard Delachaux</a>unter dem neugierigen Blick von Ella. Verpassen Sie es nicht, das Werk in Yverdon-les-Bains auf dem Kreisverkehr an der Kreuzung der Avenue des Bains und des Chemin de Floreyres in natura zu sehen.</p>



<p class="has-small-font-size">Sammle zeitgenössische Kunst mit deinen Ohren! Die Webseite <a href="https://artscool.ch/de/"><strong>artscool.ch/de</strong></a> präsentiert alle Episoden, die seit Herbst 2021 ausgestrahlt wurden. Eine vielfältige und wachsende Sammlung! Ausserdem findest du dort alle Portraits der jugendlichen Fans der zeitgenössischen Kunst, die Kurzbiographien der interviewten Künstlerinnen und Künstler und die Bilder der Werke.</p>



<p class="has-small-font-size">Falls du zur Verbreitung des Podcasts ART’S COOL beitragen möchtest, zögere nicht… in deinem Umfeld darüber zu sprechen, den Podcast auf deiner bevorzugten Plattform zu abonnieren und mit fünf Sternen zu bewerten. Du kannst uns auch auf Instagram folgen unter dem Account <strong><a href="https://www.instagram.com/young_pods/">young_pods</a>.</strong></p>



<p class="has-small-font-size">Der Podcast ART’S COOL wird realisiert und ausgestrahlt mit der grosszügigen Unterstützung der Loterie Romande, dem Migros-Kulturprozent, der Oertli-Stiftung, der Sandoz-Familienstiftung, den Kantonen Aargau, Basel-Stadt, Bern, Genf, Glarus, Graubünden, Obwalden, Sankt Gallen, Solothurn, Thurgau, Waadt, Wallis, Zug, Zürich, und den Städten Winterthur, Yverdon-les-bains, Zug und Zürich.</p>



<p class="has-small-font-size">Mit der Stimme von Florence Grivel in der französischen Version und Stephan Kyburz in der deutschen Version.<br />Musik and Sounddesign von Christophe Gonet.</p>



<p class="has-black-color has-text-color has-small-font-size">Dies ist eine Produktion <a href="https://www.youngpods.ch/" target="_blank" rel="noreferrer noopener"><span style="text-decoration: underline;"><strong>Young Pods</strong></span></a>.</p>

<p>Yverdon-les-Bains, Avenue des Bains: Ella ist von dem prallen Bauch und dem glücklichen Gesichtsausdruck des "Grand Baigneur" von Gaspard Delachaux begeistert. Sie fragt sich, ob der Künstler oft versucht, die Monster zärtlich zu machen.</p>
