{"id":2499,"date":"2023-06-23T20:20:03","date_gmt":"2023-06-23T18:20:03","guid":{"rendered":"https:\/\/artscool.ch\/?post_type=podcast&#038;p=2499"},"modified":"2024-10-04T12:48:05","modified_gmt":"2024-10-04T10:48:05","slug":"mahe-barbezat-villetard","status":"publish","type":"podcast","link":"https:\/\/artscool.ch\/de\/podcast\/mahe-barbezat-villetard\/","title":{"rendered":"Ma\u00e9 &amp; Barbezat-Villetard"},"content":{"rendered":"<p class=\"has-small-font-size\">\u00a0<\/p>\r\n\r\n<h3><strong>Hallo, mein Name ist Ma\u00e9, ich bin siebzehn Jahre alt und wohne in La Chaux-de-Fonds.<\/strong><\/h3>\r\n<p>&nbsp;<\/p>\r\n<h3><strong>Kunst ist f\u00fcr mich alles und nichts. Es h\u00e4ngt von der Person ab, was sie zeigen m\u00f6chte. Es ist ein Ausdrucksmittel.<\/strong><\/h3>\r\n<p>&nbsp;<\/p>\r\n<h3><strong>Heute habe ich eine Verabredung mit einem Kunstwerk von Barbezat-Villetard in La Chaux-de-Fonds. Kommst du mit?<\/strong><\/h3>\r\n<p>&nbsp;<\/p>\r\n<p><strong>MA\u00c9:<\/strong> Ich laufe ein St\u00fcck die Stra\u00dfe entlang. Wir sind in der Rue de l'Avenir, direkt unter der Kunsthochschule und neben der Synagoge. Es ist eine sehr nette kleine Ecke. Da wir uns neben der \u00c9cole d'art befinden, \u00fcberrascht es mich \u00fcberhaupt nicht, dass es hier ein Kunstwerk gibt. Es gelingt uns, es von unten zu sehen. Wir befinden uns auf einer absch\u00fcssigen Stra\u00dfe neben der Synagoge. Und man sieht, dass die Skulptur mit diesem Gef\u00e4lle spielt, das wir in den Stra\u00dfen von La Chaux-de-Fonds haben. Es sieht ein bisschen wie eine Sprungschanze aus; die B\u00e4nke und Tische sind entsprechend der Neigung ausgerichtet, damit alles gerade ist. Ich glaube also, dass das Werk in dieser Ecke an diese Tatsache erinnern soll.<\/p>\r\n<p>So, jetzt stehe ich neben dem Kunstwerk. Wir sehen eine gro\u00dfe Betonplatte, die eine Art kleine Bank oder einen kleinen Platz zum Sitzen darstellt. Die Betonplatte scheint ein wenig in der Luft zu h\u00e4ngen: Man wei\u00df nicht genau, worauf sie steht. Architekten m\u00fcssen Berechnungen angestellt haben, denn jedes Mal, wenn ich daran vorbeigehe, frage ich mich: \"Wie h\u00e4lt das Ding nur?\". Es gibt auch eine matte Metallplatte, die nicht spiegelverkehrt ist. Ich gehe ein wenig um das Werk herum, um es besser sehen zu k\u00f6nnen. Jetzt kann ich sehen, dass es Zeichnungen auf dem Holzboden und eine andere Art von Boden gibt, aus Beton mit Kies im Inneren. Man kann sehen, dass die kleinen B\u00e4nke, von denen ich gesprochen habe, ziemlich niedrig sind. Es gibt zwei davon; sie sind ein wenig abgerundet, wie ein Mond. Die Metallplatte teilt eine der beiden in zwei H\u00e4lften.<\/p>\r\n<p>Man kann auch feststellen, dass dieses Werk der Ausrichtung der H\u00e4user von La Chaux-de-Fonds folgt, die so berechnet ist, dass es am l\u00e4ngsten am Tag Licht gibt. Das Werk ist genau auf die Lichtseite gerichtet, abgesehen von der Seite der Metallplatte, wo das kleine Ende der Bank im Schatten liegt. Es erinnert an einen Tag-Nacht-Mond: Es gibt diesen Gegensatz.<\/p>\r\n<p>Es ist ein etwas ungew\u00f6hnliches Kunstwerk; ich habe es nie f\u00fcr ein Kunstwerk gehalten, obwohl ich schon ein paar Mal daran vorbeigegangen bin. Die Installation scheint eher ein Ort zu sein, an dem man sich niederlassen kann. Ein Ort, an den die Sch\u00fcler der Kunstschule kommen k\u00f6nnen, um zu essen oder sich niederzulassen und die Sonne zu genie\u00dfen. Da die ganze Stra\u00dfe offen ist und wir die Sonne direkt vor uns haben.<\/p>\r\n<p>Ich werde nun den Steckbrief lesen, um zu sehen, ob er mir Hinweise gibt. Es handelt sich um eine Skulptur von Matthieu Barbezat und Camille Villetard. Sie tr\u00e4gt den Namen Le Plateau. Sie stammt aus dem Jahr 2020. Sie ist aus Beton, Holz und geb\u00fcrstetem Chromstahl gefertigt. Sie ist 638 x 638 x 75 cm gro\u00df.<\/p>\r\n<p>Der Titel repr\u00e4sentiert das Werk gut, denn es ist wirklich ein Hochplateau. Das erinnert mich an das Hochplateau... in der Schweiz ist es, glaube ich, der Jura, der ein Hochplateau hat. Da es der Kanton direkt daneben ist, gibt es vielleicht eine geografische Beziehung... Das war das Erste, woran es mich erinnert hat... die Tatsache, dass es ein bisschen hoch ist, hat mich wirklich daran denken lassen.<\/p>\r\n<p>Ich werde nun den K\u00fcnstlern einige Fragen stellen.<\/p>\r\n<p><strong>MATTHIEU BARBEZAT:<\/strong> Hallo Ma\u00e9, hier ist Matthieu aus Barbezat-Villetard. Ich werde versuchen, deine Fragen zu beantworten.<\/p>\r\n<p><strong>MA\u00c9:<\/strong> Warum der Titel \"Das Hochland\"? Bezieht er sich auf das Hochland, wie ich es mir vorstellte, oder \u00fcberhaupt nicht?<\/p>\r\n<p><strong>MATTHIEU BARBEZAT:<\/strong> Nicht wirklich nein. Es ist ein Titel der freien Aneignung. Tats\u00e4chlich haben wir uns vom Schachbrettmuster, dem Bebauungsplan f\u00fcr den Wiederaufbau der Stadt, inspirieren lassen und eine imagin\u00e4re Parzelle \u00fcberh\u00f6ht. Tats\u00e4chlich projiziert sie sich wie ein fliegender Teppich oder wie ein Plateau, das dazu gebracht wird, verschoben zu werden.<\/p>\r\n<p><strong>MA\u00c9:<\/strong> Warum steht die Stahlwand so, dass sie eine Bank durchschneidet? Es ist ein bisschen so, als w\u00fcrde sie eine Grenze oder eine Barriere bilden...<\/p>\r\n<p><strong>MATTHIEU BARBEZAT:<\/strong> Tats\u00e4chlich schafft die Struktur des St\u00fccks verschiedene Momente, ebenso wie die Vielfalt der Materialien, die daf\u00fcr verwendet werden. Wir w\u00e4hlten sie in Verbindung mit dem Schema der Proxemik von Edward T. Hall, das eine Theorie der Entfernungen von \u00f6ffentlicher und privater Sph\u00e4re ist. Und, wenn du so willst, je weiter du au\u00dferhalb des Sets bist, desto k\u00e4lter und h\u00e4rter wirken die Materialien, die wir verwendet haben, wie eben der Beton. Dann geht es \u00fcber Holz zu EPDM, das ein weicher Gummi ist.<\/p>\r\n<p>Nat\u00fcrlich sind alle verwendeten Materialien f\u00fcr den Au\u00dfenbereich konzipiert. Sie sind also relativ weich.<\/p>\r\n<p><strong>MA\u00c9:<\/strong> Ist es ein Kunstwerk, das die Menschen einl\u00e4dt, darauf zu kommen und es zu genie\u00dfen?<\/p>\r\n<p><strong>MATTHIEU BARBEZAT:<\/strong> In der Tat ist es eine Einladung. Er wird \u00fcbrigens auch \"Kulturraum\" genannt. \"Le Plateau\", es bietet Spazierg\u00e4ngern und Bewohnern des Viertels zwei Arten von Erfahrungen. Sie k\u00f6nnen sich daf\u00fcr entscheiden, Zuschauer des Kunstwerks zu sein, es aus der Distanz zu betrachten, indem sie sich zum Beispiel auf einer Bank niederlassen. Als zweite M\u00f6glichkeit k\u00f6nnen sie sich entscheiden, daran teilzunehmen, aktiv zu werden und einen Platz einzunehmen. Das bedeutet, dass die Betrachtung umgekehrt wird und der Blick mehr auf die Stadt gerichtet wird.<\/p>\r\n<p><strong>MA\u00c9:<\/strong> Bez\u00fcglich des Stahls, der in der Mitte des Kunstwerks liegt: Warum haben Sie beschlossen, dass er matt ist und keine Formen oder Farben reflektiert, sondern nur das Licht? Was wollten Sie damit ausdr\u00fccken?<\/p>\r\n<p><strong>MATTHIEU BARBEZAT:<\/strong> Es ist ein reflektierender Schirm aus geb\u00fcrstetem Chromstahl. Er f\u00e4ngt Atmosph\u00e4ren und Stimmungen ein und strahlt sie wieder aus. Da er empfindlich auf Wetterbedingungen reagiert, ist er nie ganz gleich. Seine Form und Position machen ihn zu einer Art Parabel des Zeitzeigers.<\/p>\r\n<p><strong>MA\u00c9:<\/strong> Wir befinden uns in einer Uhrenstadt und es gibt diese etwas abgerundeten Formen, die an mehreren Stellen wie Halbmonde aussehen. Hat das etwas mit Uhren zu tun, mit Zifferbl\u00e4ttern?<\/p>\r\n<p><strong>MATTHIEU BARBEZAT:<\/strong> Das war gut gemeint. Wir wurden gebeten, diese Intervention f\u00fcr den zehnten Jahrestag der Aufnahme des Uhrmacher-Urbanismus in die Liste des UNESCO-Weltkulturerbes vorzuschlagen. Also wurden alle Formen in Verbindung mit der Stadt La Chaux-de-Fonds, aber auch mit den Uhren gedacht. Die Abmessungen wurden mit den Proportionen des Modulor, von Le Corbusier, berechnet. Und wie du gesagt hast, findet man die Form des Bildschirms wieder, Haus hat auch das Schachbrettmuster. Und dann, wie wir kurz zuvor besprochen haben, spielen wir auch die Nadel nach. Es ist also alles da.<\/p>\r\n<p><strong>MA\u00c9:<\/strong> Ihr seid zu zweit: Arbeitet ihr immer zusammen? Oder war es nur ein einziges Mal, dass ihr dieses Kunstwerk gemacht habt?<\/p>\r\n<p><strong>MATTHIEU BARBEZAT:<\/strong> Ja, wir arbeiten immer noch zusammen, seit 2014.<\/p>\r\n<p>Also, ciao Ma\u00e9 und alles Gute f\u00fcr dich!<\/p>\r\n<p>&nbsp;<\/p>\r\n\r\n<p>&nbsp;<\/p>\r\n\r\n\r\n\r\n<p>\u00b0\u00b0<\/p>\r\n\r\n\r\n\r\n<p class=\"has-small-font-size\">\"ART'S COOL\" oder \"Art is cool\"!<\/p>\r\n\r\n\r\n\r\n<p class=\"has-small-font-size\">Dies ist eine Begegnung mit einem zeitgen\u00f6ssischen Kunstwerk in der Schweiz, betrachtet, erkundet, und hinterfragt von jungen Menschen. Auf die Fragen der Jugendlichen geben wiederum die K\u00fcnstlerin oder der K\u00fcnstler auf ihre Weise eine Antwort. Ganz einfach, nicht?<\/p>\r\n\r\n\r\n\r\n<p class=\"has-small-font-size\">In dieser zweiten Saison l\u00e4dt unser Podcast dich ein, Werke ausserhalb der \u00fcblichen Ausstellungsorte zu besuchen, meistens im Freien! Fast jede Woche entdecken wir gemeinsam eine k\u00fcnstlerische Sch\u00f6pfung, die irgendwo in der Schweiz im \u00f6ffentlichen Raum zu finden ist.<\/p>\r\n\r\n\r\n\r\n<p class=\"has-small-font-size\">Heute ging es um das Werk <em>Das Plateau<\/em> von <a href=\"https:\/\/barbezat-villetard.com\/\">Barbezat-Villetard<\/a>Sie wurde von Ma\u00e9 mit neugierigen Augen betrachtet. Verpassen Sie es nicht, das Werk, um das es in der Rue de l'Avenir in La Chaux-de-Fonds ging, in natura zu sehen.<\/p>\r\n\r\n\r\n\r\n<p class=\"has-small-font-size\">Sammle zeitgen\u00f6ssische Kunst mit deinen Ohren! Die Webseite <a href=\"https:\/\/artscool.ch\/de\/\"><strong>artscool.ch\/de<\/strong><\/a> pr\u00e4sentiert alle Episoden, die seit Herbst 2021 ausgestrahlt wurden. Eine vielf\u00e4ltige und wachsende Sammlung! Ausserdem findest du dort alle Portraits der jugendlichen Fans der zeitgen\u00f6ssischen Kunst, die Kurzbiographien der interviewten K\u00fcnstlerinnen und K\u00fcnstler und die Bilder der Werke.<\/p>\r\n\r\n\r\n\r\n<p class=\"has-small-font-size\">Falls du zur Verbreitung des Podcasts ART\u2019S COOL beitragen m\u00f6chtest, z\u00f6gere nicht\u2026 in deinem Umfeld dar\u00fcber zu sprechen, den Podcast auf deiner bevorzugten Plattform zu abonnieren und mit f\u00fcnf Sternen zu bewerten. Du kannst uns auch auf Instagram folgen unter dem Account <strong><a href=\"https:\/\/www.instagram.com\/young_pods\/\">young_pods<\/a>.<\/strong><\/p>\r\n\r\n\r\n\r\n<p class=\"has-small-font-size\">Der Podcast ART\u2019S COOL wird realisiert und ausgestrahlt mit der grossz\u00fcgigen Unterst\u00fctzung der Loterie Romande, dem Migros-Kulturprozent, der Oertli-Stiftung, der Sandoz-Familienstiftung, den Kantonen Aargau, Basel-Stadt, Bern, Genf, Glarus, Graub\u00fcnden, Obwalden, Sankt Gallen, Solothurn, Thurgau, Waadt, Wallis, Zug, Z\u00fcrich, und den St\u00e4dten Winterthur, Yverdon-les-bains, Zug und Z\u00fcrich.<\/p>\r\n\r\n\r\n\r\n<p class=\"has-small-font-size\">Mit der Stimme von Florence Grivel in der franz\u00f6sischen Version und Stephan Kyburz in der deutschen Version.<br \/>Musik and Sounddesign von Christophe Gonet.<\/p>\r\n\r\n\r\n\r\n<p class=\"has-black-color has-text-color has-small-font-size\">Dies ist eine Produktion <a href=\"https:\/\/www.youngpods.ch\/\" target=\"_blank\" rel=\"noreferrer noopener\"><span style=\"text-decoration: underline;\"><strong>Young Pods<\/strong><\/span><\/a>.<\/p>","protected":false},"excerpt":{"rendered":"<p>La Chaux-de-Fonds, Rue de l'Avenir: Ma\u00e9 fragt sich, ob die Betonplatte, die in der Luft zu h\u00e4ngen scheint, gut berechnet wurde.<\/p>","protected":false},"featured_media":2502,"template":"","artist":[166],"canton":[146],"episode-":[101],"season":[82],"podcast-categories":[],"class_list":["post-2499","podcast","type-podcast","status-publish","has-post-thumbnail","hentry","artist-barbezat-villetard","canton-neuchatel","episode--episode-52","season-season-2"],"acf":[],"_links":{"self":[{"href":"https:\/\/artscool.ch\/de\/wp-json\/wp\/v2\/podcast\/2499","targetHints":{"allow":["GET"]}}],"collection":[{"href":"https:\/\/artscool.ch\/de\/wp-json\/wp\/v2\/podcast"}],"about":[{"href":"https:\/\/artscool.ch\/de\/wp-json\/wp\/v2\/types\/podcast"}],"version-history":[{"count":2,"href":"https:\/\/artscool.ch\/de\/wp-json\/wp\/v2\/podcast\/2499\/revisions"}],"predecessor-version":[{"id":3055,"href":"https:\/\/artscool.ch\/de\/wp-json\/wp\/v2\/podcast\/2499\/revisions\/3055"}],"wp:featuredmedia":[{"embeddable":true,"href":"https:\/\/artscool.ch\/de\/wp-json\/wp\/v2\/media\/2502"}],"wp:attachment":[{"href":"https:\/\/artscool.ch\/de\/wp-json\/wp\/v2\/media?parent=2499"}],"wp:term":[{"taxonomy":"artist","embeddable":true,"href":"https:\/\/artscool.ch\/de\/wp-json\/wp\/v2\/artist?post=2499"},{"taxonomy":"canton","embeddable":true,"href":"https:\/\/artscool.ch\/de\/wp-json\/wp\/v2\/canton?post=2499"},{"taxonomy":"episode-","embeddable":true,"href":"https:\/\/artscool.ch\/de\/wp-json\/wp\/v2\/episode-?post=2499"},{"taxonomy":"season","embeddable":true,"href":"https:\/\/artscool.ch\/de\/wp-json\/wp\/v2\/season?post=2499"},{"taxonomy":"podcast-categories","embeddable":true,"href":"https:\/\/artscool.ch\/de\/wp-json\/wp\/v2\/podcast-categories?post=2499"}],"curies":[{"name":"wp","href":"https:\/\/api.w.org\/{rel}","templated":true}]}}

Maé &amp; Barbezat-Villetard

<p class="has-small-font-size"> </p>

<h3><strong>Hallo, mein Name ist Maé, ich bin siebzehn Jahre alt und wohne in La Chaux-de-Fonds.</strong></h3>
<p>&nbsp;</p>
<h3><strong>Kunst ist für mich alles und nichts. Es hängt von der Person ab, was sie zeigen möchte. Es ist ein Ausdrucksmittel.</strong></h3>
<p>&nbsp;</p>
<h3><strong>Heute habe ich eine Verabredung mit einem Kunstwerk von Barbezat-Villetard in La Chaux-de-Fonds. Kommst du mit?</strong></h3>
<p>&nbsp;</p>
<p><strong>MAÉ:</strong> Ich laufe ein Stück die Straße entlang. Wir sind in der Rue de l'Avenir, direkt unter der Kunsthochschule und neben der Synagoge. Es ist eine sehr nette kleine Ecke. Da wir uns neben der École d'art befinden, überrascht es mich überhaupt nicht, dass es hier ein Kunstwerk gibt. Es gelingt uns, es von unten zu sehen. Wir befinden uns auf einer abschüssigen Straße neben der Synagoge. Und man sieht, dass die Skulptur mit diesem Gefälle spielt, das wir in den Straßen von La Chaux-de-Fonds haben. Es sieht ein bisschen wie eine Sprungschanze aus; die Bänke und Tische sind entsprechend der Neigung ausgerichtet, damit alles gerade ist. Ich glaube also, dass das Werk in dieser Ecke an diese Tatsache erinnern soll.</p>
<p>So, jetzt stehe ich neben dem Kunstwerk. Wir sehen eine große Betonplatte, die eine Art kleine Bank oder einen kleinen Platz zum Sitzen darstellt. Die Betonplatte scheint ein wenig in der Luft zu hängen: Man weiß nicht genau, worauf sie steht. Architekten müssen Berechnungen angestellt haben, denn jedes Mal, wenn ich daran vorbeigehe, frage ich mich: "Wie hält das Ding nur?". Es gibt auch eine matte Metallplatte, die nicht spiegelverkehrt ist. Ich gehe ein wenig um das Werk herum, um es besser sehen zu können. Jetzt kann ich sehen, dass es Zeichnungen auf dem Holzboden und eine andere Art von Boden gibt, aus Beton mit Kies im Inneren. Man kann sehen, dass die kleinen Bänke, von denen ich gesprochen habe, ziemlich niedrig sind. Es gibt zwei davon; sie sind ein wenig abgerundet, wie ein Mond. Die Metallplatte teilt eine der beiden in zwei Hälften.</p>
<p>Man kann auch feststellen, dass dieses Werk der Ausrichtung der Häuser von La Chaux-de-Fonds folgt, die so berechnet ist, dass es am längsten am Tag Licht gibt. Das Werk ist genau auf die Lichtseite gerichtet, abgesehen von der Seite der Metallplatte, wo das kleine Ende der Bank im Schatten liegt. Es erinnert an einen Tag-Nacht-Mond: Es gibt diesen Gegensatz.</p>
<p>Es ist ein etwas ungewöhnliches Kunstwerk; ich habe es nie für ein Kunstwerk gehalten, obwohl ich schon ein paar Mal daran vorbeigegangen bin. Die Installation scheint eher ein Ort zu sein, an dem man sich niederlassen kann. Ein Ort, an den die Schüler der Kunstschule kommen können, um zu essen oder sich niederzulassen und die Sonne zu genießen. Da die ganze Straße offen ist und wir die Sonne direkt vor uns haben.</p>
<p>Ich werde nun den Steckbrief lesen, um zu sehen, ob er mir Hinweise gibt. Es handelt sich um eine Skulptur von Matthieu Barbezat und Camille Villetard. Sie trägt den Namen Le Plateau. Sie stammt aus dem Jahr 2020. Sie ist aus Beton, Holz und gebürstetem Chromstahl gefertigt. Sie ist 638 x 638 x 75 cm groß.</p>
<p>Der Titel repräsentiert das Werk gut, denn es ist wirklich ein Hochplateau. Das erinnert mich an das Hochplateau... in der Schweiz ist es, glaube ich, der Jura, der ein Hochplateau hat. Da es der Kanton direkt daneben ist, gibt es vielleicht eine geografische Beziehung... Das war das Erste, woran es mich erinnert hat... die Tatsache, dass es ein bisschen hoch ist, hat mich wirklich daran denken lassen.</p>
<p>Ich werde nun den Künstlern einige Fragen stellen.</p>
<p><strong>MATTHIEU BARBEZAT:</strong> Hallo Maé, hier ist Matthieu aus Barbezat-Villetard. Ich werde versuchen, deine Fragen zu beantworten.</p>
<p><strong>MAÉ:</strong> Warum der Titel "Das Hochland"? Bezieht er sich auf das Hochland, wie ich es mir vorstellte, oder überhaupt nicht?</p>
<p><strong>MATTHIEU BARBEZAT:</strong> Nicht wirklich nein. Es ist ein Titel der freien Aneignung. Tatsächlich haben wir uns vom Schachbrettmuster, dem Bebauungsplan für den Wiederaufbau der Stadt, inspirieren lassen und eine imaginäre Parzelle überhöht. Tatsächlich projiziert sie sich wie ein fliegender Teppich oder wie ein Plateau, das dazu gebracht wird, verschoben zu werden.</p>
<p><strong>MAÉ:</strong> Warum steht die Stahlwand so, dass sie eine Bank durchschneidet? Es ist ein bisschen so, als würde sie eine Grenze oder eine Barriere bilden...</p>
<p><strong>MATTHIEU BARBEZAT:</strong> Tatsächlich schafft die Struktur des Stücks verschiedene Momente, ebenso wie die Vielfalt der Materialien, die dafür verwendet werden. Wir wählten sie in Verbindung mit dem Schema der Proxemik von Edward T. Hall, das eine Theorie der Entfernungen von öffentlicher und privater Sphäre ist. Und, wenn du so willst, je weiter du außerhalb des Sets bist, desto kälter und härter wirken die Materialien, die wir verwendet haben, wie eben der Beton. Dann geht es über Holz zu EPDM, das ein weicher Gummi ist.</p>
<p>Natürlich sind alle verwendeten Materialien für den Außenbereich konzipiert. Sie sind also relativ weich.</p>
<p><strong>MAÉ:</strong> Ist es ein Kunstwerk, das die Menschen einlädt, darauf zu kommen und es zu genießen?</p>
<p><strong>MATTHIEU BARBEZAT:</strong> In der Tat ist es eine Einladung. Er wird übrigens auch "Kulturraum" genannt. "Le Plateau", es bietet Spaziergängern und Bewohnern des Viertels zwei Arten von Erfahrungen. Sie können sich dafür entscheiden, Zuschauer des Kunstwerks zu sein, es aus der Distanz zu betrachten, indem sie sich zum Beispiel auf einer Bank niederlassen. Als zweite Möglichkeit können sie sich entscheiden, daran teilzunehmen, aktiv zu werden und einen Platz einzunehmen. Das bedeutet, dass die Betrachtung umgekehrt wird und der Blick mehr auf die Stadt gerichtet wird.</p>
<p><strong>MAÉ:</strong> Bezüglich des Stahls, der in der Mitte des Kunstwerks liegt: Warum haben Sie beschlossen, dass er matt ist und keine Formen oder Farben reflektiert, sondern nur das Licht? Was wollten Sie damit ausdrücken?</p>
<p><strong>MATTHIEU BARBEZAT:</strong> Es ist ein reflektierender Schirm aus gebürstetem Chromstahl. Er fängt Atmosphären und Stimmungen ein und strahlt sie wieder aus. Da er empfindlich auf Wetterbedingungen reagiert, ist er nie ganz gleich. Seine Form und Position machen ihn zu einer Art Parabel des Zeitzeigers.</p>
<p><strong>MAÉ:</strong> Wir befinden uns in einer Uhrenstadt und es gibt diese etwas abgerundeten Formen, die an mehreren Stellen wie Halbmonde aussehen. Hat das etwas mit Uhren zu tun, mit Zifferblättern?</p>
<p><strong>MATTHIEU BARBEZAT:</strong> Das war gut gemeint. Wir wurden gebeten, diese Intervention für den zehnten Jahrestag der Aufnahme des Uhrmacher-Urbanismus in die Liste des UNESCO-Weltkulturerbes vorzuschlagen. Also wurden alle Formen in Verbindung mit der Stadt La Chaux-de-Fonds, aber auch mit den Uhren gedacht. Die Abmessungen wurden mit den Proportionen des Modulor, von Le Corbusier, berechnet. Und wie du gesagt hast, findet man die Form des Bildschirms wieder, Haus hat auch das Schachbrettmuster. Und dann, wie wir kurz zuvor besprochen haben, spielen wir auch die Nadel nach. Es ist also alles da.</p>
<p><strong>MAÉ:</strong> Ihr seid zu zweit: Arbeitet ihr immer zusammen? Oder war es nur ein einziges Mal, dass ihr dieses Kunstwerk gemacht habt?</p>
<p><strong>MATTHIEU BARBEZAT:</strong> Ja, wir arbeiten immer noch zusammen, seit 2014.</p>
<p>Also, ciao Maé und alles Gute für dich!</p>
<p>&nbsp;</p>

<p>&nbsp;</p>



<p>°°</p>



<p class="has-small-font-size">"ART'S COOL" oder "Art is cool"!</p>



<p class="has-small-font-size">Dies ist eine Begegnung mit einem zeitgenössischen Kunstwerk in der Schweiz, betrachtet, erkundet, und hinterfragt von jungen Menschen. Auf die Fragen der Jugendlichen geben wiederum die Künstlerin oder der Künstler auf ihre Weise eine Antwort. Ganz einfach, nicht?</p>



<p class="has-small-font-size">In dieser zweiten Saison lädt unser Podcast dich ein, Werke ausserhalb der üblichen Ausstellungsorte zu besuchen, meistens im Freien! Fast jede Woche entdecken wir gemeinsam eine künstlerische Schöpfung, die irgendwo in der Schweiz im öffentlichen Raum zu finden ist.</p>



<p class="has-small-font-size">Heute ging es um das Werk <em>Das Plateau</em> von <a href="https://barbezat-villetard.com/">Barbezat-Villetard</a>Sie wurde von Maé mit neugierigen Augen betrachtet. Verpassen Sie es nicht, das Werk, um das es in der Rue de l'Avenir in La Chaux-de-Fonds ging, in natura zu sehen.</p>



<p class="has-small-font-size">Sammle zeitgenössische Kunst mit deinen Ohren! Die Webseite <a href="https://artscool.ch/de/"><strong>artscool.ch/de</strong></a> präsentiert alle Episoden, die seit Herbst 2021 ausgestrahlt wurden. Eine vielfältige und wachsende Sammlung! Ausserdem findest du dort alle Portraits der jugendlichen Fans der zeitgenössischen Kunst, die Kurzbiographien der interviewten Künstlerinnen und Künstler und die Bilder der Werke.</p>



<p class="has-small-font-size">Falls du zur Verbreitung des Podcasts ART’S COOL beitragen möchtest, zögere nicht… in deinem Umfeld darüber zu sprechen, den Podcast auf deiner bevorzugten Plattform zu abonnieren und mit fünf Sternen zu bewerten. Du kannst uns auch auf Instagram folgen unter dem Account <strong><a href="https://www.instagram.com/young_pods/">young_pods</a>.</strong></p>



<p class="has-small-font-size">Der Podcast ART’S COOL wird realisiert und ausgestrahlt mit der grosszügigen Unterstützung der Loterie Romande, dem Migros-Kulturprozent, der Oertli-Stiftung, der Sandoz-Familienstiftung, den Kantonen Aargau, Basel-Stadt, Bern, Genf, Glarus, Graubünden, Obwalden, Sankt Gallen, Solothurn, Thurgau, Waadt, Wallis, Zug, Zürich, und den Städten Winterthur, Yverdon-les-bains, Zug und Zürich.</p>



<p class="has-small-font-size">Mit der Stimme von Florence Grivel in der französischen Version und Stephan Kyburz in der deutschen Version.<br />Musik and Sounddesign von Christophe Gonet.</p>



<p class="has-black-color has-text-color has-small-font-size">Dies ist eine Produktion <a href="https://www.youngpods.ch/" target="_blank" rel="noreferrer noopener"><span style="text-decoration: underline;"><strong>Young Pods</strong></span></a>.</p>

<p>La Chaux-de-Fonds, Rue de l'Avenir: Maé fragt sich, ob die Betonplatte, die in der Luft zu hängen scheint, gut berechnet wurde.</p>
