{"id":2487,"date":"2023-05-21T11:32:35","date_gmt":"2023-05-21T09:32:35","guid":{"rendered":"https:\/\/artscool.ch\/?post_type=podcast&#038;p=2487"},"modified":"2024-10-04T12:50:41","modified_gmt":"2024-10-04T10:50:41","slug":"ana-baltensperger-siepert","status":"publish","type":"podcast","link":"https:\/\/artscool.ch\/de\/podcast\/ana-baltensperger-siepert\/","title":{"rendered":"Ana &amp; Baltensperger + Siepert"},"content":{"rendered":"<p class=\"has-small-font-size\">\u00a0<\/p>\r\n\r\n<h3><strong>Hoi zusammen, ich bin Ana, ich bin 17 Jahre alt und ich komme aus Z\u00fcrich.<\/strong><\/h3>\r\n<h3>\u00a0<\/h3>\r\n<h3><strong>Kunst ist f\u00fcr mich ein Weg, ein Gef\u00fchl oder eine Botschaft r\u00fcber zu bringen und eine Reaktion beim Gegen\u00fcber auszul\u00f6sen.<\/strong><\/h3>\r\n<h3>\u00a0<\/h3>\r\n<h3><strong>Heute habe ich eine Begegnung mit einem Kunstwerk in Z\u00fcrich Oerlikon. Kommt ihr auch mit?<\/strong><\/h3>\r\n<p>&nbsp;<\/p>\r\n<p><strong>ANA:<\/strong> Wir sind jetzt gerade mit dem Bus zum Hunzikerplatz gefahren und suchen jetzt das Kunstwerk. Wir sind inmitten vom Industriegebiet und rund um uns hat es verschiedene Siedlungen und ein Caf\u00e9.<\/p>\r\n<p>Jetzt haben wir das Kunstwerk gefunden. Wir sind hier auf einem kleinen Platz umgeben von H\u00e4usern und es ist etwas karg und in der Mitte des Platzes sehen wir schon die graue Glocke im Boden. Die Glocke sieht abgeschnitten aus, weil sie im Boden liegt. Sie ist grau, aber sie hat einige Spuren, vielleicht von der Witterung, oder einfach Flecken vom Material.<\/p>\r\n<p>Das ist das Kunstwerk \u201cDie Glocke\u201d von Baltensperger + Siepert. Das Werk befindet sich auf dem Hunzikerareal in Oerlikon Z\u00fcrich, und es ist 2018 realisiert worden. Es ist eine Skulptur, eine Aluminiumguss, und die Dimensionen sind 120 x 120 x 120 cm.<\/p>\r\n<p>Jetzt habe ich noch einige Fragen ans K\u00fcnstlerduo.<\/p>\r\n<p><strong>BALTENSPERGER + SIEPERT:<\/strong> Hallo Ana, sch\u00f6n dass du dir unser Werk \u201cDie Glocke\u201d ausgesucht hast.<\/p>\r\n<p><strong>ANA:<\/strong> Als Erstes frage ich mich, wie man darauf kommt, eine Glocke auf den Boden zu stellen, so dass sie gar keinen Ton mehr machen kann, gar nicht mehr t\u00f6nen kann. Und warum sie hier auf diesem Platz steht? Weil hier hat es ja ziemlich viele Kinder und vielleicht wird sie so eher zu einem Kinderspielplatz und ob das Teil des Kunstwerks ist oder ob dies eher eine Nebeneffekt ist.<\/p>\r\n<p><strong>BALTENSPERGER + SIEPERT:<\/strong> Wir wurden damals eingeladen, ein Werk f\u00fcr den \u00f6ffentlichen Raum in einem Neubaugebiet in Oerlikon zu konzipieren.<\/p>\r\n<p>Eine wichtige Frage f\u00fcr uns war, wie weit der Begriff der \u00d6ffentlichkeit \u00fcberhaupt gefasst werden kann. Ist es m\u00f6glich, das Elit\u00e4re der Kunst zu \u00fcberwinden und ein Werk zu schaffen, das f\u00fcr die Menschen im Quartier Sinn ergibt und Bedeutung haben kann.<\/p>\r\n<p>F\u00fcr ein anderes Projekt haben wir uns mit dem Filmklassiker von \u201cAndrei Rublev\u201d von Andrei Tarkovsky. In der Endszene des Films wird der Wiederaufbau einer zerst\u00f6rten Stadt mit dem gemeinschaftlichen Guss einer Glocke eingel\u00e4utet. Inspiriert von dieser Szene haben wir uns entschlossen, auch eine Glocke zu giessen.<\/p>\r\n<p>Unsere Idee bestand darin, die Menschen des Quartiers in die Entstehung dieser Glocke miteinzubeziehen. Jedem die M\u00f6glichkeit zu geben, einen Teil zur Entstehung des Werkes beizutragen.<\/p>\r\n<p>Wir reden hier von Partizipation, nicht im Sinne eines kollektiven Entwurfsprozesses, aber im Sinn der Teilnahme bei einer gemeinschaftlichen Anstrengung und Erfahrung, die die Menschen und das Werk in eine Beziehung setzen.<\/p>\r\n<p><strong>ANA:<\/strong> Ausserdem frage ich mich, warum sie genau eine graue Glocke gemacht haben, weil sie geht fast etwas unter in der Umgebung und weiss nicht, ob dies vielleicht ein Teil der Intention der K\u00fcnstler war oder eben nicht.<\/p>\r\n<p><strong>BALTENSPERGER + SIEPERT:<\/strong> Im Rahmen von verschiedenen Veranstaltungen haben wir die Menschen im Quartier dazu eingeladen, Aluminium f\u00fcr den Guss dieser Glocke zu spenden. Nur wenn gen\u00fcgend Metall zusammenk\u00e4me, k\u00f6nnte die Glocke auch tats\u00e4chlich gegossen werden.<\/p>\r\n<p>Die Leute haben alles M\u00f6gliche aus Aluminium gebracht: leere Bierdosen, Aluminiumfelgen, Autodachtr\u00e4ger, ein Reisekoffer, M\u00f6belteile, Velorahmen, und vieles mehr.<\/p>\r\n<p>Als dann gen\u00fcgend Aluminium zusammengekommen war, konnten wir die Glocke zusammen mit der Kunstgiesserei St. Gallen in einem grossen festlichen Akt mitten im Wohnquartier in Oerlikon giessen.<\/p>\r\n<p><strong>ANA:<\/strong> Und als letztes frage ich mich, ob man es gleich als Glocke erkennen soll. Weil ohne dass ich den Titel gekannt h\u00e4tte, w\u00e4re ich nicht gerade auf das gekommen.<\/p>\r\n<p><strong>BALTENSPERGER + SIEPERT:<\/strong> Diese Glocke wurde direkt in den Boden gegossen, sichtbar ist nur der oberste Teil. Den Klang dieser Glocke wird man nicht h\u00f6ren und trotzdem klingt in ihr der vorausgegangene, gemeinschaftliche Akt weiter. Das im Boden verbliebene Werk wird so zu einer Erz\u00e4hlung und zur kollektiven Erinnerung an den Guss dieser Glocke.<\/p>\r\n<p>Liebe Ana, wir hoffen, wir konnten einige deiner Fragen beantworten und w\u00fcnschen dir viel Freude bei weiteren Erkundungen in der Kunst.<\/p>\r\n<p>&nbsp;<\/p>\r\n\r\n<p class=\"has-small-font-size\">\u00b0\u00b0<\/p>\r\n\r\n\r\n\r\n<p class=\"has-small-font-size\">ART'S COOL oder \"Art is cool\"!<\/p>\r\n\r\n\r\n\r\n<p class=\"has-small-font-size\">Dies ist eine Begegnung mit einem zeitgen\u00f6ssischen Kunstwerk in der Schweiz, betrachtet, erkundet, und hinterfragt von jungen Menschen. Auf die Fragen der Jugendlichen geben wiederum die K\u00fcnstlerin oder der K\u00fcnstler auf ihre Weise eine Antwort. Ganz einfach, nicht?<\/p>\r\n\r\n\r\n\r\n<p class=\"has-small-font-size\">In dieser zweiten Saison l\u00e4dt unser Podcast dich ein, Werke ausserhalb der \u00fcblichen Ausstellungsorte zu besuchen, meistens im Freien! Fast jede Woche entdecken wir gemeinsam eine k\u00fcnstlerische Sch\u00f6pfung, die irgendwo in der Schweiz im \u00f6ffentlichen Raum zu finden ist.<\/p>\r\n\r\n\r\n\r\n<p class=\"has-small-font-size\">Heute ging es um \"Die Glocke\" vom K\u00fcnstlerduo <a href=\"https:\/\/www.baltensperger-siepert.com\" data-type=\"URL\" data-id=\"https:\/\/www.baltensperger-siepert.com\">Baltensperger + Siepert<\/a>, untersucht vom neugierigem Blick von Ana. Verpasse nicht, das Kunstwerk in Wirklichkeit selber zu entdecken, und zwar in Z\u00fcrich, auf dem Hunziker-Areal, in Z\u00fcrich-Oerlikon.<\/p>\r\n\r\n\r\n\r\n<p class=\"has-small-font-size\">Sammle zeitgen\u00f6ssische Kunst mit deinen Ohren! Die Webseite <a href=\"https:\/\/artscool.ch\/de\/\"><strong>artscool.ch\/de<\/strong><\/a> pr\u00e4sentiert alle Episoden, die seit Herbst 2021 ausgestrahlt wurden. Eine vielf\u00e4ltige und wachsende Sammlung! Ausserdem findest du dort alle Portraits der jugendlichen Fans der zeitgen\u00f6ssischen Kunst, die Kurzbiographien der interviewten K\u00fcnstlerinnen und K\u00fcnstler und die Bilder der Werke.<\/p>\r\n\r\n\r\n\r\n<p class=\"has-small-font-size\">Falls du zur Verbreitung des Podcasts ART\u2019S COOL beitragen m\u00f6chtest, z\u00f6gere nicht\u2026 in deinem Umfeld dar\u00fcber zu sprechen, den Podcast auf deiner bevorzugten Plattform zu abonnieren und mit f\u00fcnf Sternen zu bewerten. Du kannst uns auch auf Instagram folgen unter dem Account <strong><a href=\"https:\/\/www.instagram.com\/young_pods\/\">young_pods<\/a>.<\/strong><\/p>\r\n\r\n\r\n\r\n<p class=\"has-small-font-size\">Der Podcast ART\u2019S COOL wird realisiert und ausgestrahlt mit der grossz\u00fcgigen Unterst\u00fctzung der Loterie Romande, dem Migros-Kulturprozent, der Oertli-Stiftung, der Sandoz-Familienstiftung, den Kantonen Aargau, Basel-Stadt, Bern, Genf, Glarus, Graub\u00fcnden, Obwalden, Sankt Gallen, Solothurn, Thurgau, Waadt, Wallis, Zug, Z\u00fcrich, und den St\u00e4dten Winterthur, Yverdon-les-bains, Zug und Z\u00fcrich.<\/p>\r\n\r\n\r\n\r\n<p class=\"has-small-font-size\">Mit der Stimme von Florence Grivel in der franz\u00f6sischen Version und Stephan Kyburz in der deutschen Version.<br \/>Musik and Sounddesign von Christophe Gonet.<\/p>\r\n\r\n\r\n\r\n<p class=\"has-black-color has-text-color has-small-font-size\">Dies ist eine Produktion <a href=\"https:\/\/www.youngpods.ch\/\" target=\"_blank\" rel=\"noreferrer noopener\"><span style=\"text-decoration: underline;\"><strong>Young Pods<\/strong><\/span><\/a>.<\/p>","protected":false},"excerpt":{"rendered":"<p>Hunziker-Areal in Z\u00fcrich-Oerlikon: Ana hat eine Verabredung mit einem Werk des Duos Baltensperger + Siepert. Sie fragt sich, warum sie eine Glocke so auf den Boden legen soll, dass sie keinen Ton mehr von sich geben kann.<\/p>","protected":false},"featured_media":2484,"template":"","artist":[165],"canton":[159],"episode-":[97],"season":[82],"podcast-categories":[],"class_list":["post-2487","podcast","type-podcast","status-publish","has-post-thumbnail","hentry","artist-baltensperger-siepert","canton-zurich","episode--episode-48","season-season-2"],"acf":[],"_links":{"self":[{"href":"https:\/\/artscool.ch\/de\/wp-json\/wp\/v2\/podcast\/2487","targetHints":{"allow":["GET"]}}],"collection":[{"href":"https:\/\/artscool.ch\/de\/wp-json\/wp\/v2\/podcast"}],"about":[{"href":"https:\/\/artscool.ch\/de\/wp-json\/wp\/v2\/types\/podcast"}],"version-history":[{"count":2,"href":"https:\/\/artscool.ch\/de\/wp-json\/wp\/v2\/podcast\/2487\/revisions"}],"predecessor-version":[{"id":3059,"href":"https:\/\/artscool.ch\/de\/wp-json\/wp\/v2\/podcast\/2487\/revisions\/3059"}],"wp:featuredmedia":[{"embeddable":true,"href":"https:\/\/artscool.ch\/de\/wp-json\/wp\/v2\/media\/2484"}],"wp:attachment":[{"href":"https:\/\/artscool.ch\/de\/wp-json\/wp\/v2\/media?parent=2487"}],"wp:term":[{"taxonomy":"artist","embeddable":true,"href":"https:\/\/artscool.ch\/de\/wp-json\/wp\/v2\/artist?post=2487"},{"taxonomy":"canton","embeddable":true,"href":"https:\/\/artscool.ch\/de\/wp-json\/wp\/v2\/canton?post=2487"},{"taxonomy":"episode-","embeddable":true,"href":"https:\/\/artscool.ch\/de\/wp-json\/wp\/v2\/episode-?post=2487"},{"taxonomy":"season","embeddable":true,"href":"https:\/\/artscool.ch\/de\/wp-json\/wp\/v2\/season?post=2487"},{"taxonomy":"podcast-categories","embeddable":true,"href":"https:\/\/artscool.ch\/de\/wp-json\/wp\/v2\/podcast-categories?post=2487"}],"curies":[{"name":"wp","href":"https:\/\/api.w.org\/{rel}","templated":true}]}}

<p class="has-small-font-size"> </p>

<h3><strong>Hoi zusammen, ich bin Ana, ich bin 17 Jahre alt und ich komme aus Zürich.</strong></h3>
<h3> </h3>
<h3><strong>Kunst ist für mich ein Weg, ein Gefühl oder eine Botschaft rüber zu bringen und eine Reaktion beim Gegenüber auszulösen.</strong></h3>
<h3> </h3>
<h3><strong>Heute habe ich eine Begegnung mit einem Kunstwerk in Zürich Oerlikon. Kommt ihr auch mit?</strong></h3>
<p>&nbsp;</p>
<p><strong>ANA:</strong> Wir sind jetzt gerade mit dem Bus zum Hunzikerplatz gefahren und suchen jetzt das Kunstwerk. Wir sind inmitten vom Industriegebiet und rund um uns hat es verschiedene Siedlungen und ein Café.</p>
<p>Jetzt haben wir das Kunstwerk gefunden. Wir sind hier auf einem kleinen Platz umgeben von Häusern und es ist etwas karg und in der Mitte des Platzes sehen wir schon die graue Glocke im Boden. Die Glocke sieht abgeschnitten aus, weil sie im Boden liegt. Sie ist grau, aber sie hat einige Spuren, vielleicht von der Witterung, oder einfach Flecken vom Material.</p>
<p>Das ist das Kunstwerk “Die Glocke” von Baltensperger + Siepert. Das Werk befindet sich auf dem Hunzikerareal in Oerlikon Zürich, und es ist 2018 realisiert worden. Es ist eine Skulptur, eine Aluminiumguss, und die Dimensionen sind 120 x 120 x 120 cm.</p>
<p>Jetzt habe ich noch einige Fragen ans Künstlerduo.</p>
<p><strong>BALTENSPERGER + SIEPERT:</strong> Hallo Ana, schön dass du dir unser Werk “Die Glocke” ausgesucht hast.</p>
<p><strong>ANA:</strong> Als Erstes frage ich mich, wie man darauf kommt, eine Glocke auf den Boden zu stellen, so dass sie gar keinen Ton mehr machen kann, gar nicht mehr tönen kann. Und warum sie hier auf diesem Platz steht? Weil hier hat es ja ziemlich viele Kinder und vielleicht wird sie so eher zu einem Kinderspielplatz und ob das Teil des Kunstwerks ist oder ob dies eher eine Nebeneffekt ist.</p>
<p><strong>BALTENSPERGER + SIEPERT:</strong> Wir wurden damals eingeladen, ein Werk für den öffentlichen Raum in einem Neubaugebiet in Oerlikon zu konzipieren.</p>
<p>Eine wichtige Frage für uns war, wie weit der Begriff der Öffentlichkeit überhaupt gefasst werden kann. Ist es möglich, das Elitäre der Kunst zu überwinden und ein Werk zu schaffen, das für die Menschen im Quartier Sinn ergibt und Bedeutung haben kann.</p>
<p>Für ein anderes Projekt haben wir uns mit dem Filmklassiker von “Andrei Rublev” von Andrei Tarkovsky. In der Endszene des Films wird der Wiederaufbau einer zerstörten Stadt mit dem gemeinschaftlichen Guss einer Glocke eingeläutet. Inspiriert von dieser Szene haben wir uns entschlossen, auch eine Glocke zu giessen.</p>
<p>Unsere Idee bestand darin, die Menschen des Quartiers in die Entstehung dieser Glocke miteinzubeziehen. Jedem die Möglichkeit zu geben, einen Teil zur Entstehung des Werkes beizutragen.</p>
<p>Wir reden hier von Partizipation, nicht im Sinne eines kollektiven Entwurfsprozesses, aber im Sinn der Teilnahme bei einer gemeinschaftlichen Anstrengung und Erfahrung, die die Menschen und das Werk in eine Beziehung setzen.</p>
<p><strong>ANA:</strong> Ausserdem frage ich mich, warum sie genau eine graue Glocke gemacht haben, weil sie geht fast etwas unter in der Umgebung und weiss nicht, ob dies vielleicht ein Teil der Intention der Künstler war oder eben nicht.</p>
<p><strong>BALTENSPERGER + SIEPERT:</strong> Im Rahmen von verschiedenen Veranstaltungen haben wir die Menschen im Quartier dazu eingeladen, Aluminium für den Guss dieser Glocke zu spenden. Nur wenn genügend Metall zusammenkäme, könnte die Glocke auch tatsächlich gegossen werden.</p>
<p>Die Leute haben alles Mögliche aus Aluminium gebracht: leere Bierdosen, Aluminiumfelgen, Autodachträger, ein Reisekoffer, Möbelteile, Velorahmen, und vieles mehr.</p>
<p>Als dann genügend Aluminium zusammengekommen war, konnten wir die Glocke zusammen mit der Kunstgiesserei St. Gallen in einem grossen festlichen Akt mitten im Wohnquartier in Oerlikon giessen.</p>
<p><strong>ANA:</strong> Und als letztes frage ich mich, ob man es gleich als Glocke erkennen soll. Weil ohne dass ich den Titel gekannt hätte, wäre ich nicht gerade auf das gekommen.</p>
<p><strong>BALTENSPERGER + SIEPERT:</strong> Diese Glocke wurde direkt in den Boden gegossen, sichtbar ist nur der oberste Teil. Den Klang dieser Glocke wird man nicht hören und trotzdem klingt in ihr der vorausgegangene, gemeinschaftliche Akt weiter. Das im Boden verbliebene Werk wird so zu einer Erzählung und zur kollektiven Erinnerung an den Guss dieser Glocke.</p>
<p>Liebe Ana, wir hoffen, wir konnten einige deiner Fragen beantworten und wünschen dir viel Freude bei weiteren Erkundungen in der Kunst.</p>
<p>&nbsp;</p>

<p class="has-small-font-size">°°</p>



<p class="has-small-font-size">ART'S COOL oder "Art is cool"!</p>



<p class="has-small-font-size">Dies ist eine Begegnung mit einem zeitgenössischen Kunstwerk in der Schweiz, betrachtet, erkundet, und hinterfragt von jungen Menschen. Auf die Fragen der Jugendlichen geben wiederum die Künstlerin oder der Künstler auf ihre Weise eine Antwort. Ganz einfach, nicht?</p>



<p class="has-small-font-size">In dieser zweiten Saison lädt unser Podcast dich ein, Werke ausserhalb der üblichen Ausstellungsorte zu besuchen, meistens im Freien! Fast jede Woche entdecken wir gemeinsam eine künstlerische Schöpfung, die irgendwo in der Schweiz im öffentlichen Raum zu finden ist.</p>



<p class="has-small-font-size">Heute ging es um "Die Glocke" vom Künstlerduo <a href="https://www.baltensperger-siepert.com" data-type="URL" data-id="https://www.baltensperger-siepert.com">Baltensperger + Siepert</a>, untersucht vom neugierigem Blick von Ana. Verpasse nicht, das Kunstwerk in Wirklichkeit selber zu entdecken, und zwar in Zürich, auf dem Hunziker-Areal, in Zürich-Oerlikon.</p>



<p class="has-small-font-size">Sammle zeitgenössische Kunst mit deinen Ohren! Die Webseite <a href="https://artscool.ch/de/"><strong>artscool.ch/de</strong></a> präsentiert alle Episoden, die seit Herbst 2021 ausgestrahlt wurden. Eine vielfältige und wachsende Sammlung! Ausserdem findest du dort alle Portraits der jugendlichen Fans der zeitgenössischen Kunst, die Kurzbiographien der interviewten Künstlerinnen und Künstler und die Bilder der Werke.</p>



<p class="has-small-font-size">Falls du zur Verbreitung des Podcasts ART’S COOL beitragen möchtest, zögere nicht… in deinem Umfeld darüber zu sprechen, den Podcast auf deiner bevorzugten Plattform zu abonnieren und mit fünf Sternen zu bewerten. Du kannst uns auch auf Instagram folgen unter dem Account <strong><a href="https://www.instagram.com/young_pods/">young_pods</a>.</strong></p>



<p class="has-small-font-size">Der Podcast ART’S COOL wird realisiert und ausgestrahlt mit der grosszügigen Unterstützung der Loterie Romande, dem Migros-Kulturprozent, der Oertli-Stiftung, der Sandoz-Familienstiftung, den Kantonen Aargau, Basel-Stadt, Bern, Genf, Glarus, Graubünden, Obwalden, Sankt Gallen, Solothurn, Thurgau, Waadt, Wallis, Zug, Zürich, und den Städten Winterthur, Yverdon-les-bains, Zug und Zürich.</p>



<p class="has-small-font-size">Mit der Stimme von Florence Grivel in der französischen Version und Stephan Kyburz in der deutschen Version.<br />Musik and Sounddesign von Christophe Gonet.</p>



<p class="has-black-color has-text-color has-small-font-size">Dies ist eine Produktion <a href="https://www.youngpods.ch/" target="_blank" rel="noreferrer noopener"><span style="text-decoration: underline;"><strong>Young Pods</strong></span></a>.</p>

<p>Hunziker-Areal in Zürich-Oerlikon: Ana hat eine Verabredung mit einem Werk des Duos Baltensperger + Siepert. Sie fragt sich, warum sie eine Glocke so auf den Boden legen soll, dass sie keinen Ton mehr von sich geben kann.</p>
