{"id":2459,"date":"2023-04-14T17:43:02","date_gmt":"2023-04-14T15:43:02","guid":{"rendered":"https:\/\/artscool.ch\/?post_type=podcast&#038;p=2459"},"modified":"2024-10-04T12:53:35","modified_gmt":"2024-10-04T10:53:35","slug":"sophie-gianni-motti","status":"publish","type":"podcast","link":"https:\/\/artscool.ch\/de\/podcast\/sophie-gianni-motti\/","title":{"rendered":"Sophie &amp; Gianni Motti"},"content":{"rendered":"<p class=\"has-small-font-size\">\u00a0<\/p>\r\n\r\n<h3><strong>Hallo, ich heisse Sophie, bin 16 Jahre alt und lebe in Genf.<\/strong><\/h3>\r\n<h3>\u00a0<\/h3>\r\n<h3><strong>Kunst ist f\u00fcr mich ein Ausdruck von sich selbst; etwas, das man nicht in Worte fassen kann, es ist eine universelle Sprache.<\/strong><\/h3>\r\n<h3>\u00a0<\/h3>\r\n<h3><strong>Heute habe ich ein Rendez-vous mit einem Werk von Gianni Motti, das sich auf dem Friedhof der K\u00f6nige befindet. Kommst du mit?<\/strong><strong><br \/><\/strong><\/h3>\r\n<p>&nbsp;<\/p>\r\n<p><span style=\"font-weight: 400;\">Ich betrete diesen Friedhof. Ich kenne ihn nicht, aber man hat mir gesagt, dass sich das Werk geradeaus und dann nach links befindet, also halte ich Ausschau. Auf jeden Fall ist es sch\u00f6n hier. Ich gehe nicht oft auf den Friedhof, es ist ein bisschen seltsam. Ich f\u00fchle mich nicht zugeh\u00f6rig. Die Gr\u00e4ber sind sehr dunkel. Aber ich bin sehr neugierig auf das Kunstwerk. Wo ist es?\u00a0<\/span><\/p>\r\n<p><span style=\"font-weight: 400;\">Ah, da ist es ja! Ich habe es gefunden. Es ist ein Grabstein. Er ist ein bisschen einsam, im Vergleich zu den anderen, die in Gruppen stehen. Ich gehe n\u00e4her heran, stelle mich vor das Grab und sehe, dass dort etwas steht: \"Ich habe Ihnen gesagt, dass es mir nicht so gut geht\". Es gibt keinen Namen, es gibt kein Datum. Es gibt keine Dekoration. Es gibt keine Blumen. Es gibt nichts drum herum. Sie ist sehr einsam; das ist ein bisschen traurig. Es ist traurig, weil es ein Grab ist, aber noch trauriger ist es, weil das Grab niemandem geh\u00f6rt. Eigentlich geh\u00f6rt es, ich weiss nicht, dem K\u00fcnstler vielleicht sp\u00e4ter...\u00a0<\/span><\/p>\r\n<p><span style=\"font-weight: 400;\">Das ist eigentlich ein bisschen komisch, denn es sagt \"Ich habe euch gesagt, dass es mir nicht so gut geht\", obwohl man das auf einem Friedhof eigentlich nicht sagt. Oft wird auf Gr\u00e4bern etwas Sch\u00f6nes \u00fcber die Person geschrieben, etwas, an das man sich erinnern m\u00f6chte. Die Tatsache, dass der K\u00fcnstler sagt \"Ich habe Ihnen gesagt, dass es mir nicht so gut geht\", gibt mir das Gef\u00fchl, dass es sich um jemanden handelt, dem nicht zugeh\u00f6rt wurde, denn normalerweise machen sich die Angeh\u00f6rigen Sorgen, wenn es einem nicht gut geht. Diese Person ist wahrscheinlich zu fr\u00fch gestorben.<\/span><\/p>\r\n<p><span style=\"font-weight: 400;\">Kunstwerke, die ber\u00fchren mich wirklich sehr. Und hier habe ich nicht das Gef\u00fchl, dass ich eine Fiktion sehe, weil es sich um ein so ernstes und schwerwiegendes Thema handelt. Etwas, von dem wir alle wissen, dass es uns passieren wird. Die einzige menschliche Gewissheit ist, dass wir sterben werden, und deshalb ber\u00fchrt dieses Werk.<\/span><\/p>\r\n<p><span style=\"font-weight: 400;\">Zuerst musste ich \u00fcber diesen Satz schmunzeln, weil ich dachte, okay, das ist ein bisschen ironisch, aber eigentlich zeigt es, dass man im Grunde weiss, dass man sterben wird, aber vielleicht wird man nicht gut in den Tod begleitet. Und das ist verdammt traurig.<\/span><\/p>\r\n<p><span style=\"font-weight: 400;\">Vielleicht gibt es dahinter etwas, das diese enorme Traurigkeit ein wenig ausgleicht. Wir werden also hinter dem Grab nachsehen, ob es dort etwas gibt... Ich hoffe jedenfalls, um meinen Geist zu erleichtern...<\/span><\/p>\r\n<p><span style=\"font-weight: 400;\">Oh nein, da ist nichts dahinter. Da ist nicht einmal eine Blume. Es ist einfach nur grau. Wie der Nebel.<\/span><\/p>\r\n<p><span style=\"font-weight: 400;\">Dieses Kunstwerk tr\u00e4gt den Namen \"Ohne Titel (Ich habe Ihnen gesagt, dass es mir nicht sehr gut geht)\" und ist ein Werk von Gianni Motti aus dem Jahr 2016. Es handelt sich um eine Skulptur aus Granit.<\/span><\/p>\r\n<p><span style=\"font-weight: 400;\">Ich bin von diesem Titel ein wenig entt\u00e4uscht, weil ich erwartet hatte, etwas mehr Informationen \u00fcber das Werk und den Autor zu erhalten. Denn ein Titel kann uns einen anderen Teil des Werks offenbaren, etwas Verborgenes. Und das haben wir hier leider nicht. Also bleiben wir im Zweifel... ohne wirklich zu wissen, ob es sich um etwas Komisches oder nur um Einsamkeit handelt.<\/span><\/p>\r\n<p><span style=\"font-weight: 400;\">Ich stelle dem K\u00fcnstler einige Fragen.<\/span><\/p>\r\n<p>&nbsp;<\/p>\r\n<p><b>SOPHIE <\/b><span style=\"font-weight: 400;\">Meine erste Frage ist, wie man es als K\u00fcnstler schafft, ein so intensives Thema wie den Tod mit Humor und Ironie zu verbinden.<\/span><\/p>\r\n<p><b>GIANNI MOTTI: <\/b><span style=\"font-weight: 400;\">Hallo Sophie. Ich werde versuchen, einige Fragen zu beantworten. Humor und Ironie erfordern Kreativit\u00e4t. Und richtig dosiert sind sie positive Ans\u00e4tze, denn sie helfen, aus einer widrigen Stimmung herauszukommen, indem sie die Fakten relativieren.\u00a0<\/span><\/p>\r\n<p><span style=\"font-weight: 400;\">Die Idee kam mir eher zuf\u00e4llig. Ich sass in einem Caf\u00e9 und h\u00f6rte ein Gespr\u00e4ch zwischen zwei Personen, die sich \u00fcber den Tod eines Bekannten unterhielten. Einer der beiden sagte: \"Schade. Er hatte mir gesagt, dass es ihm nicht so gut geht.\" Da hatte ich die Idee. Das St\u00fcck wurde 2016 im Rahmen der Ausstellung \"Open End\" in dem wundersch\u00f6nen Friedhof der K\u00f6nige gezeigt. Ironie des Schicksals: Ein Friedhof der K\u00f6nige ohne K\u00f6nig...<\/span><\/p>\r\n<p><span style=\"font-weight: 400;\">Aber auch du, Sophie, hast Humor und Ironie, wenn du dieses Werk ausw\u00e4hlst.<\/span><\/p>\r\n<p><b>SOPHIE <\/b><span style=\"font-weight: 400;\">Haben Sie Angst vor dem Tod? Oder ist es eine Art, den Tod zu vermeiden und ihn in etwas Humorvolles umzuwandeln?\u00a0<\/span><\/p>\r\n<p><b>GIANNI MOTTI: <\/b><span style=\"font-weight: 400;\">Wir sind acht Milliarden Menschen, die sich sowohl um sich selbst als auch um die Sonne drehen, und zwar mit einer enormen Geschwindigkeit, w\u00e4hrend wir auf der erkalteten Kruste eines Feuerballs stehen. Man braucht eine geh\u00f6rige Portion Humor, um sich anzupassen und sich ein wenig Enthusiasmus zu bewahren. Nein, ich habe keine Angst vor dem Tod. Ausserdem denke ich nicht daran. Die Angst vor dem Tod h\u00e4lt uns nicht davon ab zu sterben, sondern h\u00e4lt uns davon ab zu leben.<\/span><\/p>\r\n<p><b>SOPHIE <\/b><span style=\"font-weight: 400;\">Ist es das erste Mal, dass Sie an einem \u00f6ffentlichen Ort wie einem Friedhof ausstellen?<\/span><\/p>\r\n<p><b>GIANNI MOTTI: <\/b><span style=\"font-weight: 400;\">Nein, es ist nicht das erste Mal. Ich habe mehrmals an \u00f6ffentlichen Orten ausgestellt, z.B. in Frankfurt auf einer Flussinsel, in New York, im Park der Villa Medici, in Rom, in Paris und an vielen anderen Orten. Mir gef\u00e4llt es dort. Man ist an der frischen Luft.<\/span><\/p>\r\n<p><b>SOPHIE <\/b><span style=\"font-weight: 400;\">Ich m\u00f6chte wissen, ob dieses Kunstwerk von jemandem oder vom Friedhof gekauft wurde.\u00a0<\/span><\/p>\r\n<p><b>GIANNI MOTTI: <\/b><span style=\"font-weight: 400;\">Der Cimeti\u00e8re des Rois geh\u00f6rt der Stadt Genf und es war der FMAC, der Genfer Stadtfonds f\u00fcr zeitgen\u00f6ssische Kunst, der das St\u00fcck erworben hat, damit es dauerhaft auf dem Friedhof zu sehen ist. Das ist sein Platz. Es wo anders aufzustellen, machte keinen Sinn.<\/span><\/p>\r\n<p><b>SOPHIE <\/b><span style=\"font-weight: 400;\">Wenn Sie sterben, m\u00f6chten Sie dann auch, dass das auf Ihrem Grabstein steht?<\/span><\/p>\r\n<p><b>GIANNI MOTTI: <\/b><span style=\"font-weight: 400;\">Nein! Bei mir lautet die Aufschrift \"Bin gleich wieder da\".<\/span><\/p>\r\n<p><span style=\"font-weight: 400;\">Ciao Sophie und viel Erfolg!<\/span><\/p>\r\n<p>&nbsp;<\/p>\r\n\r\n<p class=\"has-small-font-size\">\u00b0\u00b0<\/p>\r\n\r\n\r\n\r\n<p class=\"has-small-font-size\">ART'S COOL oder \"Art is cool\"!<\/p>\r\n\r\n\r\n\r\n<p class=\"has-small-font-size\">Dies ist eine Begegnung mit einem zeitgen\u00f6ssischen Kunstwerk in der Schweiz, betrachtet, erkundet, und hinterfragt von jungen Menschen. Auf die Fragen der Jugendlichen geben wiederum die K\u00fcnstlerin oder der K\u00fcnstler auf ihre Weise eine Antwort. Ganz einfach, nicht?<\/p>\r\n\r\n\r\n\r\n<p class=\"has-small-font-size\">In dieser zweiten Saison l\u00e4dt unser Podcast dich ein, Werke ausserhalb der \u00fcblichen Ausstellungsorte zu besuchen, meistens im Freien! Fast jede Woche entdecken wir gemeinsam eine k\u00fcnstlerische Sch\u00f6pfung, die irgendwo in der Schweiz im \u00f6ffentlichen Raum zu finden ist.<\/p>\r\n\r\n\r\n\r\n<p class=\"has-small-font-size\">Heute ging es um <em>Ohne Titel (Je vous avais dit que je n\u2019allais pas tr\u00e8s bien)<\/em> von <a href=\"https:\/\/fr.wikipedia.org\/wiki\/Gianni_Motti\">Gianni Motti<\/a>und von Sophies neugierigem Blick untersucht. Verpassen Sie es nicht, das Kunstwerk, von dem die Rede war, in Genf auf dem Cimeti\u00e8re des Rois in natura zu sehen. Diese Installation ist Teil der Sammlung von Kunstwerken im \u00f6ffentlichen Raum in Genf, die vom <a href=\"http:\/\/www.fmac-geneve.ch\">FMAC<\/a>.<\/p>\r\n\r\n\r\n\r\n<p class=\"has-small-font-size\">Verpassen Sie es nicht, das Werk, um das es in Zug ging, im Garten der Staatskanzlei in natura zu sehen.\u00a0<\/p>\r\n\r\n\r\n\r\n<p class=\"has-small-font-size\">Sammle zeitgen\u00f6ssische Kunst mit deinen Ohren! Die Webseite <a href=\"https:\/\/artscool.ch\/de\/\"><strong>artscool.ch\/de<\/strong><\/a> pr\u00e4sentiert alle Episoden, die seit Herbst 2021 ausgestrahlt wurden. Eine vielf\u00e4ltige und wachsende Sammlung! Ausserdem findest du dort alle Portraits der jugendlichen Fans der zeitgen\u00f6ssischen Kunst, die Kurzbiographien der interviewten K\u00fcnstlerinnen und K\u00fcnstler und die Bilder der Werke.<\/p>\r\n\r\n\r\n\r\n<p class=\"has-small-font-size\">Falls du zur Verbreitung des Podcasts ART\u2019S COOL beitragen m\u00f6chtest, z\u00f6gere nicht\u2026 in deinem Umfeld dar\u00fcber zu sprechen, den Podcast auf deiner bevorzugten Plattform zu abonnieren und mit f\u00fcnf Sternen zu bewerten. Du kannst uns auch auf Instagram folgen unter dem Account <strong><a href=\"https:\/\/www.instagram.com\/young_pods\/\">young_pods<\/a>.<\/strong><\/p>\r\n\r\n\r\n\r\n<p class=\"has-small-font-size\">Der Podcast ART\u2019S COOL wird realisiert und ausgestrahlt mit der grossz\u00fcgigen Unterst\u00fctzung der Loterie Romande, dem Migros-Kulturprozent, der Oertli-Stiftung, der Sandoz-Familienstiftung, den Kantonen Aargau, Basel-Stadt, Bern, Genf, Glarus, Graub\u00fcnden, Obwalden, Sankt Gallen, Solothurn, Thurgau, Waadt, Wallis, Zug, Z\u00fcrich, und den St\u00e4dten Winterthur, Yverdon-les-bains, Zug und Z\u00fcrich.<\/p>\r\n\r\n\r\n\r\n<p class=\"has-small-font-size\">Mit der Stimme von Florence Grivel in der franz\u00f6sischen Version und Stephan Kyburz in der deutschen Version.<br \/>Musik and Sounddesign von Christophe Gonet.<\/p>\r\n\r\n\r\n\r\n<p class=\"has-black-color has-text-color has-small-font-size\">Dies ist eine Produktion <a href=\"https:\/\/www.youngpods.ch\/\" target=\"_blank\" rel=\"noreferrer noopener\"><span style=\"text-decoration: underline;\"><strong>Young Pods<\/strong><\/span><\/a>.<\/p>","protected":false},"excerpt":{"rendered":"<p>Genf, Cimeti\u00e8re des Rois: Das Werk von Gianni Motti macht Sophie nachdenklich. Sie fragt sich, ob sie hinter dieser Skulptur mit dem verwirrenden Titel Antworten auf ihre tiefen Fragen finden wird.<\/p>","protected":false},"featured_media":2461,"template":"","artist":[210],"canton":[141],"episode-":[93],"season":[82],"podcast-categories":[],"class_list":["post-2459","podcast","type-podcast","status-publish","has-post-thumbnail","hentry","artist-gianni-motti","canton-geneve","episode--episode-44","season-season-2"],"acf":[],"_links":{"self":[{"href":"https:\/\/artscool.ch\/de\/wp-json\/wp\/v2\/podcast\/2459","targetHints":{"allow":["GET"]}}],"collection":[{"href":"https:\/\/artscool.ch\/de\/wp-json\/wp\/v2\/podcast"}],"about":[{"href":"https:\/\/artscool.ch\/de\/wp-json\/wp\/v2\/types\/podcast"}],"version-history":[{"count":2,"href":"https:\/\/artscool.ch\/de\/wp-json\/wp\/v2\/podcast\/2459\/revisions"}],"predecessor-version":[{"id":3063,"href":"https:\/\/artscool.ch\/de\/wp-json\/wp\/v2\/podcast\/2459\/revisions\/3063"}],"wp:featuredmedia":[{"embeddable":true,"href":"https:\/\/artscool.ch\/de\/wp-json\/wp\/v2\/media\/2461"}],"wp:attachment":[{"href":"https:\/\/artscool.ch\/de\/wp-json\/wp\/v2\/media?parent=2459"}],"wp:term":[{"taxonomy":"artist","embeddable":true,"href":"https:\/\/artscool.ch\/de\/wp-json\/wp\/v2\/artist?post=2459"},{"taxonomy":"canton","embeddable":true,"href":"https:\/\/artscool.ch\/de\/wp-json\/wp\/v2\/canton?post=2459"},{"taxonomy":"episode-","embeddable":true,"href":"https:\/\/artscool.ch\/de\/wp-json\/wp\/v2\/episode-?post=2459"},{"taxonomy":"season","embeddable":true,"href":"https:\/\/artscool.ch\/de\/wp-json\/wp\/v2\/season?post=2459"},{"taxonomy":"podcast-categories","embeddable":true,"href":"https:\/\/artscool.ch\/de\/wp-json\/wp\/v2\/podcast-categories?post=2459"}],"curies":[{"name":"wp","href":"https:\/\/api.w.org\/{rel}","templated":true}]}}

<p class="has-small-font-size"> </p>

<h3><strong>Hallo, ich heisse Sophie, bin 16 Jahre alt und lebe in Genf.</strong></h3>
<h3> </h3>
<h3><strong>Kunst ist für mich ein Ausdruck von sich selbst; etwas, das man nicht in Worte fassen kann, es ist eine universelle Sprache.</strong></h3>
<h3> </h3>
<h3><strong>Heute habe ich ein Rendez-vous mit einem Werk von Gianni Motti, das sich auf dem Friedhof der Könige befindet. Kommst du mit?</strong><strong><br /></strong></h3>
<p>&nbsp;</p>
<p><span style="font-weight: 400;">Ich betrete diesen Friedhof. Ich kenne ihn nicht, aber man hat mir gesagt, dass sich das Werk geradeaus und dann nach links befindet, also halte ich Ausschau. Auf jeden Fall ist es schön hier. Ich gehe nicht oft auf den Friedhof, es ist ein bisschen seltsam. Ich fühle mich nicht zugehörig. Die Gräber sind sehr dunkel. Aber ich bin sehr neugierig auf das Kunstwerk. Wo ist es? </span></p>
<p><span style="font-weight: 400;">Ah, da ist es ja! Ich habe es gefunden. Es ist ein Grabstein. Er ist ein bisschen einsam, im Vergleich zu den anderen, die in Gruppen stehen. Ich gehe näher heran, stelle mich vor das Grab und sehe, dass dort etwas steht: "Ich habe Ihnen gesagt, dass es mir nicht so gut geht". Es gibt keinen Namen, es gibt kein Datum. Es gibt keine Dekoration. Es gibt keine Blumen. Es gibt nichts drum herum. Sie ist sehr einsam; das ist ein bisschen traurig. Es ist traurig, weil es ein Grab ist, aber noch trauriger ist es, weil das Grab niemandem gehört. Eigentlich gehört es, ich weiss nicht, dem Künstler vielleicht später... </span></p>
<p><span style="font-weight: 400;">Das ist eigentlich ein bisschen komisch, denn es sagt "Ich habe euch gesagt, dass es mir nicht so gut geht", obwohl man das auf einem Friedhof eigentlich nicht sagt. Oft wird auf Gräbern etwas Schönes über die Person geschrieben, etwas, an das man sich erinnern möchte. Die Tatsache, dass der Künstler sagt "Ich habe Ihnen gesagt, dass es mir nicht so gut geht", gibt mir das Gefühl, dass es sich um jemanden handelt, dem nicht zugehört wurde, denn normalerweise machen sich die Angehörigen Sorgen, wenn es einem nicht gut geht. Diese Person ist wahrscheinlich zu früh gestorben.</span></p>
<p><span style="font-weight: 400;">Kunstwerke, die berühren mich wirklich sehr. Und hier habe ich nicht das Gefühl, dass ich eine Fiktion sehe, weil es sich um ein so ernstes und schwerwiegendes Thema handelt. Etwas, von dem wir alle wissen, dass es uns passieren wird. Die einzige menschliche Gewissheit ist, dass wir sterben werden, und deshalb berührt dieses Werk.</span></p>
<p><span style="font-weight: 400;">Zuerst musste ich über diesen Satz schmunzeln, weil ich dachte, okay, das ist ein bisschen ironisch, aber eigentlich zeigt es, dass man im Grunde weiss, dass man sterben wird, aber vielleicht wird man nicht gut in den Tod begleitet. Und das ist verdammt traurig.</span></p>
<p><span style="font-weight: 400;">Vielleicht gibt es dahinter etwas, das diese enorme Traurigkeit ein wenig ausgleicht. Wir werden also hinter dem Grab nachsehen, ob es dort etwas gibt... Ich hoffe jedenfalls, um meinen Geist zu erleichtern...</span></p>
<p><span style="font-weight: 400;">Oh nein, da ist nichts dahinter. Da ist nicht einmal eine Blume. Es ist einfach nur grau. Wie der Nebel.</span></p>
<p><span style="font-weight: 400;">Dieses Kunstwerk trägt den Namen "Ohne Titel (Ich habe Ihnen gesagt, dass es mir nicht sehr gut geht)" und ist ein Werk von Gianni Motti aus dem Jahr 2016. Es handelt sich um eine Skulptur aus Granit.</span></p>
<p><span style="font-weight: 400;">Ich bin von diesem Titel ein wenig enttäuscht, weil ich erwartet hatte, etwas mehr Informationen über das Werk und den Autor zu erhalten. Denn ein Titel kann uns einen anderen Teil des Werks offenbaren, etwas Verborgenes. Und das haben wir hier leider nicht. Also bleiben wir im Zweifel... ohne wirklich zu wissen, ob es sich um etwas Komisches oder nur um Einsamkeit handelt.</span></p>
<p><span style="font-weight: 400;">Ich stelle dem Künstler einige Fragen.</span></p>
<p>&nbsp;</p>
<p><b>SOPHIE </b><span style="font-weight: 400;">Meine erste Frage ist, wie man es als Künstler schafft, ein so intensives Thema wie den Tod mit Humor und Ironie zu verbinden.</span></p>
<p><b>GIANNI MOTTI: </b><span style="font-weight: 400;">Hallo Sophie. Ich werde versuchen, einige Fragen zu beantworten. Humor und Ironie erfordern Kreativität. Und richtig dosiert sind sie positive Ansätze, denn sie helfen, aus einer widrigen Stimmung herauszukommen, indem sie die Fakten relativieren. </span></p>
<p><span style="font-weight: 400;">Die Idee kam mir eher zufällig. Ich sass in einem Café und hörte ein Gespräch zwischen zwei Personen, die sich über den Tod eines Bekannten unterhielten. Einer der beiden sagte: "Schade. Er hatte mir gesagt, dass es ihm nicht so gut geht." Da hatte ich die Idee. Das Stück wurde 2016 im Rahmen der Ausstellung "Open End" in dem wunderschönen Friedhof der Könige gezeigt. Ironie des Schicksals: Ein Friedhof der Könige ohne König...</span></p>
<p><span style="font-weight: 400;">Aber auch du, Sophie, hast Humor und Ironie, wenn du dieses Werk auswählst.</span></p>
<p><b>SOPHIE </b><span style="font-weight: 400;">Haben Sie Angst vor dem Tod? Oder ist es eine Art, den Tod zu vermeiden und ihn in etwas Humorvolles umzuwandeln? </span></p>
<p><b>GIANNI MOTTI: </b><span style="font-weight: 400;">Wir sind acht Milliarden Menschen, die sich sowohl um sich selbst als auch um die Sonne drehen, und zwar mit einer enormen Geschwindigkeit, während wir auf der erkalteten Kruste eines Feuerballs stehen. Man braucht eine gehörige Portion Humor, um sich anzupassen und sich ein wenig Enthusiasmus zu bewahren. Nein, ich habe keine Angst vor dem Tod. Ausserdem denke ich nicht daran. Die Angst vor dem Tod hält uns nicht davon ab zu sterben, sondern hält uns davon ab zu leben.</span></p>
<p><b>SOPHIE </b><span style="font-weight: 400;">Ist es das erste Mal, dass Sie an einem öffentlichen Ort wie einem Friedhof ausstellen?</span></p>
<p><b>GIANNI MOTTI: </b><span style="font-weight: 400;">Nein, es ist nicht das erste Mal. Ich habe mehrmals an öffentlichen Orten ausgestellt, z.B. in Frankfurt auf einer Flussinsel, in New York, im Park der Villa Medici, in Rom, in Paris und an vielen anderen Orten. Mir gefällt es dort. Man ist an der frischen Luft.</span></p>
<p><b>SOPHIE </b><span style="font-weight: 400;">Ich möchte wissen, ob dieses Kunstwerk von jemandem oder vom Friedhof gekauft wurde. </span></p>
<p><b>GIANNI MOTTI: </b><span style="font-weight: 400;">Der Cimetière des Rois gehört der Stadt Genf und es war der FMAC, der Genfer Stadtfonds für zeitgenössische Kunst, der das Stück erworben hat, damit es dauerhaft auf dem Friedhof zu sehen ist. Das ist sein Platz. Es wo anders aufzustellen, machte keinen Sinn.</span></p>
<p><b>SOPHIE </b><span style="font-weight: 400;">Wenn Sie sterben, möchten Sie dann auch, dass das auf Ihrem Grabstein steht?</span></p>
<p><b>GIANNI MOTTI: </b><span style="font-weight: 400;">Nein! Bei mir lautet die Aufschrift "Bin gleich wieder da".</span></p>
<p><span style="font-weight: 400;">Ciao Sophie und viel Erfolg!</span></p>
<p>&nbsp;</p>

<p class="has-small-font-size">°°</p>



<p class="has-small-font-size">ART'S COOL oder "Art is cool"!</p>



<p class="has-small-font-size">Dies ist eine Begegnung mit einem zeitgenössischen Kunstwerk in der Schweiz, betrachtet, erkundet, und hinterfragt von jungen Menschen. Auf die Fragen der Jugendlichen geben wiederum die Künstlerin oder der Künstler auf ihre Weise eine Antwort. Ganz einfach, nicht?</p>



<p class="has-small-font-size">In dieser zweiten Saison lädt unser Podcast dich ein, Werke ausserhalb der üblichen Ausstellungsorte zu besuchen, meistens im Freien! Fast jede Woche entdecken wir gemeinsam eine künstlerische Schöpfung, die irgendwo in der Schweiz im öffentlichen Raum zu finden ist.</p>



<p class="has-small-font-size">Heute ging es um <em>Ohne Titel (Je vous avais dit que je n’allais pas très bien)</em> von <a href="https://fr.wikipedia.org/wiki/Gianni_Motti">Gianni Motti</a>und von Sophies neugierigem Blick untersucht. Verpassen Sie es nicht, das Kunstwerk, von dem die Rede war, in Genf auf dem Cimetière des Rois in natura zu sehen. Diese Installation ist Teil der Sammlung von Kunstwerken im öffentlichen Raum in Genf, die vom <a href="http://www.fmac-geneve.ch">FMAC</a>.</p>



<p class="has-small-font-size">Verpassen Sie es nicht, das Werk, um das es in Zug ging, im Garten der Staatskanzlei in natura zu sehen. </p>



<p class="has-small-font-size">Sammle zeitgenössische Kunst mit deinen Ohren! Die Webseite <a href="https://artscool.ch/de/"><strong>artscool.ch/de</strong></a> präsentiert alle Episoden, die seit Herbst 2021 ausgestrahlt wurden. Eine vielfältige und wachsende Sammlung! Ausserdem findest du dort alle Portraits der jugendlichen Fans der zeitgenössischen Kunst, die Kurzbiographien der interviewten Künstlerinnen und Künstler und die Bilder der Werke.</p>



<p class="has-small-font-size">Falls du zur Verbreitung des Podcasts ART’S COOL beitragen möchtest, zögere nicht… in deinem Umfeld darüber zu sprechen, den Podcast auf deiner bevorzugten Plattform zu abonnieren und mit fünf Sternen zu bewerten. Du kannst uns auch auf Instagram folgen unter dem Account <strong><a href="https://www.instagram.com/young_pods/">young_pods</a>.</strong></p>



<p class="has-small-font-size">Der Podcast ART’S COOL wird realisiert und ausgestrahlt mit der grosszügigen Unterstützung der Loterie Romande, dem Migros-Kulturprozent, der Oertli-Stiftung, der Sandoz-Familienstiftung, den Kantonen Aargau, Basel-Stadt, Bern, Genf, Glarus, Graubünden, Obwalden, Sankt Gallen, Solothurn, Thurgau, Waadt, Wallis, Zug, Zürich, und den Städten Winterthur, Yverdon-les-bains, Zug und Zürich.</p>



<p class="has-small-font-size">Mit der Stimme von Florence Grivel in der französischen Version und Stephan Kyburz in der deutschen Version.<br />Musik and Sounddesign von Christophe Gonet.</p>



<p class="has-black-color has-text-color has-small-font-size">Dies ist eine Produktion <a href="https://www.youngpods.ch/" target="_blank" rel="noreferrer noopener"><span style="text-decoration: underline;"><strong>Young Pods</strong></span></a>.</p>

<p>Genf, Cimetière des Rois: Das Werk von Gianni Motti macht Sophie nachdenklich. Sie fragt sich, ob sie hinter dieser Skulptur mit dem verwirrenden Titel Antworten auf ihre tiefen Fragen finden wird.</p>
