{"id":2454,"date":"2023-04-07T16:00:27","date_gmt":"2023-04-07T14:00:27","guid":{"rendered":"https:\/\/artscool.ch\/?post_type=podcast&#038;p=2454"},"modified":"2024-10-04T12:54:18","modified_gmt":"2024-10-04T10:54:18","slug":"maria-markus-uhr","status":"publish","type":"podcast","link":"https:\/\/artscool.ch\/de\/podcast\/maria-markus-uhr\/","title":{"rendered":"Maria &amp; Markus Uhr"},"content":{"rendered":"<p class=\"has-small-font-size\">\u00a0<\/p>\r\n\r\n<h3><strong>Hoi zusammen, ich bin Maria, ich bin 16 Jahre alt, und ich komme aus H\u00fcnenberg.<\/strong><\/h3>\r\n<h3>\u00a0<\/h3>\r\n<h3><strong>Kunst ist f\u00fcr mich eine M\u00f6glichkeit, Emotionen, Gedanken und Vorstellungen ohne Angst rauszulassen.<\/strong><\/h3>\r\n<h3><strong><br \/>Heute habe ich eine Begegnung mit einem Kunstwerk in der Stadt Zug.<br \/>Kommt ihr auch mit?<br \/><\/strong><\/h3>\r\n<p>&nbsp;<\/p>\r\n<p><span style=\"font-weight: 400;\">Wir sind jetzt von der Altstadt gekommen und gehen nun Richtung Bibliothek Zug. Das Wetter ist recht kalt, aber es hat sch\u00f6ne, alte Geb\u00e4ude hier. Wir gehen nun diese Strasse hinunter und suchen das Kunstwerk.\u00a0<\/span><\/p>\r\n<p><span style=\"font-weight: 400;\">Wir sind nun gerade bei der Bibliothek Zug angekommen und wir sehen an der Wand den Schriftzug und das m\u00fcsste, so glaube ich, das Kunstwerk sein.\u00a0<\/span><\/p>\r\n<p><span style=\"font-weight: 400;\">Das Kunstwerk hat nur drei Buchstaben, und es ist bemerkbar gross an der Wand. Aber es ist weiss. Die Lichter sind gerade nicht angeschaltet \u2013 wenn die Lichter angeschaltet w\u00e4ren, w\u00e4re es vermutlich noch mehr bemerkbar. Es besteht nur aus drei Buchstaben, die eine Abk\u00fcrzung f\u00fcr etwas sein k\u00f6nnten.\u00a0<\/span><\/p>\r\n<p><span style=\"font-weight: 400;\">Das is das Kunstwerk <\/span><i><span style=\"font-weight: 400;\">UND<\/span><\/i><span style=\"font-weight: 400;\"> von Markus Uhr. Das Kunstwerk befindet sich an der Nordfassade der Bibliothek Zug. Das Werk wurde 2013 realisiert. Es ist eine Installation aus Neonr\u00f6hren und Plexiglas. Und die Dimensionen sind 140 x 350 cm.<\/span><\/p>\r\n<p><span style=\"font-weight: 400;\">Ich habe nun noch einige Fragen an Markus Uhr.<\/span><\/p>\r\n<p>&nbsp;<\/p>\r\n<p><b>MARKUS UHR: <\/b><span style=\"font-weight: 400;\">Gr\u00fcezi miteinander, mein Name ist Markus Uhr und ich freue mich sehr, dass ich hier dabei sein kann, und nicht zuletzt auch an dem Interesse an meinem Kunstwerk \"UND\". <\/span><i><span style=\"font-weight: 400;\">UND<\/span><\/i><span style=\"font-weight: 400;\">.<\/span><\/p>\r\n<p><b>MARIA <\/b><span style=\"font-weight: 400;\">Meine erste Frage w\u00e4re, ob Sie mit dem Wort <\/span><i><span style=\"font-weight: 400;\">UND<\/span><\/i><span style=\"font-weight: 400;\"> wirklich \u201cund\u201d meinen, also das deutsche Wort \u201cund\u201d, oder steht es f\u00fcr eine Abk\u00fcrzung?<\/span><\/p>\r\n<p><b>MARKUS UHR: <\/b><span style=\"font-weight: 400;\">Das \u201cund\u201d steht nicht f\u00fcr eine Abk\u00fcrzung, sondern es ist tats\u00e4chlich nur das kleine, drei Buchstaben lange Bindewort \u201cund\u201d \u2013 nicht mehr und nicht weniger.\u00a0<\/span><\/p>\r\n<p><b>MARIA <\/b><span style=\"font-weight: 400;\">Ich w\u00fcrde auch gerne wissen, ob dies ihre eigene Wahl oder ob es ein Auftrag der Bibliothek war?<\/span><\/p>\r\n<p><b>MARKUS UHR: <\/b><i><span style=\"font-weight: 400;\">UND<\/span><\/i><span style=\"font-weight: 400;\"> Das UND ist eine Arbeit, die ich selbst entwickelt habe. Die Bibliothek hat eigentlich nicht direkt etwas damit zu tun. Sondern habe ich mich mit dieser Arbeit 2013 bei der Gruppenausstellung \u201cSkulpturen in Baar\u201d beworben und ich wurde auch angenommen. Und der erste Standort, f\u00fcr den ich es eigentlich konzipiert habe, ist der Bahnhof Baar. Man konnte das \u201cUND\u201d dann als vorbeifahrende Reisende aus dem Zug direkt am Bahnhof lesen und sehen, und sich dann Gedanken dar\u00fcber machen.<\/span><\/p>\r\n<p><b>MARIA <\/b><span style=\"font-weight: 400;\">Und noch zum Licht: warum haben Sie sich genau f\u00fcr ein weisses Licht entschieden oder leuchtet es manchmal auch in anderen Farben?<\/span><\/p>\r\n<p><b>MARKUS UHR: <\/b><span style=\"font-weight: 400;\">Das \u201cUND\u201d strahlt nur in Weiss. Es hat keine anderen Farben. Und ich habe mich f\u00fcr Weiss entschieden, weil ich es eine ehrliche Angelegenheit finde. Es reflektiert oder es erhellt alles was rundherum ist. Das ist auch ein bisschen der Sinn des Wortes \u201cund\u201d. Es verbindet ja die W\u00f6rter im Text, die um das Wort \u201cund\u201d herum sind. Es ist kein \u201cSchnick-Schnack\u201d, sondern einfach das, was es ist.\u00a0<\/span><\/p>\r\n<p><b>MARIA <\/b><span style=\"font-weight: 400;\">Was wollen Sie mit dem Licht und dem Wort im Menschen bewegen?<\/span><\/p>\r\n<p><b>MARKUS UHR: <\/b><span style=\"font-weight: 400;\">Mich haben eigentlich schon immer die einfachen Sachen interessiert. Also Sachen, die uns tagt\u00e4glich umgeben. Aber so pr\u00e4sent sind, dass sie bewusst gar nicht mehr wahrgenommen werden. Und dies ist sowohl in meiner Photographie eine grosse Wichtigkeit, wie eben auch f\u00fcr diese Neonschrift \u201cUND\u201d. F\u00fcr mich ist dies das allt\u00e4glichste Wort \u00fcberhaupt. Es ist eines der am meisten verwendeten W\u00f6rter, und trotzdem ist es so banal und im Prinzip unwichtig, dass man es fast \u00fcberliest und gar nicht mehr so richtig wahrnimmt. Und nun habe ich ihm auf 3.5 Metern einmal einen richtig grossen Platz geben k\u00f6nnen. Im besten Fall bewirkt es nat\u00fcrlich, dass die Betrachterin, der Betrachter dann tats\u00e4chlich anf\u00e4ngt, \u00fcber das Triviale und das Allt\u00e4gliche im eigenen Leben zu sinnieren und nachzudenken.<\/span><\/p>\r\n<p><b>MARIA <\/b><span style=\"font-weight: 400;\">Wenn ich jetzt an dieser Strasse vorbei ginge und das Kunstwerk s\u00e4he, w\u00fcrde ich anhalten und mich fragen, was es bedeuten k\u00f6nnte.<\/span><\/p>\r\n<p><b>MARKUS UHR: <\/b><span style=\"font-weight: 400;\">Das Wort \u201cUND\u201d steht f\u00fcr mich f\u00fcr den Begriff Verbindung. Verbindung von Worten, Verbindung von Gedanken, und Verbindung auch zwischen Werk und Betrachterin und Betrachter.\u00a0<\/span><\/p>\r\n<p><b>MARIA <\/b><span style=\"font-weight: 400;\">Das Wort \"UND\" kann in einer Person, in ihren Gedanken, verschiedene Denkprozesse ausl\u00f6sen. Und ich w\u00fcrde gerne wissen, wie Sie das sehen, als Sie es kreiert haben, woran Sie gedacht haben, was es in Ihnen ausgel\u00f6st hat?<\/span><\/p>\r\n<p><b>MARKUS UHR: <\/b><span style=\"font-weight: 400;\">Das Aufblasen, das schier ins Unermessliche Grosse Aufpumpen von einem \u201cbelanglosen\u201d Wort hat in mir schon auch ein bisschen \u2013 ich komme nicht darum herum zu sagen \u2013 ein Schmunzeln aber auch wie einen Gl\u00fccksmoment ausgel\u00f6st. Und zwar einfach zu sehen, was ein h\u00e4ufig \u00fcbersehenes Wort doch f\u00fcr eine sch\u00f6nes Objekt an der Wand werden kann. Ich habe nat\u00fcrlich sehr viel mit Schriften ausprobiert und bin dann am Ende zu dieser gelangt, wie sie jetzt aussieht. Und es hat f\u00fcr mich nat\u00fcrlich auch einen starken \u00e4sthetischen Aspekt, dieses Werk. Dass es schlussendlich jetzt von Zug angekauft worden ist, und seinen endlichen Standort an der Bibliothek gefunden hat, finde ich nat\u00fcrlich ganz toll. Ich war auch etwas beteiligt bei der Auswahl des Standorts. Es gibt in Zug eigentlich keinen besseren Platz als diesen, weil wo sonst sind so viele Worte aufgehoben und auch zur freien Verf\u00fcgung gegeben, wie in der Bibliothek. Und nun da aussen mein Werk mit dem Wort \u201cUND\u201d h\u00e4ngen zu sehen, das macht mich durchaus sehr gl\u00fccklich.\u00a0<\/span><\/p>\r\n<p><span style=\"font-weight: 400;\">Ich m\u00f6chte mich ganz herzlich f\u00fcr diese Teilnahme bedanken. Ich hoffe, dass ich euch mit meinen kurzen Statements etwas dazu beitragen konnte, das Werk \u201cUND\u201d besser zu verstehen. Und ich hoffe, wir h\u00f6ren bald wieder mal etwas voneinander und ich w\u00fcnsche euch allen einen sch\u00f6nen Tag. Ciao!<\/span><\/p>\r\n<p>&nbsp;<\/p>\r\n\r\n<p class=\"has-small-font-size\">\u00b0\u00b0<\/p>\r\n\r\n\r\n\r\n<p class=\"has-small-font-size\">ART'S COOL oder \"Art is cool\"!<\/p>\r\n\r\n\r\n\r\n<p class=\"has-small-font-size\">Dies ist eine Begegnung mit einem zeitgen\u00f6ssischen Kunstwerk in der Schweiz, betrachtet, erkundet, und hinterfragt von jungen Menschen. Auf die Fragen der Jugendlichen geben wiederum die K\u00fcnstlerin oder der K\u00fcnstler auf ihre Weise eine Antwort. Ganz einfach, nicht?<\/p>\r\n\r\n\r\n\r\n<p class=\"has-small-font-size\">In dieser zweiten Saison l\u00e4dt unser Podcast dich ein, Werke ausserhalb der \u00fcblichen Ausstellungsorte zu besuchen, meistens im Freien! Fast jede Woche entdecken wir gemeinsam eine k\u00fcnstlerische Sch\u00f6pfung, die irgendwo in der Schweiz im \u00f6ffentlichen Raum zu finden ist.<\/p>\r\n\r\n\r\n\r\n<p class=\"has-small-font-size\">Heute ging es um die \"UND\" von <a href=\"http:\/\/www.markusuhr.com\/\">Markus Uhr<\/a>und von Marias neugierigem Blick untersucht. erpasse nicht, das Kunstwerk in Wirklichkeit selber zu entdecken, und zwar in Zug.\u00a0<\/p>\r\n\r\n\r\n\r\n<p class=\"has-small-font-size\">Verpassen Sie es nicht, das Werk, um das es in Zug ging, im Garten der Staatskanzlei in natura zu sehen.\u00a0<\/p>\r\n\r\n\r\n\r\n<p class=\"has-small-font-size\">Sammle zeitgen\u00f6ssische Kunst mit deinen Ohren! Die Webseite <a href=\"https:\/\/artscool.ch\/de\/\"><strong>artscool.ch\/de<\/strong><\/a> pr\u00e4sentiert alle Episoden, die seit Herbst 2021 ausgestrahlt wurden. Eine vielf\u00e4ltige und wachsende Sammlung! Ausserdem findest du dort alle Portraits der jugendlichen Fans der zeitgen\u00f6ssischen Kunst, die Kurzbiographien der interviewten K\u00fcnstlerinnen und K\u00fcnstler und die Bilder der Werke.<\/p>\r\n\r\n\r\n\r\n<p class=\"has-small-font-size\">Falls du zur Verbreitung des Podcasts ART\u2019S COOL beitragen m\u00f6chtest, z\u00f6gere nicht\u2026 in deinem Umfeld dar\u00fcber zu sprechen, den Podcast auf deiner bevorzugten Plattform zu abonnieren und mit f\u00fcnf Sternen zu bewerten. Du kannst uns auch auf Instagram folgen unter dem Account <strong><a href=\"https:\/\/www.instagram.com\/young_pods\/\">young_pods<\/a>.<\/strong><\/p>\r\n\r\n\r\n\r\n<p class=\"has-small-font-size\">Der Podcast ART\u2019S COOL wird realisiert und ausgestrahlt mit der grossz\u00fcgigen Unterst\u00fctzung der Loterie Romande, dem Migros-Kulturprozent, der Oertli-Stiftung, der Sandoz-Familienstiftung, den Kantonen Aargau, Basel-Stadt, Bern, Glarus, Obwalden, Sankt Gallen, Solothurn, Thurgau, Waadt, Zug, Z\u00fcrich, und den St\u00e4dten Winterthur, Yverdon-les-bains, Zug und Z\u00fcrich.<\/p>\r\n\r\n\r\n\r\n<p class=\"has-small-font-size\">Mit der Stimme von Florence Grivel in der franz\u00f6sischen Version und Stephan Kyburz in der deutschen Version.<br \/>Musik and Sounddesign von Christophe Gonet.<\/p>\r\n\r\n\r\n\r\n<p class=\"has-black-color has-text-color has-small-font-size\">Dies ist eine Produktion <a href=\"https:\/\/www.youngpods.ch\/\" target=\"_blank\" rel=\"noreferrer noopener\"><span style=\"text-decoration: underline;\"><strong>Young Pods<\/strong><\/span><\/a>.<\/p>","protected":false},"excerpt":{"rendered":"<p>Bibliothek Zug: Maria begegnet dem Neonschriftzug \"UND\" von Markus Uhr. Sie fragt sich, was der K\u00fcnstler mit diesem Schriftzug in den Menschen bewegen will.<\/p>","protected":false},"featured_media":2457,"template":"","artist":[235],"canton":[158],"episode-":[92],"season":[82],"podcast-categories":[],"class_list":["post-2454","podcast","type-podcast","status-publish","has-post-thumbnail","hentry","artist-markus-uhr","canton-zug","episode--episode-43","season-season-2"],"acf":[],"_links":{"self":[{"href":"https:\/\/artscool.ch\/de\/wp-json\/wp\/v2\/podcast\/2454","targetHints":{"allow":["GET"]}}],"collection":[{"href":"https:\/\/artscool.ch\/de\/wp-json\/wp\/v2\/podcast"}],"about":[{"href":"https:\/\/artscool.ch\/de\/wp-json\/wp\/v2\/types\/podcast"}],"version-history":[{"count":2,"href":"https:\/\/artscool.ch\/de\/wp-json\/wp\/v2\/podcast\/2454\/revisions"}],"predecessor-version":[{"id":3064,"href":"https:\/\/artscool.ch\/de\/wp-json\/wp\/v2\/podcast\/2454\/revisions\/3064"}],"wp:featuredmedia":[{"embeddable":true,"href":"https:\/\/artscool.ch\/de\/wp-json\/wp\/v2\/media\/2457"}],"wp:attachment":[{"href":"https:\/\/artscool.ch\/de\/wp-json\/wp\/v2\/media?parent=2454"}],"wp:term":[{"taxonomy":"artist","embeddable":true,"href":"https:\/\/artscool.ch\/de\/wp-json\/wp\/v2\/artist?post=2454"},{"taxonomy":"canton","embeddable":true,"href":"https:\/\/artscool.ch\/de\/wp-json\/wp\/v2\/canton?post=2454"},{"taxonomy":"episode-","embeddable":true,"href":"https:\/\/artscool.ch\/de\/wp-json\/wp\/v2\/episode-?post=2454"},{"taxonomy":"season","embeddable":true,"href":"https:\/\/artscool.ch\/de\/wp-json\/wp\/v2\/season?post=2454"},{"taxonomy":"podcast-categories","embeddable":true,"href":"https:\/\/artscool.ch\/de\/wp-json\/wp\/v2\/podcast-categories?post=2454"}],"curies":[{"name":"wp","href":"https:\/\/api.w.org\/{rel}","templated":true}]}}

<p class="has-small-font-size"> </p>

<h3><strong>Hoi zusammen, ich bin Maria, ich bin 16 Jahre alt, und ich komme aus Hünenberg.</strong></h3>
<h3> </h3>
<h3><strong>Kunst ist für mich eine Möglichkeit, Emotionen, Gedanken und Vorstellungen ohne Angst rauszulassen.</strong></h3>
<h3><strong><br />Heute habe ich eine Begegnung mit einem Kunstwerk in der Stadt Zug.<br />Kommt ihr auch mit?<br /></strong></h3>
<p>&nbsp;</p>
<p><span style="font-weight: 400;">Wir sind jetzt von der Altstadt gekommen und gehen nun Richtung Bibliothek Zug. Das Wetter ist recht kalt, aber es hat schöne, alte Gebäude hier. Wir gehen nun diese Strasse hinunter und suchen das Kunstwerk. </span></p>
<p><span style="font-weight: 400;">Wir sind nun gerade bei der Bibliothek Zug angekommen und wir sehen an der Wand den Schriftzug und das müsste, so glaube ich, das Kunstwerk sein. </span></p>
<p><span style="font-weight: 400;">Das Kunstwerk hat nur drei Buchstaben, und es ist bemerkbar gross an der Wand. Aber es ist weiss. Die Lichter sind gerade nicht angeschaltet – wenn die Lichter angeschaltet wären, wäre es vermutlich noch mehr bemerkbar. Es besteht nur aus drei Buchstaben, die eine Abkürzung für etwas sein könnten. </span></p>
<p><span style="font-weight: 400;">Das is das Kunstwerk </span><i><span style="font-weight: 400;">UND</span></i><span style="font-weight: 400;"> von Markus Uhr. Das Kunstwerk befindet sich an der Nordfassade der Bibliothek Zug. Das Werk wurde 2013 realisiert. Es ist eine Installation aus Neonröhren und Plexiglas. Und die Dimensionen sind 140 x 350 cm.</span></p>
<p><span style="font-weight: 400;">Ich habe nun noch einige Fragen an Markus Uhr.</span></p>
<p>&nbsp;</p>
<p><b>MARKUS UHR: </b><span style="font-weight: 400;">Grüezi miteinander, mein Name ist Markus Uhr und ich freue mich sehr, dass ich hier dabei sein kann, und nicht zuletzt auch an dem Interesse an meinem Kunstwerk "UND". </span><i><span style="font-weight: 400;">UND</span></i><span style="font-weight: 400;">.</span></p>
<p><b>MARIA </b><span style="font-weight: 400;">Meine erste Frage wäre, ob Sie mit dem Wort </span><i><span style="font-weight: 400;">UND</span></i><span style="font-weight: 400;"> wirklich “und” meinen, also das deutsche Wort “und”, oder steht es für eine Abkürzung?</span></p>
<p><b>MARKUS UHR: </b><span style="font-weight: 400;">Das “und” steht nicht für eine Abkürzung, sondern es ist tatsächlich nur das kleine, drei Buchstaben lange Bindewort “und” – nicht mehr und nicht weniger. </span></p>
<p><b>MARIA </b><span style="font-weight: 400;">Ich würde auch gerne wissen, ob dies ihre eigene Wahl oder ob es ein Auftrag der Bibliothek war?</span></p>
<p><b>MARKUS UHR: </b><i><span style="font-weight: 400;">UND</span></i><span style="font-weight: 400;"> Das UND ist eine Arbeit, die ich selbst entwickelt habe. Die Bibliothek hat eigentlich nicht direkt etwas damit zu tun. Sondern habe ich mich mit dieser Arbeit 2013 bei der Gruppenausstellung “Skulpturen in Baar” beworben und ich wurde auch angenommen. Und der erste Standort, für den ich es eigentlich konzipiert habe, ist der Bahnhof Baar. Man konnte das “UND” dann als vorbeifahrende Reisende aus dem Zug direkt am Bahnhof lesen und sehen, und sich dann Gedanken darüber machen.</span></p>
<p><b>MARIA </b><span style="font-weight: 400;">Und noch zum Licht: warum haben Sie sich genau für ein weisses Licht entschieden oder leuchtet es manchmal auch in anderen Farben?</span></p>
<p><b>MARKUS UHR: </b><span style="font-weight: 400;">Das “UND” strahlt nur in Weiss. Es hat keine anderen Farben. Und ich habe mich für Weiss entschieden, weil ich es eine ehrliche Angelegenheit finde. Es reflektiert oder es erhellt alles was rundherum ist. Das ist auch ein bisschen der Sinn des Wortes “und”. Es verbindet ja die Wörter im Text, die um das Wort “und” herum sind. Es ist kein “Schnick-Schnack”, sondern einfach das, was es ist. </span></p>
<p><b>MARIA </b><span style="font-weight: 400;">Was wollen Sie mit dem Licht und dem Wort im Menschen bewegen?</span></p>
<p><b>MARKUS UHR: </b><span style="font-weight: 400;">Mich haben eigentlich schon immer die einfachen Sachen interessiert. Also Sachen, die uns tagtäglich umgeben. Aber so präsent sind, dass sie bewusst gar nicht mehr wahrgenommen werden. Und dies ist sowohl in meiner Photographie eine grosse Wichtigkeit, wie eben auch für diese Neonschrift “UND”. Für mich ist dies das alltäglichste Wort überhaupt. Es ist eines der am meisten verwendeten Wörter, und trotzdem ist es so banal und im Prinzip unwichtig, dass man es fast überliest und gar nicht mehr so richtig wahrnimmt. Und nun habe ich ihm auf 3.5 Metern einmal einen richtig grossen Platz geben können. Im besten Fall bewirkt es natürlich, dass die Betrachterin, der Betrachter dann tatsächlich anfängt, über das Triviale und das Alltägliche im eigenen Leben zu sinnieren und nachzudenken.</span></p>
<p><b>MARIA </b><span style="font-weight: 400;">Wenn ich jetzt an dieser Strasse vorbei ginge und das Kunstwerk sähe, würde ich anhalten und mich fragen, was es bedeuten könnte.</span></p>
<p><b>MARKUS UHR: </b><span style="font-weight: 400;">Das Wort “UND” steht für mich für den Begriff Verbindung. Verbindung von Worten, Verbindung von Gedanken, und Verbindung auch zwischen Werk und Betrachterin und Betrachter. </span></p>
<p><b>MARIA </b><span style="font-weight: 400;">Das Wort "UND" kann in einer Person, in ihren Gedanken, verschiedene Denkprozesse auslösen. Und ich würde gerne wissen, wie Sie das sehen, als Sie es kreiert haben, woran Sie gedacht haben, was es in Ihnen ausgelöst hat?</span></p>
<p><b>MARKUS UHR: </b><span style="font-weight: 400;">Das Aufblasen, das schier ins Unermessliche Grosse Aufpumpen von einem “belanglosen” Wort hat in mir schon auch ein bisschen – ich komme nicht darum herum zu sagen – ein Schmunzeln aber auch wie einen Glücksmoment ausgelöst. Und zwar einfach zu sehen, was ein häufig übersehenes Wort doch für eine schönes Objekt an der Wand werden kann. Ich habe natürlich sehr viel mit Schriften ausprobiert und bin dann am Ende zu dieser gelangt, wie sie jetzt aussieht. Und es hat für mich natürlich auch einen starken ästhetischen Aspekt, dieses Werk. Dass es schlussendlich jetzt von Zug angekauft worden ist, und seinen endlichen Standort an der Bibliothek gefunden hat, finde ich natürlich ganz toll. Ich war auch etwas beteiligt bei der Auswahl des Standorts. Es gibt in Zug eigentlich keinen besseren Platz als diesen, weil wo sonst sind so viele Worte aufgehoben und auch zur freien Verfügung gegeben, wie in der Bibliothek. Und nun da aussen mein Werk mit dem Wort “UND” hängen zu sehen, das macht mich durchaus sehr glücklich. </span></p>
<p><span style="font-weight: 400;">Ich möchte mich ganz herzlich für diese Teilnahme bedanken. Ich hoffe, dass ich euch mit meinen kurzen Statements etwas dazu beitragen konnte, das Werk “UND” besser zu verstehen. Und ich hoffe, wir hören bald wieder mal etwas voneinander und ich wünsche euch allen einen schönen Tag. Ciao!</span></p>
<p>&nbsp;</p>

<p class="has-small-font-size">°°</p>



<p class="has-small-font-size">ART'S COOL oder "Art is cool"!</p>



<p class="has-small-font-size">Dies ist eine Begegnung mit einem zeitgenössischen Kunstwerk in der Schweiz, betrachtet, erkundet, und hinterfragt von jungen Menschen. Auf die Fragen der Jugendlichen geben wiederum die Künstlerin oder der Künstler auf ihre Weise eine Antwort. Ganz einfach, nicht?</p>



<p class="has-small-font-size">In dieser zweiten Saison lädt unser Podcast dich ein, Werke ausserhalb der üblichen Ausstellungsorte zu besuchen, meistens im Freien! Fast jede Woche entdecken wir gemeinsam eine künstlerische Schöpfung, die irgendwo in der Schweiz im öffentlichen Raum zu finden ist.</p>



<p class="has-small-font-size">Heute ging es um die "UND" von <a href="http://www.markusuhr.com/">Markus Uhr</a>und von Marias neugierigem Blick untersucht. erpasse nicht, das Kunstwerk in Wirklichkeit selber zu entdecken, und zwar in Zug. </p>



<p class="has-small-font-size">Verpassen Sie es nicht, das Werk, um das es in Zug ging, im Garten der Staatskanzlei in natura zu sehen. </p>



<p class="has-small-font-size">Sammle zeitgenössische Kunst mit deinen Ohren! Die Webseite <a href="https://artscool.ch/de/"><strong>artscool.ch/de</strong></a> präsentiert alle Episoden, die seit Herbst 2021 ausgestrahlt wurden. Eine vielfältige und wachsende Sammlung! Ausserdem findest du dort alle Portraits der jugendlichen Fans der zeitgenössischen Kunst, die Kurzbiographien der interviewten Künstlerinnen und Künstler und die Bilder der Werke.</p>



<p class="has-small-font-size">Falls du zur Verbreitung des Podcasts ART’S COOL beitragen möchtest, zögere nicht… in deinem Umfeld darüber zu sprechen, den Podcast auf deiner bevorzugten Plattform zu abonnieren und mit fünf Sternen zu bewerten. Du kannst uns auch auf Instagram folgen unter dem Account <strong><a href="https://www.instagram.com/young_pods/">young_pods</a>.</strong></p>



<p class="has-small-font-size">Der Podcast ART’S COOL wird realisiert und ausgestrahlt mit der grosszügigen Unterstützung der Loterie Romande, dem Migros-Kulturprozent, der Oertli-Stiftung, der Sandoz-Familienstiftung, den Kantonen Aargau, Basel-Stadt, Bern, Glarus, Obwalden, Sankt Gallen, Solothurn, Thurgau, Waadt, Zug, Zürich, und den Städten Winterthur, Yverdon-les-bains, Zug und Zürich.</p>



<p class="has-small-font-size">Mit der Stimme von Florence Grivel in der französischen Version und Stephan Kyburz in der deutschen Version.<br />Musik and Sounddesign von Christophe Gonet.</p>



<p class="has-black-color has-text-color has-small-font-size">Dies ist eine Produktion <a href="https://www.youngpods.ch/" target="_blank" rel="noreferrer noopener"><span style="text-decoration: underline;"><strong>Young Pods</strong></span></a>.</p>

<p>Bibliothek Zug: Maria begegnet dem Neonschriftzug "UND" von Markus Uhr. Sie fragt sich, was der Künstler mit diesem Schriftzug in den Menschen bewegen will.</p>
