{"id":2442,"date":"2023-03-23T16:48:34","date_gmt":"2023-03-23T15:48:34","guid":{"rendered":"https:\/\/artscool.ch\/?post_type=podcast&#038;p=2442"},"modified":"2024-10-04T12:55:10","modified_gmt":"2024-10-04T10:55:10","slug":"leonie-vonturm","status":"publish","type":"podcast","link":"https:\/\/artscool.ch\/de\/podcast\/leonie-vonturm\/","title":{"rendered":"Leonie &amp; vonturm"},"content":{"rendered":"<p class=\"has-small-font-size\">\u00a0<\/p>\r\n\r\n<h3><strong>Hallo zusammen, ich heisse Leonie. Ich bin f\u00fcnfzehn Jahre alt, und komme aus Meierskappel.<\/strong><\/h3>\r\n<h3>\u00a0<\/h3>\r\n<h3><strong>F\u00fcr mich ist Kunst so, dass man unbegrenzt seine Emotionen zeigen oder auch darstellen kann.<\/strong><\/h3>\r\n<h3>\u00a0<\/h3>\r\n<h3><strong>Heute habe ich eine Begegnung mit einem Kunstwerk in der Stadt Zug.<\/strong><br \/><strong>Kommt ihr auch mit?<\/strong><\/h3>\r\n<p>&nbsp;<\/p>\r\n<p>Wir sind beim Schulhaus Loreto in Zug und wir suchen jetzt das Kunstwerk. Rundherum hat es sehr viele Geb\u00e4ude, es sieht etwas d\u00fcster aus. Wir gehen die Treppen hoch und gehen zum Kunstwerk hin.<\/p>\r\n<p>Ich sehe ganz viele Lampen unter einem Dach. Es sieht ein Bisschen aus wie in einer Disco. Es sieht etwas merkw\u00fcrdig aus, weil das Schulhaus etwas d\u00fcster ist, und dann meint man, man k\u00f6nnte an einer Party sein.<\/p>\r\n<p>Wie ich schon gesagt habe, hat es sehr viele Lampen hier. Ich glaube, sie sind aus Plexiglas. Und es hat LED Lichter darin, die pink, blau, gr\u00fcn, gelb leuchten \u2013 so ziemlich in jeder Farbe. Und es gibt auch noch einen Kiosk hier, der aus Scheiben ist, durch die man nicht hindurch sehen kann, und sie sind auch farbig und es sieht cool aus. Und ich finde, es passt auch zu einem Schulhaus, weil es bringt Freude hierhin. Also ich finde es eine coole Idee, auch wenn es Winter ist und es ist dunkler, dann bringt dies Licht hierhin, es f\u00fchlt sich lustiger an, und es hebt die Stimmung, es bringt Freude und es macht gl\u00fccklich.<\/p>\r\n<p>Dies ist das Kunstwerk \u201cPausenkiosk\u201d vom Architektenduo vonturm. Das sind Fabian Bircher und Eva W\u00fcst. Das Werk befindet sich bei der Freizeitanlage und dem Schulhaus Loreto in Zug. Das Werk wurde 2020 realisiert. Es ist eine Installation aus verschiedenen geometrischen Lampen aus Dichroidgl\u00e4sern. Es hat auch noch Akustikelemente.<\/p>\r\n<p>&nbsp;<\/p>\r\n<p><strong>LEONIE:<\/strong> Ich habe nun noch einige Fragen an das K\u00fcnstlerduo.<\/p>\r\n<p><strong>EVA W\u00dcST:<\/strong> Hoi Leonie! Ich bin Eva und neben mir sitzt Fabian. Wir freuen uns, dass du unser Kunst am Bau Projekt in Loreto so genau angeschaut hast. Weil bisher haben wir nur allgemein geh\u00f6rt, dass die Sch\u00fcler*innen Freude habe an unserer Lichtinstallation. Aber wir haben noch keine so detaillierte R\u00fcckmeldung wie von dir erhalten. Wir beantworten dir deine Fragen gerne.<\/p>\r\n<p><strong>LEONIE:<\/strong> Meine erste Frage ist, dass man anscheinend ein paar akkustische Elemente h\u00f6rt. Aber der akkustische Teil des Werks bleibt unbekannt. Was sollte man h\u00f6ren oder was k\u00f6nnte dazu passen, dass man h\u00f6ren k\u00f6nnte?<\/p>\r\n<p><strong>FABIAN BIRCHER:<\/strong> Es ist t\u00e4ts\u00e4chlich so, dass die Akkustikelement keinen Ton aussenden, sondern im Gegenteil sind sie daf\u00fcr da, den Umgebungsl\u00e4rm zu schlucken. Weil die Oberfl\u00e4chen der Geb\u00e4ude alle aus Beton sind, wird der Schall sehr stark reflektiert und es kann in der Pause sehr laut werden, wenn viele Sch\u00fcler*innen dort sind. Die Akkustikelemente haben eine gelochte Oberfl\u00e4che und sind mit Filz gef\u00fcllt, was eine schalld\u00e4mpfende Wirkung hat. So sollte es in der Pause leiser sein, und man sollte sich im Gespr\u00e4ch besser verstehen als vorher.<\/p>\r\n<p><strong>LEONIE:<\/strong> Ich wollte Sie auch fragen, wie Sie auf die Idee gekommen sind, so viele bunte Lampen in einem Schulgeb\u00e4ude und im Freien bei einem Pausenkiosk aufzustellen.<\/p>\r\n<p><strong>EVA W\u00dcST:<\/strong> Wir wurden von der Kulturstelle Zug beauftragt, den d\u00fcsteren Pausenraum des Schulhauses Loreto aufzuwerten. Unser Vorschlag bestand aus verschienartigen Lampen, die die graue Betondecke freundlicher erscheinen lassen sollen. Und um die L\u00e4rmproblematik zu beheben, haben wir die vorher beschriebenen Akkustikelemente hinzugef\u00fcgt.<\/p>\r\n<p><strong>LEONIE:<\/strong> Eine n\u00e4chste Frage ist, ob dies ein Auftrag war mit dem Kiosk, oder ob Sie selber auf die Idee gekommen sind, einen Pausenkiosk zu machen, der so farbig ist, mit so vielen Lichtern?<\/p>\r\n<p><strong>FABIAN BIRCHER:<\/strong> Es gab schon vorher einen Pausenkiosk. Der war allerdings nur ein Provisorium und er stand mitten im Pausenbereich. Die Schule war damit nicht zufrieden und sie wollte einen neuen Kiosk, der optisch ansprechender gestaltet ist. Wir haben darum vorgeschlagen, den Kiosk mit \u00e4hnlichen Materialien und Farben mit Beleuchtung zu gestalten.<\/p>\r\n<p><strong>LEONIE:<\/strong> Warum gerade diese Farben, warum solche Neonlichter, die so wirklich leuchten?<\/p>\r\n<p><strong>EVA W\u00dcST:<\/strong> Das Geb\u00e4ude ist zwar sehr grau, aber wie du vielleicht gesehen hast, hat es an mehreren Stellen im Pausenraum bereits bestehende Kunstwerke an den W\u00e4nden mit kr\u00e4ftigen orangen, roten und gelben Farbent\u00f6nen. Wir wollten nicht zu \u00e4hnliche Farben verwenden und haben uns deshalb entschieden, Dichroidfolien zu verwenden. Das Spezielle an diesen Folien ist, dass je nachdem, von wo man sie betrachtet, sich die Farben \u00e4ndern. Die LED-Lichtquellen im Lampeninnern sind weiss, aber durch die Oberfl\u00e4che aus Dichroidfolien erscheinen die Lampen insgesamt farbig. Wie du richtig sagst, sind dies kr\u00e4ftige Neonfarben in gelb, violett, blau und orange-Bereich, die uns gut gefallen, und die wir f\u00fcr andere Lampenprojekte auch schon verwendet haben.<\/p>\r\n<p><strong>FABIAN BIRCHER:<\/strong> Liebe Leonie, wir w\u00fcnschen dir alles Gute f\u00fcr deine Zukunft, und wir hoffen, dass du dich weiterhin f\u00fcr die Kunst und Architektur interessiert, und immer kritische Fragen stellst.<\/p>\r\n<p>&nbsp;<\/p>\r\n\r\n<p class=\"has-small-font-size\">\u00b0\u00b0<\/p>\r\n\r\n\r\n\r\n<p class=\"has-small-font-size\">ART'S COOL oder \"Art is cool\"!<\/p>\r\n\r\n\r\n\r\n<p class=\"has-small-font-size\">Dies ist eine Begegnung mit einem zeitgen\u00f6ssischen Kunstwerk in der Schweiz, betrachtet, erkundet, und hinterfragt von jungen Menschen. Auf die Fragen der Jugendlichen geben wiederum die K\u00fcnstlerin oder der K\u00fcnstler auf ihre Weise eine Antwort. Ganz einfach, nicht?<\/p>\r\n\r\n\r\n\r\n<p class=\"has-small-font-size\">In dieser zweiten Saison l\u00e4dt unser Podcast dich ein, Werke ausserhalb der \u00fcblichen Ausstellungsorte zu besuchen, meistens im Freien! Fast jede Woche entdecken wir gemeinsam eine k\u00fcnstlerische Sch\u00f6pfung, die irgendwo in der Schweiz im \u00f6ffentlichen Raum zu finden ist.<\/p>\r\n\r\n\r\n\r\n<p class=\"has-small-font-size\">Heute ging es um <strong><em>Pausenkiosk<\/em> <\/strong>des Architektenduos <a href=\"https:\/\/vonturm.ch\/\"><strong>vonturm<\/strong><\/a>, untersucht vom neugierigen Blick von <strong>Leonie<\/strong>. Verpasse nicht das Kunstwerk in Wirklichkeit selber zu entdecken, und zwar in <strong>Zug<\/strong> beim Schulhaus Loreto.<\/p>\r\n\r\n\r\n\r\n<p class=\"has-small-font-size\">Sammle zeitgen\u00f6ssische Kunst mit deinen Ohren! Die Webseite <a href=\"https:\/\/artscool.ch\/de\/\"><strong>artscool.ch\/de<\/strong><\/a> pr\u00e4sentiert alle Episoden, die seit Herbst 2021 ausgestrahlt wurden. Eine vielf\u00e4ltige und wachsende Sammlung! Ausserdem findest du dort alle Portraits der jugendlichen Fans der zeitgen\u00f6ssischen Kunst, die Kurzbiographien der interviewten K\u00fcnstlerinnen und K\u00fcnstler und die Bilder der Werke.<\/p>\r\n\r\n\r\n\r\n<p class=\"has-small-font-size\">Falls du zur Verbreitung des Podcasts ART\u2019S COOL beitragen m\u00f6chtest, z\u00f6gere nicht\u2026 in deinem Umfeld dar\u00fcber zu sprechen, den Podcast auf deiner bevorzugten Plattform zu abonnieren und mit f\u00fcnf Sternen zu bewerten. Du kannst uns auch auf Instagram folgen unter dem Account <strong><a href=\"https:\/\/www.instagram.com\/young_pods\/\">young_pods<\/a>.<\/strong><\/p>\r\n\r\n\r\n\r\n<p class=\"has-small-font-size\">Der ART'S COOL Podcast wird dank der wertvollen Unterst\u00fctzung der Loterie Romande, des Migros-Kulturprozent, der Oertli-Stiftung, der Sandoz-Stiftung, der Kantone Aargau, Basel-Stadt, Bern, Glarus, Graub\u00fcnden, Obwalden, St. Gallen, Solothurn, Thurgau, Waadt, Zug und Z\u00fcrich sowie der St\u00e4dte Winterthur, Yverdon-les-bains, Zug und Z\u00fcrich realisiert und ausgestrahlt.<\/p>\r\n\r\n\r\n\r\n<p class=\"has-small-font-size\">Mit der Stimme von Florence Grivel in der franz\u00f6sischen Version und Stephan Kyburz in der deutschen Version.<br \/>Musik and Sounddesign von Christophe Gonet.<\/p>\r\n\r\n\r\n\r\n<p class=\"has-black-color has-text-color has-small-font-size\">Dies ist eine Produktion <a href=\"https:\/\/www.youngpods.ch\/\" target=\"_blank\" rel=\"noreferrer noopener\"><span style=\"text-decoration: underline;\"><strong>Young Pods<\/strong><\/span><\/a>.<\/p>","protected":false},"excerpt":{"rendered":"<p>Zug, Freizeitzentrum und Schule Loreto: Leonie entdeckt den Kiosk, der vom Architektenduo vonturm entworfen wurde. Die bunten Glasscheiben und Leuchten bringen ihrer Meinung nach eine willkommene Freude in den Raum.<\/p>","protected":false},"featured_media":2445,"template":"","artist":[239],"canton":[158],"episode-":[90],"season":[82],"podcast-categories":[],"class_list":["post-2442","podcast","type-podcast","status-publish","has-post-thumbnail","hentry","artist-vonturm","canton-zug","episode--episode-41","season-season-2"],"acf":[],"_links":{"self":[{"href":"https:\/\/artscool.ch\/de\/wp-json\/wp\/v2\/podcast\/2442","targetHints":{"allow":["GET"]}}],"collection":[{"href":"https:\/\/artscool.ch\/de\/wp-json\/wp\/v2\/podcast"}],"about":[{"href":"https:\/\/artscool.ch\/de\/wp-json\/wp\/v2\/types\/podcast"}],"version-history":[{"count":2,"href":"https:\/\/artscool.ch\/de\/wp-json\/wp\/v2\/podcast\/2442\/revisions"}],"predecessor-version":[{"id":3066,"href":"https:\/\/artscool.ch\/de\/wp-json\/wp\/v2\/podcast\/2442\/revisions\/3066"}],"wp:featuredmedia":[{"embeddable":true,"href":"https:\/\/artscool.ch\/de\/wp-json\/wp\/v2\/media\/2445"}],"wp:attachment":[{"href":"https:\/\/artscool.ch\/de\/wp-json\/wp\/v2\/media?parent=2442"}],"wp:term":[{"taxonomy":"artist","embeddable":true,"href":"https:\/\/artscool.ch\/de\/wp-json\/wp\/v2\/artist?post=2442"},{"taxonomy":"canton","embeddable":true,"href":"https:\/\/artscool.ch\/de\/wp-json\/wp\/v2\/canton?post=2442"},{"taxonomy":"episode-","embeddable":true,"href":"https:\/\/artscool.ch\/de\/wp-json\/wp\/v2\/episode-?post=2442"},{"taxonomy":"season","embeddable":true,"href":"https:\/\/artscool.ch\/de\/wp-json\/wp\/v2\/season?post=2442"},{"taxonomy":"podcast-categories","embeddable":true,"href":"https:\/\/artscool.ch\/de\/wp-json\/wp\/v2\/podcast-categories?post=2442"}],"curies":[{"name":"wp","href":"https:\/\/api.w.org\/{rel}","templated":true}]}}

<p class="has-small-font-size"> </p>

<h3><strong>Hallo zusammen, ich heisse Leonie. Ich bin fünfzehn Jahre alt, und komme aus Meierskappel.</strong></h3>
<h3> </h3>
<h3><strong>Für mich ist Kunst so, dass man unbegrenzt seine Emotionen zeigen oder auch darstellen kann.</strong></h3>
<h3> </h3>
<h3><strong>Heute habe ich eine Begegnung mit einem Kunstwerk in der Stadt Zug.</strong><br /><strong>Kommt ihr auch mit?</strong></h3>
<p>&nbsp;</p>
<p>Wir sind beim Schulhaus Loreto in Zug und wir suchen jetzt das Kunstwerk. Rundherum hat es sehr viele Gebäude, es sieht etwas düster aus. Wir gehen die Treppen hoch und gehen zum Kunstwerk hin.</p>
<p>Ich sehe ganz viele Lampen unter einem Dach. Es sieht ein Bisschen aus wie in einer Disco. Es sieht etwas merkwürdig aus, weil das Schulhaus etwas düster ist, und dann meint man, man könnte an einer Party sein.</p>
<p>Wie ich schon gesagt habe, hat es sehr viele Lampen hier. Ich glaube, sie sind aus Plexiglas. Und es hat LED Lichter darin, die pink, blau, grün, gelb leuchten – so ziemlich in jeder Farbe. Und es gibt auch noch einen Kiosk hier, der aus Scheiben ist, durch die man nicht hindurch sehen kann, und sie sind auch farbig und es sieht cool aus. Und ich finde, es passt auch zu einem Schulhaus, weil es bringt Freude hierhin. Also ich finde es eine coole Idee, auch wenn es Winter ist und es ist dunkler, dann bringt dies Licht hierhin, es fühlt sich lustiger an, und es hebt die Stimmung, es bringt Freude und es macht glücklich.</p>
<p>Dies ist das Kunstwerk “Pausenkiosk” vom Architektenduo vonturm. Das sind Fabian Bircher und Eva Wüst. Das Werk befindet sich bei der Freizeitanlage und dem Schulhaus Loreto in Zug. Das Werk wurde 2020 realisiert. Es ist eine Installation aus verschiedenen geometrischen Lampen aus Dichroidgläsern. Es hat auch noch Akustikelemente.</p>
<p>&nbsp;</p>
<p><strong>LEONIE:</strong> Ich habe nun noch einige Fragen an das Künstlerduo.</p>
<p><strong>EVA WÜST:</strong> Hoi Leonie! Ich bin Eva und neben mir sitzt Fabian. Wir freuen uns, dass du unser Kunst am Bau Projekt in Loreto so genau angeschaut hast. Weil bisher haben wir nur allgemein gehört, dass die Schüler*innen Freude habe an unserer Lichtinstallation. Aber wir haben noch keine so detaillierte Rückmeldung wie von dir erhalten. Wir beantworten dir deine Fragen gerne.</p>
<p><strong>LEONIE:</strong> Meine erste Frage ist, dass man anscheinend ein paar akkustische Elemente hört. Aber der akkustische Teil des Werks bleibt unbekannt. Was sollte man hören oder was könnte dazu passen, dass man hören könnte?</p>
<p><strong>FABIAN BIRCHER:</strong> Es ist tätsächlich so, dass die Akkustikelement keinen Ton aussenden, sondern im Gegenteil sind sie dafür da, den Umgebungslärm zu schlucken. Weil die Oberflächen der Gebäude alle aus Beton sind, wird der Schall sehr stark reflektiert und es kann in der Pause sehr laut werden, wenn viele Schüler*innen dort sind. Die Akkustikelemente haben eine gelochte Oberfläche und sind mit Filz gefüllt, was eine schalldämpfende Wirkung hat. So sollte es in der Pause leiser sein, und man sollte sich im Gespräch besser verstehen als vorher.</p>
<p><strong>LEONIE:</strong> Ich wollte Sie auch fragen, wie Sie auf die Idee gekommen sind, so viele bunte Lampen in einem Schulgebäude und im Freien bei einem Pausenkiosk aufzustellen.</p>
<p><strong>EVA WÜST:</strong> Wir wurden von der Kulturstelle Zug beauftragt, den düsteren Pausenraum des Schulhauses Loreto aufzuwerten. Unser Vorschlag bestand aus verschienartigen Lampen, die die graue Betondecke freundlicher erscheinen lassen sollen. Und um die Lärmproblematik zu beheben, haben wir die vorher beschriebenen Akkustikelemente hinzugefügt.</p>
<p><strong>LEONIE:</strong> Eine nächste Frage ist, ob dies ein Auftrag war mit dem Kiosk, oder ob Sie selber auf die Idee gekommen sind, einen Pausenkiosk zu machen, der so farbig ist, mit so vielen Lichtern?</p>
<p><strong>FABIAN BIRCHER:</strong> Es gab schon vorher einen Pausenkiosk. Der war allerdings nur ein Provisorium und er stand mitten im Pausenbereich. Die Schule war damit nicht zufrieden und sie wollte einen neuen Kiosk, der optisch ansprechender gestaltet ist. Wir haben darum vorgeschlagen, den Kiosk mit ähnlichen Materialien und Farben mit Beleuchtung zu gestalten.</p>
<p><strong>LEONIE:</strong> Warum gerade diese Farben, warum solche Neonlichter, die so wirklich leuchten?</p>
<p><strong>EVA WÜST:</strong> Das Gebäude ist zwar sehr grau, aber wie du vielleicht gesehen hast, hat es an mehreren Stellen im Pausenraum bereits bestehende Kunstwerke an den Wänden mit kräftigen orangen, roten und gelben Farbentönen. Wir wollten nicht zu ähnliche Farben verwenden und haben uns deshalb entschieden, Dichroidfolien zu verwenden. Das Spezielle an diesen Folien ist, dass je nachdem, von wo man sie betrachtet, sich die Farben ändern. Die LED-Lichtquellen im Lampeninnern sind weiss, aber durch die Oberfläche aus Dichroidfolien erscheinen die Lampen insgesamt farbig. Wie du richtig sagst, sind dies kräftige Neonfarben in gelb, violett, blau und orange-Bereich, die uns gut gefallen, und die wir für andere Lampenprojekte auch schon verwendet haben.</p>
<p><strong>FABIAN BIRCHER:</strong> Liebe Leonie, wir wünschen dir alles Gute für deine Zukunft, und wir hoffen, dass du dich weiterhin für die Kunst und Architektur interessiert, und immer kritische Fragen stellst.</p>
<p>&nbsp;</p>

<p class="has-small-font-size">°°</p>



<p class="has-small-font-size">ART'S COOL oder "Art is cool"!</p>



<p class="has-small-font-size">Dies ist eine Begegnung mit einem zeitgenössischen Kunstwerk in der Schweiz, betrachtet, erkundet, und hinterfragt von jungen Menschen. Auf die Fragen der Jugendlichen geben wiederum die Künstlerin oder der Künstler auf ihre Weise eine Antwort. Ganz einfach, nicht?</p>



<p class="has-small-font-size">In dieser zweiten Saison lädt unser Podcast dich ein, Werke ausserhalb der üblichen Ausstellungsorte zu besuchen, meistens im Freien! Fast jede Woche entdecken wir gemeinsam eine künstlerische Schöpfung, die irgendwo in der Schweiz im öffentlichen Raum zu finden ist.</p>



<p class="has-small-font-size">Heute ging es um <strong><em>Pausenkiosk</em> </strong>des Architektenduos <a href="https://vonturm.ch/"><strong>vonturm</strong></a>, untersucht vom neugierigen Blick von <strong>Leonie</strong>. Verpasse nicht das Kunstwerk in Wirklichkeit selber zu entdecken, und zwar in <strong>Zug</strong> beim Schulhaus Loreto.</p>



<p class="has-small-font-size">Sammle zeitgenössische Kunst mit deinen Ohren! Die Webseite <a href="https://artscool.ch/de/"><strong>artscool.ch/de</strong></a> präsentiert alle Episoden, die seit Herbst 2021 ausgestrahlt wurden. Eine vielfältige und wachsende Sammlung! Ausserdem findest du dort alle Portraits der jugendlichen Fans der zeitgenössischen Kunst, die Kurzbiographien der interviewten Künstlerinnen und Künstler und die Bilder der Werke.</p>



<p class="has-small-font-size">Falls du zur Verbreitung des Podcasts ART’S COOL beitragen möchtest, zögere nicht… in deinem Umfeld darüber zu sprechen, den Podcast auf deiner bevorzugten Plattform zu abonnieren und mit fünf Sternen zu bewerten. Du kannst uns auch auf Instagram folgen unter dem Account <strong><a href="https://www.instagram.com/young_pods/">young_pods</a>.</strong></p>



<p class="has-small-font-size">Der ART'S COOL Podcast wird dank der wertvollen Unterstützung der Loterie Romande, des Migros-Kulturprozent, der Oertli-Stiftung, der Sandoz-Stiftung, der Kantone Aargau, Basel-Stadt, Bern, Glarus, Graubünden, Obwalden, St. Gallen, Solothurn, Thurgau, Waadt, Zug und Zürich sowie der Städte Winterthur, Yverdon-les-bains, Zug und Zürich realisiert und ausgestrahlt.</p>



<p class="has-small-font-size">Mit der Stimme von Florence Grivel in der französischen Version und Stephan Kyburz in der deutschen Version.<br />Musik and Sounddesign von Christophe Gonet.</p>



<p class="has-black-color has-text-color has-small-font-size">Dies ist eine Produktion <a href="https://www.youngpods.ch/" target="_blank" rel="noreferrer noopener"><span style="text-decoration: underline;"><strong>Young Pods</strong></span></a>.</p>
