{"id":2433,"date":"2023-03-17T18:03:43","date_gmt":"2023-03-17T17:03:43","guid":{"rendered":"https:\/\/artscool.ch\/?post_type=podcast&#038;p=2433"},"modified":"2024-10-04T12:56:50","modified_gmt":"2024-10-04T10:56:50","slug":"lyora-frederic-post","status":"publish","type":"podcast","link":"https:\/\/artscool.ch\/de\/podcast\/lyora-frederic-post\/","title":{"rendered":"Lyora &amp; Fr\u00e9d\u00e9ric Post"},"content":{"rendered":"<p class=\"has-small-font-size\">\u00a0<\/p>\r\n\r\n<h3><strong>Hallo, mein Name ist Lyora. Ich bin siebzehn Jahre alt und wohne in Genf.<\/strong><br \/><strong>F\u00fcr mich ist Kunst die Vermittlung von etwas Wichtigem, das uns umgibt.<\/strong><\/h3>\r\n<p>&nbsp;<\/p>\r\n<p><strong>Heute habe ich eine Verabredung mit einem Werk von Fr\u00e9d\u00e9ric Post auf dem Place de Montbrillant in Genf.<\/strong><br \/><strong>Kommt ihr auch mit?<\/strong><\/p>\r\n<p><span style=\"font-weight: 400;\"><br \/>Dort bin ich in der Rue des Grottes und kenne mich \u00fcberhaupt nicht aus, aber ich weiss, dass es links den Place de Montbrillant gibt. Ich n\u00e4here mich langsam einem Platz und sehe an der Wand ... zuerst kleine Punkte. Nur kleine Punkte. Und es ist sehr gross. Und weil das Werk so gross ist, muss ich ein bisschen zur\u00fccktreten, weil ich es nicht so gut sehen kann.<\/span><\/p>\r\n<p><span style=\"font-weight: 400;\">Es ist ein sehr belebtes Viertel und es gibt einen Bahnhof. Aber hier sehe ich besser. Aber was ich am meisten sehe, ist ein altes Geb\u00e4ude. Ich habe das Gef\u00fchl, dass es nicht in die Schweiz geh\u00f6rt; es sieht aus wie ein Haus in Italien. Es gibt zwei grosse Fassaden an diesem Geb\u00e4ude, das in der Schweiz nicht un\u00fcblich ist. Und auf den beiden grossen Fassaden ist auf der einen Seite der Kopf eines Panthers und auf der anderen Seite eine lange, verdrehte Schlange. Und es gibt eine weitere Neonr\u00f6hre, die die beiden Fassaden mit einer Art Raute verbindet, die kleiner oder gr\u00f6sser zu werden scheint. Es ist wie eine optische T\u00e4uschung.<\/span><\/p>\r\n<p><span style=\"font-weight: 400;\">Ich sehe dieses Werk bei Tageslicht, daher sehe ich die Neonr\u00f6hren selbst nicht. Es ist sehr grau, abgesehen von den Tags. Da es so gross ist, habe ich das Gef\u00fchl, dass man sich sofort angezogen f\u00fchlt. Ich weiss nicht, wie es anderen Leuten geht, aber ich weiss, dass mir etwas Grosses sofort ins Auge f\u00e4llt, vor allem, wenn es viel Licht hat.<\/span><\/p>\r\n<p><span style=\"font-weight: 400;\">Die beiden Tiere k\u00f6nnte man als gef\u00e4hrlich oder auf jeden Fall als wild bezeichnen. Sie strahlen eine Art St\u00e4rke aus.<\/span><\/p>\r\n<p><span style=\"font-weight: 400;\">Ich lese den Steckbrief: Das Werk heisst \"Pinta cura\" von Fr\u00e9d\u00e9ric Post. Es wurde im Jahr 2016 geschaffen. Es gibt zehntausend farbige Gl\u00fchbirnen! Und ja, es ist sehr gross!<\/span><\/p>\r\n<p><span style=\"font-weight: 400;\">Das Geb\u00e4ude erinnert mich an Italien und der Name auch. \"Pinta cura\", \"cura\", wie etwas, das gut tut, das heilt... dabei sind es doch Tiere, die nicht heilen. Sie sind sogar ziemlich gef\u00e4hrlich! Ich weiss nicht, ob das ein zweischneidiges Schwert ist.<\/span><\/p>\r\n<p><span style=\"font-weight: 400;\">So, das ist der Moment, in dem ich dem K\u00fcnstler Fragen stelle.<\/span><\/p>\r\n<p><span style=\"font-weight: 400;\"><strong>LYORA<\/strong>Pinta cura\", in welcher Sprache ist das? Und gibt es eine Verbindung zur Pflege, zu etwas, das pflegt, das gut tut?<\/span><\/p>\r\n<p><span style=\"font-weight: 400;\"><strong>FR\u00c9D\u00c9RIC POST<\/strong>: Hallo, Lyora. Vielen Dank f\u00fcr dein Interesse an \"Pinta cura\". Ich werde versuchen, deine Fragen zu beantworten.<\/span><\/p>\r\n<p><span style=\"font-weight: 400;\">Dieser Titel ist auf Spanisch. Aber es sind vor allem W\u00f6rter, die ich oft bei Ayahuasca-Zeremonien geh\u00f6rt habe. Ayahuasca ist ein Getr\u00e4nk, das aus verschiedenen Pflanzen hergestellt wird. Es ist eine traditionelle Medizin, die man in S\u00fcdamerika findet und die weit gereist ist. Heute kann man sie auch in Begleitung von Schamanen trinken, und zwar \u00fcberall auf der Welt.<\/span><\/p>\r\n<p><span style=\"font-weight: 400;\">\"Pinta\" bedeutet die Vision oder die Visionen. \"cura\" bedeutet die Heilung, die Pflege. Man k\u00f6nnte es mit \"die Vision, die heilt\" \u00fcbersetzen.<\/span><\/p>\r\n<p><span style=\"font-weight: 400;\"><strong>LYORA<\/strong>: Ich habe mich auch gefragt, ob es eine besondere Verbindung zwischen den beiden Tieren gibt.<\/span><\/p>\r\n<p><span style=\"font-weight: 400;\"><strong>FR\u00c9D\u00c9RIC POST<\/strong>: Der Jaguar und die Anakonda sind Tiere, die man im Amazonasgebiet im Wald findet. Es sind m\u00e4chtige Tiere. Der Jaguar ist vielleicht das st\u00e4rkste Raubtier. Im Schamanismus kann seine Kraft bei der Bek\u00e4mpfung von Krankheiten hilfreich sein. Die Schlange hingegen hat eine Vorstellung von Reinigung, denn Schlangen wechseln ihre Haut. Sie h\u00e4uten sich und werden wiedergeboren. Schlangen machen Angst, vielleicht wegen ihres Gifts. Sie sind auch sehr symbolisch: In unserer Kultur findet man sie auf dem Caduceus von \u00c4rzten und Apothekern.<\/span><\/p>\r\n<p><span style=\"font-weight: 400;\">Ausserdem gibt es in diesem Motiv \"Pinta cura\" viele Hinweise auf Heilung, Medikamente, Pflege und Medizin. \u00dcber dem Jaguar befinden sich drei grosse Kreuze, von denen das Hauptkreuz gr\u00fcn ist. Es ist ein direkter Hinweis auf das Apothekerkreuz. Die anderen, etwas kleineren und mehrfarbigen Kreuze stehen f\u00fcr alternative Heilmethoden. Und auf dem R\u00fccken der Schlange gibt es viele kleine Zeichnungen, die Emojis sind und auf unsere digitale Kultur und unsere Art zu kommunizieren hinweisen. Es gibt noch weitere Verweise auf das Heilen, insbesondere in der Reihe von Kreisen mit Kreuzen darin. Es sind Webarbeiten von \"Medicine-Drums\", schamanischen Trommeln, mit ihren Lederriemen, die zum Spannen der Haut dienen. Es gibt auch ein rotes Kreuz.<\/span><\/p>\r\n<p><span style=\"font-weight: 400;\"><strong>LYORA<\/strong>: Ich habe mich auch gefragt, wie das funktioniert. Weil es Neonr\u00f6hren sind und ich denke, dass es nachts am beeindruckendsten ist. Ich frage mich, wie die Farben in der Nacht aussehen.<\/span><\/p>\r\n<p><span style=\"font-weight: 400;\"><strong>FR\u00c9D\u00c9RIC POST<\/strong>: Die Struktur aus Holz und Metall mit ihren Weiss- und Graut\u00f6nen verschmilzt fast mit der Fassade. Ich wollte nichts f\u00fcr den Tag tun, aber ich mag dieses etwas spitzenartige Aussehen sehr.<\/span><\/p>\r\n<p><span style=\"font-weight: 400;\">Es ist ein Werk, das f\u00fcr die Nacht gemacht ist. Es braucht die Nacht, um zu strahlen. In der Nacht wird getr\u00e4umt, in der Nacht erscheinen die Visionen.<\/span><\/p>\r\n<p><span style=\"font-weight: 400;\"><strong>LYORA<\/strong>Zehntausend Gl\u00fchbirnen sind sicher eine Menge Strom. Sind all diese Gl\u00fchbirnen umweltfreundlich?<\/span><\/p>\r\n<p><span style=\"font-weight: 400;\"><strong>FR\u00c9D\u00c9RIC POST<\/strong>: Ich danke dir f\u00fcr deine Bemerkung. Es stimmt, dass wir generell viel Strom verbrauchen und oft ohne zu wissen, warum. Im Jahr 2016, als ich das Werk entworfen habe, waren wir f\u00fcr diese Energiefragen weniger empf\u00e4nglich. Aber zehntausend 0,28-Watt-Gl\u00fchbirnen machen laut meinem Datenblatt 2800 Watt aus. 2800 Watt, das entspricht einer Waschmaschine. Man sieht also, dass der Verbrauch nicht so hoch ist. Ausserdem ist sie nicht die ganze Nacht \u00fcber eingeschaltet, sondern nur zu bestimmten Zeiten: 18.00 bis 22.00 Uhr unter der Woche und 18.00 bis 23.00 Uhr am Wochenende. Man kann sich die Frage stellen, ob dieses Kunstwerk seinen Stromverbrauch rechtfertigt, ob es einen Einfluss auf den Betrachter und die Stadt hat, der seinen Verbrauch rechtfertigt. Es steht mir nicht unbedingt zu, das zu beurteilen, aber ich w\u00e4re auf jeden Fall nicht schockiert, wenn es zu noch k\u00fcrzeren Zeiten oder zu besonderen symbolischen oder festlichen Anl\u00e4ssen eingeschaltet w\u00fcrde.<\/span><\/p>\r\n\r\n<p class=\"has-small-font-size\">\u00b0\u00b0<\/p>\r\n\r\n\r\n\r\n<p class=\"has-small-font-size\">ART'S COOL oder \"Art is cool\"!<\/p>\r\n\r\n\r\n\r\n<p class=\"has-small-font-size\">Dies ist eine Begegnung mit einem zeitgen\u00f6ssischen Kunstwerk in der Schweiz, betrachtet, erkundet, und hinterfragt von jungen Menschen. Auf die Fragen der Jugendlichen geben wiederum die K\u00fcnstlerin oder der K\u00fcnstler auf ihre Weise eine Antwort. Ganz einfach, nicht?<\/p>\r\n\r\n\r\n\r\n<p class=\"has-small-font-size\">In dieser zweiten Saison l\u00e4dt unser Podcast dich ein, Werke ausserhalb der \u00fcblichen Ausstellungsorte zu besuchen, meistens im Freien! Fast jede Woche entdecken wir gemeinsam eine k\u00fcnstlerische Sch\u00f6pfung, die irgendwo in der Schweiz im \u00f6ffentlichen Raum zu finden ist.<\/p>\r\n\r\n\r\n\r\n<p class=\"has-small-font-size\">Heute ging es um <em>Pinta cura<\/em>\u00a0von\u00a0<strong><a href=\"http:\/\/www.fredericpost.net\" data-type=\"URL\" data-id=\"www.fredericpost.net\">Fr\u00e9d\u00e9ric Post<\/a><\/strong>, untersucht vom neugierigen Blick von\u00a0<strong>Lyora<\/strong>. Verpasse nicht das Kunstwerk in Wirklichkeit selber zu entdecken, und zwar in\u00a0<strong>Genf<\/strong>auf der\u00a0<strong>Place de Montbrillant<\/strong>hinter dem Bahnhof Cornavin. Diese Installation ist Teil der Sammlung von Kunstwerken im \u00f6ffentlichen Raum in Genf, die vom\u00a0<strong><a href=\"http:\/\/www.fmac-geneve.ch\/fr\" data-type=\"URL\" data-id=\"www.fmac-geneve.ch\/fr\">Amt f\u00fcr Kultur<\/a><\/strong>\u00a0der Stadt.<\/p>\r\n\r\n\r\n\r\n<p class=\"has-small-font-size\">Sammle zeitgen\u00f6ssische Kunst mit deinen Ohren! Die Webseite <a href=\"https:\/\/artscool.ch\/de\/\"><strong>artscool.ch\/de<\/strong><\/a> pr\u00e4sentiert alle Episoden, die seit Herbst 2021 ausgestrahlt wurden. Eine vielf\u00e4ltige und wachsende Sammlung! Ausserdem findest du dort alle Portraits der jugendlichen Fans der zeitgen\u00f6ssischen Kunst, die Kurzbiographien der interviewten K\u00fcnstlerinnen und K\u00fcnstler und die Bilder der Werke.<\/p>\r\n\r\n\r\n\r\n<p class=\"has-small-font-size\">Falls du zur Verbreitung des Podcasts ART\u2019S COOL beitragen m\u00f6chtest, z\u00f6gere nicht\u2026 in deinem Umfeld dar\u00fcber zu sprechen, den Podcast auf deiner bevorzugten Plattform zu abonnieren und mit f\u00fcnf Sternen zu bewerten. Du kannst uns auch auf Instagram folgen unter dem Account <strong><a href=\"https:\/\/www.instagram.com\/young_pods\/\">young_pods<\/a>.<\/strong><\/p>\r\n\r\n\r\n\r\n<p class=\"has-small-font-size\">Der Podcast ART\u2019S COOL wird realisiert und ausgestrahlt mit der grossz\u00fcgigen Unterst\u00fctzung der Loterie Romande, dem Migros-Kulturprozent, der Oertli-Stiftung, der Sandoz-Familienstiftung, den Kantonen Aargau, Basel-Stadt, Bern, Glarus, Obwalden, Sankt Gallen, Solothurn, Thurgau, Waadt, Zug, Z\u00fcrich, und den St\u00e4dten Winterthur, Yverdon-les-bains, Zug und Z\u00fcrich.<\/p>\r\n\r\n\r\n\r\n<p class=\"has-small-font-size\">Mit der Stimme von Florence Grivel in der franz\u00f6sischen Version und Stephan Kyburz in der deutschen Version.<br \/>Musik and Sounddesign von Christophe Gonet.<\/p>\r\n\r\n\r\n\r\n<p class=\"has-black-color has-text-color has-small-font-size\">Dies ist eine Produktion <a href=\"https:\/\/www.youngpods.ch\/\" target=\"_blank\" rel=\"noreferrer noopener\"><span style=\"text-decoration: underline;\"><strong>Young Pods<\/strong><\/span><\/a>.<\/p>","protected":false},"excerpt":{"rendered":"<p>Genf, Place de Montbrillant: Lyora ist fasziniert von der Gr\u00f6\u00dfe der k\u00fcnstlerischen Intervention von Fr\u00e9d\u00e9ric Post, die an den Fassaden von zwei Geb\u00e4uden angebracht ist, und sie ist sehr neugierig auf den Titel \"Pinta cura\".<\/p>","protected":false},"featured_media":2436,"template":"","artist":[216],"canton":[141],"episode-":[89],"season":[82],"podcast-categories":[],"class_list":["post-2433","podcast","type-podcast","status-publish","has-post-thumbnail","hentry","artist-frederic-post","canton-geneve","episode--episode-40","season-season-2"],"acf":[],"_links":{"self":[{"href":"https:\/\/artscool.ch\/de\/wp-json\/wp\/v2\/podcast\/2433","targetHints":{"allow":["GET"]}}],"collection":[{"href":"https:\/\/artscool.ch\/de\/wp-json\/wp\/v2\/podcast"}],"about":[{"href":"https:\/\/artscool.ch\/de\/wp-json\/wp\/v2\/types\/podcast"}],"version-history":[{"count":2,"href":"https:\/\/artscool.ch\/de\/wp-json\/wp\/v2\/podcast\/2433\/revisions"}],"predecessor-version":[{"id":3068,"href":"https:\/\/artscool.ch\/de\/wp-json\/wp\/v2\/podcast\/2433\/revisions\/3068"}],"wp:featuredmedia":[{"embeddable":true,"href":"https:\/\/artscool.ch\/de\/wp-json\/wp\/v2\/media\/2436"}],"wp:attachment":[{"href":"https:\/\/artscool.ch\/de\/wp-json\/wp\/v2\/media?parent=2433"}],"wp:term":[{"taxonomy":"artist","embeddable":true,"href":"https:\/\/artscool.ch\/de\/wp-json\/wp\/v2\/artist?post=2433"},{"taxonomy":"canton","embeddable":true,"href":"https:\/\/artscool.ch\/de\/wp-json\/wp\/v2\/canton?post=2433"},{"taxonomy":"episode-","embeddable":true,"href":"https:\/\/artscool.ch\/de\/wp-json\/wp\/v2\/episode-?post=2433"},{"taxonomy":"season","embeddable":true,"href":"https:\/\/artscool.ch\/de\/wp-json\/wp\/v2\/season?post=2433"},{"taxonomy":"podcast-categories","embeddable":true,"href":"https:\/\/artscool.ch\/de\/wp-json\/wp\/v2\/podcast-categories?post=2433"}],"curies":[{"name":"wp","href":"https:\/\/api.w.org\/{rel}","templated":true}]}}

Lyora &amp; Frédéric Post

<p class="has-small-font-size"> </p>

<h3><strong>Hallo, mein Name ist Lyora. Ich bin siebzehn Jahre alt und wohne in Genf.</strong><br /><strong>Für mich ist Kunst die Vermittlung von etwas Wichtigem, das uns umgibt.</strong></h3>
<p>&nbsp;</p>
<p><strong>Heute habe ich eine Verabredung mit einem Werk von Frédéric Post auf dem Place de Montbrillant in Genf.</strong><br /><strong>Kommt ihr auch mit?</strong></p>
<p><span style="font-weight: 400;"><br />Dort bin ich in der Rue des Grottes und kenne mich überhaupt nicht aus, aber ich weiss, dass es links den Place de Montbrillant gibt. Ich nähere mich langsam einem Platz und sehe an der Wand ... zuerst kleine Punkte. Nur kleine Punkte. Und es ist sehr gross. Und weil das Werk so gross ist, muss ich ein bisschen zurücktreten, weil ich es nicht so gut sehen kann.</span></p>
<p><span style="font-weight: 400;">Es ist ein sehr belebtes Viertel und es gibt einen Bahnhof. Aber hier sehe ich besser. Aber was ich am meisten sehe, ist ein altes Gebäude. Ich habe das Gefühl, dass es nicht in die Schweiz gehört; es sieht aus wie ein Haus in Italien. Es gibt zwei grosse Fassaden an diesem Gebäude, das in der Schweiz nicht unüblich ist. Und auf den beiden grossen Fassaden ist auf der einen Seite der Kopf eines Panthers und auf der anderen Seite eine lange, verdrehte Schlange. Und es gibt eine weitere Neonröhre, die die beiden Fassaden mit einer Art Raute verbindet, die kleiner oder grösser zu werden scheint. Es ist wie eine optische Täuschung.</span></p>
<p><span style="font-weight: 400;">Ich sehe dieses Werk bei Tageslicht, daher sehe ich die Neonröhren selbst nicht. Es ist sehr grau, abgesehen von den Tags. Da es so gross ist, habe ich das Gefühl, dass man sich sofort angezogen fühlt. Ich weiss nicht, wie es anderen Leuten geht, aber ich weiss, dass mir etwas Grosses sofort ins Auge fällt, vor allem, wenn es viel Licht hat.</span></p>
<p><span style="font-weight: 400;">Die beiden Tiere könnte man als gefährlich oder auf jeden Fall als wild bezeichnen. Sie strahlen eine Art Stärke aus.</span></p>
<p><span style="font-weight: 400;">Ich lese den Steckbrief: Das Werk heisst "Pinta cura" von Frédéric Post. Es wurde im Jahr 2016 geschaffen. Es gibt zehntausend farbige Glühbirnen! Und ja, es ist sehr gross!</span></p>
<p><span style="font-weight: 400;">Das Gebäude erinnert mich an Italien und der Name auch. "Pinta cura", "cura", wie etwas, das gut tut, das heilt... dabei sind es doch Tiere, die nicht heilen. Sie sind sogar ziemlich gefährlich! Ich weiss nicht, ob das ein zweischneidiges Schwert ist.</span></p>
<p><span style="font-weight: 400;">So, das ist der Moment, in dem ich dem Künstler Fragen stelle.</span></p>
<p><span style="font-weight: 400;"><strong>LYORA</strong>Pinta cura", in welcher Sprache ist das? Und gibt es eine Verbindung zur Pflege, zu etwas, das pflegt, das gut tut?</span></p>
<p><span style="font-weight: 400;"><strong>FRÉDÉRIC POST</strong>: Hallo, Lyora. Vielen Dank für dein Interesse an "Pinta cura". Ich werde versuchen, deine Fragen zu beantworten.</span></p>
<p><span style="font-weight: 400;">Dieser Titel ist auf Spanisch. Aber es sind vor allem Wörter, die ich oft bei Ayahuasca-Zeremonien gehört habe. Ayahuasca ist ein Getränk, das aus verschiedenen Pflanzen hergestellt wird. Es ist eine traditionelle Medizin, die man in Südamerika findet und die weit gereist ist. Heute kann man sie auch in Begleitung von Schamanen trinken, und zwar überall auf der Welt.</span></p>
<p><span style="font-weight: 400;">"Pinta" bedeutet die Vision oder die Visionen. "cura" bedeutet die Heilung, die Pflege. Man könnte es mit "die Vision, die heilt" übersetzen.</span></p>
<p><span style="font-weight: 400;"><strong>LYORA</strong>: Ich habe mich auch gefragt, ob es eine besondere Verbindung zwischen den beiden Tieren gibt.</span></p>
<p><span style="font-weight: 400;"><strong>FRÉDÉRIC POST</strong>: Der Jaguar und die Anakonda sind Tiere, die man im Amazonasgebiet im Wald findet. Es sind mächtige Tiere. Der Jaguar ist vielleicht das stärkste Raubtier. Im Schamanismus kann seine Kraft bei der Bekämpfung von Krankheiten hilfreich sein. Die Schlange hingegen hat eine Vorstellung von Reinigung, denn Schlangen wechseln ihre Haut. Sie häuten sich und werden wiedergeboren. Schlangen machen Angst, vielleicht wegen ihres Gifts. Sie sind auch sehr symbolisch: In unserer Kultur findet man sie auf dem Caduceus von Ärzten und Apothekern.</span></p>
<p><span style="font-weight: 400;">Ausserdem gibt es in diesem Motiv "Pinta cura" viele Hinweise auf Heilung, Medikamente, Pflege und Medizin. Über dem Jaguar befinden sich drei grosse Kreuze, von denen das Hauptkreuz grün ist. Es ist ein direkter Hinweis auf das Apothekerkreuz. Die anderen, etwas kleineren und mehrfarbigen Kreuze stehen für alternative Heilmethoden. Und auf dem Rücken der Schlange gibt es viele kleine Zeichnungen, die Emojis sind und auf unsere digitale Kultur und unsere Art zu kommunizieren hinweisen. Es gibt noch weitere Verweise auf das Heilen, insbesondere in der Reihe von Kreisen mit Kreuzen darin. Es sind Webarbeiten von "Medicine-Drums", schamanischen Trommeln, mit ihren Lederriemen, die zum Spannen der Haut dienen. Es gibt auch ein rotes Kreuz.</span></p>
<p><span style="font-weight: 400;"><strong>LYORA</strong>: Ich habe mich auch gefragt, wie das funktioniert. Weil es Neonröhren sind und ich denke, dass es nachts am beeindruckendsten ist. Ich frage mich, wie die Farben in der Nacht aussehen.</span></p>
<p><span style="font-weight: 400;"><strong>FRÉDÉRIC POST</strong>: Die Struktur aus Holz und Metall mit ihren Weiss- und Grautönen verschmilzt fast mit der Fassade. Ich wollte nichts für den Tag tun, aber ich mag dieses etwas spitzenartige Aussehen sehr.</span></p>
<p><span style="font-weight: 400;">Es ist ein Werk, das für die Nacht gemacht ist. Es braucht die Nacht, um zu strahlen. In der Nacht wird geträumt, in der Nacht erscheinen die Visionen.</span></p>
<p><span style="font-weight: 400;"><strong>LYORA</strong>Zehntausend Glühbirnen sind sicher eine Menge Strom. Sind all diese Glühbirnen umweltfreundlich?</span></p>
<p><span style="font-weight: 400;"><strong>FRÉDÉRIC POST</strong>: Ich danke dir für deine Bemerkung. Es stimmt, dass wir generell viel Strom verbrauchen und oft ohne zu wissen, warum. Im Jahr 2016, als ich das Werk entworfen habe, waren wir für diese Energiefragen weniger empfänglich. Aber zehntausend 0,28-Watt-Glühbirnen machen laut meinem Datenblatt 2800 Watt aus. 2800 Watt, das entspricht einer Waschmaschine. Man sieht also, dass der Verbrauch nicht so hoch ist. Ausserdem ist sie nicht die ganze Nacht über eingeschaltet, sondern nur zu bestimmten Zeiten: 18.00 bis 22.00 Uhr unter der Woche und 18.00 bis 23.00 Uhr am Wochenende. Man kann sich die Frage stellen, ob dieses Kunstwerk seinen Stromverbrauch rechtfertigt, ob es einen Einfluss auf den Betrachter und die Stadt hat, der seinen Verbrauch rechtfertigt. Es steht mir nicht unbedingt zu, das zu beurteilen, aber ich wäre auf jeden Fall nicht schockiert, wenn es zu noch kürzeren Zeiten oder zu besonderen symbolischen oder festlichen Anlässen eingeschaltet würde.</span></p>

<p class="has-small-font-size">°°</p>



<p class="has-small-font-size">ART'S COOL oder "Art is cool"!</p>



<p class="has-small-font-size">Dies ist eine Begegnung mit einem zeitgenössischen Kunstwerk in der Schweiz, betrachtet, erkundet, und hinterfragt von jungen Menschen. Auf die Fragen der Jugendlichen geben wiederum die Künstlerin oder der Künstler auf ihre Weise eine Antwort. Ganz einfach, nicht?</p>



<p class="has-small-font-size">In dieser zweiten Saison lädt unser Podcast dich ein, Werke ausserhalb der üblichen Ausstellungsorte zu besuchen, meistens im Freien! Fast jede Woche entdecken wir gemeinsam eine künstlerische Schöpfung, die irgendwo in der Schweiz im öffentlichen Raum zu finden ist.</p>



<p class="has-small-font-size">Heute ging es um <em>Pinta cura</em> von <strong><a href="http://www.fredericpost.net" data-type="URL" data-id="www.fredericpost.net">Frédéric Post</a></strong>, untersucht vom neugierigen Blick von <strong>Lyora</strong>. Verpasse nicht das Kunstwerk in Wirklichkeit selber zu entdecken, und zwar in <strong>Genf</strong>auf der <strong>Place de Montbrillant</strong>hinter dem Bahnhof Cornavin. Diese Installation ist Teil der Sammlung von Kunstwerken im öffentlichen Raum in Genf, die vom <strong><a href="http://www.fmac-geneve.ch/fr" data-type="URL" data-id="www.fmac-geneve.ch/fr">Amt für Kultur</a></strong> der Stadt.</p>



<p class="has-small-font-size">Sammle zeitgenössische Kunst mit deinen Ohren! Die Webseite <a href="https://artscool.ch/de/"><strong>artscool.ch/de</strong></a> präsentiert alle Episoden, die seit Herbst 2021 ausgestrahlt wurden. Eine vielfältige und wachsende Sammlung! Ausserdem findest du dort alle Portraits der jugendlichen Fans der zeitgenössischen Kunst, die Kurzbiographien der interviewten Künstlerinnen und Künstler und die Bilder der Werke.</p>



<p class="has-small-font-size">Falls du zur Verbreitung des Podcasts ART’S COOL beitragen möchtest, zögere nicht… in deinem Umfeld darüber zu sprechen, den Podcast auf deiner bevorzugten Plattform zu abonnieren und mit fünf Sternen zu bewerten. Du kannst uns auch auf Instagram folgen unter dem Account <strong><a href="https://www.instagram.com/young_pods/">young_pods</a>.</strong></p>



<p class="has-small-font-size">Der Podcast ART’S COOL wird realisiert und ausgestrahlt mit der grosszügigen Unterstützung der Loterie Romande, dem Migros-Kulturprozent, der Oertli-Stiftung, der Sandoz-Familienstiftung, den Kantonen Aargau, Basel-Stadt, Bern, Glarus, Obwalden, Sankt Gallen, Solothurn, Thurgau, Waadt, Zug, Zürich, und den Städten Winterthur, Yverdon-les-bains, Zug und Zürich.</p>



<p class="has-small-font-size">Mit der Stimme von Florence Grivel in der französischen Version und Stephan Kyburz in der deutschen Version.<br />Musik and Sounddesign von Christophe Gonet.</p>



<p class="has-black-color has-text-color has-small-font-size">Dies ist eine Produktion <a href="https://www.youngpods.ch/" target="_blank" rel="noreferrer noopener"><span style="text-decoration: underline;"><strong>Young Pods</strong></span></a>.</p>

<p>Genf, Place de Montbrillant: Lyora ist fasziniert von der Größe der künstlerischen Intervention von Frédéric Post, die an den Fassaden von zwei Gebäuden angebracht ist, und sie ist sehr neugierig auf den Titel "Pinta cura".</p>
