{"id":2407,"date":"2023-02-09T13:52:39","date_gmt":"2023-02-09T12:52:39","guid":{"rendered":"https:\/\/artscool.ch\/?post_type=podcast&#038;p=2407"},"modified":"2024-10-04T12:58:04","modified_gmt":"2024-10-04T10:58:04","slug":"anna-clara-katja-schenker","status":"publish","type":"podcast","link":"https:\/\/artscool.ch\/de\/podcast\/anna-clara-katja-schenker\/","title":{"rendered":"Anna Clara &amp; Katja Schenker"},"content":{"rendered":"<p class=\"has-small-font-size\">\u00a0<\/p>\r\n\r\n<h3><strong>Ich heisse Anna Clara.<\/strong><\/h3>\r\n<h3><strong>Ich bin 17 Jahre alt und ich wohne in Selzach in der N\u00e4he von Solothurn.<\/strong><\/h3>\r\n<h3>\u00a0<\/h3>\r\n<h3><b>Kunst bedeutet f\u00fcr mich vor allem Freiheit<\/b><\/h3>\r\n<h3><b>und f\u00fcr mich pers\u00f6nlich ist es auch ein Zusammenspiel von Farben und der Wahrnehmung.<\/b><\/h3>\r\n<h3><strong><br \/>Heute habe ich eine Begegnung mit dem Kunstwerk \u201c\u00a0<i>Wie tief ist die Zeit<\/i>\" von Katja Schenker. Kommt ihr auch mit?<\/strong><\/h3>\r\n<p>&nbsp;<\/p>\r\n<p><b>ANNA CLARA: <\/b><span style=\"font-weight: 400;\">Wir sind heute hier vor dem Kunstmuseum Solothurn und wir besuchen ein Kunstwerk, das sich im Skulpturenpark befindet, wenn man Richtung Stadt Solothurn schaut, zum Zentrum, dann befindet es sich auf der rechten Seite am Ende des Parks.\u00a0<\/span><\/p>\r\n<p><span style=\"font-weight: 400;\">Wir gehen jetzt zum Kunstwerk hin. Es ist ein sch\u00f6ner, sonniger Tag. Es ist ein sehr sch\u00f6nes Wetter, um das Kunstwerk anzuschauen.<\/span><\/p>\r\n<p><span style=\"font-weight: 400;\">Das Kunstwerk ist ungef\u00e4hr 2x1 Meter gross. Es hat verschiedene Holzst\u00e4mme und -st\u00f6cke, die drinn sind. Es hat verschiedenste Steine und auch einen goldig-artigen Streifen. Und das ganze ist umfasst in Beton, was ich eine sehr interessante Art finde, ein Kunstwerk zu fertigen.\u00a0<\/span><\/p>\r\n<p><span style=\"font-weight: 400;\">Das ist das Werk <\/span><i><span style=\"font-weight: 400;\">Wie tief ist die Zeit<\/span><\/i><span style=\"font-weight: 400;\">? von Katja Schenker. Das Werk wurde 2019 realisiert, und es befindet sich im Skulpturenpark. Das Werk ist Teil eines 11-Meter hohen Betonblockes, der \u201cDreamer\u201d heisst und auf dem Fachhochschule-Campus in Muttenz steht. Es ist eine Sammlung von unterschiedlichsten Materialien, farbige Steine, Metall, Holz, Kalkbrocken, die zusammen in einer speziellen Betonmischung eingegossen wurden. Das Werk wurde gestiftet von der Regiobank Solothurn.\u00a0<\/span><\/p>\r\n<p><span style=\"font-weight: 400;\">Ich habe nun einige Fragen an Katja Schenker.<\/span><\/p>\r\n<p><b>KATJA SCHENKER: <\/b><span style=\"font-weight: 400;\">Hallo Anna Clara. Es freut mich sehr mit dir dieses Gespr\u00e4ch zu f\u00fchren und dir deine Fragen zu beantworten.<\/span><\/p>\r\n<p><b>ANNA CLARA: <\/b><span style=\"font-weight: 400;\">Ich w\u00fcrde gerne wissen, wie bist du auf den Titel gekommen \u201cWie tief ist die Zeit?\u201d<\/span><\/p>\r\n<p><b>KATJA SCHENKER: <\/b><span style=\"font-weight: 400;\">Der Titel \u201cWie tief ist die Zeit?\u201d k\u00f6nnte fast auf jedes meiner Werke angewendet werden. Die Ideen f\u00fcr meine Arbeiten hole ich aus der Tiefe. Zum einen aus der Tiefe eigener Empfindungen und Gef\u00fchle. Andererseits aus einer historischen Tiefe.\u00a0<\/span><\/p>\r\n<p><span style=\"font-weight: 400;\">Was hat zum Beispiel dieses oder jenes Material f\u00fcr eine Geschichte? Oder was ist an diesem spezifischen Ort passiert? Was erz\u00e4hlt uns ein Ort? Was performt er? Und der eigene K\u00f6rper? Was hat sich in unserem Material eingeschrieben? Auch umbewusst? Finde ich eine Sprache daf\u00fcr?\u00a0<\/span><\/p>\r\n<p><span style=\"font-weight: 400;\">In diesen Fragen bekommt die Zeit eine r\u00e4umliche Dimension. Als Performance-K\u00fcnstlerin und auch w\u00e4hrend meiner Performance entstehen auch Skulpturen. Es interessiert mich die pulsierende, lebendige Auffassung von Raum.<\/span><\/p>\r\n<p><b>ANNA CLARA: <\/b><span style=\"font-weight: 400;\">Wie bist du an diese verschiedenen Materialen gekommen?<\/span><\/p>\r\n<p><b>KATJA SCHENKER: <\/b><span style=\"font-weight: 400;\">Sammeln. Sammeln ist eine sehr menschliche T\u00e4tigkeit. Es ist wunderbar entspannend und erf\u00fcllend, wenn es nicht zweckorientiert passiert und auf eine absurde Vollkommenheit abzielt. Dann heisst Sammeln n\u00e4mlich Begegnen innerhalb von einem Resonanzraum.\u00a0<\/span><\/p>\r\n<p><b>ANNA CLARA: <\/b><span style=\"font-weight: 400;\">Wenn man sich das Bild anschaut, dann sieht man auch Gold- und Bronzeschimmer. Hast du auch Edelmetalle verarbeitet?<\/span><\/p>\r\n<p><b>KATJA SCHENKER: <\/b><span style=\"font-weight: 400;\">Ja, da hast du Recht. Ich habe tats\u00e4chlich Bronze verwendet f\u00fcr diese Arbeit \u201cWie tief ist die Zeit?\u201d. Und das ist ein kleiner Verstoss gegen meine Grundidee, vor allem Rohstoffe zu verwenden, also H\u00f6lzer, Steine und Eisenerze, wie ich sie zum Beispiel im Gonzenstollen bei Sargans gefunden habe. Rohstoffe, die wir daf\u00fcr verwenden unsere Umwelt zu bauen, zu strukturieren, zu befestigen, oder auch zu heizen.\u00a0<\/span><\/p>\r\n<p><b>ANNA CLARA: <\/b><span style=\"font-weight: 400;\">War dir bewusst, dass mit der Zeit, verschiedene der Materialen, zum Beispiel das Holz, auch verwittern werden?<\/span><\/p>\r\n<p><b>KATJA SCHENKER: <\/b><span style=\"font-weight: 400;\">Ja, mir war bewusst, dass die Materialen mit der Zeit verwittern. Aber ich mache eigentlich immer weitreichende Recherchen und Materialtests und ich rede gerne mit Fachpersonen, wenn ich mich auf ein Material oder eine Technik einlasse. Von dem her ist eben diese Verwitterung nicht eine \u00dcberraschung, sondern es ist eigentlich ein sehr wichtiger Aspekt f\u00fcr den performativen Charakter meiner Arbeiten. Sie ver\u00e4ndern sich und zwar nur partiell durch mich als K\u00fcnstlerin, die etwas voraussehen oder steuern kann; ein wichtiger Teil \u00fcberlasse ich jeweils dem Zufall. Diesen Dynamiken, die im nat\u00fcrlichen Prozess eines Materials bereits eingeschrieben sind.\u00a0<\/span><\/p>\r\n<p><b>ANNA CLARA: <\/b><span style=\"font-weight: 400;\">Ist die Farbkomposition bewusst gew\u00e4hlt worden?<\/span><\/p>\r\n<p><b>KATJA SCHENKER: <\/b><span style=\"font-weight: 400;\">Ja, auch die Farbwahl ist eine Mischform von Komposition, Intuition und Zufall in diesem Werk.\u00a0<\/span><\/p>\r\n<p><b>ANNA CLARA: <\/b><span style=\"font-weight: 400;\">Verbindest du dieses Werk mit jemandem, der dir nahe steht?<\/span><\/p>\r\n<p><b>KATJA SCHENKER: <\/b><span style=\"font-weight: 400;\">Das ist eine sehr interessante Frage an ein Kunstwerk. B\u00fccher sind ja h\u00e4ufig explizit jemandem gewidmet. Aber wenn du jetzt einmal das Hauptwerk anschauen gehst, im Eingangsbereich des Fachhochschule Nordwestschweiz auf dem Campus Muttenz, und dann bedenkst, dass alle diese \u201cCuts\u201d, also wie sie im Skulpturenpark des Kunstmuseum Solothurn sichtbar ist, wenn du das bedenkst, also wenn du den Monolith anschauen gehst in Muttenz und siehst, was f\u00fcr einen engen Zusammenhang der Monolith mit diesen Cuts hat, dann wird vielleicht noch besser sp\u00fcrbar, wie es mir mit diesem Werk ums Lebendige geht.\u00a0<\/span><\/p>\r\n<p><span style=\"font-weight: 400;\">Also zum Beispiel wir Menschen, wie gelingt es uns aufrecht zu stehen? F\u00fcr uns selber zu sorgen? Offen zu bleiben? Zusammenzuhalten? In Beziehungen einzutreten und Gemeinschaften aufzubauen? All diese F\u00e4higkeiten m\u00f6chte ich diese Werk \u201cWie tief ist die Zeit?\u201d widmen.\u00a0<\/span><\/p>\r\n<p><span style=\"font-weight: 400;\">Ja Anna Clara, vielen Dank f\u00fcr deine Fragen und dein Interesse.<\/span><\/p>\r\n<p><span style=\"font-weight: 400;\">Ich w\u00fcnsche dir alles, alles Gute.<\/span><\/p>\r\n<p>&nbsp;<\/p>\r\n\r\n<p class=\"has-small-font-size\">\u00b0\u00b0<\/p>\r\n\r\n\r\n\r\n<p class=\"has-small-font-size\">ART'S COOL oder \"Art is cool\"!<\/p>\r\n\r\n\r\n\r\n<p class=\"has-small-font-size\">Dies ist eine Begegnung mit einem zeitgen\u00f6ssischen Kunstwerk in der Schweiz, betrachtet, erkundet, und hinterfragt von jungen Menschen. Auf die Fragen der Jugendlichen geben wiederum die K\u00fcnstlerin oder der K\u00fcnstler auf ihre Weise eine Antwort. Ganz einfach, nicht?<\/p>\r\n\r\n\r\n\r\n<p class=\"has-small-font-size\">In dieser zweiten Saison l\u00e4dt unser Podcast dich ein, Werke ausserhalb der \u00fcblichen Ausstellungsorte zu besuchen, meistens im Freien! Fast jede Woche entdecken wir gemeinsam eine k\u00fcnstlerische Sch\u00f6pfung, die irgendwo in der Schweiz im \u00f6ffentlichen Raum zu finden ist.<\/p>\r\n\r\n\r\n\r\n<p class=\"has-small-font-size\">Heute ging es um <em>Wie tief ist die Zeit?<\/em> von <a href=\"https:\/\/katjaschenker.ch\/\"><strong>Katja Schenker<\/strong><\/a>untersucht vom neugierigen Blick von Anna Clara. <a href=\"https:\/\/www.kunstmuseum-so.ch\/\"><strong>Kunstmuseum<\/strong><\/a>.\u00a0<\/p>\r\n\r\n\r\n\r\n<p class=\"has-small-font-size\">Sammle zeitgen\u00f6ssische Kunst mit deinen Ohren! Die Webseite <a href=\"https:\/\/artscool.ch\/de\/\"><strong>artscool.ch\/de<\/strong><\/a> pr\u00e4sentiert alle Episoden, die seit Herbst 2021 ausgestrahlt wurden. Eine vielf\u00e4ltige und wachsende Sammlung! Ausserdem findest du dort alle Portraits der jugendlichen Fans der zeitgen\u00f6ssischen Kunst, die Kurzbiographien der interviewten K\u00fcnstlerinnen und K\u00fcnstler und die Bilder der Werke.<\/p>\r\n\r\n\r\n\r\n<p class=\"has-small-font-size\">Falls du zur Verbreitung des Podcasts ART\u2019S COOL beitragen m\u00f6chtest, z\u00f6gere nicht\u2026 in deinem Umfeld dar\u00fcber zu sprechen, den Podcast auf deiner bevorzugten Plattform zu abonnieren und mit f\u00fcnf Sternen zu bewerten. Du kannst uns auch auf Instagram folgen unter dem Account <strong><a href=\"https:\/\/www.instagram.com\/young_pods\/\">young_pods<\/a>.<\/strong><\/p>\r\n\r\n\r\n\r\n<p class=\"has-small-font-size\">Der ART'S COOL Podcast wird dank der wertvollen Unterst\u00fctzung der Loterie Romande, des Migros-Kulturprozent, der Oertli-Stiftung, der Sandoz-Stiftung, der Kantone Basel-Stadt, Bern, Thurgau, Waadt, Zug und Z\u00fcrich sowie der St\u00e4dte Yverdon-les-bains, Zug und Z\u00fcrich realisiert und ausgestrahlt.<\/p>\r\n\r\n\r\n\r\n<p class=\"has-small-font-size\">Mit der Stimme von Florence Grivel in der franz\u00f6sischen Version und Stephan Kyburz in der deutschen Version.<br \/>Musik and Sounddesign von Christophe Gonet.<\/p>\r\n\r\n\r\n\r\n<p class=\"has-black-color has-text-color has-small-font-size\">Dies ist eine Produktion <a href=\"https:\/\/www.youngpods.ch\/\" target=\"_blank\" rel=\"noreferrer noopener\"><span style=\"text-decoration: underline;\"><strong>Young Pods<\/strong><\/span><\/a> (youngpods.ch).<\/p>","protected":false},"excerpt":{"rendered":"<p>In Solothurn ist Anne Clara mit Katja Schenkers \"Wie tief ist die Zeit?\" verabredet und fragt sich, ob das Werk jemandem gewidmet ist.<\/p>","protected":false},"featured_media":2410,"template":"","artist":[224],"canton":[151],"episode-":[86],"season":[82],"podcast-categories":[],"class_list":["post-2407","podcast","type-podcast","status-publish","has-post-thumbnail","hentry","artist-katja-schenker","canton-solothurn","episode--episode-37","season-season-2"],"acf":[],"_links":{"self":[{"href":"https:\/\/artscool.ch\/de\/wp-json\/wp\/v2\/podcast\/2407","targetHints":{"allow":["GET"]}}],"collection":[{"href":"https:\/\/artscool.ch\/de\/wp-json\/wp\/v2\/podcast"}],"about":[{"href":"https:\/\/artscool.ch\/de\/wp-json\/wp\/v2\/types\/podcast"}],"version-history":[{"count":2,"href":"https:\/\/artscool.ch\/de\/wp-json\/wp\/v2\/podcast\/2407\/revisions"}],"predecessor-version":[{"id":3071,"href":"https:\/\/artscool.ch\/de\/wp-json\/wp\/v2\/podcast\/2407\/revisions\/3071"}],"wp:featuredmedia":[{"embeddable":true,"href":"https:\/\/artscool.ch\/de\/wp-json\/wp\/v2\/media\/2410"}],"wp:attachment":[{"href":"https:\/\/artscool.ch\/de\/wp-json\/wp\/v2\/media?parent=2407"}],"wp:term":[{"taxonomy":"artist","embeddable":true,"href":"https:\/\/artscool.ch\/de\/wp-json\/wp\/v2\/artist?post=2407"},{"taxonomy":"canton","embeddable":true,"href":"https:\/\/artscool.ch\/de\/wp-json\/wp\/v2\/canton?post=2407"},{"taxonomy":"episode-","embeddable":true,"href":"https:\/\/artscool.ch\/de\/wp-json\/wp\/v2\/episode-?post=2407"},{"taxonomy":"season","embeddable":true,"href":"https:\/\/artscool.ch\/de\/wp-json\/wp\/v2\/season?post=2407"},{"taxonomy":"podcast-categories","embeddable":true,"href":"https:\/\/artscool.ch\/de\/wp-json\/wp\/v2\/podcast-categories?post=2407"}],"curies":[{"name":"wp","href":"https:\/\/api.w.org\/{rel}","templated":true}]}}

<p class="has-small-font-size"> </p>

<h3><strong>Ich heisse Anna Clara.</strong></h3>
<h3><strong>Ich bin 17 Jahre alt und ich wohne in Selzach in der Nähe von Solothurn.</strong></h3>
<h3> </h3>
<h3><b>Kunst bedeutet für mich vor allem Freiheit</b></h3>
<h3><b>und für mich persönlich ist es auch ein Zusammenspiel von Farben und der Wahrnehmung.</b></h3>
<h3><strong><br />Heute habe ich eine Begegnung mit dem Kunstwerk “ <i>Wie tief ist die Zeit</i>" von Katja Schenker. Kommt ihr auch mit?</strong></h3>
<p>&nbsp;</p>
<p><b>ANNA CLARA: </b><span style="font-weight: 400;">Wir sind heute hier vor dem Kunstmuseum Solothurn und wir besuchen ein Kunstwerk, das sich im Skulpturenpark befindet, wenn man Richtung Stadt Solothurn schaut, zum Zentrum, dann befindet es sich auf der rechten Seite am Ende des Parks. </span></p>
<p><span style="font-weight: 400;">Wir gehen jetzt zum Kunstwerk hin. Es ist ein schöner, sonniger Tag. Es ist ein sehr schönes Wetter, um das Kunstwerk anzuschauen.</span></p>
<p><span style="font-weight: 400;">Das Kunstwerk ist ungefähr 2x1 Meter gross. Es hat verschiedene Holzstämme und -stöcke, die drinn sind. Es hat verschiedenste Steine und auch einen goldig-artigen Streifen. Und das ganze ist umfasst in Beton, was ich eine sehr interessante Art finde, ein Kunstwerk zu fertigen. </span></p>
<p><span style="font-weight: 400;">Das ist das Werk </span><i><span style="font-weight: 400;">Wie tief ist die Zeit</span></i><span style="font-weight: 400;">? von Katja Schenker. Das Werk wurde 2019 realisiert, und es befindet sich im Skulpturenpark. Das Werk ist Teil eines 11-Meter hohen Betonblockes, der “Dreamer” heisst und auf dem Fachhochschule-Campus in Muttenz steht. Es ist eine Sammlung von unterschiedlichsten Materialien, farbige Steine, Metall, Holz, Kalkbrocken, die zusammen in einer speziellen Betonmischung eingegossen wurden. Das Werk wurde gestiftet von der Regiobank Solothurn. </span></p>
<p><span style="font-weight: 400;">Ich habe nun einige Fragen an Katja Schenker.</span></p>
<p><b>KATJA SCHENKER: </b><span style="font-weight: 400;">Hallo Anna Clara. Es freut mich sehr mit dir dieses Gespräch zu führen und dir deine Fragen zu beantworten.</span></p>
<p><b>ANNA CLARA: </b><span style="font-weight: 400;">Ich würde gerne wissen, wie bist du auf den Titel gekommen “Wie tief ist die Zeit?”</span></p>
<p><b>KATJA SCHENKER: </b><span style="font-weight: 400;">Der Titel “Wie tief ist die Zeit?” könnte fast auf jedes meiner Werke angewendet werden. Die Ideen für meine Arbeiten hole ich aus der Tiefe. Zum einen aus der Tiefe eigener Empfindungen und Gefühle. Andererseits aus einer historischen Tiefe. </span></p>
<p><span style="font-weight: 400;">Was hat zum Beispiel dieses oder jenes Material für eine Geschichte? Oder was ist an diesem spezifischen Ort passiert? Was erzählt uns ein Ort? Was performt er? Und der eigene Körper? Was hat sich in unserem Material eingeschrieben? Auch umbewusst? Finde ich eine Sprache dafür? </span></p>
<p><span style="font-weight: 400;">In diesen Fragen bekommt die Zeit eine räumliche Dimension. Als Performance-Künstlerin und auch während meiner Performance entstehen auch Skulpturen. Es interessiert mich die pulsierende, lebendige Auffassung von Raum.</span></p>
<p><b>ANNA CLARA: </b><span style="font-weight: 400;">Wie bist du an diese verschiedenen Materialen gekommen?</span></p>
<p><b>KATJA SCHENKER: </b><span style="font-weight: 400;">Sammeln. Sammeln ist eine sehr menschliche Tätigkeit. Es ist wunderbar entspannend und erfüllend, wenn es nicht zweckorientiert passiert und auf eine absurde Vollkommenheit abzielt. Dann heisst Sammeln nämlich Begegnen innerhalb von einem Resonanzraum. </span></p>
<p><b>ANNA CLARA: </b><span style="font-weight: 400;">Wenn man sich das Bild anschaut, dann sieht man auch Gold- und Bronzeschimmer. Hast du auch Edelmetalle verarbeitet?</span></p>
<p><b>KATJA SCHENKER: </b><span style="font-weight: 400;">Ja, da hast du Recht. Ich habe tatsächlich Bronze verwendet für diese Arbeit “Wie tief ist die Zeit?”. Und das ist ein kleiner Verstoss gegen meine Grundidee, vor allem Rohstoffe zu verwenden, also Hölzer, Steine und Eisenerze, wie ich sie zum Beispiel im Gonzenstollen bei Sargans gefunden habe. Rohstoffe, die wir dafür verwenden unsere Umwelt zu bauen, zu strukturieren, zu befestigen, oder auch zu heizen. </span></p>
<p><b>ANNA CLARA: </b><span style="font-weight: 400;">War dir bewusst, dass mit der Zeit, verschiedene der Materialen, zum Beispiel das Holz, auch verwittern werden?</span></p>
<p><b>KATJA SCHENKER: </b><span style="font-weight: 400;">Ja, mir war bewusst, dass die Materialen mit der Zeit verwittern. Aber ich mache eigentlich immer weitreichende Recherchen und Materialtests und ich rede gerne mit Fachpersonen, wenn ich mich auf ein Material oder eine Technik einlasse. Von dem her ist eben diese Verwitterung nicht eine Überraschung, sondern es ist eigentlich ein sehr wichtiger Aspekt für den performativen Charakter meiner Arbeiten. Sie verändern sich und zwar nur partiell durch mich als Künstlerin, die etwas voraussehen oder steuern kann; ein wichtiger Teil überlasse ich jeweils dem Zufall. Diesen Dynamiken, die im natürlichen Prozess eines Materials bereits eingeschrieben sind. </span></p>
<p><b>ANNA CLARA: </b><span style="font-weight: 400;">Ist die Farbkomposition bewusst gewählt worden?</span></p>
<p><b>KATJA SCHENKER: </b><span style="font-weight: 400;">Ja, auch die Farbwahl ist eine Mischform von Komposition, Intuition und Zufall in diesem Werk. </span></p>
<p><b>ANNA CLARA: </b><span style="font-weight: 400;">Verbindest du dieses Werk mit jemandem, der dir nahe steht?</span></p>
<p><b>KATJA SCHENKER: </b><span style="font-weight: 400;">Das ist eine sehr interessante Frage an ein Kunstwerk. Bücher sind ja häufig explizit jemandem gewidmet. Aber wenn du jetzt einmal das Hauptwerk anschauen gehst, im Eingangsbereich des Fachhochschule Nordwestschweiz auf dem Campus Muttenz, und dann bedenkst, dass alle diese “Cuts”, also wie sie im Skulpturenpark des Kunstmuseum Solothurn sichtbar ist, wenn du das bedenkst, also wenn du den Monolith anschauen gehst in Muttenz und siehst, was für einen engen Zusammenhang der Monolith mit diesen Cuts hat, dann wird vielleicht noch besser spürbar, wie es mir mit diesem Werk ums Lebendige geht. </span></p>
<p><span style="font-weight: 400;">Also zum Beispiel wir Menschen, wie gelingt es uns aufrecht zu stehen? Für uns selber zu sorgen? Offen zu bleiben? Zusammenzuhalten? In Beziehungen einzutreten und Gemeinschaften aufzubauen? All diese Fähigkeiten möchte ich diese Werk “Wie tief ist die Zeit?” widmen. </span></p>
<p><span style="font-weight: 400;">Ja Anna Clara, vielen Dank für deine Fragen und dein Interesse.</span></p>
<p><span style="font-weight: 400;">Ich wünsche dir alles, alles Gute.</span></p>
<p>&nbsp;</p>

<p class="has-small-font-size">°°</p>



<p class="has-small-font-size">ART'S COOL oder "Art is cool"!</p>



<p class="has-small-font-size">Dies ist eine Begegnung mit einem zeitgenössischen Kunstwerk in der Schweiz, betrachtet, erkundet, und hinterfragt von jungen Menschen. Auf die Fragen der Jugendlichen geben wiederum die Künstlerin oder der Künstler auf ihre Weise eine Antwort. Ganz einfach, nicht?</p>



<p class="has-small-font-size">In dieser zweiten Saison lädt unser Podcast dich ein, Werke ausserhalb der üblichen Ausstellungsorte zu besuchen, meistens im Freien! Fast jede Woche entdecken wir gemeinsam eine künstlerische Schöpfung, die irgendwo in der Schweiz im öffentlichen Raum zu finden ist.</p>



<p class="has-small-font-size">Heute ging es um <em>Wie tief ist die Zeit?</em> von <a href="https://katjaschenker.ch/"><strong>Katja Schenker</strong></a>untersucht vom neugierigen Blick von Anna Clara. <a href="https://www.kunstmuseum-so.ch/"><strong>Kunstmuseum</strong></a>. </p>



<p class="has-small-font-size">Sammle zeitgenössische Kunst mit deinen Ohren! Die Webseite <a href="https://artscool.ch/de/"><strong>artscool.ch/de</strong></a> präsentiert alle Episoden, die seit Herbst 2021 ausgestrahlt wurden. Eine vielfältige und wachsende Sammlung! Ausserdem findest du dort alle Portraits der jugendlichen Fans der zeitgenössischen Kunst, die Kurzbiographien der interviewten Künstlerinnen und Künstler und die Bilder der Werke.</p>



<p class="has-small-font-size">Falls du zur Verbreitung des Podcasts ART’S COOL beitragen möchtest, zögere nicht… in deinem Umfeld darüber zu sprechen, den Podcast auf deiner bevorzugten Plattform zu abonnieren und mit fünf Sternen zu bewerten. Du kannst uns auch auf Instagram folgen unter dem Account <strong><a href="https://www.instagram.com/young_pods/">young_pods</a>.</strong></p>



<p class="has-small-font-size">Der ART'S COOL Podcast wird dank der wertvollen Unterstützung der Loterie Romande, des Migros-Kulturprozent, der Oertli-Stiftung, der Sandoz-Stiftung, der Kantone Basel-Stadt, Bern, Thurgau, Waadt, Zug und Zürich sowie der Städte Yverdon-les-bains, Zug und Zürich realisiert und ausgestrahlt.</p>



<p class="has-small-font-size">Mit der Stimme von Florence Grivel in der französischen Version und Stephan Kyburz in der deutschen Version.<br />Musik and Sounddesign von Christophe Gonet.</p>



<p class="has-black-color has-text-color has-small-font-size">Dies ist eine Produktion <a href="https://www.youngpods.ch/" target="_blank" rel="noreferrer noopener"><span style="text-decoration: underline;"><strong>Young Pods</strong></span></a> (youngpods.ch).</p>
