{"id":2332,"date":"2022-10-18T14:00:49","date_gmt":"2022-10-18T12:00:49","guid":{"rendered":"https:\/\/artscool.ch\/?post_type=podcast&#038;p=2332"},"modified":"2024-10-04T13:00:17","modified_gmt":"2024-10-04T11:00:17","slug":"happy-views-04-_-ricardo-mauren-brodbeck","status":"publish","type":"podcast","link":"https:\/\/artscool.ch\/de\/podcast\/happy-views-04-_-ricardo-mauren-brodbeck\/","title":{"rendered":"Happy Views 04 _ Ricardo &amp; Mauren Brodbeck"},"content":{"rendered":"<p><em>ART'S COOL pr\u00e4sentiert HAPPY VIEWS.<\/em><\/p>\r\n\r\n\r\n\r\n<p><em>Dies ist ein Spaziergang zum Herzen einer privaten Sammlung.<\/em><\/p>\r\n\r\n\r\n\r\n<p><em>Wir heissen dich heute herzlich willkommen in jener der <\/em><strong><em>Vaudoise Versicherungen<\/em><\/strong><em>. Eine Institution, die zeitgen\u00f6ssische Schweizer Kunst unterst\u00fctzt und sch\u00e4tzt, quer durch ihre sehenswerte Sammlung.<\/em><\/p>\r\n\r\n\r\n\r\n<div class=\"wp-block-spacer\" style=\"height: 22px;\" aria-hidden=\"true\">\u00a0<\/div>\r\n\r\n\r\n\r\n<p><strong>Hallo, mein Name ist Ricardo, ich bin einundzwanzig Jahre alt und wohne in Lausanne.<br \/>Ich bin Lehrling bei der Vaudoise.<\/strong><br \/><strong>Die Vaudoise, das ist eine Versicherung und mein Arbeitgeber<\/strong><\/p>\r\n\r\n\r\n\r\n<p><strong>Kunst ist f\u00fcr mich ein bisschen wie ein R\u00e4tsel, das manchmal schwer zu verstehen ist.<\/strong><br \/><strong>Heute habe ich eine Begegnung mit einer Fotografie von Mauren Brodbeck.<br \/>Kommt ihr auch mit?<\/strong><\/p>\r\n\r\n\r\n\r\n<div class=\"wp-block-spacer\" style=\"height: 11px;\" aria-hidden=\"true\">\u00a0<\/div>\r\n\r\n\r\n\r\n<div class=\"wp-block-spacer\" style=\"height: 11px;\" aria-hidden=\"true\">\u00a0<\/div>\r\n\r\n\r\n\r\n<div class=\"wp-block-spacer\" style=\"height: 11px;\" aria-hidden=\"true\">\u00a0<\/div>\r\n\r\n\r\n\r\n<p>\u00b0\u00b0<\/p>\r\n\r\n\r\n\r\n<p class=\"has-small-font-size\">ART'S COOL oder ART IS COOL!<\/p>\r\n\r\n\r\n\r\n<p class=\"has-small-font-size\">Dies ist eine Begegnung mit einem zeitgen\u00f6ssischen Kunstwerk in der Schweiz, betrachtet, erkundet, und hinterfragt von jungen Menschen. Auf die Fragen der Jugendlichen geben wiederum die K\u00fcnstlerin oder der K\u00fcnstler auf ihre Weise eine Antwort. Ganz einfach, nicht?<\/p>\r\n\r\n\r\n\r\n<p class=\"has-small-font-size\">Manchmal l\u00e4dt dich ART'S COOL zu einer Erfahrung der Art \"Happy Views\" ein, wie heute mit der Fotoserie\u00a0<em>Hello (Cedars-Serie)<\/em>, realisiert von<a href=\"https:\/\/www.maurenbrodbeck.com\/\">\u00a0Mauren Brodbeck<\/a>\u00a0und untersuch von Ricardos neugierigem Blick.<\/p>\r\n\r\n\r\n\r\n<p class=\"has-small-font-size\">Dieses Werk ist Teil der Kunstsammlung der <a href=\"https:\/\/www.vaudoise.ch\/\">Vaudoise Versicherungen<\/a>.<\/p>\r\n\r\n\r\n\r\n<p class=\"has-small-font-size\">Und sammle zeitgen\u00f6ssische Kunst mit deinen Ohren! Triff fast jede Woche auf eine neue Episode um deine eigene Sammlung zu komplettieren \u2013 jedes Mal mit einem anderen Fokus zu einem Kunstwerk in der Schweiz.<\/p>\r\n\r\n\r\n\r\n<p class=\"has-small-font-size\">Du findest alle Portraits der jugendlichen Fans der zeitgen\u00f6ssischen Kunst, die Kurzbiographien der interviewten K\u00fcnstlerinnen und K\u00fcnstler und die Bilder der Werke auf der Webseite <a href=\"https:\/\/artscool.ch\/de\/\">artscool.ch\/de<\/a>.<\/p>\r\n\r\n\r\n\r\n<p class=\"has-small-font-size\">Falls du zur Verbreitung des Podcasts ART\u2019S   COOL beitragen m\u00f6chtest, z\u00f6gere nicht\u2026\nin deinem Umfeld dar\u00fcber zu sprechen,\nden Podcast auf deiner bevorzugten Plattform zu abonnieren und mit f\u00fcnf Sternen zu bewerten<\/p>\r\n\r\n\r\n\r\n<p class=\"has-small-font-size\">Du kannst uns auch auf Instagram folgen unter dem Account <a href=\"https:\/\/www.instagram.com\/young_pods\/\">young_pods<\/a>.<\/p>\r\n\r\n\r\n\r\n<p class=\"has-small-font-size\">Diese Episode des ART'S COOL Podcasts wird mit der wertvollen Unterst\u00fctzung der Vaudoise Versicherungen produziert und ausgestrahlt.<\/p>\r\n\r\n\r\n\r\n<p class=\"has-small-font-size\">Mit der Stimme von Florence Grivel in der franz\u00f6sischen Version und Stephan Kyburz in der deutschen Version.<br \/>Musik and Sounddesign von Christophe Gonet.<\/p>\r\n\r\n\r\n\r\n<p class=\"has-small-font-size\">Dies ist eine Produktion <a href=\"https:\/\/www.youngpods.ch\/\">Young Pods<\/a>.<\/p>","protected":false},"excerpt":{"rendered":"<p>Le C\u00e8dre, Hauptsitz der Vaudoise Versicherungen, Lausanne: Ricardo hat eine Begegnung mit \"Hello\" von Mauren Brodbeck. Er ist von den Farben der Komposition fasziniert und fragt den K\u00fcnstler, ob es sich um eine Fotografie oder ein Gem\u00e4lde handelt.<\/p>","protected":false},"featured_media":2318,"template":"","artist":[170],"canton":[156],"episode-":[80],"season":[42],"podcast-categories":[],"class_list":["post-2332","podcast","type-podcast","status-publish","has-post-thumbnail","hentry","artist-mauren-brodbeck","canton-vaud","episode--episode-31","season-season-1"],"acf":[],"_links":{"self":[{"href":"https:\/\/artscool.ch\/de\/wp-json\/wp\/v2\/podcast\/2332","targetHints":{"allow":["GET"]}}],"collection":[{"href":"https:\/\/artscool.ch\/de\/wp-json\/wp\/v2\/podcast"}],"about":[{"href":"https:\/\/artscool.ch\/de\/wp-json\/wp\/v2\/types\/podcast"}],"version-history":[{"count":2,"href":"https:\/\/artscool.ch\/de\/wp-json\/wp\/v2\/podcast\/2332\/revisions"}],"predecessor-version":[{"id":3077,"href":"https:\/\/artscool.ch\/de\/wp-json\/wp\/v2\/podcast\/2332\/revisions\/3077"}],"wp:featuredmedia":[{"embeddable":true,"href":"https:\/\/artscool.ch\/de\/wp-json\/wp\/v2\/media\/2318"}],"wp:attachment":[{"href":"https:\/\/artscool.ch\/de\/wp-json\/wp\/v2\/media?parent=2332"}],"wp:term":[{"taxonomy":"artist","embeddable":true,"href":"https:\/\/artscool.ch\/de\/wp-json\/wp\/v2\/artist?post=2332"},{"taxonomy":"canton","embeddable":true,"href":"https:\/\/artscool.ch\/de\/wp-json\/wp\/v2\/canton?post=2332"},{"taxonomy":"episode-","embeddable":true,"href":"https:\/\/artscool.ch\/de\/wp-json\/wp\/v2\/episode-?post=2332"},{"taxonomy":"season","embeddable":true,"href":"https:\/\/artscool.ch\/de\/wp-json\/wp\/v2\/season?post=2332"},{"taxonomy":"podcast-categories","embeddable":true,"href":"https:\/\/artscool.ch\/de\/wp-json\/wp\/v2\/podcast-categories?post=2332"}],"curies":[{"name":"wp","href":"https:\/\/api.w.org\/{rel}","templated":true}]}}

<p><em>ART'S COOL präsentiert HAPPY VIEWS.</em></p>



<p><em>Dies ist ein Spaziergang zum Herzen einer privaten Sammlung.</em></p>



<p><em>Wir heissen dich heute herzlich willkommen in jener der </em><strong><em>Vaudoise Versicherungen</em></strong><em>. Eine Institution, die zeitgenössische Schweizer Kunst unterstützt und schätzt, quer durch ihre sehenswerte Sammlung.</em></p>



<div class="wp-block-spacer" style="height: 22px;" aria-hidden="true"> </div>



<p><strong>Hallo, mein Name ist Ricardo, ich bin einundzwanzig Jahre alt und wohne in Lausanne.<br />Ich bin Lehrling bei der Vaudoise.</strong><br /><strong>Die Vaudoise, das ist eine Versicherung und mein Arbeitgeber</strong></p>



<p><strong>Kunst ist für mich ein bisschen wie ein Rätsel, das manchmal schwer zu verstehen ist.</strong><br /><strong>Heute habe ich eine Begegnung mit einer Fotografie von Mauren Brodbeck.<br />Kommt ihr auch mit?</strong></p>



<div class="wp-block-spacer" style="height: 11px;" aria-hidden="true"> </div>



<div class="wp-block-spacer" style="height: 11px;" aria-hidden="true"> </div>



<div class="wp-block-spacer" style="height: 11px;" aria-hidden="true"> </div>



<p>°°</p>



<p class="has-small-font-size">ART'S COOL oder ART IS COOL!</p>



<p class="has-small-font-size">Dies ist eine Begegnung mit einem zeitgenössischen Kunstwerk in der Schweiz, betrachtet, erkundet, und hinterfragt von jungen Menschen. Auf die Fragen der Jugendlichen geben wiederum die Künstlerin oder der Künstler auf ihre Weise eine Antwort. Ganz einfach, nicht?</p>



<p class="has-small-font-size">Manchmal lädt dich ART'S COOL zu einer Erfahrung der Art "Happy Views" ein, wie heute mit der Fotoserie <em>Hello (Cedars-Serie)</em>, realisiert von<a href="https://www.maurenbrodbeck.com/"> Mauren Brodbeck</a> und untersuch von Ricardos neugierigem Blick.</p>



<p class="has-small-font-size">Dieses Werk ist Teil der Kunstsammlung der <a href="https://www.vaudoise.ch/">Vaudoise Versicherungen</a>.</p>



<p class="has-small-font-size">Und sammle zeitgenössische Kunst mit deinen Ohren! Triff fast jede Woche auf eine neue Episode um deine eigene Sammlung zu komplettieren – jedes Mal mit einem anderen Fokus zu einem Kunstwerk in der Schweiz.</p>



<p class="has-small-font-size">Du findest alle Portraits der jugendlichen Fans der zeitgenössischen Kunst, die Kurzbiographien der interviewten Künstlerinnen und Künstler und die Bilder der Werke auf der Webseite <a href="https://artscool.ch/de/">artscool.ch/de</a>.</p>



<p class="has-small-font-size">Falls du zur Verbreitung des Podcasts ART’S   COOL beitragen möchtest, zögere nicht…
in deinem Umfeld darüber zu sprechen,
den Podcast auf deiner bevorzugten Plattform zu abonnieren und mit fünf Sternen zu bewerten</p>



<p class="has-small-font-size">Du kannst uns auch auf Instagram folgen unter dem Account <a href="https://www.instagram.com/young_pods/">young_pods</a>.</p>



<p class="has-small-font-size">Diese Episode des ART'S COOL Podcasts wird mit der wertvollen Unterstützung der Vaudoise Versicherungen produziert und ausgestrahlt.</p>



<p class="has-small-font-size">Mit der Stimme von Florence Grivel in der französischen Version und Stephan Kyburz in der deutschen Version.<br />Musik and Sounddesign von Christophe Gonet.</p>



<p class="has-small-font-size">Dies ist eine Produktion <a href="https://www.youngpods.ch/">Young Pods</a>.</p>

<p>Le Cèdre, Hauptsitz der Vaudoise Versicherungen, Lausanne: Ricardo hat eine Begegnung mit "Hello" von Mauren Brodbeck. Er ist von den Farben der Komposition fasziniert und fragt den Künstler, ob es sich um eine Fotografie oder ein Gemälde handelt.</p>
