{"id":2257,"date":"2022-07-27T09:00:00","date_gmt":"2022-07-27T07:00:00","guid":{"rendered":"https:\/\/artscool.ch\/?post_type=podcast&#038;p=2257"},"modified":"2024-10-04T13:02:28","modified_gmt":"2024-10-04T11:02:28","slug":"mirina-michael-kienzer","status":"publish","type":"podcast","link":"https:\/\/artscool.ch\/de\/podcast\/mirina-michael-kienzer\/","title":{"rendered":"Mirina &amp; Michael Kienzer"},"content":{"rendered":"<p><strong>Hallo zusammen. Ich bin Mirina, 15 Jahre alt und von Baar.<\/strong><\/p>\r\n\r\n\r\n\r\n<p><strong>Kunst ist f\u00fcr mich das Ausdr\u00fccken meiner Gef\u00fchle und Spass zu haben im Zeichnen.<br \/>Heute habe ich eine Begegnung mit einem Kunstwerk des Kunsthauses Zug.<\/strong><\/p>\r\n\r\n\r\n\r\n<div class=\"wp-block-spacer\" style=\"height: 11px;\" aria-hidden=\"true\">\u00a0<\/div>\r\n\r\n\r\n\r\n<p><strong>MIRINA:<\/strong> Gr\u00fcezi! Ich w\u00fcrde mir heute gerne den \u201cParasite\u201d von Michael Kienzer anschauen. K\u00f6nnten Sie mir sagen wo dieser ist?<\/p>\r\n\r\n\r\n\r\n<p><strong>EMPFANG DES MUSEUMS:<\/strong> Ja, sehr gerne! Der befindet sich gerade vor dem Kunsthaus Zug im Garten, wenn Sie reinkommen auf der rechten Seite.<\/p>\r\n\r\n\r\n\r\n<div class=\"wp-block-spacer\" style=\"height: 11px;\" aria-hidden=\"true\">\u00a0<\/div>\r\n\r\n\r\n\r\n<h3 class=\"wp-block-heading\" id=\"lou\"><strong>MIRINA:<\/strong><\/h3>\r\n\r\n\r\n\r\n<p>Ich bin hier auf dem Vorplatz des Kunsthauses und sehe den \u201cParasiten\u201d gerade neben mir. Nebendran sind B\u00e4ume und eine sch\u00f6ne, alte Mauer. Ich sehe hier ganz viele Stahldr\u00e4hte, die all durcheinander sind und es sieht aus wie ein Chaos. Die Dr\u00e4hte sind silbergrau und eher d\u00fcnn. Alle Dr\u00e4hte sind ganz zuf\u00e4llig zugeordnet, gehen \u00fcber den Baum und \u00fcber die Mauer und sind in die Wiese eingewachsen.<\/p>\r\n\r\n\r\n\r\n<p>Das ist der \u201cParasite\u201d von Michael Kienzer. Das Werk wurde 2010 realisiert. Die Installation befindet sich im Garten des Kunsthauses Zug. Die Dimensionen sind 3 x 8 x 3.3 Meter.<\/p>\r\n\r\n\r\n\r\n<ul class=\"wp-block-list\">\r\n<li>Ich frage mich wie das Kunstwerk entstanden ist. Ist dies alles zuf\u00e4llig entstanden oder wurde jeder Draht geplant? Wurde zuvor eine Skizze gemacht? Und wurde das Material bewusst so gew\u00e4hlt oder wurde dies auch zuf\u00e4llig ausgew\u00e4hlt, weil es gerade geeignet gewesen ist? Oder hat es einen Zusammenhang mit der Umgebung und mit dem Platz wo dieses Modell steht?<\/li>\r\n\r\n\r\n\r\n<li>Ich frage mich auch wie der K\u00fcnstler den Namen entschieden hat. Ob der schon klar war, bevor er das Kunstwerk erbaut hat? Oder ob er den Namen erst nachher gew\u00e4hlt hat?<\/li>\r\n\r\n\r\n\r\n<li>Soll dies einen riesigen Parasiten darstellen, der ins Kunsthaus einbricht? Oder ob es wie in der Natur eine Parasit ist, also ein St\u00f6rfaktor, oder hat es einen anderen Hintergedanken?<\/li>\r\n\r\n\r\n\r\n<li>Also das Kunstwerk sieht sehr beweglich aus und deshalb frage ich mich, ob man es auch ver\u00e4ndern m\u00f6chte, oder ob es genau so f\u00fcr immer bleiben soll?<\/li>\r\n<\/ul>\r\n\r\n\r\n\r\n<div class=\"wp-block-spacer\" style=\"height: 11px;\" aria-hidden=\"true\">\u00a0<\/div>\r\n\r\n\r\n\r\n<h3 class=\"wp-block-heading\" id=\"emmanuelle-antille\"><strong>MICHAEL KIENZER:<\/strong><\/h3>\r\n\r\n\r\n\r\n<p>Hallo Mirina, hier ist Michael Kienzer aus Wien.<\/p>\r\n\r\n\r\n\r\n<p><strong>Erste Frage<\/strong>: wie ist das Kunstwerk entstanden? Ist der Parasite eher zuf\u00e4llig entstanden oder wurde die Dr\u00e4hte bewusst geordnet und gab es eine Skizze?<\/p>\r\n\r\n\r\n\r\n<p>Ja, zuf\u00e4llig ist nat\u00fcrlich gar nichts entstanden und entsteht auch nie etwas. Alleine deshalb weil es ja auch eine Vorgeschichte hat. Es ist nicht die erste Skulptur von mir in dieser Weise. Also es gibt eine ganze Serie von Skulpturen, wo ich mit diesem Material arbeite und ich mich auch mit diesen Fragestellungen besch\u00e4ftige. Man l\u00e4sst dem Zufall nat\u00fcrlich freien Lauf, aber gleichzeitig bem\u00fche ich mich nat\u00fcrlich, die Dr\u00e4hte so zu legen, wie ich sie haben m\u00f6chte, wie es spannend aussieht, wie es Spannungen erzeugt. Und es ist eine Mischung aus Zufall, Zulassen und ganz bewusst damit arbeiten. Eine Skizze gab es in dem Sinne nicht, aber es gab eine sehr genaue Vorstellung f\u00fcr mich im Kopf wie das ungef\u00e4hr aussehen sollte.<\/p>\r\n\r\n\r\n\r\n<p><strong>Zweite Frage<\/strong>: wurde das Material bewusst gew\u00e4hlt, oder war das auch eher zuf\u00e4llig, weil es geeignet war? Hat das Material etwas zu tun mit der Umgebung?<\/p>\r\n\r\n\r\n\r\n<p>Mit der Umgebung hat es als Material an sich nichts zu tun. Abgesehen davon dass sich das Material wie die Skulptur selbst in die Umgebung einf\u00fcgt. Damit bekommt es nat\u00fcrlich etwas zu tun mit der Umgebung. Aber grunds\u00e4tzlich als Material als solches nicht unbedingt. Das Material habe ich nicht zuf\u00e4llig gew\u00e4hlt, sondern es ist sehr geeignet daf\u00fcr. Was mich daran interessiert an diesem Draht \u2013 es ist ja ein sehr harter Aluminiumdraht \u2013 ist eben die Eigenspannung von dem Draht, von dem Material. Das der eben wirklich in diesen Kreisen, in diesen B\u00f6gen von selbst f\u00e4llt. Und eben dieses Wechselspiel des B\u00e4ndigens des Materials, sozusagen der Eigenspannung des Materials und dem den freien Lauf lassen, das interessiert mich bei dieser Skulptur. Und ich denke, hoffe das sieht man auch, weil man sp\u00fcrt eben die Spannungen, die die Skulptur und das Material in sich tr\u00e4gt.<\/p>\r\n\r\n\r\n\r\n<p><strong>Dritte Frage<\/strong>: wie wurde der Name des Kunstwerks entschieden? War der Name schon vor der Konstruktion des Kunstwerks bekannt?<\/p>\r\n\r\n\r\n\r\n<p>Erstens, es heisst nicht \u201cParasite\u201d, sondern ich nenn das immer im Plural, in der Mehrzahl \u201cParasites\u201d. Und das deswegen, weil ich damit sagen m\u00f6chte: Also wenn man das nicht pflegt, dann \u00fcberwuchtert die Natur, das Gras und alles was da w\u00e4chst in der N\u00e4he, in und um die Skulptur. Das w\u00fcrde ja innert k\u00fcrzester Zeit \u00fcberwuchert werden und es w\u00e4ren nur noch Reste der Struktur von meiner Skulptur sichtbar. Also ich \u00fcberwuchere sozusagen mit meinem Material diesen Ort. und das hat durchaus etwas parasit\u00e4res \u2013 eben wie man den Begriff kennt aus der Pflanzen- und Tierwelt, wo er sich eben in eine andere Struktur einpflanzt und von der er auch lebt. Aber gleichzeitig, auch wenn man der Natur freien Lauf l\u00e4sst, w\u00e4re die Natur umgekehrt der Parasit f\u00fcr meine Struktur in dem Sinne dass halt bald nichts mehr \u00fcbrig bleiben w\u00fcrde. Und hier auch wieder dieses Wechselspiel zweier Strukturen, der nat\u00fcrlichen, die dort ist, und meiner, die ich dem hinzuf\u00fcge, ist das Spannende f\u00fcr mich und daher auch der Titel \u201cParasite\u201d \u2013 \u201cParasites\u201d.<\/p>\r\n\r\n\r\n\r\n<p><strong>Letzte Frage:<\/strong> : Wird das Kunstwerk immer so bleiben oder wird es allenfalls zu einem gewissen Zeitpunkt sich ver\u00e4ndern?<\/p>\r\n\r\n\r\n\r\n<p>Die Ver\u00e4nderung, die passieren kann, die kann nat\u00fcrlich nur von der Natur her kommen, also wenn man sich entschliesst, das einfach so wachsen zu lassen.<\/p>\r\n\r\n\r\n\r\n<p>Ok, also ich hoffe, das war einigermassen verst\u00e4ndlich, was ich jetzt sagte.<br \/>Und vielen Dank f\u00fcr die spannenden Fragen und ich w\u00fcnsche dir und euch weiterhin, dass ihr euch mit diesen Fragen so produktiv auseinandersetzt, wie ihr das hier gemacht habt.<\/p>\r\n\r\n\r\n\r\n<p>Vielen Dank und Wiederh\u00f6ren.<\/p>\r\n\r\n\r\n\r\n<div class=\"wp-block-spacer\" style=\"height: 11px;\" aria-hidden=\"true\">\u00a0<\/div>\r\n\r\n\r\n\r\n<p>\u00b0\u00b0<\/p>\r\n\r\n\r\n\r\n<p class=\"has-small-font-size\">\"ART'S COOL\" oder \"Art is cool\"!<\/p>\r\n\r\n\r\n\r\n<p class=\"has-small-font-size\">Dies ist eine Begegnung mit einem zeitgen\u00f6ssischen Kunstwerk in der Schweiz, betrachtet, erkundet, und hinterfragt von jungen Menschen. Auf die Fragen der Jugendlichen geben wiederum die K\u00fcnstlerin oder der K\u00fcnstler auf ihre Weise eine Antwort. Ganz einfach, nicht?<\/p>\r\n\r\n\r\n\r\n<p class=\"has-small-font-size\">Heute ging es um das Werk \"Parasite\", einem Kunstwerk von <a href=\"https:\/\/www.instagram.com\/michael.kienzer\/\">Michael Kienzer,<\/a> untersucht von Mirinas neugierigem Blick.<\/p>\r\n\r\n\r\n\r\n<p class=\"has-small-font-size\">Verpasse nicht das Kunstwerk in Wirklichkeit selber zu entdecken, im <a href=\"https:\/\/kunsthauszug.ch\/\">Kunsthaus Zug<\/a>.<\/p>\r\n\r\n\r\n\r\n<p class=\"has-small-font-size\">Und sammle zeitgen\u00f6ssische Kunst mit deinen Ohren! Triff fast jede Woche auf eine neue Episode um deine eigene Sammlung zu komplettieren \u2013 jedes Mal mit einem anderen Fokus zu einem Kunstwerk in der Schweiz.<\/p>\r\n\r\n\r\n\r\n<p class=\"has-small-font-size\">Du findest alle Portraits der jugendlichen Fans der zeitgen\u00f6ssischen Kunst, die Kurzbiographien der interviewten K\u00fcnstlerinnen und K\u00fcnstler und die Bilder der Werke auf der Webseite <a href=\"https:\/\/artscool.ch\/de\/\">artscool.ch\/de<\/a>.<\/p>\r\n\r\n\r\n\r\n<p class=\"has-small-font-size\">Falls du zur Verbreitung des Podcasts ART\u2019S   COOL beitragen m\u00f6chtest, z\u00f6gere nicht\u2026\nin deinem Umfeld dar\u00fcber zu sprechen,\nden Podcast auf deiner bevorzugten Plattform zu abonnieren und mit f\u00fcnf Sternen zu bewerten<\/p>\r\n\r\n\r\n\r\n<p class=\"has-small-font-size\">Du kannst uns auch auf Instagram folgen unter dem Account <a href=\"https:\/\/www.instagram.com\/young_pods\/\">young_pods<\/a>.<\/p>\r\n\r\n\r\n\r\n<p class=\"has-small-font-size\">Der Podcast ART\u2019S COOL wird realisiert und ausgestrahlt mit der grossz\u00fcgigen Unterst\u00fctzung der Loterie Romande, Pro Helvetia, der Fondation Gandur pour la Jeunesse, der Ernst G\u00f6hner Stiftung, der Oertli-Stiftung, der Sandoz-Familienstiftung und dem Migros-Kulturprozent.<\/p>\r\n\r\n\r\n\r\n<p class=\"has-small-font-size\">Mit der Stimme von Florence Grivel in der franz\u00f6sischen Version und Stephan Kyburz in der deutschen Version.<br \/>Musik and Sounddesign von Christophe Gonet.<\/p>\r\n\r\n\r\n\r\n<p class=\"has-small-font-size\">Dies ist eine Produktion <a href=\"https:\/\/www.youngpods.ch\/\">Young Pods<\/a>.<\/p>","protected":false},"excerpt":{"rendered":"<p>Kunsthaus Zug: Mirina trifft sich mit Michael Kienzers \"Parasit\" und fragt sich, ob die Skulptur wie in der Natur ein Parasit ist, d. h. ein St\u00f6rfaktor, der ins Museum eindringt.<\/p>","protected":false},"featured_media":2234,"template":"","artist":[198],"canton":[158],"episode-":[75],"season":[42],"podcast-categories":[],"class_list":["post-2257","podcast","type-podcast","status-publish","has-post-thumbnail","hentry","artist-michael-kienzer","canton-zug","episode--episode-27","season-season-1"],"acf":[],"_links":{"self":[{"href":"https:\/\/artscool.ch\/de\/wp-json\/wp\/v2\/podcast\/2257","targetHints":{"allow":["GET"]}}],"collection":[{"href":"https:\/\/artscool.ch\/de\/wp-json\/wp\/v2\/podcast"}],"about":[{"href":"https:\/\/artscool.ch\/de\/wp-json\/wp\/v2\/types\/podcast"}],"version-history":[{"count":2,"href":"https:\/\/artscool.ch\/de\/wp-json\/wp\/v2\/podcast\/2257\/revisions"}],"predecessor-version":[{"id":3081,"href":"https:\/\/artscool.ch\/de\/wp-json\/wp\/v2\/podcast\/2257\/revisions\/3081"}],"wp:featuredmedia":[{"embeddable":true,"href":"https:\/\/artscool.ch\/de\/wp-json\/wp\/v2\/media\/2234"}],"wp:attachment":[{"href":"https:\/\/artscool.ch\/de\/wp-json\/wp\/v2\/media?parent=2257"}],"wp:term":[{"taxonomy":"artist","embeddable":true,"href":"https:\/\/artscool.ch\/de\/wp-json\/wp\/v2\/artist?post=2257"},{"taxonomy":"canton","embeddable":true,"href":"https:\/\/artscool.ch\/de\/wp-json\/wp\/v2\/canton?post=2257"},{"taxonomy":"episode-","embeddable":true,"href":"https:\/\/artscool.ch\/de\/wp-json\/wp\/v2\/episode-?post=2257"},{"taxonomy":"season","embeddable":true,"href":"https:\/\/artscool.ch\/de\/wp-json\/wp\/v2\/season?post=2257"},{"taxonomy":"podcast-categories","embeddable":true,"href":"https:\/\/artscool.ch\/de\/wp-json\/wp\/v2\/podcast-categories?post=2257"}],"curies":[{"name":"wp","href":"https:\/\/api.w.org\/{rel}","templated":true}]}}

<p><strong>Hallo zusammen. Ich bin Mirina, 15 Jahre alt und von Baar.</strong></p>



<p><strong>Kunst ist für mich das Ausdrücken meiner Gefühle und Spass zu haben im Zeichnen.<br />Heute habe ich eine Begegnung mit einem Kunstwerk des Kunsthauses Zug.</strong></p>



<div class="wp-block-spacer" style="height: 11px;" aria-hidden="true"> </div>



<p><strong>MIRINA:</strong> Grüezi! Ich würde mir heute gerne den “Parasite” von Michael Kienzer anschauen. Könnten Sie mir sagen wo dieser ist?</p>



<p><strong>EMPFANG DES MUSEUMS:</strong> Ja, sehr gerne! Der befindet sich gerade vor dem Kunsthaus Zug im Garten, wenn Sie reinkommen auf der rechten Seite.</p>



<div class="wp-block-spacer" style="height: 11px;" aria-hidden="true"> </div>



<h3 class="wp-block-heading" id="lou"><strong>MIRINA:</strong></h3>



<p>Ich bin hier auf dem Vorplatz des Kunsthauses und sehe den “Parasiten” gerade neben mir. Nebendran sind Bäume und eine schöne, alte Mauer. Ich sehe hier ganz viele Stahldrähte, die all durcheinander sind und es sieht aus wie ein Chaos. Die Drähte sind silbergrau und eher dünn. Alle Drähte sind ganz zufällig zugeordnet, gehen über den Baum und über die Mauer und sind in die Wiese eingewachsen.</p>



<p>Das ist der “Parasite” von Michael Kienzer. Das Werk wurde 2010 realisiert. Die Installation befindet sich im Garten des Kunsthauses Zug. Die Dimensionen sind 3 x 8 x 3.3 Meter.</p>



<ul class="wp-block-list">
<li>Ich frage mich wie das Kunstwerk entstanden ist. Ist dies alles zufällig entstanden oder wurde jeder Draht geplant? Wurde zuvor eine Skizze gemacht? Und wurde das Material bewusst so gewählt oder wurde dies auch zufällig ausgewählt, weil es gerade geeignet gewesen ist? Oder hat es einen Zusammenhang mit der Umgebung und mit dem Platz wo dieses Modell steht?</li>



<li>Ich frage mich auch wie der Künstler den Namen entschieden hat. Ob der schon klar war, bevor er das Kunstwerk erbaut hat? Oder ob er den Namen erst nachher gewählt hat?</li>



<li>Soll dies einen riesigen Parasiten darstellen, der ins Kunsthaus einbricht? Oder ob es wie in der Natur eine Parasit ist, also ein Störfaktor, oder hat es einen anderen Hintergedanken?</li>



<li>Also das Kunstwerk sieht sehr beweglich aus und deshalb frage ich mich, ob man es auch verändern möchte, oder ob es genau so für immer bleiben soll?</li>
</ul>



<div class="wp-block-spacer" style="height: 11px;" aria-hidden="true"> </div>



<h3 class="wp-block-heading" id="emmanuelle-antille"><strong>MICHAEL KIENZER:</strong></h3>



<p>Hallo Mirina, hier ist Michael Kienzer aus Wien.</p>



<p><strong>Erste Frage</strong>: wie ist das Kunstwerk entstanden? Ist der Parasite eher zufällig entstanden oder wurde die Drähte bewusst geordnet und gab es eine Skizze?</p>



<p>Ja, zufällig ist natürlich gar nichts entstanden und entsteht auch nie etwas. Alleine deshalb weil es ja auch eine Vorgeschichte hat. Es ist nicht die erste Skulptur von mir in dieser Weise. Also es gibt eine ganze Serie von Skulpturen, wo ich mit diesem Material arbeite und ich mich auch mit diesen Fragestellungen beschäftige. Man lässt dem Zufall natürlich freien Lauf, aber gleichzeitig bemühe ich mich natürlich, die Drähte so zu legen, wie ich sie haben möchte, wie es spannend aussieht, wie es Spannungen erzeugt. Und es ist eine Mischung aus Zufall, Zulassen und ganz bewusst damit arbeiten. Eine Skizze gab es in dem Sinne nicht, aber es gab eine sehr genaue Vorstellung für mich im Kopf wie das ungefähr aussehen sollte.</p>



<p><strong>Zweite Frage</strong>: wurde das Material bewusst gewählt, oder war das auch eher zufällig, weil es geeignet war? Hat das Material etwas zu tun mit der Umgebung?</p>



<p>Mit der Umgebung hat es als Material an sich nichts zu tun. Abgesehen davon dass sich das Material wie die Skulptur selbst in die Umgebung einfügt. Damit bekommt es natürlich etwas zu tun mit der Umgebung. Aber grundsätzlich als Material als solches nicht unbedingt. Das Material habe ich nicht zufällig gewählt, sondern es ist sehr geeignet dafür. Was mich daran interessiert an diesem Draht – es ist ja ein sehr harter Aluminiumdraht – ist eben die Eigenspannung von dem Draht, von dem Material. Das der eben wirklich in diesen Kreisen, in diesen Bögen von selbst fällt. Und eben dieses Wechselspiel des Bändigens des Materials, sozusagen der Eigenspannung des Materials und dem den freien Lauf lassen, das interessiert mich bei dieser Skulptur. Und ich denke, hoffe das sieht man auch, weil man spürt eben die Spannungen, die die Skulptur und das Material in sich trägt.</p>



<p><strong>Dritte Frage</strong>: wie wurde der Name des Kunstwerks entschieden? War der Name schon vor der Konstruktion des Kunstwerks bekannt?</p>



<p>Erstens, es heisst nicht “Parasite”, sondern ich nenn das immer im Plural, in der Mehrzahl “Parasites”. Und das deswegen, weil ich damit sagen möchte: Also wenn man das nicht pflegt, dann überwuchtert die Natur, das Gras und alles was da wächst in der Nähe, in und um die Skulptur. Das würde ja innert kürzester Zeit überwuchert werden und es wären nur noch Reste der Struktur von meiner Skulptur sichtbar. Also ich überwuchere sozusagen mit meinem Material diesen Ort. und das hat durchaus etwas parasitäres – eben wie man den Begriff kennt aus der Pflanzen- und Tierwelt, wo er sich eben in eine andere Struktur einpflanzt und von der er auch lebt. Aber gleichzeitig, auch wenn man der Natur freien Lauf lässt, wäre die Natur umgekehrt der Parasit für meine Struktur in dem Sinne dass halt bald nichts mehr übrig bleiben würde. Und hier auch wieder dieses Wechselspiel zweier Strukturen, der natürlichen, die dort ist, und meiner, die ich dem hinzufüge, ist das Spannende für mich und daher auch der Titel “Parasite” – “Parasites”.</p>



<p><strong>Letzte Frage:</strong> : Wird das Kunstwerk immer so bleiben oder wird es allenfalls zu einem gewissen Zeitpunkt sich verändern?</p>



<p>Die Veränderung, die passieren kann, die kann natürlich nur von der Natur her kommen, also wenn man sich entschliesst, das einfach so wachsen zu lassen.</p>



<p>Ok, also ich hoffe, das war einigermassen verständlich, was ich jetzt sagte.<br />Und vielen Dank für die spannenden Fragen und ich wünsche dir und euch weiterhin, dass ihr euch mit diesen Fragen so produktiv auseinandersetzt, wie ihr das hier gemacht habt.</p>



<p>Vielen Dank und Wiederhören.</p>



<div class="wp-block-spacer" style="height: 11px;" aria-hidden="true"> </div>



<p>°°</p>



<p class="has-small-font-size">"ART'S COOL" oder "Art is cool"!</p>



<p class="has-small-font-size">Dies ist eine Begegnung mit einem zeitgenössischen Kunstwerk in der Schweiz, betrachtet, erkundet, und hinterfragt von jungen Menschen. Auf die Fragen der Jugendlichen geben wiederum die Künstlerin oder der Künstler auf ihre Weise eine Antwort. Ganz einfach, nicht?</p>



<p class="has-small-font-size">Heute ging es um das Werk "Parasite", einem Kunstwerk von <a href="https://www.instagram.com/michael.kienzer/">Michael Kienzer,</a> untersucht von Mirinas neugierigem Blick.</p>



<p class="has-small-font-size">Verpasse nicht das Kunstwerk in Wirklichkeit selber zu entdecken, im <a href="https://kunsthauszug.ch/">Kunsthaus Zug</a>.</p>



<p class="has-small-font-size">Und sammle zeitgenössische Kunst mit deinen Ohren! Triff fast jede Woche auf eine neue Episode um deine eigene Sammlung zu komplettieren – jedes Mal mit einem anderen Fokus zu einem Kunstwerk in der Schweiz.</p>



<p class="has-small-font-size">Du findest alle Portraits der jugendlichen Fans der zeitgenössischen Kunst, die Kurzbiographien der interviewten Künstlerinnen und Künstler und die Bilder der Werke auf der Webseite <a href="https://artscool.ch/de/">artscool.ch/de</a>.</p>



<p class="has-small-font-size">Falls du zur Verbreitung des Podcasts ART’S   COOL beitragen möchtest, zögere nicht…
in deinem Umfeld darüber zu sprechen,
den Podcast auf deiner bevorzugten Plattform zu abonnieren und mit fünf Sternen zu bewerten</p>



<p class="has-small-font-size">Du kannst uns auch auf Instagram folgen unter dem Account <a href="https://www.instagram.com/young_pods/">young_pods</a>.</p>



<p class="has-small-font-size">Der Podcast ART’S COOL wird realisiert und ausgestrahlt mit der grosszügigen Unterstützung der Loterie Romande, Pro Helvetia, der Fondation Gandur pour la Jeunesse, der Ernst Göhner Stiftung, der Oertli-Stiftung, der Sandoz-Familienstiftung und dem Migros-Kulturprozent.</p>



<p class="has-small-font-size">Mit der Stimme von Florence Grivel in der französischen Version und Stephan Kyburz in der deutschen Version.<br />Musik and Sounddesign von Christophe Gonet.</p>



<p class="has-small-font-size">Dies ist eine Produktion <a href="https://www.youngpods.ch/">Young Pods</a>.</p>

<p>Kunsthaus Zug: Mirina trifft sich mit Michael Kienzers "Parasit" und fragt sich, ob die Skulptur wie in der Natur ein Parasit ist, d. h. ein Störfaktor, der ins Museum eindringt.</p>
