{"id":2240,"date":"2022-07-13T18:41:07","date_gmt":"2022-07-13T16:41:07","guid":{"rendered":"https:\/\/artscool.ch\/?post_type=podcast&#038;p=2240"},"modified":"2024-10-04T13:02:55","modified_gmt":"2024-10-04T11:02:55","slug":"mailin-roman-signer","status":"publish","type":"podcast","link":"https:\/\/artscool.ch\/de\/podcast\/mailin-roman-signer\/","title":{"rendered":"Mailin &amp; Roman Signer"},"content":{"rendered":"\r\n<p><strong>Bonjour, je m&rsquo;appelle Mailin, j&rsquo;ai 14 ans et je viens de Zoug.<\/strong><\/p>\r\n\r\n\r\n\r\n<p><strong>L&rsquo;art, c\u2019est tr\u00e8s cool pour moi parce c\u2019est tr\u00e8s vari\u00e9.<br \/>Et aujourd&rsquo;hui, j&rsquo;ai rendez-vous avec une \u0153uvre d&rsquo;art du Kunsthaus de Zoug.<\/strong><\/p>\r\n\r\n\r\n\r\n<div class=\"wp-block-spacer\" style=\"height: 11px;\" aria-hidden=\"true\">\u00a0<\/div>\r\n\r\n\r\n\r\n<p><strong>MAILIN:<\/strong> Bonjour, o\u00f9 puis-je trouver l&rsquo;installation intitul\u00e9e \u00ab\u00a0Seesicht\u00a0\u00bb de Roman Signer?<\/p>\r\n\r\n\r\n\r\n<p><strong>ACCUEIL MUS\u00c9E:<\/strong> Elle se trouve en dessous de la R\u00f6ssliwiese, au bord du lac de Zoug.<\/p>\r\n\r\n\r\n\r\n<div class=\"wp-block-spacer\" style=\"height: 11px;\" aria-hidden=\"true\">\u00a0<\/div>\r\n\r\n\r\n\r\n<h3 class=\"wp-block-heading\" id=\"lou\"><strong>MAILIN:<\/strong><\/h3>\r\n\r\n\r\n\r\n<p>Nous passons la porte du Kunsthaus et descendons en direction du lac, en passant devant le ch\u00e2teau.<\/p>\r\n\r\n\r\n\r\n<p>L&rsquo;\u0153uvre est d\u00e9j\u00e0 visible de loin. Elle est tr\u00e8s grande et il y a une porte ouverte. Et apparemment, on peut aussi y descendre jusqu&rsquo;au niveau de l&rsquo;eau. Aujourd&rsquo;hui, l&rsquo;eau est assez agit\u00e9e; on la voit bouger.<\/p>\r\n\r\n\r\n\r\n<p>Quand on la regarde comme \u00e7a, elle a l&rsquo;air tr\u00e8s massive. Et je suis curieux de voir ce que l&rsquo;on peut voir en bas. Il y a un escalier qui m\u00e8ne \u00e0 l&rsquo;eau et tout en bas, il y a une fen\u00eatre o\u00f9 l&rsquo;on peut regarder dans l&rsquo;eau.<\/p>\r\n\r\n\r\n\r\n<p>Maintenant, je descends l&rsquo;escalier\u2026 C&rsquo;est assez raide, \u00e7a descend assez bas.<\/p>\r\n\r\n\r\n\r\n<p>Maintenant, je suis en bas et je regarde par la fen\u00eatre. Quand on regarde vers le haut, on voit la surface de l&rsquo;eau qui bouge \u00e0 cause du vent. Quand on regarde dans l&rsquo;eau, elle a l&rsquo;air toute verte. On voit aussi un kayak au fond. Le kayak est suspendu \u00e0 la structure. Et on voit un peu le fond du lac.<\/p>\r\n\r\n\r\n\r\n<p>Il s&rsquo;agit d&rsquo;une installation de Roman Signer intitul\u00e9e \u00ab\u00a0Seesicht\u00a0\u00bb. Elle a \u00e9t\u00e9 r\u00e9alis\u00e9e en 2015. C&rsquo;est une installation d&rsquo;acier et de verre sur le quai. Ses dimensions sont de 706 x 126 x 820 cm.<\/p>\r\n\r\n\r\n\r\n<p>Je trouve \u00e7a tr\u00e8s cool, parce qu&rsquo;on voit le lac sous un autre angle. On voit aussi comment les vagues bougent un peu en haut. Mais on ne voit pas de poissons. Ce serait encore plus cool si on voyait plus de poissons, parce que ce serait une toute autre perspective.<\/p>\r\n\r\n\r\n\r\n<p>La vitre \u00e0 l&rsquo;avant est assez grande, c&rsquo;est pourquoi on ne se sent pas trop \u00e0 l&rsquo;\u00e9troit, si on pense qu&rsquo;on est dans une bo\u00eete immerg\u00e9e dans l&rsquo;eau. Je me demande si Roman Signer a r\u00e9fl\u00e9chi aux jeux de lumi\u00e8re et \u00e0 la perspective. S&rsquo;il voulait nous inviter \u00e0 voir autre chose, \u00e0 percevoir le lac sous une autre perspective.<\/p>\r\n\r\n\r\n\r\n<div class=\"wp-block-spacer\" style=\"height: 11px;\" aria-hidden=\"true\">\u00a0<\/div>\r\n\r\n\r\n\r\n<h3 class=\"wp-block-heading\" id=\"emmanuelle-antille\"><strong>ROMAN SIGNER:<\/strong><\/h3>\r\n\r\n\r\n\r\n<p>Pour la vue du lac: bien s\u00fbr, c&rsquo;est une toute autre perspective quand on regarde d&rsquo;en bas vers la surface de l&rsquo;eau. On voit vraiment les vagues d&rsquo;un point de vue tr\u00e8s diff\u00e9rent\u2026 Oui, tr\u00e8s diff\u00e9rent. Un peu comme des plongeurs\u2026 Quand on plonge, on voit le lac comme cela, quand on regarde vers le haut avec le masque de plong\u00e9e.<\/p>\r\n\r\n\r\n\r\n<p>Cette installation a bien s\u00fbr aussi un rapport avec le lieu. C&rsquo;est la \u00ab\u00a0baie des catastrophes\u00a0\u00bb. Et j&rsquo;ai choisi cet endroit tout particuli\u00e8rement. Car c&rsquo;est ici qu&rsquo;a eu lieu une \u00e9norme catastrophe. Vous connaissez cette histoire, non? Toute la rive du lac, avec toutes les maisons, a un jour gliss\u00e9 dans le lac. On m&rsquo;a demand\u00e9 si je voulais faire un travail \u00e0 ce sujet, une sculpture au bord du lac. Et c&rsquo;est ce que j&rsquo;ai propos\u00e9.<\/p>\r\n\r\n\r\n\r\n<p>Nous avons un gros probl\u00e8me avec cette \u00ab\u00a0vue sur le lac\u00a0\u00bb: ce sont les algues. Le lac de Zoug a beaucoup d&rsquo;algues. Cela est d\u00fb au fait que la Lorze [rivi\u00e8re] entre dans le lac de Zoug et en ressort environ 200 m\u00e8tres plus bas, sans que les eaux puissent se m\u00e9langer. C&rsquo;est pourquoi le lac de Zoug a beaucoup d&rsquo;algues. Et puis, toutes les deux semaines, une plongeuse vient gratter la vitre. Et puis on voit \u00e0 nouveau dehors pendant quelques jours.<\/p>\r\n\r\n\r\n\r\n<div class=\"wp-block-spacer\" style=\"height: 11px;\" aria-hidden=\"true\">\u00a0<\/div>\r\n\r\n\r\n\r\n<h3 class=\"wp-block-heading\" id=\"lou\"><strong>MAILIN:<\/strong><\/h3>\r\n\r\n\r\n\r\n<p>Quand je regarde en bas, je vois un kayak, et j&rsquo;aimerais bien savoir si c&rsquo;est aussi lui qui l&rsquo;a mis en place, ou si c&rsquo;est une autre histoire.<\/p>\r\n\r\n\r\n\r\n<div class=\"wp-block-spacer\" style=\"height: 11px;\" aria-hidden=\"true\">\u00a0<\/div>\r\n\r\n\r\n\r\n<h3 class=\"wp-block-heading\" id=\"emmanuelle-antille\"><strong>ROMAN SIGNER:<\/strong><\/h3>\r\n\r\n\r\n\r\n<p>Le cano\u00eb, on l&rsquo;a fait couler. Il a donc flott\u00e9 et ensuite j&rsquo;ai fait un petit trou avec une explosion. Et puis le cano\u00eb a coul\u00e9 lentement, comme un Titanic. Et puis on a remarqu\u00e9 qu&rsquo;il glissait de plus en plus vers le bas, parce que le fond du lac est en pente raide. Et c&rsquo;est pourquoi on l&rsquo;a attach\u00e9 \u00e0 la construction, pour qu&rsquo;il ne disparaisse pas compl\u00e8tement.<\/p>\r\n\r\n\r\n\r\n<p>Merci beaucoup Mailin pour tes questions et pour cette opportunit\u00e9 de m&rsquo;exprimer au sujet de cette \u0153uvre.<\/p>\r\n\r\n\r\n\r\n<div class=\"wp-block-spacer\" style=\"height: 11px;\" aria-hidden=\"true\">\u00a0<\/div>\r\n\r\n\r\n\r\n<p>\u00b0\u00b0<\/p>\r\n\r\n\r\n\r\n<p class=\"has-small-font-size\">\u201cART\u2019S COOL autrement dit \u201cArt is cool\u201d!<\/p>\r\n\r\n\r\n\r\n<p class=\"has-small-font-size\">C&rsquo;est un rendez-vous avec une \u0153uvre d&rsquo;art contemporain suisse regard\u00e9e, expertis\u00e9e et questionn\u00e9e par des jeunes gens auxquels r\u00e9pond \u00e0 sa fa\u00e7on l&rsquo;artiste qui a r\u00e9alis\u00e9 l&rsquo;\u0153uvre. C\u2019est simple, non?<\/p>\r\n\r\n\r\n\r\n<p class=\"has-small-font-size\">Aujourd&rsquo;hui, il a \u00e9t\u00e9 question de l&rsquo;\u0153uvre \u201cSeesicht\u201d de Roman Signer, examin\u00e9e par le regard curieux et expert de Mailin.<\/p>\r\n\r\n\r\n\r\n<p class=\"has-small-font-size\">Ne manquez pas d\u2019aller d\u00e9couvrir en vrai l\u2019\u0153uvre dont il \u00e9tait question au <a href=\"https:\/\/kunsthauszug.ch\/\">Kunsthaus de Zoug<\/a>.<\/p>\r\n\r\n\r\n\r\n<p class=\"has-small-font-size\">Et collectionnez l&rsquo;art contemporain avec vos oreilles! Retrouvez-nous presque chaque semaine pour compl\u00e9ter votre collection avec un nouveau focus sur une \u0153uvre r\u00e9cente d&rsquo;un ou d&rsquo;une artiste suisse.<\/p>\r\n\r\n\r\n\r\n<p class=\"has-small-font-size\">Vous trouverez les portraits des jeunes aficionadas et aficionados d&rsquo;art contemporain, les mini bio des artistes interview\u00e9s ainsi que les photos des \u0153uvres sur le site <a href=\"https:\/\/artscool.ch\/\">artscool.ch<\/a>.<\/p>\r\n\r\n\r\n\r\n<p class=\"has-small-font-size\">Si vous souhaitez contribuer au rayonnement du podcast ART\u2019S COOL, n&rsquo;h\u00e9sitez pas \u00e0 en parler autour de vous, \u00e0 vous abonner et \u00e0 lui attribuer cinq \u00e9toiles sur votre plateforme d\u2019\u00e9coute pr\u00e9f\u00e9r\u00e9e.<\/p>\r\n\r\n\r\n\r\n<p class=\"has-small-font-size\">Vous pouvez aussi nous suivre sur Instagram, sur le compte <a href=\"https:\/\/www.instagram.com\/young_pods\/\">young_pods<\/a>.<\/p>\r\n\r\n\r\n\r\n<p class=\"has-small-font-size\">Le podcast ART\u2019S COOL est r\u00e9alis\u00e9 et diffus\u00e9 gr\u00e2ce au pr\u00e9cieux soutien de la Loterie Romande, de Pro Helvetia, de la Fondation Gandur pour la Jeunesse, de la Fondation Ernst G\u00f6hner, de la Fondation Oertli, de la Fondation Sandoz et du Pour-cent culturel Migros.<\/p>\r\n\r\n\r\n\r\n<p class=\"has-small-font-size\">Avec les voix de Florence Grivel pour la version fran\u00e7aise et de Stephan Kyburz pour la version allemande.<br \/>Musique et habillage sonore par Christophe Gonet.<\/p>\r\n\r\n\r\n\r\n<p class=\"has-small-font-size\">C\u2019est une production <a href=\"https:\/\/www.youngpods.ch\/\">Young Pods<\/a>.<\/p>\r\n","protected":false},"excerpt":{"rendered":"<p>Kunsthaus Zug: Mailin hat eine Verabredung mit Roman Signers Kunstwerk \"Seesicht\" und findet es beeindruckend, dass man den See aus einer anderen Perspektive wahrnehmen kann.<\/p>","protected":false},"featured_media":2233,"template":"","artist":[230],"canton":[158],"episode-":[74],"season":[42],"podcast-categories":[],"class_list":["post-2240","podcast","type-podcast","status-publish","has-post-thumbnail","hentry","artist-roman-signer","canton-zug","episode--episode-26","season-season-1"],"acf":[],"_links":{"self":[{"href":"https:\/\/artscool.ch\/de\/wp-json\/wp\/v2\/podcast\/2240","targetHints":{"allow":["GET"]}}],"collection":[{"href":"https:\/\/artscool.ch\/de\/wp-json\/wp\/v2\/podcast"}],"about":[{"href":"https:\/\/artscool.ch\/de\/wp-json\/wp\/v2\/types\/podcast"}],"version-history":[{"count":2,"href":"https:\/\/artscool.ch\/de\/wp-json\/wp\/v2\/podcast\/2240\/revisions"}],"predecessor-version":[{"id":3082,"href":"https:\/\/artscool.ch\/de\/wp-json\/wp\/v2\/podcast\/2240\/revisions\/3082"}],"wp:featuredmedia":[{"embeddable":true,"href":"https:\/\/artscool.ch\/de\/wp-json\/wp\/v2\/media\/2233"}],"wp:attachment":[{"href":"https:\/\/artscool.ch\/de\/wp-json\/wp\/v2\/media?parent=2240"}],"wp:term":[{"taxonomy":"artist","embeddable":true,"href":"https:\/\/artscool.ch\/de\/wp-json\/wp\/v2\/artist?post=2240"},{"taxonomy":"canton","embeddable":true,"href":"https:\/\/artscool.ch\/de\/wp-json\/wp\/v2\/canton?post=2240"},{"taxonomy":"episode-","embeddable":true,"href":"https:\/\/artscool.ch\/de\/wp-json\/wp\/v2\/episode-?post=2240"},{"taxonomy":"season","embeddable":true,"href":"https:\/\/artscool.ch\/de\/wp-json\/wp\/v2\/season?post=2240"},{"taxonomy":"podcast-categories","embeddable":true,"href":"https:\/\/artscool.ch\/de\/wp-json\/wp\/v2\/podcast-categories?post=2240"}],"curies":[{"name":"wp","href":"https:\/\/api.w.org\/{rel}","templated":true}]}}

<p><strong>Bonjour, je m&rsquo;appelle Mailin, j&rsquo;ai 14 ans et je viens de Zoug.</strong></p>



<p><strong>L&rsquo;art, c’est très cool pour moi parce c’est très varié.<br />Et aujourd&rsquo;hui, j&rsquo;ai rendez-vous avec une œuvre d&rsquo;art du Kunsthaus de Zoug.</strong></p>



<div class="wp-block-spacer" style="height: 11px;" aria-hidden="true"> </div>



<p><strong>MAILIN:</strong> Bonjour, où puis-je trouver l&rsquo;installation intitulée « Seesicht » de Roman Signer?</p>



<p><strong>ACCUEIL MUSÉE:</strong> Elle se trouve en dessous de la Rössliwiese, au bord du lac de Zoug.</p>



<div class="wp-block-spacer" style="height: 11px;" aria-hidden="true"> </div>



<h3 class="wp-block-heading" id="lou"><strong>MAILIN:</strong></h3>



<p>Nous passons la porte du Kunsthaus et descendons en direction du lac, en passant devant le château.</p>



<p>L&rsquo;œuvre est déjà visible de loin. Elle est très grande et il y a une porte ouverte. Et apparemment, on peut aussi y descendre jusqu&rsquo;au niveau de l&rsquo;eau. Aujourd&rsquo;hui, l&rsquo;eau est assez agitée; on la voit bouger.</p>



<p>Quand on la regarde comme ça, elle a l&rsquo;air très massive. Et je suis curieux de voir ce que l&rsquo;on peut voir en bas. Il y a un escalier qui mène à l&rsquo;eau et tout en bas, il y a une fenêtre où l&rsquo;on peut regarder dans l&rsquo;eau.</p>



<p>Maintenant, je descends l&rsquo;escalier… C&rsquo;est assez raide, ça descend assez bas.</p>



<p>Maintenant, je suis en bas et je regarde par la fenêtre. Quand on regarde vers le haut, on voit la surface de l&rsquo;eau qui bouge à cause du vent. Quand on regarde dans l&rsquo;eau, elle a l&rsquo;air toute verte. On voit aussi un kayak au fond. Le kayak est suspendu à la structure. Et on voit un peu le fond du lac.</p>



<p>Il s&rsquo;agit d&rsquo;une installation de Roman Signer intitulée « Seesicht ». Elle a été réalisée en 2015. C&rsquo;est une installation d&rsquo;acier et de verre sur le quai. Ses dimensions sont de 706 x 126 x 820 cm.</p>



<p>Je trouve ça très cool, parce qu&rsquo;on voit le lac sous un autre angle. On voit aussi comment les vagues bougent un peu en haut. Mais on ne voit pas de poissons. Ce serait encore plus cool si on voyait plus de poissons, parce que ce serait une toute autre perspective.</p>



<p>La vitre à l&rsquo;avant est assez grande, c&rsquo;est pourquoi on ne se sent pas trop à l&rsquo;étroit, si on pense qu&rsquo;on est dans une boîte immergée dans l&rsquo;eau. Je me demande si Roman Signer a réfléchi aux jeux de lumière et à la perspective. S&rsquo;il voulait nous inviter à voir autre chose, à percevoir le lac sous une autre perspective.</p>



<div class="wp-block-spacer" style="height: 11px;" aria-hidden="true"> </div>



<h3 class="wp-block-heading" id="emmanuelle-antille"><strong>ROMAN SIGNER:</strong></h3>



<p>Pour la vue du lac: bien sûr, c&rsquo;est une toute autre perspective quand on regarde d&rsquo;en bas vers la surface de l&rsquo;eau. On voit vraiment les vagues d&rsquo;un point de vue très différent… Oui, très différent. Un peu comme des plongeurs… Quand on plonge, on voit le lac comme cela, quand on regarde vers le haut avec le masque de plongée.</p>



<p>Cette installation a bien sûr aussi un rapport avec le lieu. C&rsquo;est la « baie des catastrophes ». Et j&rsquo;ai choisi cet endroit tout particulièrement. Car c&rsquo;est ici qu&rsquo;a eu lieu une énorme catastrophe. Vous connaissez cette histoire, non? Toute la rive du lac, avec toutes les maisons, a un jour glissé dans le lac. On m&rsquo;a demandé si je voulais faire un travail à ce sujet, une sculpture au bord du lac. Et c&rsquo;est ce que j&rsquo;ai proposé.</p>



<p>Nous avons un gros problème avec cette « vue sur le lac »: ce sont les algues. Le lac de Zoug a beaucoup d&rsquo;algues. Cela est dû au fait que la Lorze [rivière] entre dans le lac de Zoug et en ressort environ 200 mètres plus bas, sans que les eaux puissent se mélanger. C&rsquo;est pourquoi le lac de Zoug a beaucoup d&rsquo;algues. Et puis, toutes les deux semaines, une plongeuse vient gratter la vitre. Et puis on voit à nouveau dehors pendant quelques jours.</p>



<div class="wp-block-spacer" style="height: 11px;" aria-hidden="true"> </div>



<h3 class="wp-block-heading" id="lou"><strong>MAILIN:</strong></h3>



<p>Quand je regarde en bas, je vois un kayak, et j&rsquo;aimerais bien savoir si c&rsquo;est aussi lui qui l&rsquo;a mis en place, ou si c&rsquo;est une autre histoire.</p>



<div class="wp-block-spacer" style="height: 11px;" aria-hidden="true"> </div>



<h3 class="wp-block-heading" id="emmanuelle-antille"><strong>ROMAN SIGNER:</strong></h3>



<p>Le canoë, on l&rsquo;a fait couler. Il a donc flotté et ensuite j&rsquo;ai fait un petit trou avec une explosion. Et puis le canoë a coulé lentement, comme un Titanic. Et puis on a remarqué qu&rsquo;il glissait de plus en plus vers le bas, parce que le fond du lac est en pente raide. Et c&rsquo;est pourquoi on l&rsquo;a attaché à la construction, pour qu&rsquo;il ne disparaisse pas complètement.</p>



<p>Merci beaucoup Mailin pour tes questions et pour cette opportunité de m&rsquo;exprimer au sujet de cette œuvre.</p>



<div class="wp-block-spacer" style="height: 11px;" aria-hidden="true"> </div>



<p>°°</p>



<p class="has-small-font-size">“ART’S COOL autrement dit “Art is cool”!</p>



<p class="has-small-font-size">C&rsquo;est un rendez-vous avec une œuvre d&rsquo;art contemporain suisse regardée, expertisée et questionnée par des jeunes gens auxquels répond à sa façon l&rsquo;artiste qui a réalisé l&rsquo;œuvre. C’est simple, non?</p>



<p class="has-small-font-size">Aujourd&rsquo;hui, il a été question de l&rsquo;œuvre “Seesicht” de Roman Signer, examinée par le regard curieux et expert de Mailin.</p>



<p class="has-small-font-size">Ne manquez pas d’aller découvrir en vrai l’œuvre dont il était question au <a href="https://kunsthauszug.ch/">Kunsthaus de Zoug</a>.</p>



<p class="has-small-font-size">Et collectionnez l&rsquo;art contemporain avec vos oreilles! Retrouvez-nous presque chaque semaine pour compléter votre collection avec un nouveau focus sur une œuvre récente d&rsquo;un ou d&rsquo;une artiste suisse.</p>



<p class="has-small-font-size">Vous trouverez les portraits des jeunes aficionadas et aficionados d&rsquo;art contemporain, les mini bio des artistes interviewés ainsi que les photos des œuvres sur le site <a href="https://artscool.ch/">artscool.ch</a>.</p>



<p class="has-small-font-size">Si vous souhaitez contribuer au rayonnement du podcast ART’S COOL, n&rsquo;hésitez pas à en parler autour de vous, à vous abonner et à lui attribuer cinq étoiles sur votre plateforme d’écoute préférée.</p>



<p class="has-small-font-size">Vous pouvez aussi nous suivre sur Instagram, sur le compte <a href="https://www.instagram.com/young_pods/">young_pods</a>.</p>



<p class="has-small-font-size">Le podcast ART’S COOL est réalisé et diffusé grâce au précieux soutien de la Loterie Romande, de Pro Helvetia, de la Fondation Gandur pour la Jeunesse, de la Fondation Ernst Göhner, de la Fondation Oertli, de la Fondation Sandoz et du Pour-cent culturel Migros.</p>



<p class="has-small-font-size">Avec les voix de Florence Grivel pour la version française et de Stephan Kyburz pour la version allemande.<br />Musique et habillage sonore par Christophe Gonet.</p>



<p class="has-small-font-size">C’est une production <a href="https://www.youngpods.ch/">Young Pods</a>.</p>
