{"id":2219,"date":"2022-06-23T17:56:14","date_gmt":"2022-06-23T15:56:14","guid":{"rendered":"https:\/\/artscool.ch\/?post_type=podcast&#038;p=2219"},"modified":"2024-10-04T13:10:31","modified_gmt":"2024-10-04T11:10:31","slug":"bethel-corinne-vionnet","status":"publish","type":"podcast","link":"https:\/\/artscool.ch\/de\/podcast\/bethel-corinne-vionnet\/","title":{"rendered":"Bethel &amp; Corinne Vionnet"},"content":{"rendered":"<p>&nbsp;<\/p>\r\n\r\n\r\n\r\n<p><strong>Hallo, mein Name ist Bethel. Ich bin vierzehn Jahre alt und wohne in Sitten.<\/strong><\/p>\r\n\r\n\r\n\r\n<p><strong>Kunst bedeutet f\u00fcr mich, die Meinung jedes Einzelnen in den Werken zu zeigen.<br \/>Und ich habe eine Verabredung mit einem Kunstwerk im Kunstmuseum von Sion. Kommst du mit?<\/strong><\/p>\r\n\r\n\r\n\r\n<div class=\"wp-block-spacer\" style=\"height: 50px;\" aria-hidden=\"true\">\u00a0<\/div>\r\n\r\n\r\n\r\n<p>BETHEL:<\/p>\r\n\r\n\r\n\r\n<p>Guten Tag. Ich habe eine Verabredung mit dem Werk \"Fujisan\" von Corinne Vionnet. Wo befindet es sich?<\/p>\r\n\r\n\r\n\r\n<p>EMPFANG DES MUSEUMS:<\/p>\r\n\r\n\r\n\r\n<p>Herzlich willkommen. Sie finden es im Raum 17 des Kunstmuseums, die Treppe hinauf, ganz oben im zweiten Stock. Viel Spass beim Besuch!<\/p>\r\n\r\n\r\n\r\n<div class=\"wp-block-spacer\" style=\"height: 50px;\" aria-hidden=\"true\">\u00a0<\/div>\r\n\r\n\r\n\r\n<p class=\"has-x-large-font-size\">BETHEL:<\/p>\r\n\r\n\r\n\r\n<div class=\"wp-block-spacer\" style=\"height: 35px;\" aria-hidden=\"true\">\u00a0<\/div>\r\n\r\n\r\n\r\n<p>&nbsp;<\/p>\r\n\r\n\r\n\r\n<p>So, wir haben das zweite Geb\u00e4ude durchquert, und jetzt gehe ich zum auf das Kunstwerk. Ah, da ist noch eine Treppe. Das ist es also! Der Raum ist hell erleuchtet, ich finde ihn ganz sympathisch.<\/p>\r\n\r\n\r\n\r\n<p>Ich glaube, ich habe das Werk entdeckt: Ich sehe eine Stadt oder ein Dorf, ich w\u00fcrde sagen, H\u00e4user, einen Berg. Der Himmel ist blau, also w\u00fcrde ich sagen, dass es Tag ist. Es ist ziemlich hell belichtet, aber im Bereich des Dorfes dunkel, es hat Vegetation, B\u00e4ume und einen Felsen, die alle ein wenig durchsichtig sind. Ich finde das Bild sehr sch\u00f6n, pers\u00f6nlich mit seinen Illusionseffekten. Das ist es, was das Werk einzigartig macht. Es ist, als ob eine kurzsichtige Person das Kunstwerk sehen w\u00fcrde, daher ist es ziemlich verschwommen. Das, was man am besten sieht, ist der Berg mit Schnee darauf. Wenn man n\u00e4her herangeht, sieht man die B\u00e4ume etwas detaillierter und insbesondere den Felsen an der Seite, den man etwas weniger sieht, wenn man zur\u00fccktritt. Man sieht die R\u00fcckseite des Dorfes ganz hinten, die sich nahe am Berg befindet. Es ist kein Gem\u00e4lde. Und mehr als ein Berg w\u00fcrde ich sagen, dass es ein Vulkan ist, aber mit weisser Farbe darauf. Und ich weiss nicht, warum es dieses Weiss gibt, wenn es ein Vulkan ist. Ich werde das Datenblatt lesen.<\/p>\r\n\r\n\r\n\r\n<p>Dieses Werk wurde 2007 geschaffen, es ist eine Fotografie und hat die Masse 90 x 120 cm. Es handelt sich um ein Werk namens \"Fujisan\" von Corinne Vionnet.<\/p>\r\n\r\n\r\n\r\n<p>Ich habe einige Fragen an die K\u00fcnstlerin:<\/p>\r\n\r\n\r\n\r\n<ul class=\"wp-block-list\">\r\n<li>Der Titel \"Fujisan\" erinnert mich an einen asiatischen Namen und das Werk sagt mir, dass es sich um ein Dorf handelt, das in einem asiatischen Land liegt. Ist das der Fall?<\/li>\r\n\r\n\r\n\r\n<li>Warum der unscharfe Illusionseffekt?<\/li>\r\n\r\n\r\n\r\n<li>Wo befindet sich dieses Dorf, das mir ziemlich traurig und verlassen vorkommt?<\/li>\r\n\r\n\r\n\r\n<li>Ich habe das Gef\u00fchl, dass es sich um \u00fcberlagerte Bilder handelt. Das hat zur Folge, dass einige Bilder verschwommen sind, eines \u00fcber dem anderen.<\/li>\r\n\r\n\r\n\r\n<li>Haben Sie diese Foto selbst gemacht? Oder haben Sie es im Internet gesucht? Oder ist es ein Foto von einer Reise, die Sie gemacht haben, die Sie genossen haben, oder von einem Ort, der Ihnen besonders am Herzen liegt?<\/li>\r\n\r\n\r\n\r\n<li>Was wollten Sie uns zeigen? Wollten Sie uns etwas n\u00e4her bringen?<\/li>\r\n<\/ul>\r\n\r\n\r\n\r\n<div class=\"wp-block-spacer\" style=\"height: 50px;\" aria-hidden=\"true\">\u00a0<\/div>\r\n\r\n\r\n\r\n<p class=\"has-x-large-font-size\">CORINNE VIONNET:<\/p>\r\n\r\n\r\n\r\n<div class=\"wp-block-spacer\" style=\"height: 35px;\" aria-hidden=\"true\">\u00a0<\/div>\r\n\r\n\r\n\r\n<p>\"Fujisan\" bedeutet auf Japanisch den Berg Fuji, der in Japan liegt. Der Titel ist also tats\u00e4chlich asiatisch, wie du schon sagtest. Ich habe lange Zeit gedacht, dass \"San\" zusammen mit \"Fuji\", \"Fujisan\" ehrenhaft ist, wie um den Berg zu personalisieren. Aber eigentlich bedeutet es in diesem Kontext den Berg oder das Gebirge. Also \"Fujisan\", der Berg Fuji.<\/p>\r\n\r\n\r\n\r\n<p><em>Warum die Illusion der Unsch\u00e4rfe?<\/em> Die Unsch\u00e4rfe hier ist das Ergebnis von hundert Bildern, die \u00fcbereinandergelegt wurden. Wie du siehst, ist der Berg Fuji etwas sch\u00e4rfer als der Rest, da sich die \u00dcberlagerung haupts\u00e4chlich auf diesen Berg konzentriert hat. Und was den Rest des Bildes betrifft, so ist es ein bisschen wie eine \u00dcberraschung und ich hoffe, dass es mehrere Lesarten gibt. Dass es bestimmte Details gibt, die in verschiedenen Momenten hervorstechen, wenn man dieses Bild betrachtet.<\/p>\r\n\r\n\r\n\r\n<p><em>Wo befindet sich das Dorf, das traurig und verlassen wirkt?<\/em> Oh, mir war nie bewusst, wie traurig diese Stadt auf der Vorderseite dieses Bildes aussieht. Die \u00dcberlagerung mehrerer Bilder f\u00fchrt zu einer Mischung, die zum Beispiel Holzgeb\u00e4ude mit Betongeb\u00e4uden oder Gr\u00fcnfl\u00e4chen vermischen kann. Ausserdem ist der Fuji ein besonders symmetrischer Berg: Es gibt Bilder, die aus einem anderen Blickwinkel stammen. Das kann die Stadt Yoshida sein, die \u00fcberhaupt nicht verlassen ist, aber es kann zum Beispiel auch der Kawaguchi-See sein.<\/p>\r\n\r\n\r\n\r\n<p><em>Sind das \u00fcberlagerte Bilder? <\/em>Ja, ja, absolut. In diesem Werk sind etwa 100 Bilder \u00fcbereinandergelegt. Sie sind alle auf eine Transparenzrate gesetzt. Und wenn du ein einziges Bild aus dieser Komposition, aus diesen hundert Bildern herausholen w\u00fcrdest, w\u00e4re es \u00fcberwiegend transparent. Das war f\u00fcr mich wichtig, weil es mich ein wenig an unsere Erinnerung erinnert. An unsere Erinnerungen, die langsam verblassen.<\/p>\r\n\r\n\r\n\r\n<p><em>Haben Sie das Foto selbst aufgenommen oder im Internet gefunden? Handelt es sich um ein Foto, das auf einer Reise aufgenommen wurde? Und ist es eine Landschaft, die Ihnen sehr gut gef\u00e4llt?<\/em> Ich habe keine der Fotos gemacht f\u00fcr dieses Werk zum Berg Fuji. Auch bei anderen Sehensw\u00fcrdigkeiten in dieser Serie mit dem Titel \"Photo Opportunities\" stammen die Fotos aus dem Internet, von Websites, auf denen Bilder geteilt werden. Es gibt \u00fcbrigens auch Orte, an denen ich noch nie war, wie z. B. das Taj Mahal in Indien, oder viele andere eigentlich. Und ich mag Japan sehr und der Berg Fuji ist ein Ort, der mich sehr ber\u00fchrt. Ich arbeite \u00fcbrigens gerade mit einem japanischen K\u00fcnstler zusammen, um gemeinsam ein Panorama zum Thema Fuji zu erstellen.<\/p>\r\n\r\n\r\n\r\n<p><em>Was wollen Sie uns zeigen?<\/em> Die Idee, Bilder aus dem Internet zu sammeln und daraus diese Komposition zu machen, wie hier mit dem Fujisan, ist es, die Macht des Bildes sowie unseren Umgang mit Fotos zu unterstreichen. Dieses Bed\u00fcrfnis, Fotos zu machen und sie in sozialen Netzwerken zu teilen. Hier nehme ich als Beispiele bekannte Orte oder Denkm\u00e4ler. Wenn man reist, z.B. nach Paris, schaut man sich den Eiffelturm an und macht ein Foto. Das ist ein Teil des Rituals. Diese Bilder sind letztendlich ziemlich einheitlich; sie entsprechen dem, was jeder bereits kennt. Und das ist ein wichtiger Punkt: Wenn wir ein Foto von einer ber\u00fchmten Sehensw\u00fcrdigkeit machen, machen wir ein Bild von einem Bild. Es ist, als w\u00e4ren wir vorprogrammiert, dieses Foto zu machen. Und nat\u00fcrlich ist dieses Foto f\u00fcr jeden von uns einzigartig. Es ist eine Erinnerung. Aber sobald ich diese Hunderte von Bildern \u00fcbereinander und transparent zusammensetze, versuche ich, von dieser Macht zu sprechen, von der Macht des Bildes, von unserem kollektiven Ged\u00e4chtnis.<\/p>\r\n\r\n\r\n\r\n<p>Ich w\u00fcnsche dir eine gute Zeit. Ciao!<\/p>\r\n\r\n\r\n\r\n<div class=\"wp-block-spacer\" style=\"height: 30px;\" aria-hidden=\"true\">\u00a0<\/div>\r\n\r\n\r\n\r\n<p>\u00b0\u00b0<\/p>\r\n\r\n\r\n\r\n<p class=\"has-small-font-size\">\"ART'S COOL\" oder \"Art is cool\"!<\/p>\r\n\r\n\r\n\r\n<p class=\"has-small-font-size\">Dies ist eine Begegnung mit einem zeitgen\u00f6ssischen Kunstwerk in der Schweiz, betrachtet, erkundet, und hinterfragt von jungen Menschen. Auf die Fragen der Jugendlichen geben wiederum die K\u00fcnstlerin oder der K\u00fcnstler auf ihre Weise eine Antwort. Ganz einfach, nicht?<\/p>\r\n\r\n\r\n\r\n<p class=\"has-small-font-size\">Heute ging es um \"Fujisan\" von <a href=\"https:\/\/corinnevionnet.com\">Corinne Vionnet<\/a>Es wurde von Bethels neugierigen und fachkundigen Augen betrachtet und untersucht.<\/p>\r\n\r\n\r\n\r\n<p class=\"has-small-font-size\">Verpasse nicht das Kunstwerk in Wirklichkeit selber zu entdecken, im <a href=\"http:\/\/www.musees-valais.ch\/musee-dart\/presentation.html\">Kunstmuseum Wallis<\/a>.<\/p>\r\n\r\n\r\n\r\n<p class=\"has-small-font-size\">Und sammle zeitgen\u00f6ssische Kunst mit deinen Ohren! Triff fast jede Woche auf eine neue Episode um deine eigene Sammlung zu komplettieren \u2013 jedes Mal mit einem anderen Fokus zu einem Kunstwerk in der Schweiz.<\/p>\r\n\r\n\r\n\r\n<p class=\"has-small-font-size\">Du findest alle Portraits der jugendlichen Fans der zeitgen\u00f6ssischen Kunst, die Kurzbiographien der interviewten K\u00fcnstlerinnen und K\u00fcnstler und die Bilder der Werke auf der Webseite <a href=\"https:\/\/artscool.ch\/de\/\">artscool.ch\/de<\/a>.<\/p>\r\n\r\n\r\n\r\n<p class=\"has-small-font-size\">Falls du zur Verbreitung des Podcasts ART\u2019S   COOL beitragen m\u00f6chtest, z\u00f6gere nicht\u2026\nin deinem Umfeld dar\u00fcber zu sprechen,\nden Podcast auf deiner bevorzugten Plattform zu abonnieren und mit f\u00fcnf Sternen zu bewerten<\/p>\r\n\r\n\r\n\r\n<p class=\"has-small-font-size\">Du kannst uns auch auf Instagram folgen unter dem Account <a href=\"https:\/\/www.instagram.com\/young_pods\/\">young_pods<\/a>.<\/p>\r\n\r\n\r\n\r\n<p class=\"has-small-font-size\">Der Podcast ART\u2019S COOL wird realisiert und ausgestrahlt mit der grossz\u00fcgigen Unterst\u00fctzung der Loterie Romande, Pro Helvetia, der Fondation Gandur pour la Jeunesse, der Ernst G\u00f6hner Stiftung, der Oertli-Stiftung, der Sandoz-Familienstiftung und dem Migros-Kulturprozent.<\/p>\r\n\r\n\r\n\r\n<p class=\"has-small-font-size\">Mit der Stimme von Florence Grivel in der franz\u00f6sischen Version und Stephan Kyburz in der deutschen Version.<br \/>Musik and Sounddesign von Christophe Gonet.<\/p>\r\n\r\n\r\n\r\n<p class=\"has-small-font-size\">Dies ist eine Produktion <a href=\"https:\/\/www.youngpods.ch\/\">Young Pods<\/a>.<\/p>","protected":false},"excerpt":{"rendered":"<p>Kunstmuseum Wallis: Bethel ist erstaunt, dass die Stadt am Fu\u00dfe des Fuji in Corinne Vionnets Werk etwas gespenstisch wirkt.<\/p>","protected":false},"featured_media":2204,"template":"","artist":[238],"canton":[157],"episode-":[71],"season":[42],"podcast-categories":[],"class_list":["post-2219","podcast","type-podcast","status-publish","has-post-thumbnail","hentry","artist-corinne-vionnet","canton-valais-wallis","episode--episode-24","season-season-1"],"acf":[],"_links":{"self":[{"href":"https:\/\/artscool.ch\/de\/wp-json\/wp\/v2\/podcast\/2219","targetHints":{"allow":["GET"]}}],"collection":[{"href":"https:\/\/artscool.ch\/de\/wp-json\/wp\/v2\/podcast"}],"about":[{"href":"https:\/\/artscool.ch\/de\/wp-json\/wp\/v2\/types\/podcast"}],"version-history":[{"count":2,"href":"https:\/\/artscool.ch\/de\/wp-json\/wp\/v2\/podcast\/2219\/revisions"}],"predecessor-version":[{"id":3083,"href":"https:\/\/artscool.ch\/de\/wp-json\/wp\/v2\/podcast\/2219\/revisions\/3083"}],"wp:featuredmedia":[{"embeddable":true,"href":"https:\/\/artscool.ch\/de\/wp-json\/wp\/v2\/media\/2204"}],"wp:attachment":[{"href":"https:\/\/artscool.ch\/de\/wp-json\/wp\/v2\/media?parent=2219"}],"wp:term":[{"taxonomy":"artist","embeddable":true,"href":"https:\/\/artscool.ch\/de\/wp-json\/wp\/v2\/artist?post=2219"},{"taxonomy":"canton","embeddable":true,"href":"https:\/\/artscool.ch\/de\/wp-json\/wp\/v2\/canton?post=2219"},{"taxonomy":"episode-","embeddable":true,"href":"https:\/\/artscool.ch\/de\/wp-json\/wp\/v2\/episode-?post=2219"},{"taxonomy":"season","embeddable":true,"href":"https:\/\/artscool.ch\/de\/wp-json\/wp\/v2\/season?post=2219"},{"taxonomy":"podcast-categories","embeddable":true,"href":"https:\/\/artscool.ch\/de\/wp-json\/wp\/v2\/podcast-categories?post=2219"}],"curies":[{"name":"wp","href":"https:\/\/api.w.org\/{rel}","templated":true}]}}

<p>&nbsp;</p>



<p><strong>Hallo, mein Name ist Bethel. Ich bin vierzehn Jahre alt und wohne in Sitten.</strong></p>



<p><strong>Kunst bedeutet für mich, die Meinung jedes Einzelnen in den Werken zu zeigen.<br />Und ich habe eine Verabredung mit einem Kunstwerk im Kunstmuseum von Sion. Kommst du mit?</strong></p>



<div class="wp-block-spacer" style="height: 50px;" aria-hidden="true"> </div>



<p>BETHEL:</p>



<p>Guten Tag. Ich habe eine Verabredung mit dem Werk "Fujisan" von Corinne Vionnet. Wo befindet es sich?</p>



<p>EMPFANG DES MUSEUMS:</p>



<p>Herzlich willkommen. Sie finden es im Raum 17 des Kunstmuseums, die Treppe hinauf, ganz oben im zweiten Stock. Viel Spass beim Besuch!</p>



<div class="wp-block-spacer" style="height: 50px;" aria-hidden="true"> </div>



<p class="has-x-large-font-size">BETHEL:</p>



<div class="wp-block-spacer" style="height: 35px;" aria-hidden="true"> </div>



<p>&nbsp;</p>



<p>So, wir haben das zweite Gebäude durchquert, und jetzt gehe ich zum auf das Kunstwerk. Ah, da ist noch eine Treppe. Das ist es also! Der Raum ist hell erleuchtet, ich finde ihn ganz sympathisch.</p>



<p>Ich glaube, ich habe das Werk entdeckt: Ich sehe eine Stadt oder ein Dorf, ich würde sagen, Häuser, einen Berg. Der Himmel ist blau, also würde ich sagen, dass es Tag ist. Es ist ziemlich hell belichtet, aber im Bereich des Dorfes dunkel, es hat Vegetation, Bäume und einen Felsen, die alle ein wenig durchsichtig sind. Ich finde das Bild sehr schön, persönlich mit seinen Illusionseffekten. Das ist es, was das Werk einzigartig macht. Es ist, als ob eine kurzsichtige Person das Kunstwerk sehen würde, daher ist es ziemlich verschwommen. Das, was man am besten sieht, ist der Berg mit Schnee darauf. Wenn man näher herangeht, sieht man die Bäume etwas detaillierter und insbesondere den Felsen an der Seite, den man etwas weniger sieht, wenn man zurücktritt. Man sieht die Rückseite des Dorfes ganz hinten, die sich nahe am Berg befindet. Es ist kein Gemälde. Und mehr als ein Berg würde ich sagen, dass es ein Vulkan ist, aber mit weisser Farbe darauf. Und ich weiss nicht, warum es dieses Weiss gibt, wenn es ein Vulkan ist. Ich werde das Datenblatt lesen.</p>



<p>Dieses Werk wurde 2007 geschaffen, es ist eine Fotografie und hat die Masse 90 x 120 cm. Es handelt sich um ein Werk namens "Fujisan" von Corinne Vionnet.</p>



<p>Ich habe einige Fragen an die Künstlerin:</p>



<ul class="wp-block-list">
<li>Der Titel "Fujisan" erinnert mich an einen asiatischen Namen und das Werk sagt mir, dass es sich um ein Dorf handelt, das in einem asiatischen Land liegt. Ist das der Fall?</li>



<li>Warum der unscharfe Illusionseffekt?</li>



<li>Wo befindet sich dieses Dorf, das mir ziemlich traurig und verlassen vorkommt?</li>



<li>Ich habe das Gefühl, dass es sich um überlagerte Bilder handelt. Das hat zur Folge, dass einige Bilder verschwommen sind, eines über dem anderen.</li>



<li>Haben Sie diese Foto selbst gemacht? Oder haben Sie es im Internet gesucht? Oder ist es ein Foto von einer Reise, die Sie gemacht haben, die Sie genossen haben, oder von einem Ort, der Ihnen besonders am Herzen liegt?</li>



<li>Was wollten Sie uns zeigen? Wollten Sie uns etwas näher bringen?</li>
</ul>



<div class="wp-block-spacer" style="height: 50px;" aria-hidden="true"> </div>



<p class="has-x-large-font-size">CORINNE VIONNET:</p>



<div class="wp-block-spacer" style="height: 35px;" aria-hidden="true"> </div>



<p>"Fujisan" bedeutet auf Japanisch den Berg Fuji, der in Japan liegt. Der Titel ist also tatsächlich asiatisch, wie du schon sagtest. Ich habe lange Zeit gedacht, dass "San" zusammen mit "Fuji", "Fujisan" ehrenhaft ist, wie um den Berg zu personalisieren. Aber eigentlich bedeutet es in diesem Kontext den Berg oder das Gebirge. Also "Fujisan", der Berg Fuji.</p>



<p><em>Warum die Illusion der Unschärfe?</em> Die Unschärfe hier ist das Ergebnis von hundert Bildern, die übereinandergelegt wurden. Wie du siehst, ist der Berg Fuji etwas schärfer als der Rest, da sich die Überlagerung hauptsächlich auf diesen Berg konzentriert hat. Und was den Rest des Bildes betrifft, so ist es ein bisschen wie eine Überraschung und ich hoffe, dass es mehrere Lesarten gibt. Dass es bestimmte Details gibt, die in verschiedenen Momenten hervorstechen, wenn man dieses Bild betrachtet.</p>



<p><em>Wo befindet sich das Dorf, das traurig und verlassen wirkt?</em> Oh, mir war nie bewusst, wie traurig diese Stadt auf der Vorderseite dieses Bildes aussieht. Die Überlagerung mehrerer Bilder führt zu einer Mischung, die zum Beispiel Holzgebäude mit Betongebäuden oder Grünflächen vermischen kann. Ausserdem ist der Fuji ein besonders symmetrischer Berg: Es gibt Bilder, die aus einem anderen Blickwinkel stammen. Das kann die Stadt Yoshida sein, die überhaupt nicht verlassen ist, aber es kann zum Beispiel auch der Kawaguchi-See sein.</p>



<p><em>Sind das überlagerte Bilder? </em>Ja, ja, absolut. In diesem Werk sind etwa 100 Bilder übereinandergelegt. Sie sind alle auf eine Transparenzrate gesetzt. Und wenn du ein einziges Bild aus dieser Komposition, aus diesen hundert Bildern herausholen würdest, wäre es überwiegend transparent. Das war für mich wichtig, weil es mich ein wenig an unsere Erinnerung erinnert. An unsere Erinnerungen, die langsam verblassen.</p>



<p><em>Haben Sie das Foto selbst aufgenommen oder im Internet gefunden? Handelt es sich um ein Foto, das auf einer Reise aufgenommen wurde? Und ist es eine Landschaft, die Ihnen sehr gut gefällt?</em> Ich habe keine der Fotos gemacht für dieses Werk zum Berg Fuji. Auch bei anderen Sehenswürdigkeiten in dieser Serie mit dem Titel "Photo Opportunities" stammen die Fotos aus dem Internet, von Websites, auf denen Bilder geteilt werden. Es gibt übrigens auch Orte, an denen ich noch nie war, wie z. B. das Taj Mahal in Indien, oder viele andere eigentlich. Und ich mag Japan sehr und der Berg Fuji ist ein Ort, der mich sehr berührt. Ich arbeite übrigens gerade mit einem japanischen Künstler zusammen, um gemeinsam ein Panorama zum Thema Fuji zu erstellen.</p>



<p><em>Was wollen Sie uns zeigen?</em> Die Idee, Bilder aus dem Internet zu sammeln und daraus diese Komposition zu machen, wie hier mit dem Fujisan, ist es, die Macht des Bildes sowie unseren Umgang mit Fotos zu unterstreichen. Dieses Bedürfnis, Fotos zu machen und sie in sozialen Netzwerken zu teilen. Hier nehme ich als Beispiele bekannte Orte oder Denkmäler. Wenn man reist, z.B. nach Paris, schaut man sich den Eiffelturm an und macht ein Foto. Das ist ein Teil des Rituals. Diese Bilder sind letztendlich ziemlich einheitlich; sie entsprechen dem, was jeder bereits kennt. Und das ist ein wichtiger Punkt: Wenn wir ein Foto von einer berühmten Sehenswürdigkeit machen, machen wir ein Bild von einem Bild. Es ist, als wären wir vorprogrammiert, dieses Foto zu machen. Und natürlich ist dieses Foto für jeden von uns einzigartig. Es ist eine Erinnerung. Aber sobald ich diese Hunderte von Bildern übereinander und transparent zusammensetze, versuche ich, von dieser Macht zu sprechen, von der Macht des Bildes, von unserem kollektiven Gedächtnis.</p>



<p>Ich wünsche dir eine gute Zeit. Ciao!</p>



<div class="wp-block-spacer" style="height: 30px;" aria-hidden="true"> </div>



<p>°°</p>



<p class="has-small-font-size">"ART'S COOL" oder "Art is cool"!</p>



<p class="has-small-font-size">Dies ist eine Begegnung mit einem zeitgenössischen Kunstwerk in der Schweiz, betrachtet, erkundet, und hinterfragt von jungen Menschen. Auf die Fragen der Jugendlichen geben wiederum die Künstlerin oder der Künstler auf ihre Weise eine Antwort. Ganz einfach, nicht?</p>



<p class="has-small-font-size">Heute ging es um "Fujisan" von <a href="https://corinnevionnet.com">Corinne Vionnet</a>Es wurde von Bethels neugierigen und fachkundigen Augen betrachtet und untersucht.</p>



<p class="has-small-font-size">Verpasse nicht das Kunstwerk in Wirklichkeit selber zu entdecken, im <a href="http://www.musees-valais.ch/musee-dart/presentation.html">Kunstmuseum Wallis</a>.</p>



<p class="has-small-font-size">Und sammle zeitgenössische Kunst mit deinen Ohren! Triff fast jede Woche auf eine neue Episode um deine eigene Sammlung zu komplettieren – jedes Mal mit einem anderen Fokus zu einem Kunstwerk in der Schweiz.</p>



<p class="has-small-font-size">Du findest alle Portraits der jugendlichen Fans der zeitgenössischen Kunst, die Kurzbiographien der interviewten Künstlerinnen und Künstler und die Bilder der Werke auf der Webseite <a href="https://artscool.ch/de/">artscool.ch/de</a>.</p>



<p class="has-small-font-size">Falls du zur Verbreitung des Podcasts ART’S   COOL beitragen möchtest, zögere nicht…
in deinem Umfeld darüber zu sprechen,
den Podcast auf deiner bevorzugten Plattform zu abonnieren und mit fünf Sternen zu bewerten</p>



<p class="has-small-font-size">Du kannst uns auch auf Instagram folgen unter dem Account <a href="https://www.instagram.com/young_pods/">young_pods</a>.</p>



<p class="has-small-font-size">Der Podcast ART’S COOL wird realisiert und ausgestrahlt mit der grosszügigen Unterstützung der Loterie Romande, Pro Helvetia, der Fondation Gandur pour la Jeunesse, der Ernst Göhner Stiftung, der Oertli-Stiftung, der Sandoz-Familienstiftung und dem Migros-Kulturprozent.</p>



<p class="has-small-font-size">Mit der Stimme von Florence Grivel in der französischen Version und Stephan Kyburz in der deutschen Version.<br />Musik and Sounddesign von Christophe Gonet.</p>



<p class="has-small-font-size">Dies ist eine Produktion <a href="https://www.youngpods.ch/">Young Pods</a>.</p>

<p>Kunstmuseum Wallis: Bethel ist erstaunt, dass die Stadt am Fuße des Fuji in Corinne Vionnets Werk etwas gespenstisch wirkt.</p>
