{"id":2216,"date":"2022-06-09T20:03:00","date_gmt":"2022-06-09T18:03:00","guid":{"rendered":"https:\/\/artscool.ch\/?post_type=podcast&#038;p=2216"},"modified":"2024-10-04T13:11:20","modified_gmt":"2024-10-04T11:11:20","slug":"celien-matthieu-gafsou","status":"publish","type":"podcast","link":"https:\/\/artscool.ch\/de\/podcast\/celien-matthieu-gafsou\/","title":{"rendered":"C\u00e9lien &amp; Matthieu Gafsou"},"content":{"rendered":"<p>&nbsp;<\/p>\r\n\r\n\r\n\r\n<p><strong>Hallo, mein Name ist C\u00e9lien.<\/strong> <strong>Ich bin vierzehn Jahre alt. Ich wohne in Uvrier.<\/strong><\/p>\r\n\r\n\r\n\r\n<p><strong>Kunst bedeutet f\u00fcr mich, kreativ zu sein und seine Kreativit\u00e4t zu zeigen.<\/strong> <strong>Und ich habe eine Verabredung mit einem Kunstwerk im Kunstmuseum von Sion. Kommst du mit?<\/strong><\/p>\r\n\r\n\r\n\r\n<div class=\"wp-block-spacer\" style=\"height: 50px;\" aria-hidden=\"true\">\u00a0<\/div>\r\n\r\n\r\n\r\n<p>C\u00c9LIEN:<\/p>\r\n\r\n\r\n\r\n<p>Guten Tag. Ich habe eine Verabredung mit einem Kunstwerk, das \"Wanderer auf dem Rhonegletscher\" von Mathieu Gafsou heisst. Wo finde ich das?<\/p>\r\n\r\n\r\n\r\n<p>EMPFANG DES MUSEUMS:<\/p>\r\n\r\n\r\n\r\n<p>Herzlich willkommen! Sie finden es direkt am Eingang des Museums. Raum 1, auf der rechten Seite. Viel Spass beim Besuch!<\/p>\r\n\r\n\r\n\r\n<div class=\"wp-block-spacer\" style=\"height: 50px;\" aria-hidden=\"true\">\u00a0<\/div>\r\n\r\n\r\n\r\n<p class=\"has-x-large-font-size\">C\u00c9LIEN:<\/p>\r\n\r\n\r\n\r\n<div class=\"wp-block-spacer\" style=\"height: 35px;\" aria-hidden=\"true\">\u00a0<\/div>\r\n\r\n\r\n\r\n<p>Ich betrete den Raum und sehe eine ganze Reihe von Werken. Es gibt Portr\u00e4ts, Landschaften und eines mit Wanderern: Ich glaube, das ist es! Auf den ersten Blick sieht es aus wie ein Foto, es ist sehr detailliert.<\/p>\r\n\r\n\r\n\r\n<p>Ich sehe ein paar Wanderer. Sie steigen gerade auf einen Gletscher. Einer von ihnen scheint eine Plane \u00fcber den Gletscher zu ziehen, eine riesige Plane. Ich weiss nicht, was er macht. Er scheint zu versuchen, ihn zu sch\u00fctzen. Ich habe auch den Eindruck, dass der Schnee ein wenig braun ist, als ob sich darunter Erde befindet. An einer Stelle ist er ganz weiss - an der Stelle, an der er den Berg besch\u00fctzt. Aber rundherum ist es grauer. Man kann den Unterschied zwischen den beiden gut sehen. Ich habe das Gef\u00fchl, dass der Gletscher schmilzt und dass er deshalb versucht, ihn zu sch\u00fctzen, damit er nicht schmilzt. Und wenn er grau ist, dann weil er geschmolzen ist und darunter ist die Erde. Sie ziehen diese Planen auf, um das Eis zu sch\u00fctzen. Es sieht aus, als w\u00fcrde es sterben und seine Sch\u00f6nheit verlieren.<\/p>\r\n\r\n\r\n\r\n<p>Es ist etwas Besonderes, denn am Anfang habe ich das Gef\u00fchl, dass ich ganz allein in der Natur bin und das Wetter sch\u00f6n ist. Es ist sch\u00f6n und ruhig ... Aber nach und nach wird mir klar, dass der Gletscher tats\u00e4chlich stirbt und dass wir versuchen, ihn zu retten. Es ist nicht so ruhig, wie es scheint...<\/p>\r\n\r\n\r\n\r\n<p>Als ich n\u00e4her komme, sehe ich jemanden in Rot, der die Planen aufh\u00e4ngt. Es gibt auch Wanderer; ich habe das Gef\u00fchl, dass sie eine Tour machen. Und es ist ein bisschen komisch: Der Gletscher schmilzt und sie laufen dar\u00fcber, um ihn zu entdecken.<\/p>\r\n\r\n\r\n\r\n<p>Ich lese das Datenblatt: Dieses Werk, \"Randonneurs sur le glacier du Rh\u00f4ne\", wurde 2010 von Matthieu Gafsou geschaffen. Es ist eine Fotografie. Es ist also kein Gem\u00e4lde; es war schwierig, das zu erkennen. Die Abmessungen betragen 150 x 187,5 cm.<\/p>\r\n\r\n\r\n\r\n<p>Meine Fragen an Matthieu Gafsou:<\/p>\r\n\r\n\r\n\r\n<ul class=\"wp-block-list\">\r\n<li>Ich w\u00fcrde trotzdem gerne wissen, wo es sich befindet, weil der Gletscher gross ist und ich nicht verstehe, warum sie nur einen Teil davon sch\u00fctzen.<\/li>\r\n\r\n\r\n\r\n<li>Ich w\u00fcrde auch gerne wissen, warum der K\u00fcnstler sich f\u00fcr dieses Foto entschieden hat. Warum er sich daf\u00fcr entschieden hat, auf diesem Gletscher mit Wanderern zu sein, anstatt ein anderes Bild zu zeigen.<\/li>\r\n\r\n\r\n\r\n<li>Und von wo aus hat er das Foto gemacht, denn es ist, als w\u00fcrde man von oben herab sehen. Es ist etwas ganz Besonderes. Man f\u00fchlt sich, als w\u00fcrde man fliegen ... als w\u00e4re man ein Vogel, der das Bild sieht.<\/li>\r\n\r\n\r\n\r\n<li>Und dann auch, ob es dem Gletscher seit 2010 schlechter geht oder ob es ihm heute besser geht, weil er gesch\u00fctzt wurde. Oder ob er immer noch katastrophal ist und sie versuchen, ihn noch mehr zu sch\u00fctzen, aber es immer noch nicht klappt.<\/li>\r\n<\/ul>\r\n\r\n\r\n\r\n<div class=\"wp-block-spacer\" style=\"height: 50px;\" aria-hidden=\"true\">\u00a0<\/div>\r\n\r\n\r\n\r\n<p class=\"has-x-large-font-size\">MATTHIEU GAFSOU:<\/p>\r\n\r\n\r\n\r\n<div class=\"wp-block-spacer\" style=\"height: 35px;\" aria-hidden=\"true\">\u00a0<\/div>\r\n\r\n\r\n\r\n<p>Hallo C\u00e9lien!<br \/>Nun, ich werde versuchen, deine Fragen zu beantworten, die mich sehr zum Nachdenken gebracht haben.<\/p>\r\n\r\n\r\n\r\n<p>Mir hat gefallen, dass du darauf hingewiesen hast, dass es eine kleine Plane gibt, die nicht den ganzen Gletscher bedeckt... und du fragst dich, warum nur diese eine Stelle gesch\u00fctzt wird? Sie befindet sich an einem Ort, den man besuchen kann. Es sind H\u00f6hlen und wir sch\u00fctzen die H\u00f6hlen. Wir sch\u00fctzen hier eigentlich eine kommerzielle Aktivit\u00e4t, weil wir den Gletscher nicht vor der Erw\u00e4rmung sch\u00fctzen k\u00f6nnen. Und das ist das Schreckliche. Also dieses Foto, das, wie du schon sagtest, sehr sch\u00f6n ist und das uns zun\u00e4chst an die Natur denken l\u00e4sst. Dann, je l\u00e4nger wir es betrachten, desto mehr zeigt es uns, dass etwas Trauriges dahinter steckt.<\/p>\r\n\r\n\r\n\r\n<p>Dem Gletscher geht es nicht besser. Es geht ihm sogar viel schlechter, denn du kannst dir vorstellen, dass jetzt neben den Planen, die man auf meinem Foto sieht, links ein See ist. Der Gletscher schmilzt und so sieht man im Sommer links von dieser Plane Wasser. Und die Dinge werden leider nicht besser werden. Es kann sein, dass das Eis in einem Jahr ein kleines St\u00fcckchen Boden zur\u00fcckgewinnt, wenn es sehr viel Niederschlag gibt und der Sommer nicht zu heiss ist. Aber letztendlich wird der Gletscher, wie alle anderen Gletscher auch, schrumpfen.<\/p>\r\n\r\n\r\n\r\n<p>Du wirfst die Frage nach meiner Perspektive auf... Aber wo bin ich und habe ich eine Drohne? Ich habe dieses Foto 2010 gemacht; damals waren Drohnen noch nicht leicht erh\u00e4ltlich. Und ich bin ein Fotograf, der zu Fuss unterwegs ist, ich mache alles mit meinen F\u00fcssen. Ich befinde mich einfach, wie viele Faultiere, ganz in der N\u00e4he des Ortes, an dem man einen Kaffee trinken kann, der sich auf einem \u00dcberhang befindet, also auf einem Felsen, wenn du so willst. Und ich habe diesen Blick von oben, diesen Adlerblick, auf den Gletscher. Diese \u00fcberh\u00e4ngende Sicht, die mir einen \u00dcberblick verschafft.<\/p>\r\n\r\n\r\n\r\n<div class=\"wp-block-spacer\" style=\"height: 30px;\" aria-hidden=\"true\">\u00a0<\/div>\r\n\r\n\r\n\r\n<p>\u00b0\u00b0<\/p>\r\n\r\n\r\n\r\n<p class=\"has-small-font-size\">\"ART'S COOL\" oder \"Art is cool\"!<\/p>\r\n\r\n\r\n\r\n<p class=\"has-small-font-size\">Dies ist eine Begegnung mit einem zeitgen\u00f6ssischen Kunstwerk in der Schweiz, betrachtet, erkundet, und hinterfragt von jungen Menschen. Auf die Fragen der Jugendlichen geben wiederum die K\u00fcnstlerin oder der K\u00fcnstler auf ihre Weise eine Antwort. Ganz einfach, nicht?<\/p>\r\n\r\n\r\n\r\n<p class=\"has-small-font-size\">Heute ging es um \"Wanderer auf dem Rhonegletscher\" von <a href=\"http:\/\/www.gafsou.ch\/\">Matthieu Gafsou<\/a>. Es wurde von C\u00e9liens neugierigem und fachkundigem Blick untersucht.<\/p>\r\n\r\n\r\n\r\n<p class=\"has-small-font-size\">Verpasse nicht das Kunstwerk in Wirklichkeit selber zu entdecken, im <a href=\"http:\/\/www.musees-valais.ch\/musee-dart\/presentation.html\">Kunstmuseum Wallis<\/a>, bis mindestens zum 1.<sup>er<\/sup> Juli 2022.<\/p>\r\n\r\n\r\n\r\n<p class=\"has-small-font-size\">Und sammle zeitgen\u00f6ssische Kunst mit deinen Ohren! Triff fast jede Woche auf eine neue Episode um deine eigene Sammlung zu komplettieren \u2013 jedes Mal mit einem anderen Fokus zu einem Kunstwerk in der Schweiz.<\/p>\r\n\r\n\r\n\r\n<p class=\"has-small-font-size\">Du findest alle Portraits der jugendlichen Fans der zeitgen\u00f6ssischen Kunst, die Kurzbiographien der interviewten K\u00fcnstlerinnen und K\u00fcnstler und die Bilder der Werke auf der Webseite <a href=\"https:\/\/artscool.ch\/de\/\">artscool.ch\/de<\/a>.<\/p>\r\n\r\n\r\n\r\n<p class=\"has-small-font-size\">Falls du zur Verbreitung des Podcasts ART\u2019S   COOL beitragen m\u00f6chtest, z\u00f6gere nicht\u2026\nin deinem Umfeld dar\u00fcber zu sprechen,\nden Podcast auf deiner bevorzugten Plattform zu abonnieren und mit f\u00fcnf Sternen zu bewerten<\/p>\r\n\r\n\r\n\r\n<p class=\"has-small-font-size\">Du kannst uns auch auf Instagram folgen unter dem Account <a href=\"https:\/\/www.instagram.com\/young_pods\/\">young_pods<\/a>.<\/p>\r\n\r\n\r\n\r\n<p class=\"has-small-font-size\">Der Podcast ART\u2019S COOL wird realisiert und ausgestrahlt mit der grossz\u00fcgigen Unterst\u00fctzung der Loterie Romande, Pro Helvetia, der Fondation Gandur pour la Jeunesse, der Ernst G\u00f6hner Stiftung, der Oertli-Stiftung, der Sandoz-Familienstiftung und dem Migros-Kulturprozent.<\/p>\r\n\r\n\r\n\r\n<p class=\"has-small-font-size\">Mit der Stimme von Florence Grivel in der franz\u00f6sischen Version und Stephan Kyburz in der deutschen Version.<br \/>Musik and Sounddesign von Christophe Gonet.<\/p>\r\n\r\n\r\n\r\n<p class=\"has-small-font-size\">Dies ist eine Produktion <a href=\"https:\/\/www.youngpods.ch\/\">Young Pods<\/a>.<\/p>","protected":false},"excerpt":{"rendered":"<p>Kunstmuseum Wallis: C\u00e9lien befragt Matthieu Gafsou, warum er diese Szene dargestellt hat und von wo aus er sie aufgenommen hat.<\/p>","protected":false},"featured_media":2205,"template":"","artist":[183],"canton":[157],"episode-":[70],"season":[42],"podcast-categories":[],"class_list":["post-2216","podcast","type-podcast","status-publish","has-post-thumbnail","hentry","artist-matthieu-gafsou","canton-valais-wallis","episode--episode-23","season-season-1"],"acf":[],"_links":{"self":[{"href":"https:\/\/artscool.ch\/de\/wp-json\/wp\/v2\/podcast\/2216","targetHints":{"allow":["GET"]}}],"collection":[{"href":"https:\/\/artscool.ch\/de\/wp-json\/wp\/v2\/podcast"}],"about":[{"href":"https:\/\/artscool.ch\/de\/wp-json\/wp\/v2\/types\/podcast"}],"version-history":[{"count":2,"href":"https:\/\/artscool.ch\/de\/wp-json\/wp\/v2\/podcast\/2216\/revisions"}],"predecessor-version":[{"id":3084,"href":"https:\/\/artscool.ch\/de\/wp-json\/wp\/v2\/podcast\/2216\/revisions\/3084"}],"wp:featuredmedia":[{"embeddable":true,"href":"https:\/\/artscool.ch\/de\/wp-json\/wp\/v2\/media\/2205"}],"wp:attachment":[{"href":"https:\/\/artscool.ch\/de\/wp-json\/wp\/v2\/media?parent=2216"}],"wp:term":[{"taxonomy":"artist","embeddable":true,"href":"https:\/\/artscool.ch\/de\/wp-json\/wp\/v2\/artist?post=2216"},{"taxonomy":"canton","embeddable":true,"href":"https:\/\/artscool.ch\/de\/wp-json\/wp\/v2\/canton?post=2216"},{"taxonomy":"episode-","embeddable":true,"href":"https:\/\/artscool.ch\/de\/wp-json\/wp\/v2\/episode-?post=2216"},{"taxonomy":"season","embeddable":true,"href":"https:\/\/artscool.ch\/de\/wp-json\/wp\/v2\/season?post=2216"},{"taxonomy":"podcast-categories","embeddable":true,"href":"https:\/\/artscool.ch\/de\/wp-json\/wp\/v2\/podcast-categories?post=2216"}],"curies":[{"name":"wp","href":"https:\/\/api.w.org\/{rel}","templated":true}]}}

Célien &amp; Matthieu Gafsou

<p>&nbsp;</p>



<p><strong>Hallo, mein Name ist Célien.</strong> <strong>Ich bin vierzehn Jahre alt. Ich wohne in Uvrier.</strong></p>



<p><strong>Kunst bedeutet für mich, kreativ zu sein und seine Kreativität zu zeigen.</strong> <strong>Und ich habe eine Verabredung mit einem Kunstwerk im Kunstmuseum von Sion. Kommst du mit?</strong></p>



<div class="wp-block-spacer" style="height: 50px;" aria-hidden="true"> </div>



<p>CÉLIEN:</p>



<p>Guten Tag. Ich habe eine Verabredung mit einem Kunstwerk, das "Wanderer auf dem Rhonegletscher" von Mathieu Gafsou heisst. Wo finde ich das?</p>



<p>EMPFANG DES MUSEUMS:</p>



<p>Herzlich willkommen! Sie finden es direkt am Eingang des Museums. Raum 1, auf der rechten Seite. Viel Spass beim Besuch!</p>



<div class="wp-block-spacer" style="height: 50px;" aria-hidden="true"> </div>



<p class="has-x-large-font-size">CÉLIEN:</p>



<div class="wp-block-spacer" style="height: 35px;" aria-hidden="true"> </div>



<p>Ich betrete den Raum und sehe eine ganze Reihe von Werken. Es gibt Porträts, Landschaften und eines mit Wanderern: Ich glaube, das ist es! Auf den ersten Blick sieht es aus wie ein Foto, es ist sehr detailliert.</p>



<p>Ich sehe ein paar Wanderer. Sie steigen gerade auf einen Gletscher. Einer von ihnen scheint eine Plane über den Gletscher zu ziehen, eine riesige Plane. Ich weiss nicht, was er macht. Er scheint zu versuchen, ihn zu schützen. Ich habe auch den Eindruck, dass der Schnee ein wenig braun ist, als ob sich darunter Erde befindet. An einer Stelle ist er ganz weiss - an der Stelle, an der er den Berg beschützt. Aber rundherum ist es grauer. Man kann den Unterschied zwischen den beiden gut sehen. Ich habe das Gefühl, dass der Gletscher schmilzt und dass er deshalb versucht, ihn zu schützen, damit er nicht schmilzt. Und wenn er grau ist, dann weil er geschmolzen ist und darunter ist die Erde. Sie ziehen diese Planen auf, um das Eis zu schützen. Es sieht aus, als würde es sterben und seine Schönheit verlieren.</p>



<p>Es ist etwas Besonderes, denn am Anfang habe ich das Gefühl, dass ich ganz allein in der Natur bin und das Wetter schön ist. Es ist schön und ruhig ... Aber nach und nach wird mir klar, dass der Gletscher tatsächlich stirbt und dass wir versuchen, ihn zu retten. Es ist nicht so ruhig, wie es scheint...</p>



<p>Als ich näher komme, sehe ich jemanden in Rot, der die Planen aufhängt. Es gibt auch Wanderer; ich habe das Gefühl, dass sie eine Tour machen. Und es ist ein bisschen komisch: Der Gletscher schmilzt und sie laufen darüber, um ihn zu entdecken.</p>



<p>Ich lese das Datenblatt: Dieses Werk, "Randonneurs sur le glacier du Rhône", wurde 2010 von Matthieu Gafsou geschaffen. Es ist eine Fotografie. Es ist also kein Gemälde; es war schwierig, das zu erkennen. Die Abmessungen betragen 150 x 187,5 cm.</p>



<p>Meine Fragen an Matthieu Gafsou:</p>



<ul class="wp-block-list">
<li>Ich würde trotzdem gerne wissen, wo es sich befindet, weil der Gletscher gross ist und ich nicht verstehe, warum sie nur einen Teil davon schützen.</li>



<li>Ich würde auch gerne wissen, warum der Künstler sich für dieses Foto entschieden hat. Warum er sich dafür entschieden hat, auf diesem Gletscher mit Wanderern zu sein, anstatt ein anderes Bild zu zeigen.</li>



<li>Und von wo aus hat er das Foto gemacht, denn es ist, als würde man von oben herab sehen. Es ist etwas ganz Besonderes. Man fühlt sich, als würde man fliegen ... als wäre man ein Vogel, der das Bild sieht.</li>



<li>Und dann auch, ob es dem Gletscher seit 2010 schlechter geht oder ob es ihm heute besser geht, weil er geschützt wurde. Oder ob er immer noch katastrophal ist und sie versuchen, ihn noch mehr zu schützen, aber es immer noch nicht klappt.</li>
</ul>



<div class="wp-block-spacer" style="height: 50px;" aria-hidden="true"> </div>



<p class="has-x-large-font-size">MATTHIEU GAFSOU:</p>



<div class="wp-block-spacer" style="height: 35px;" aria-hidden="true"> </div>



<p>Hallo Célien!<br />Nun, ich werde versuchen, deine Fragen zu beantworten, die mich sehr zum Nachdenken gebracht haben.</p>



<p>Mir hat gefallen, dass du darauf hingewiesen hast, dass es eine kleine Plane gibt, die nicht den ganzen Gletscher bedeckt... und du fragst dich, warum nur diese eine Stelle geschützt wird? Sie befindet sich an einem Ort, den man besuchen kann. Es sind Höhlen und wir schützen die Höhlen. Wir schützen hier eigentlich eine kommerzielle Aktivität, weil wir den Gletscher nicht vor der Erwärmung schützen können. Und das ist das Schreckliche. Also dieses Foto, das, wie du schon sagtest, sehr schön ist und das uns zunächst an die Natur denken lässt. Dann, je länger wir es betrachten, desto mehr zeigt es uns, dass etwas Trauriges dahinter steckt.</p>



<p>Dem Gletscher geht es nicht besser. Es geht ihm sogar viel schlechter, denn du kannst dir vorstellen, dass jetzt neben den Planen, die man auf meinem Foto sieht, links ein See ist. Der Gletscher schmilzt und so sieht man im Sommer links von dieser Plane Wasser. Und die Dinge werden leider nicht besser werden. Es kann sein, dass das Eis in einem Jahr ein kleines Stückchen Boden zurückgewinnt, wenn es sehr viel Niederschlag gibt und der Sommer nicht zu heiss ist. Aber letztendlich wird der Gletscher, wie alle anderen Gletscher auch, schrumpfen.</p>



<p>Du wirfst die Frage nach meiner Perspektive auf... Aber wo bin ich und habe ich eine Drohne? Ich habe dieses Foto 2010 gemacht; damals waren Drohnen noch nicht leicht erhältlich. Und ich bin ein Fotograf, der zu Fuss unterwegs ist, ich mache alles mit meinen Füssen. Ich befinde mich einfach, wie viele Faultiere, ganz in der Nähe des Ortes, an dem man einen Kaffee trinken kann, der sich auf einem Überhang befindet, also auf einem Felsen, wenn du so willst. Und ich habe diesen Blick von oben, diesen Adlerblick, auf den Gletscher. Diese überhängende Sicht, die mir einen Überblick verschafft.</p>



<div class="wp-block-spacer" style="height: 30px;" aria-hidden="true"> </div>



<p>°°</p>



<p class="has-small-font-size">"ART'S COOL" oder "Art is cool"!</p>



<p class="has-small-font-size">Dies ist eine Begegnung mit einem zeitgenössischen Kunstwerk in der Schweiz, betrachtet, erkundet, und hinterfragt von jungen Menschen. Auf die Fragen der Jugendlichen geben wiederum die Künstlerin oder der Künstler auf ihre Weise eine Antwort. Ganz einfach, nicht?</p>



<p class="has-small-font-size">Heute ging es um "Wanderer auf dem Rhonegletscher" von <a href="http://www.gafsou.ch/">Matthieu Gafsou</a>. Es wurde von Céliens neugierigem und fachkundigem Blick untersucht.</p>



<p class="has-small-font-size">Verpasse nicht das Kunstwerk in Wirklichkeit selber zu entdecken, im <a href="http://www.musees-valais.ch/musee-dart/presentation.html">Kunstmuseum Wallis</a>, bis mindestens zum 1.<sup>er</sup> Juli 2022.</p>



<p class="has-small-font-size">Und sammle zeitgenössische Kunst mit deinen Ohren! Triff fast jede Woche auf eine neue Episode um deine eigene Sammlung zu komplettieren – jedes Mal mit einem anderen Fokus zu einem Kunstwerk in der Schweiz.</p>



<p class="has-small-font-size">Du findest alle Portraits der jugendlichen Fans der zeitgenössischen Kunst, die Kurzbiographien der interviewten Künstlerinnen und Künstler und die Bilder der Werke auf der Webseite <a href="https://artscool.ch/de/">artscool.ch/de</a>.</p>



<p class="has-small-font-size">Falls du zur Verbreitung des Podcasts ART’S   COOL beitragen möchtest, zögere nicht…
in deinem Umfeld darüber zu sprechen,
den Podcast auf deiner bevorzugten Plattform zu abonnieren und mit fünf Sternen zu bewerten</p>



<p class="has-small-font-size">Du kannst uns auch auf Instagram folgen unter dem Account <a href="https://www.instagram.com/young_pods/">young_pods</a>.</p>



<p class="has-small-font-size">Der Podcast ART’S COOL wird realisiert und ausgestrahlt mit der grosszügigen Unterstützung der Loterie Romande, Pro Helvetia, der Fondation Gandur pour la Jeunesse, der Ernst Göhner Stiftung, der Oertli-Stiftung, der Sandoz-Familienstiftung und dem Migros-Kulturprozent.</p>



<p class="has-small-font-size">Mit der Stimme von Florence Grivel in der französischen Version und Stephan Kyburz in der deutschen Version.<br />Musik and Sounddesign von Christophe Gonet.</p>



<p class="has-small-font-size">Dies ist eine Produktion <a href="https://www.youngpods.ch/">Young Pods</a>.</p>

<p>Kunstmuseum Wallis: Célien befragt Matthieu Gafsou, warum er diese Szene dargestellt hat und von wo aus er sie aufgenommen hat.</p>
