{"id":2212,"date":"2022-05-31T10:00:00","date_gmt":"2022-05-31T08:00:00","guid":{"rendered":"https:\/\/artscool.ch\/?post_type=podcast&#038;p=2212"},"modified":"2024-10-04T13:11:40","modified_gmt":"2024-10-04T11:11:40","slug":"kaspar-valentin-carron","status":"publish","type":"podcast","link":"https:\/\/artscool.ch\/de\/podcast\/kaspar-valentin-carron\/","title":{"rendered":"Kaspar &amp; Valentin Carron"},"content":{"rendered":"<p>&nbsp;<\/p>\r\n\r\n\r\n\r\n<p><strong><strong>Hallo, ich heisse Kaspar, bin vierzehn Jahre alt und wohne in Arbaz.<\/strong><\/strong><\/p>\r\n\r\n\r\n\r\n<p><strong><strong>Kunst ist f\u00fcr mich eine Art, sich auszudr\u00fccken.<\/strong><br \/><strong>Heute habe ich eine Verabredung mit einem Kunstwerk im Kunstmuseum von Sitten. Kommst du mit?<\/strong><\/strong><\/p>\r\n\r\n\r\n\r\n<div class=\"wp-block-spacer\" style=\"height: 50px;\" aria-hidden=\"true\">\u00a0<\/div>\r\n\r\n\r\n\r\n<p>KASPAR:<\/p>\r\n\r\n\r\n\r\n<p>Hallo, ich habe eine Verabredung mit einem Werk \"Clair Matin III\" von Valentin Carron: Wo kann ich es finden?<\/p>\r\n\r\n\r\n\r\n<p>EMPFANG DES MUSEUMS:<\/p>\r\n\r\n\r\n\r\n<p>Sie finden sie in Raum Nummer 15 des Kunstmuseums. Sie m\u00fcssen die Treppe hinaufgehen, das Geb\u00e4ude wechseln, eine Treppe hinaufgehen und schon sind Sie da.<\/p>\r\n\r\n\r\n\r\n<p>Viel Vergn\u00fcgen!<\/p>\r\n\r\n\r\n\r\n<div class=\"wp-block-spacer\" style=\"height: 50px;\" aria-hidden=\"true\">\u00a0<\/div>\r\n\r\n\r\n\r\n<p class=\"has-x-large-font-size\">KASPAR:<\/p>\r\n\r\n\r\n\r\n<div class=\"wp-block-spacer\" style=\"height: 35px;\" aria-hidden=\"true\">\u00a0<\/div>\r\n\r\n\r\n\r\n<p>Vielen Dank!<\/p>\r\n\r\n\r\n\r\n<p>Wir sind durch... Ah, Nummer 15, ich glaube, hier ist es! Wo ist das Kunstwerk? Das Moped ist es nicht, die Socken sind es auch nicht, also muss es das hier sein. Es sieht aus wie eine Art Gitter aus Holz. Ich glaube nicht, dass es Holz ist, aber es sieht sehr \u00e4hnlich aus. Es erinnert mich an die Balken, die es in alten H\u00fctten an der Decke gibt. Es sieht sehr gross aus. Die Balken sind sehr breit, sie f\u00fcllen den Raum gut aus. Es sieht aus, als w\u00e4re es ein Gitter, das am Pfosten in der Mitte des Raumes befestigt ist.<\/p>\r\n\r\n\r\n\r\n<p>Ich finde es lustig, ein solches Werk an der Decke h\u00e4ngen zu haben. Normalerweise werden die Werke auf einen Altar gestellt oder an eine Wand geh\u00e4ngt oder sogar direkt auf den Boden gestellt. Aber hier h\u00e4ngt es mit einer Art Kabel von der Decke. Es ist anders als andere Werke ...<\/p>\r\n\r\n\r\n\r\n<p>Nun lese ich die technischen Daten: Es handelt sich um das Werk \"Clair Matin III\" von Valentin Carron. Das Werk wurde 2009 geschaffen. Es besteht aus Polystyrol, Glasfaser und Harz. Es gibt auch Acryl, aber es ist aus Holz und Metall und dar\u00fcber gibt es einen Acryllack, glaube ich. Seine Masse sind 500 x 350 x 25 cm. Es h\u00e4ngt an der Decke.<\/p>\r\n\r\n\r\n\r\n<p>Nachdem ich das Datenblatt gelesen hatte, stellte ich fest, dass es nicht vollst\u00e4ndig aus Holz ist. Es ist ziemlich t\u00e4uschend echt. Ich finde es ganz sch\u00f6n, auch wenn die Farbe nicht so gut dazu passt.<\/p>\r\n\r\n\r\n\r\n<p>Fragen, die ich dem K\u00fcnstler gerne stellen w\u00fcrde:<\/p>\r\n\r\n\r\n\r\n<ul class=\"wp-block-list\">\r\n<li>Warum haben Sie sich f\u00fcr diese Farbe und nicht f\u00fcr ein Braun entschieden?<\/li>\r\n\r\n\r\n\r\n<li>Warum der Titel \"Clair Matin III\"?<\/li>\r\n\r\n\r\n\r\n<li>Ist das eine Anspielung auf die Walliser Architektur mit all den Mazots und Chalets?<\/li>\r\n\r\n\r\n\r\n<li>Ist es normal, dass es in einem bestimmten Abstand aufgeh\u00e4ngt wird?<\/li>\r\n\r\n\r\n\r\n<li>Haben Sie es extra f\u00fcr diesen Raum geschaffen oder nicht? Haben Sie es schon ein Mal erschaffen?<\/li>\r\n\r\n\r\n\r\n<li>Wie viel wiegt das Werk?<\/li>\r\n<\/ul>\r\n\r\n\r\n\r\n<div class=\"wp-block-spacer\" style=\"height: 50px;\" aria-hidden=\"true\">\u00a0<\/div>\r\n\r\n\r\n\r\n<p class=\"has-x-large-font-size\">VALENTIN CARRON:<\/p>\r\n\r\n\r\n\r\n<div class=\"wp-block-spacer\" style=\"height: 35px;\" aria-hidden=\"true\">\u00a0<\/div>\r\n\r\n\r\n\r\n<p>Hallo Kaspar.<br \/>Ich werde gerne auf deine Fragen antworten.<\/p>\r\n\r\n\r\n\r\n<p>Du fragst, warum die Balken diese Farbe haben? Ich musste eine Wahl treffen. Es ist eine Farbwahl. Ich glaube, ich wollte einfach nur falsche alte Balken machen. Also habe ich dieses Dunkelbraun verwendet, das mir wie die Farbe eines alten Balkens vorkam.<\/p>\r\n\r\n\r\n\r\n<p>Warum der Titel \"Clair Matin III\"? Es gab bereits einen \"Clair Matin I\" und einen \"Clair Matin II\"... Und \"Clair Matin\", das habe ich wohl \u00fcber den Namen auf einem Chalet oder einer Villa in der Rhoneebene gelesen. Ich finde es seltsam, dass man Orten, Lebensr\u00e4umen und H\u00e4usern Namen gibt. Und \"Clair Matin\" k\u00fcndigt einen strahlenden Vormittag an. Vielleicht... Das war die positive Seite dieses Titels, denke ich... Aber wenn man ihn nummeriert, wird er nicht mehr so positiv; er wird zu einem Befehl, einer Anweisung.<\/p>\r\n\r\n\r\n\r\n<p>Ist das eine Anspielung auf die Architektur der Walliser Chalets? Ich hatte schon immer die Vorstellung, dass ich eher ein Stolperstein als ein Augenzwinkern bin. Ich m\u00f6chte dir mit Ja und Nein antworten: eine etwas normannische Antwort. Ich denke, wenn ich Els\u00e4sser Jaur\u00e8s gewesen w\u00e4re, h\u00e4tte ich in \u00e4hnlicher Weise gearbeitet. Nat\u00fcrlich war der Start f\u00fcr mich eine Art Wut, eine Revolte. Ich wollte das Dekorum angreifen. Ich hatte auch die Idee einer Pergola. Ich wollte den Zuschauern eine Schwere vermitteln, die wie eine Bedrohung wirkte.<\/p>\r\n\r\n\r\n\r\n<p>Das beantwortet auch die Frage: Warum h\u00e4ngt das Werk an der Decke? Es h\u00e4ngt nicht, sondern es ist aufgeh\u00e4ngt. Mir gef\u00e4llt die Idee, dass es h\u00e4ngt. Ich nutze die Tatsache, dass es aus synthetischem Material besteht und daher relativ leicht ist. Es hat nicht das Gewicht eines Balkens.<\/p>\r\n\r\n\r\n\r\n<p>Das Gesamtgewicht muss hundertf\u00fcnfzig, zweihundert Kilogramm betragen. Ich habe es nie wirklich gemessen, nie gewogen. Ich wollte etwas, das gleichzeitig beruhigend und bedrohlich wirkt.<\/p>\r\n\r\n\r\n\r\n<p>Haben Sie das Bild extra f\u00fcr diesen Raum geschaffen? Nein, es gibt noch zwei weitere Exemplare, die das gleiche Format und die gleichen Abmessungen haben, aber die Farben sind anders. Ich habe ein gr\u00fcneres Exemplar gemacht, aber immer noch ein bisschen in diesen dunklen Farben.<\/p>\r\n\r\n\r\n\r\n<p>Danke f\u00fcr deine Fragen und ich w\u00fcnsche dir auch eine sch\u00f6ne Fortsetzung, Kaspar.<br \/>Liebe Gr\u00fcsse,<\/p>\r\n\r\n\r\n\r\n<p>Valentin<\/p>\r\n\r\n\r\n\r\n<div class=\"wp-block-spacer\" style=\"height: 30px;\" aria-hidden=\"true\">\u00a0<\/div>\r\n\r\n\r\n\r\n<p>\u00b0\u00b0<\/p>\r\n\r\n\r\n\r\n<p class=\"has-small-font-size\">\"ART'S COOL\" oder \"Art is cool\"!<\/p>\r\n\r\n\r\n\r\n<p class=\"has-small-font-size\">Dies ist eine Begegnung mit einem zeitgen\u00f6ssischen Kunstwerk in der Schweiz, betrachtet, erkundet, und hinterfragt von jungen Menschen. Auf die Fragen der Jugendlichen geben wiederum die K\u00fcnstlerin oder der K\u00fcnstler auf ihre Weise eine Antwort. Ganz einfach, nicht?<\/p>\r\n\r\n\r\n\r\n<p class=\"has-small-font-size\">Heute ging es um \"Clair Matin III\" von <a href=\"https:\/\/www.presenhuber.com\/exhibitions\/valentin-carron\" data-type=\"URL\" data-id=\"https:\/\/www.presenhuber.com\/exhibitions\/valentin-carron\">Valentin Carron<\/a>Sie wurde von Kaspars neugierigen Augen beobachtet.<\/p>\r\n\r\n\r\n\r\n<p class=\"has-small-font-size\">Verpasse nicht das Kunstwerk in Wirklichkeit selber zu entdecken, im <a href=\"http:\/\/www.musees-valais.ch\/musee-dart\/presentation.html\">Kunstmuseum Wallis<\/a>, bis mindestens zum 1.<sup>er<\/sup> Juli 2022.<\/p>\r\n\r\n\r\n\r\n<p class=\"has-small-font-size\">Und sammle zeitgen\u00f6ssische Kunst mit deinen Ohren! Triff fast jede Woche auf eine neue Episode um deine eigene Sammlung zu komplettieren \u2013 jedes Mal mit einem anderen Fokus zu einem Kunstwerk in der Schweiz.<\/p>\r\n\r\n\r\n\r\n<p class=\"has-small-font-size\">Du findest alle Portraits der jugendlichen Fans der zeitgen\u00f6ssischen Kunst, die Kurzbiographien der interviewten K\u00fcnstlerinnen und K\u00fcnstler und die Bilder der Werke auf der Webseite <a href=\"https:\/\/artscool.ch\/de\/\">artscool.ch\/de<\/a>.<\/p>\r\n\r\n\r\n\r\n<p class=\"has-small-font-size\">Falls du zur Verbreitung des Podcasts ART\u2019S   COOL beitragen m\u00f6chtest, z\u00f6gere nicht\u2026\nin deinem Umfeld dar\u00fcber zu sprechen,\nden Podcast auf deiner bevorzugten Plattform zu abonnieren und mit f\u00fcnf Sternen zu bewerten<\/p>\r\n\r\n\r\n\r\n<p class=\"has-small-font-size\">Du kannst uns auch auf Instagram folgen unter dem Account <a href=\"https:\/\/www.instagram.com\/young_pods\/\">young_pods<\/a>.<\/p>\r\n\r\n\r\n\r\n<p class=\"has-small-font-size\">Der Podcast ART\u2019S COOL wird realisiert und ausgestrahlt mit der grossz\u00fcgigen Unterst\u00fctzung der Loterie Romande, Pro Helvetia, der Fondation Gandur pour la Jeunesse, der Ernst G\u00f6hner Stiftung, der Oertli-Stiftung, der Sandoz-Familienstiftung und dem Migros-Kulturprozent.<\/p>\r\n\r\n\r\n\r\n<p class=\"has-small-font-size\">Mit der Stimme von Florence Grivel in der franz\u00f6sischen Version und Stephan Kyburz in der deutschen Version.<br \/>Musik and Sounddesign von Christophe Gonet.<\/p>\r\n\r\n\r\n\r\n<p class=\"has-small-font-size\">Dies ist eine Produktion <a href=\"https:\/\/www.youngpods.ch\/\">Young Pods<\/a> (www.youngpods.ch).<\/p>","protected":false},"excerpt":{"rendered":"<p>Kunstmuseum Wallis: Kaspar wundert sich \u00fcber das Werk von Valentin Carron, das ziemlich massiv von der Decke des Saals h\u00e4ngt.<\/p>","protected":false},"featured_media":2207,"template":"","artist":[172],"canton":[157],"episode-":[69],"season":[42],"podcast-categories":[],"class_list":["post-2212","podcast","type-podcast","status-publish","has-post-thumbnail","hentry","artist-valentin-carron","canton-valais-wallis","episode--episode-22","season-season-1"],"acf":[],"_links":{"self":[{"href":"https:\/\/artscool.ch\/de\/wp-json\/wp\/v2\/podcast\/2212","targetHints":{"allow":["GET"]}}],"collection":[{"href":"https:\/\/artscool.ch\/de\/wp-json\/wp\/v2\/podcast"}],"about":[{"href":"https:\/\/artscool.ch\/de\/wp-json\/wp\/v2\/types\/podcast"}],"version-history":[{"count":2,"href":"https:\/\/artscool.ch\/de\/wp-json\/wp\/v2\/podcast\/2212\/revisions"}],"predecessor-version":[{"id":3085,"href":"https:\/\/artscool.ch\/de\/wp-json\/wp\/v2\/podcast\/2212\/revisions\/3085"}],"wp:featuredmedia":[{"embeddable":true,"href":"https:\/\/artscool.ch\/de\/wp-json\/wp\/v2\/media\/2207"}],"wp:attachment":[{"href":"https:\/\/artscool.ch\/de\/wp-json\/wp\/v2\/media?parent=2212"}],"wp:term":[{"taxonomy":"artist","embeddable":true,"href":"https:\/\/artscool.ch\/de\/wp-json\/wp\/v2\/artist?post=2212"},{"taxonomy":"canton","embeddable":true,"href":"https:\/\/artscool.ch\/de\/wp-json\/wp\/v2\/canton?post=2212"},{"taxonomy":"episode-","embeddable":true,"href":"https:\/\/artscool.ch\/de\/wp-json\/wp\/v2\/episode-?post=2212"},{"taxonomy":"season","embeddable":true,"href":"https:\/\/artscool.ch\/de\/wp-json\/wp\/v2\/season?post=2212"},{"taxonomy":"podcast-categories","embeddable":true,"href":"https:\/\/artscool.ch\/de\/wp-json\/wp\/v2\/podcast-categories?post=2212"}],"curies":[{"name":"wp","href":"https:\/\/api.w.org\/{rel}","templated":true}]}}

<p>&nbsp;</p>



<p><strong><strong>Hallo, ich heisse Kaspar, bin vierzehn Jahre alt und wohne in Arbaz.</strong></strong></p>



<p><strong><strong>Kunst ist für mich eine Art, sich auszudrücken.</strong><br /><strong>Heute habe ich eine Verabredung mit einem Kunstwerk im Kunstmuseum von Sitten. Kommst du mit?</strong></strong></p>



<div class="wp-block-spacer" style="height: 50px;" aria-hidden="true"> </div>



<p>KASPAR:</p>



<p>Hallo, ich habe eine Verabredung mit einem Werk "Clair Matin III" von Valentin Carron: Wo kann ich es finden?</p>



<p>EMPFANG DES MUSEUMS:</p>



<p>Sie finden sie in Raum Nummer 15 des Kunstmuseums. Sie müssen die Treppe hinaufgehen, das Gebäude wechseln, eine Treppe hinaufgehen und schon sind Sie da.</p>



<p>Viel Vergnügen!</p>



<div class="wp-block-spacer" style="height: 50px;" aria-hidden="true"> </div>



<p class="has-x-large-font-size">KASPAR:</p>



<div class="wp-block-spacer" style="height: 35px;" aria-hidden="true"> </div>



<p>Vielen Dank!</p>



<p>Wir sind durch... Ah, Nummer 15, ich glaube, hier ist es! Wo ist das Kunstwerk? Das Moped ist es nicht, die Socken sind es auch nicht, also muss es das hier sein. Es sieht aus wie eine Art Gitter aus Holz. Ich glaube nicht, dass es Holz ist, aber es sieht sehr ähnlich aus. Es erinnert mich an die Balken, die es in alten Hütten an der Decke gibt. Es sieht sehr gross aus. Die Balken sind sehr breit, sie füllen den Raum gut aus. Es sieht aus, als wäre es ein Gitter, das am Pfosten in der Mitte des Raumes befestigt ist.</p>



<p>Ich finde es lustig, ein solches Werk an der Decke hängen zu haben. Normalerweise werden die Werke auf einen Altar gestellt oder an eine Wand gehängt oder sogar direkt auf den Boden gestellt. Aber hier hängt es mit einer Art Kabel von der Decke. Es ist anders als andere Werke ...</p>



<p>Nun lese ich die technischen Daten: Es handelt sich um das Werk "Clair Matin III" von Valentin Carron. Das Werk wurde 2009 geschaffen. Es besteht aus Polystyrol, Glasfaser und Harz. Es gibt auch Acryl, aber es ist aus Holz und Metall und darüber gibt es einen Acryllack, glaube ich. Seine Masse sind 500 x 350 x 25 cm. Es hängt an der Decke.</p>



<p>Nachdem ich das Datenblatt gelesen hatte, stellte ich fest, dass es nicht vollständig aus Holz ist. Es ist ziemlich täuschend echt. Ich finde es ganz schön, auch wenn die Farbe nicht so gut dazu passt.</p>



<p>Fragen, die ich dem Künstler gerne stellen würde:</p>



<ul class="wp-block-list">
<li>Warum haben Sie sich für diese Farbe und nicht für ein Braun entschieden?</li>



<li>Warum der Titel "Clair Matin III"?</li>



<li>Ist das eine Anspielung auf die Walliser Architektur mit all den Mazots und Chalets?</li>



<li>Ist es normal, dass es in einem bestimmten Abstand aufgehängt wird?</li>



<li>Haben Sie es extra für diesen Raum geschaffen oder nicht? Haben Sie es schon ein Mal erschaffen?</li>



<li>Wie viel wiegt das Werk?</li>
</ul>



<div class="wp-block-spacer" style="height: 50px;" aria-hidden="true"> </div>



<p class="has-x-large-font-size">VALENTIN CARRON:</p>



<div class="wp-block-spacer" style="height: 35px;" aria-hidden="true"> </div>



<p>Hallo Kaspar.<br />Ich werde gerne auf deine Fragen antworten.</p>



<p>Du fragst, warum die Balken diese Farbe haben? Ich musste eine Wahl treffen. Es ist eine Farbwahl. Ich glaube, ich wollte einfach nur falsche alte Balken machen. Also habe ich dieses Dunkelbraun verwendet, das mir wie die Farbe eines alten Balkens vorkam.</p>



<p>Warum der Titel "Clair Matin III"? Es gab bereits einen "Clair Matin I" und einen "Clair Matin II"... Und "Clair Matin", das habe ich wohl über den Namen auf einem Chalet oder einer Villa in der Rhoneebene gelesen. Ich finde es seltsam, dass man Orten, Lebensräumen und Häusern Namen gibt. Und "Clair Matin" kündigt einen strahlenden Vormittag an. Vielleicht... Das war die positive Seite dieses Titels, denke ich... Aber wenn man ihn nummeriert, wird er nicht mehr so positiv; er wird zu einem Befehl, einer Anweisung.</p>



<p>Ist das eine Anspielung auf die Architektur der Walliser Chalets? Ich hatte schon immer die Vorstellung, dass ich eher ein Stolperstein als ein Augenzwinkern bin. Ich möchte dir mit Ja und Nein antworten: eine etwas normannische Antwort. Ich denke, wenn ich Elsässer Jaurès gewesen wäre, hätte ich in ähnlicher Weise gearbeitet. Natürlich war der Start für mich eine Art Wut, eine Revolte. Ich wollte das Dekorum angreifen. Ich hatte auch die Idee einer Pergola. Ich wollte den Zuschauern eine Schwere vermitteln, die wie eine Bedrohung wirkte.</p>



<p>Das beantwortet auch die Frage: Warum hängt das Werk an der Decke? Es hängt nicht, sondern es ist aufgehängt. Mir gefällt die Idee, dass es hängt. Ich nutze die Tatsache, dass es aus synthetischem Material besteht und daher relativ leicht ist. Es hat nicht das Gewicht eines Balkens.</p>



<p>Das Gesamtgewicht muss hundertfünfzig, zweihundert Kilogramm betragen. Ich habe es nie wirklich gemessen, nie gewogen. Ich wollte etwas, das gleichzeitig beruhigend und bedrohlich wirkt.</p>



<p>Haben Sie das Bild extra für diesen Raum geschaffen? Nein, es gibt noch zwei weitere Exemplare, die das gleiche Format und die gleichen Abmessungen haben, aber die Farben sind anders. Ich habe ein grüneres Exemplar gemacht, aber immer noch ein bisschen in diesen dunklen Farben.</p>



<p>Danke für deine Fragen und ich wünsche dir auch eine schöne Fortsetzung, Kaspar.<br />Liebe Grüsse,</p>



<p>Valentin</p>



<div class="wp-block-spacer" style="height: 30px;" aria-hidden="true"> </div>



<p>°°</p>



<p class="has-small-font-size">"ART'S COOL" oder "Art is cool"!</p>



<p class="has-small-font-size">Dies ist eine Begegnung mit einem zeitgenössischen Kunstwerk in der Schweiz, betrachtet, erkundet, und hinterfragt von jungen Menschen. Auf die Fragen der Jugendlichen geben wiederum die Künstlerin oder der Künstler auf ihre Weise eine Antwort. Ganz einfach, nicht?</p>



<p class="has-small-font-size">Heute ging es um "Clair Matin III" von <a href="https://www.presenhuber.com/exhibitions/valentin-carron" data-type="URL" data-id="https://www.presenhuber.com/exhibitions/valentin-carron">Valentin Carron</a>Sie wurde von Kaspars neugierigen Augen beobachtet.</p>



<p class="has-small-font-size">Verpasse nicht das Kunstwerk in Wirklichkeit selber zu entdecken, im <a href="http://www.musees-valais.ch/musee-dart/presentation.html">Kunstmuseum Wallis</a>, bis mindestens zum 1.<sup>er</sup> Juli 2022.</p>



<p class="has-small-font-size">Und sammle zeitgenössische Kunst mit deinen Ohren! Triff fast jede Woche auf eine neue Episode um deine eigene Sammlung zu komplettieren – jedes Mal mit einem anderen Fokus zu einem Kunstwerk in der Schweiz.</p>



<p class="has-small-font-size">Du findest alle Portraits der jugendlichen Fans der zeitgenössischen Kunst, die Kurzbiographien der interviewten Künstlerinnen und Künstler und die Bilder der Werke auf der Webseite <a href="https://artscool.ch/de/">artscool.ch/de</a>.</p>



<p class="has-small-font-size">Falls du zur Verbreitung des Podcasts ART’S   COOL beitragen möchtest, zögere nicht…
in deinem Umfeld darüber zu sprechen,
den Podcast auf deiner bevorzugten Plattform zu abonnieren und mit fünf Sternen zu bewerten</p>



<p class="has-small-font-size">Du kannst uns auch auf Instagram folgen unter dem Account <a href="https://www.instagram.com/young_pods/">young_pods</a>.</p>



<p class="has-small-font-size">Der Podcast ART’S COOL wird realisiert und ausgestrahlt mit der grosszügigen Unterstützung der Loterie Romande, Pro Helvetia, der Fondation Gandur pour la Jeunesse, der Ernst Göhner Stiftung, der Oertli-Stiftung, der Sandoz-Familienstiftung und dem Migros-Kulturprozent.</p>



<p class="has-small-font-size">Mit der Stimme von Florence Grivel in der französischen Version und Stephan Kyburz in der deutschen Version.<br />Musik and Sounddesign von Christophe Gonet.</p>



<p class="has-small-font-size">Dies ist eine Produktion <a href="https://www.youngpods.ch/">Young Pods</a> (www.youngpods.ch).</p>

<p>Kunstmuseum Wallis: Kaspar wundert sich über das Werk von Valentin Carron, das ziemlich massiv von der Decke des Saals hängt.</p>
