{"id":2203,"date":"2022-05-18T20:45:15","date_gmt":"2022-05-18T18:45:15","guid":{"rendered":"https:\/\/artscool.ch\/?post_type=podcast&#038;p=2203"},"modified":"2024-10-04T13:11:56","modified_gmt":"2024-10-04T11:11:56","slug":"oceane-john-m-armleder","status":"publish","type":"podcast","link":"https:\/\/artscool.ch\/de\/podcast\/oceane-john-m-armleder\/","title":{"rendered":"Oc\u00e9ane &amp; John M Armleder"},"content":{"rendered":"<p>&nbsp;<\/p>\r\n\r\n\r\n\r\n<p><strong>Hallo, mein Name ist Oc\u00e9ane. Ich bin 15 Jahre alt und wohne in Genf.<\/strong><\/p>\r\n\r\n\r\n\r\n<p><strong>Kunst ist f\u00fcr mich eine M\u00f6glichkeit, Gef\u00fchle auszudr\u00fccken.<br \/>Und ich habe eine Verabredung mit einem Werk im Mus\u00e9e d'art et d'histoire in Genf. Kommst du mit?<\/strong><\/p>\r\n\r\n\r\n\r\n<div class=\"wp-block-spacer\" style=\"height: 50px;\" aria-hidden=\"true\">\u00a0<\/div>\r\n\r\n\r\n\r\n<p>OZEAN:<\/p>\r\n\r\n\r\n\r\n<p>Guten Tag. Ich habe eine Verabredung mit einem Werk von John Armleder mit dem Titel \"Sans Titre\"; wo kann ich es finden?<\/p>\r\n\r\n\r\n\r\n<p>EMPFANG DES MUSEUMS:<\/p>\r\n\r\n\r\n\r\n<p>Es befindet sich im zweiten Raum, dem Palatina-Saal. Zuerst geradeaus und dann nach links.<br \/>Viel Vergn\u00fcgen!<\/p>\r\n\r\n\r\n\r\n<div class=\"wp-block-spacer\" style=\"height: 50px;\" aria-hidden=\"true\">\u00a0<\/div>\r\n\r\n\r\n\r\n<p class=\"has-x-large-font-size\">OZEAN:<\/p>\r\n\r\n\r\n\r\n<div class=\"wp-block-spacer\" style=\"height: 35px;\" aria-hidden=\"true\">\u00a0<\/div>\r\n\r\n\r\n\r\n<p>Ich suche mein Werk, ich gehe vorw\u00e4rts in der Hoffnung, es zu finden. Und ich glaube, wir sind angekommen. Es befindet sich in dem Raum, der \"Von der Flagge zum Titelbild\" heisst. Ich stelle mich davor und betrachte es. Es erinnert mich an ein Schachbrett oder ein Schachbrettmuster. Es ist ein extrem grosses Bild. Es sieht aus, als h\u00e4tte der K\u00fcnstler es mit Klebeband abgeklebt, um jedes Quadrat sehr genau zusammenzusetzen. Es sind smaragdgr\u00fcne Quadrate. Es gibt einen echten Kontrast zwischen dem Weiss und dem Gr\u00fcn; das am\u00fcsiert mich ein wenig. Ich finde, dass man das auf viele verschiedene Arten interpretieren kann.<\/p>\r\n\r\n\r\n\r\n<p>Ich w\u00fcrde gerne mehr \u00fcber die Hintergr\u00fcnde erfahren. Anscheinend heisst das Werk \"Ohne Titel\" von John Armleder, der es 1986 geschaffen hat. Es ist ein Gem\u00e4lde, Lack auf Baumwolle, 300 x 200 Zentimeter gross.<\/p>\r\n\r\n\r\n\r\n<p>Da der Titel \"Sans Titre\" lautet, ist es ziemlich kompliziert, herauszufinden, worauf er sich bezieht. Daher finde ich es interessant, dass es jeder Person die M\u00f6glichkeit gibt, ihre eigenen Gef\u00fchle zu diesem Werk zu finden.<\/p>\r\n\r\n\r\n\r\n<p>Ich pers\u00f6nlich h\u00e4tte nie gedacht, dass es 1986 entstanden ist, denn ich finde, dass es etwas ziemlich Neues ist. Ich finde es sogar zeitlos.<\/p>\r\n\r\n\r\n\r\n<p>Ich habe einige Fragen an Jean Hubert Martin, den Kurator dieser Ausstellung.<\/p>\r\n\r\n\r\n\r\n<ul class=\"wp-block-list\">\r\n<li>Warum hat er dieses Werk hier platziert? Welche Bedeutung hat das Werk in diesem Raum? Ich sehe, dass es eine Decke mit vielen Mustern gibt, die sich ziemlich oft wiederholen. Ausserdem gibt es hier viele Farben: warme Farben, helle Farben. Was hat Sie dazu bewogen, diese Werke in den Raum zu stellen?<\/li>\r\n\r\n\r\n\r\n<li>Warum wollten Sie dieses Werk in einer Umgebung mit Sternzeichen platzieren?<\/li>\r\n\r\n\r\n\r\n<li>Mir ist klar, dass es sich um ein Werk handelt, das sich in einem Raum befindet, in dem es viele andere geometrische Werke gibt. Hier in der Mitte ist ein Bild und auf beiden Seiten des Bildes sind Fahnen oder andere geschmeidige Dinge. Ich w\u00fcrde gerne wissen, warum.<\/li>\r\n\r\n\r\n\r\n<li>Ich habe beobachtet, dass in diesem Raum auch ein ausgestopftes Zebra zu sehen ist. Es ist also ein anderes Format als alles, was man in diesem Raum sieht. Aber ich denke, ich kann daraus ableiten, dass das Motiv des Zebras mit den Motiven auf den verschiedenen Werken zusammenh\u00e4ngt.<\/li>\r\n<\/ul>\r\n\r\n\r\n\r\n<div class=\"wp-block-spacer\" style=\"height: 50px;\" aria-hidden=\"true\">\u00a0<\/div>\r\n\r\n\r\n\r\n<p class=\"has-x-large-font-size\">JEAN-HUBERT MARTIN:<\/p>\r\n\r\n\r\n\r\n<div class=\"wp-block-spacer\" style=\"height: 35px;\" aria-hidden=\"true\">\u00a0<\/div>\r\n\r\n\r\n\r\n<p>Hallo Oc\u00e9ane.<\/p>\r\n\r\n\r\n\r\n<p>Du fragst dich, ob John Armleders Werk etwas mit der Decke und ihren Mustern zu tun hat und ob es eine Beziehung zwischen der Decke und den Werken in diesem Raum gibt, und ich muss dir sagen, dass dies nicht der Fall ist. Der Grund, warum diese Werke in diesem Raum sind, ist seine Gr\u00f6sse. Denn es ist eine sehr lange Galerie mit einer sehr hohen Decke. Es stimmt, dass diese Decke im Stil der Renaissance mit sogenannten Grotesken verziert ist und sehr sch\u00f6n ist. Man wollte sie hervorheben, aber in Wirklichkeit gibt es keine direkte Beziehung zwischen den Werken, die im Saal aufgestellt sind, und der Decke.<\/p>\r\n\r\n\r\n\r\n<p>Du hast sie dir also genau angesehen, denn du hast tats\u00e4chlich bemerkt, dass die Decke mit Sternzeichen verziert ist. Aber auch hier muss ich sagen, dass es keinen Zusammenhang gibt. Es gibt aber eine Verbindung zu dem, was auf dem Boden ist, das stimmt. Es gibt ein kleines Mosaik, auf dem eine Schlange abgebildet ist, und deshalb haben wir ein Werk aufgestellt, bei dem es sich um eine vergoldete Metallraupe handelt, die Schlangen darstellt. Es gibt auch etwas weiter hinten eine Skulptur, die Kleopatra darstellt, die laut Geschichte und Mythologie von einer giftigen Schlange gebissen wurde. Wir wollten eine kleine Anspielung auf diese Schlange machen, die auch in dem Mosaik vorkommt. Es gibt jedoch keine Beziehung zu diesen Werken, die alle geometrisch sind.<\/p>\r\n\r\n\r\n\r\n<p>Das ist es, was wir zeigen wollten. Es ist diese Beziehung zwischen Gem\u00e4lden, die zur modernen und zeitgen\u00f6ssischen Kunstgeschichte geh\u00f6ren und v\u00f6llig geometrisch sind, und anderen v\u00f6llig geometrischen Werken, die aber ganz und gar nicht aus demselben Bereich stammen. Das sind Flaggen, zum Beispiel, Flaggen oder Rekonstruktionen von sehr alten Flaggen aus dem 16. Jahrhundert mit sehr anregenden geometrischen Formen und Farben und auch sogenannte Quilts, die Ende des 19. und Anfang des 20. Jahrhunderts in Amerika hergestellt wurden. Das sind Fleecedecken, die man \u00fcber Betten legte und die ebenfalls sehr auff\u00e4llige geometrische Muster haben. Die Idee war also eher, zu zeigen, dass das, was wir abstrakte Malerei nennen und was oft geometrisch ist (insbesondere in einer Schweizer Bewegung, die sich konkrete Kunst nennt), sowohl mit den Milit\u00e4rflaggen von fr\u00fcher als auch mit den Decken, die vor nicht allzu langer Zeit in Amerika \u00fcber die Betten gelegt wurden, in Verbindung steht.<\/p>\r\n\r\n\r\n\r\n<p>Und tats\u00e4chlich, du hast bemerkt, dass es ein Zebra gibt. Das Zebra ist da, weil der Kontrast von Schwarz und Weiss ihm ein spektakul\u00e4res Aussehen verleiht, vergleichbar mit einem sehr sch\u00f6nen Kost\u00fcm, das f\u00fcr eine Oper namens \"Rossignol\" von Henri Matisse angefertigt wurde. Man sieht auch grosse V-f\u00f6rmige Formen, eine Art sehr schwarze Strukturen auf weissem Hintergrund. Wir fanden es lustig, diese kleine Note zu geben, die eben aus der Kunst und den K\u00fcnstlichkeiten, den Objekten, der materiellen Kultur heraustritt, um zur Natur zu gehen.<\/p>\r\n\r\n\r\n\r\n<div class=\"wp-block-spacer\" style=\"height: 30px;\" aria-hidden=\"true\">\u00a0<\/div>\r\n\r\n\r\n\r\n<p>\u00b0\u00b0<\/p>\r\n\r\n\r\n\r\n<p class=\"has-small-font-size\">\"ART'S COOL\" oder \"Art is cool\"!<\/p>\r\n\r\n\r\n\r\n<p class=\"has-small-font-size\">Dies ist eine Begegnung mit einem zeitgen\u00f6ssischen Kunstwerk in der Schweiz, betrachtet, erkundet, und hinterfragt von jungen Menschen. Auf die Fragen der Jugendlichen geben wiederum die K\u00fcnstlerin oder der K\u00fcnstler auf ihre Weise eine Antwort. Ganz einfach, nicht?<\/p>\r\n\r\n\r\n\r\n<p class=\"has-small-font-size\">Heute ging es um \"Ohne Titel\" von John M. Armleder, das von Oc\u00e9ane mit neugierigen Augen betrachtet wurde. In ART'S COOL haben wir die Fragen ausnahmsweise an Jean-Hubert Martin, den Kurator der Ausstellung \"Pas besoin d'un dessin\", gerichtet.<\/p>\r\n\r\n\r\n\r\n<p class=\"has-small-font-size\">Verpasse nicht das Kunstwerk in Wirklichkeit selber zu entdecken, im <a href=\"http:\/\/institutions.ville-geneve.ch\/fr\/mah\/\">Museum f\u00fcr Kunst und Geschichte in Genf<\/a>bis zum 19. Juni 2022.<\/p>\r\n\r\n\r\n\r\n<p class=\"has-small-font-size\">Und sammle zeitgen\u00f6ssische Kunst mit deinen Ohren! Triff fast jede Woche auf eine neue Episode um deine eigene Sammlung zu komplettieren \u2013 jedes Mal mit einem anderen Fokus zu einem Kunstwerk in der Schweiz.<\/p>\r\n\r\n\r\n\r\n<p class=\"has-small-font-size\">Du findest alle Portraits der jugendlichen Fans der zeitgen\u00f6ssischen Kunst, die Kurzbiographien der interviewten K\u00fcnstlerinnen und K\u00fcnstler und die Bilder der Werke auf der Webseite <a href=\"https:\/\/artscool.ch\/de\/\">artscool.ch\/de<\/a>.<\/p>\r\n\r\n\r\n\r\n<p class=\"has-small-font-size\">Falls du zur Verbreitung des Podcasts ART\u2019S   COOL beitragen m\u00f6chtest, z\u00f6gere nicht\u2026\nin deinem Umfeld dar\u00fcber zu sprechen,\nden Podcast auf deiner bevorzugten Plattform zu abonnieren und mit f\u00fcnf Sternen zu bewerten<\/p>\r\n\r\n\r\n\r\n<p class=\"has-small-font-size\">Du kannst uns auch auf Instagram folgen unter dem Account <a href=\"https:\/\/www.instagram.com\/young_pods\/\">young_pods<\/a>.<\/p>\r\n\r\n\r\n\r\n<p class=\"has-small-font-size\">Der Podcast ART\u2019S COOL wird realisiert und ausgestrahlt mit der grossz\u00fcgigen Unterst\u00fctzung der Loterie Romande, Pro Helvetia, der Fondation Gandur pour la Jeunesse, der Ernst G\u00f6hner Stiftung, der Oertli-Stiftung, der Sandoz-Familienstiftung und dem Migros-Kulturprozent.<\/p>\r\n\r\n\r\n\r\n<p class=\"has-small-font-size\">Mit der Stimme von Florence Grivel in der franz\u00f6sischen Version und Stephan Kyburz in der deutschen Version.<br \/>Musik and Sounddesign von Christophe Gonet.<\/p>\r\n\r\n\r\n\r\n<p class=\"has-small-font-size\">Dies ist eine Produktion <a href=\"https:\/\/www.youngpods.ch\/\">Young Pods<\/a> (www.youngpods.ch).<\/p>","protected":false},"excerpt":{"rendered":"<p>Mus\u00e9e d'art et d'histoire de Gen\u00e8ve: Oc\u00e9ane betrachtet \"Sans titre\" von John M Armleder. Sie fragt Jean-Hubert Martin, den Kurator der Ausstellung, ob die geometrische Komposition des Bildes zu den sich wiederholenden Mustern im Raum passt.<\/p>","protected":false},"featured_media":2196,"template":"","artist":[164],"canton":[141],"episode-":[68],"season":[42],"podcast-categories":[],"class_list":["post-2203","podcast","type-podcast","status-publish","has-post-thumbnail","hentry","artist-john-m-armleder","canton-geneve","episode--episode-21","season-season-1"],"acf":[],"_links":{"self":[{"href":"https:\/\/artscool.ch\/de\/wp-json\/wp\/v2\/podcast\/2203","targetHints":{"allow":["GET"]}}],"collection":[{"href":"https:\/\/artscool.ch\/de\/wp-json\/wp\/v2\/podcast"}],"about":[{"href":"https:\/\/artscool.ch\/de\/wp-json\/wp\/v2\/types\/podcast"}],"version-history":[{"count":2,"href":"https:\/\/artscool.ch\/de\/wp-json\/wp\/v2\/podcast\/2203\/revisions"}],"predecessor-version":[{"id":3086,"href":"https:\/\/artscool.ch\/de\/wp-json\/wp\/v2\/podcast\/2203\/revisions\/3086"}],"wp:featuredmedia":[{"embeddable":true,"href":"https:\/\/artscool.ch\/de\/wp-json\/wp\/v2\/media\/2196"}],"wp:attachment":[{"href":"https:\/\/artscool.ch\/de\/wp-json\/wp\/v2\/media?parent=2203"}],"wp:term":[{"taxonomy":"artist","embeddable":true,"href":"https:\/\/artscool.ch\/de\/wp-json\/wp\/v2\/artist?post=2203"},{"taxonomy":"canton","embeddable":true,"href":"https:\/\/artscool.ch\/de\/wp-json\/wp\/v2\/canton?post=2203"},{"taxonomy":"episode-","embeddable":true,"href":"https:\/\/artscool.ch\/de\/wp-json\/wp\/v2\/episode-?post=2203"},{"taxonomy":"season","embeddable":true,"href":"https:\/\/artscool.ch\/de\/wp-json\/wp\/v2\/season?post=2203"},{"taxonomy":"podcast-categories","embeddable":true,"href":"https:\/\/artscool.ch\/de\/wp-json\/wp\/v2\/podcast-categories?post=2203"}],"curies":[{"name":"wp","href":"https:\/\/api.w.org\/{rel}","templated":true}]}}

Océane &amp; John M Armleder

<p>&nbsp;</p>



<p><strong>Hallo, mein Name ist Océane. Ich bin 15 Jahre alt und wohne in Genf.</strong></p>



<p><strong>Kunst ist für mich eine Möglichkeit, Gefühle auszudrücken.<br />Und ich habe eine Verabredung mit einem Werk im Musée d'art et d'histoire in Genf. Kommst du mit?</strong></p>



<div class="wp-block-spacer" style="height: 50px;" aria-hidden="true"> </div>



<p>OZEAN:</p>



<p>Guten Tag. Ich habe eine Verabredung mit einem Werk von John Armleder mit dem Titel "Sans Titre"; wo kann ich es finden?</p>



<p>EMPFANG DES MUSEUMS:</p>



<p>Es befindet sich im zweiten Raum, dem Palatina-Saal. Zuerst geradeaus und dann nach links.<br />Viel Vergnügen!</p>



<div class="wp-block-spacer" style="height: 50px;" aria-hidden="true"> </div>



<p class="has-x-large-font-size">OZEAN:</p>



<div class="wp-block-spacer" style="height: 35px;" aria-hidden="true"> </div>



<p>Ich suche mein Werk, ich gehe vorwärts in der Hoffnung, es zu finden. Und ich glaube, wir sind angekommen. Es befindet sich in dem Raum, der "Von der Flagge zum Titelbild" heisst. Ich stelle mich davor und betrachte es. Es erinnert mich an ein Schachbrett oder ein Schachbrettmuster. Es ist ein extrem grosses Bild. Es sieht aus, als hätte der Künstler es mit Klebeband abgeklebt, um jedes Quadrat sehr genau zusammenzusetzen. Es sind smaragdgrüne Quadrate. Es gibt einen echten Kontrast zwischen dem Weiss und dem Grün; das amüsiert mich ein wenig. Ich finde, dass man das auf viele verschiedene Arten interpretieren kann.</p>



<p>Ich würde gerne mehr über die Hintergründe erfahren. Anscheinend heisst das Werk "Ohne Titel" von John Armleder, der es 1986 geschaffen hat. Es ist ein Gemälde, Lack auf Baumwolle, 300 x 200 Zentimeter gross.</p>



<p>Da der Titel "Sans Titre" lautet, ist es ziemlich kompliziert, herauszufinden, worauf er sich bezieht. Daher finde ich es interessant, dass es jeder Person die Möglichkeit gibt, ihre eigenen Gefühle zu diesem Werk zu finden.</p>



<p>Ich persönlich hätte nie gedacht, dass es 1986 entstanden ist, denn ich finde, dass es etwas ziemlich Neues ist. Ich finde es sogar zeitlos.</p>



<p>Ich habe einige Fragen an Jean Hubert Martin, den Kurator dieser Ausstellung.</p>



<ul class="wp-block-list">
<li>Warum hat er dieses Werk hier platziert? Welche Bedeutung hat das Werk in diesem Raum? Ich sehe, dass es eine Decke mit vielen Mustern gibt, die sich ziemlich oft wiederholen. Ausserdem gibt es hier viele Farben: warme Farben, helle Farben. Was hat Sie dazu bewogen, diese Werke in den Raum zu stellen?</li>



<li>Warum wollten Sie dieses Werk in einer Umgebung mit Sternzeichen platzieren?</li>



<li>Mir ist klar, dass es sich um ein Werk handelt, das sich in einem Raum befindet, in dem es viele andere geometrische Werke gibt. Hier in der Mitte ist ein Bild und auf beiden Seiten des Bildes sind Fahnen oder andere geschmeidige Dinge. Ich würde gerne wissen, warum.</li>



<li>Ich habe beobachtet, dass in diesem Raum auch ein ausgestopftes Zebra zu sehen ist. Es ist also ein anderes Format als alles, was man in diesem Raum sieht. Aber ich denke, ich kann daraus ableiten, dass das Motiv des Zebras mit den Motiven auf den verschiedenen Werken zusammenhängt.</li>
</ul>



<div class="wp-block-spacer" style="height: 50px;" aria-hidden="true"> </div>



<p class="has-x-large-font-size">JEAN-HUBERT MARTIN:</p>



<div class="wp-block-spacer" style="height: 35px;" aria-hidden="true"> </div>



<p>Hallo Océane.</p>



<p>Du fragst dich, ob John Armleders Werk etwas mit der Decke und ihren Mustern zu tun hat und ob es eine Beziehung zwischen der Decke und den Werken in diesem Raum gibt, und ich muss dir sagen, dass dies nicht der Fall ist. Der Grund, warum diese Werke in diesem Raum sind, ist seine Grösse. Denn es ist eine sehr lange Galerie mit einer sehr hohen Decke. Es stimmt, dass diese Decke im Stil der Renaissance mit sogenannten Grotesken verziert ist und sehr schön ist. Man wollte sie hervorheben, aber in Wirklichkeit gibt es keine direkte Beziehung zwischen den Werken, die im Saal aufgestellt sind, und der Decke.</p>



<p>Du hast sie dir also genau angesehen, denn du hast tatsächlich bemerkt, dass die Decke mit Sternzeichen verziert ist. Aber auch hier muss ich sagen, dass es keinen Zusammenhang gibt. Es gibt aber eine Verbindung zu dem, was auf dem Boden ist, das stimmt. Es gibt ein kleines Mosaik, auf dem eine Schlange abgebildet ist, und deshalb haben wir ein Werk aufgestellt, bei dem es sich um eine vergoldete Metallraupe handelt, die Schlangen darstellt. Es gibt auch etwas weiter hinten eine Skulptur, die Kleopatra darstellt, die laut Geschichte und Mythologie von einer giftigen Schlange gebissen wurde. Wir wollten eine kleine Anspielung auf diese Schlange machen, die auch in dem Mosaik vorkommt. Es gibt jedoch keine Beziehung zu diesen Werken, die alle geometrisch sind.</p>



<p>Das ist es, was wir zeigen wollten. Es ist diese Beziehung zwischen Gemälden, die zur modernen und zeitgenössischen Kunstgeschichte gehören und völlig geometrisch sind, und anderen völlig geometrischen Werken, die aber ganz und gar nicht aus demselben Bereich stammen. Das sind Flaggen, zum Beispiel, Flaggen oder Rekonstruktionen von sehr alten Flaggen aus dem 16. Jahrhundert mit sehr anregenden geometrischen Formen und Farben und auch sogenannte Quilts, die Ende des 19. und Anfang des 20. Jahrhunderts in Amerika hergestellt wurden. Das sind Fleecedecken, die man über Betten legte und die ebenfalls sehr auffällige geometrische Muster haben. Die Idee war also eher, zu zeigen, dass das, was wir abstrakte Malerei nennen und was oft geometrisch ist (insbesondere in einer Schweizer Bewegung, die sich konkrete Kunst nennt), sowohl mit den Militärflaggen von früher als auch mit den Decken, die vor nicht allzu langer Zeit in Amerika über die Betten gelegt wurden, in Verbindung steht.</p>



<p>Und tatsächlich, du hast bemerkt, dass es ein Zebra gibt. Das Zebra ist da, weil der Kontrast von Schwarz und Weiss ihm ein spektakuläres Aussehen verleiht, vergleichbar mit einem sehr schönen Kostüm, das für eine Oper namens "Rossignol" von Henri Matisse angefertigt wurde. Man sieht auch grosse V-förmige Formen, eine Art sehr schwarze Strukturen auf weissem Hintergrund. Wir fanden es lustig, diese kleine Note zu geben, die eben aus der Kunst und den Künstlichkeiten, den Objekten, der materiellen Kultur heraustritt, um zur Natur zu gehen.</p>



<div class="wp-block-spacer" style="height: 30px;" aria-hidden="true"> </div>



<p>°°</p>



<p class="has-small-font-size">"ART'S COOL" oder "Art is cool"!</p>



<p class="has-small-font-size">Dies ist eine Begegnung mit einem zeitgenössischen Kunstwerk in der Schweiz, betrachtet, erkundet, und hinterfragt von jungen Menschen. Auf die Fragen der Jugendlichen geben wiederum die Künstlerin oder der Künstler auf ihre Weise eine Antwort. Ganz einfach, nicht?</p>



<p class="has-small-font-size">Heute ging es um "Ohne Titel" von John M. Armleder, das von Océane mit neugierigen Augen betrachtet wurde. In ART'S COOL haben wir die Fragen ausnahmsweise an Jean-Hubert Martin, den Kurator der Ausstellung "Pas besoin d'un dessin", gerichtet.</p>



<p class="has-small-font-size">Verpasse nicht das Kunstwerk in Wirklichkeit selber zu entdecken, im <a href="http://institutions.ville-geneve.ch/fr/mah/">Museum für Kunst und Geschichte in Genf</a>bis zum 19. Juni 2022.</p>



<p class="has-small-font-size">Und sammle zeitgenössische Kunst mit deinen Ohren! Triff fast jede Woche auf eine neue Episode um deine eigene Sammlung zu komplettieren – jedes Mal mit einem anderen Fokus zu einem Kunstwerk in der Schweiz.</p>



<p class="has-small-font-size">Du findest alle Portraits der jugendlichen Fans der zeitgenössischen Kunst, die Kurzbiographien der interviewten Künstlerinnen und Künstler und die Bilder der Werke auf der Webseite <a href="https://artscool.ch/de/">artscool.ch/de</a>.</p>



<p class="has-small-font-size">Falls du zur Verbreitung des Podcasts ART’S   COOL beitragen möchtest, zögere nicht…
in deinem Umfeld darüber zu sprechen,
den Podcast auf deiner bevorzugten Plattform zu abonnieren und mit fünf Sternen zu bewerten</p>



<p class="has-small-font-size">Du kannst uns auch auf Instagram folgen unter dem Account <a href="https://www.instagram.com/young_pods/">young_pods</a>.</p>



<p class="has-small-font-size">Der Podcast ART’S COOL wird realisiert und ausgestrahlt mit der grosszügigen Unterstützung der Loterie Romande, Pro Helvetia, der Fondation Gandur pour la Jeunesse, der Ernst Göhner Stiftung, der Oertli-Stiftung, der Sandoz-Familienstiftung und dem Migros-Kulturprozent.</p>



<p class="has-small-font-size">Mit der Stimme von Florence Grivel in der französischen Version und Stephan Kyburz in der deutschen Version.<br />Musik and Sounddesign von Christophe Gonet.</p>



<p class="has-small-font-size">Dies ist eine Produktion <a href="https://www.youngpods.ch/">Young Pods</a> (www.youngpods.ch).</p>

<p>Musée d'art et d'histoire de Genève: Océane betrachtet "Sans titre" von John M Armleder. Sie fragt Jean-Hubert Martin, den Kurator der Ausstellung, ob die geometrische Komposition des Bildes zu den sich wiederholenden Mustern im Raum passt.</p>
