{"id":2201,"date":"2022-05-09T19:47:35","date_gmt":"2022-05-09T17:47:35","guid":{"rendered":"https:\/\/artscool.ch\/?post_type=podcast&#038;p=2201"},"modified":"2024-10-04T13:12:22","modified_gmt":"2024-10-04T11:12:22","slug":"moyra-richard-long","status":"publish","type":"podcast","link":"https:\/\/artscool.ch\/de\/podcast\/moyra-richard-long\/","title":{"rendered":"Moyra &amp; Richard Long"},"content":{"rendered":"<p>&nbsp;<\/p>\r\n\r\n\r\n\r\n<p><strong>Hallo, ich heisse Moyra, bin siebzehn Jahre alt und lebe in Genf.<\/strong><\/p>\r\n\r\n\r\n\r\n<p><strong>Kunst ist f\u00fcr mich eine freie Art, sich auszudr\u00fccken.<\/strong><\/p>\r\n\r\n\r\n\r\n<p><strong>Ich habe eine Verabredung mit einem Kunstwerk im Mus\u00e9e d'art et d'histoire in Genf. Kommst du mit?<\/strong><\/p>\r\n\r\n\r\n\r\n<div class=\"wp-block-spacer\" style=\"height: 50px;\" aria-hidden=\"true\">\u00a0<\/div>\r\n\r\n\r\n\r\n<p>MOYRA:<\/p>\r\n\r\n\r\n\r\n<p>Guten Tag. Ich habe eine Verabredung mit einem Werk von Richard Lang namens \"Geneva Circle One\": Wo kann ich es finden?<\/p>\r\n\r\n\r\n\r\n<p>EMPFANG DES MUSEUMS:<\/p>\r\n\r\n\r\n\r\n<p>Gehen Sie einfach in den Raum zu deiner Rechten, den Palatin-Saal.<br \/>Vielen Dank und viel Spass beim Besuch!<\/p>\r\n\r\n\r\n\r\n<div class=\"wp-block-spacer\" style=\"height: 50px;\" aria-hidden=\"true\">\u00a0<\/div>\r\n\r\n\r\n\r\n<p class=\"has-x-large-font-size\">MOYRA:<\/p>\r\n\r\n\r\n\r\n<div class=\"wp-block-spacer\" style=\"height: 35px;\" aria-hidden=\"true\">\u00a0<\/div>\r\n\r\n\r\n\r\n<p>Ich betrete einen grossen Raum und versuche, mein Werk zu finden. Es scheint mir, dass ich es gefunden habe. Ich sehe einen grossen Kreis auf dem Boden mit vielen Fragmenten aus grauem Stein, der mal heller und mal dunkler ist. Es ist ein Werk, das ich ziemlich originell finde, weil es sich auf dem Boden befindet. Es ist \u00fcberhaupt kein Bild, keine Skulptur, wie ich sie normalerweise sehe. Ich finde auch, dass es sehr gross ist und viel Platz einnimmt.<\/p>\r\n\r\n\r\n\r\n<p>Ich lese die Beschreibung: Dieses Werk wurde 1987 geschaffen. Es handelt sich um eine Installation aus Walliser Granit. Es besteht aus 62 Platten und hat einen Durchmesser von 500 Zentimetern. Es heisst \"Geneva Circle One\".<br \/>von Richard Long.<\/p>\r\n\r\n\r\n\r\n<p>Also schon einmal bemerkenswert ist die Anzahl der Platten. Ich dachte, es w\u00e4ren weniger als zweiundsechzig. Ich dachte, vielleicht vierzig. Ich finde es gut, dass er Stein vom selben Ort verwendet hat. Auch wenn es das Wallis und nicht Genf ist, finde ich es sehr interessant. Es ist ein sehr unregelm\u00e4ssiger Kreis, aber ich finde, dass es seine Sch\u00f6nheit ausmacht. Und dann habe ich das Gef\u00fchl, dass er zerbrechlich ist, in dem Sinne, dass alles auf eine sehr spezielle Art und Weise zusammengestellt wird, damit alles zusammen passt. Ich habe das Gef\u00fchl, dass, wenn man auch nur einen kleinen Stein bewegt, das ganze Werk v\u00f6llig durcheinander gebracht wird. Und ja, auch wenn es ein sehr harter Stein ist, habe ich das Gef\u00fchl, dass es am Ende ein ziemlich zerbrechliches Werk ist.<\/p>\r\n\r\n\r\n\r\n<p>Was ich auch interessant finde, ist, dass dieses Werk aus dem Jahr 1987 stammt. Ich finde aber, dass es auch heute h\u00e4tte entstehen k\u00f6nnen, denn ich habe den Eindruck, dass es ein gewisses Leiden heraufbeschw\u00f6rt. Das Leiden der Erde mit all den Problemen wie der globalen Erw\u00e4rmung oder vielen anderen Problemen, wie Krieg...<\/p>\r\n\r\n\r\n\r\n<p>Ich habe ein paar Fragen an Jean-Hubert Martin, den Kurator der Ausstellung:<\/p>\r\n\r\n\r\n\r\n<p>&nbsp;<\/p>\r\n\r\n\r\n\r\n<ul class=\"wp-block-list\">\r\n<li>Erstens w\u00fcrde ich gerne wissen, warum es sich in diesem Raum befindet, was es speziell in diesem Raum erz\u00e4hlt, in Verbindung mit allen anderen Werken. Und auch, welche Verbindung es zu dem dar\u00fcber h\u00e4ngenden Werk gibt, welches ein Quadrat ist. Es bleibt also eine geometrische Form und es scheint mir sehr interessant, diese beiden Formen zu kombinieren. Aber ich wollte wissen, warum das so ist.<\/li>\r\n\r\n\r\n\r\n<li>Ich w\u00fcrde auch gerne wissen, warum dieses Werk den Namen \"Geneva Circle One\" tr\u00e4gt.<\/li>\r\n\r\n\r\n\r\n<li>Ich w\u00fcrde gerne wissen, ob dieses Werk f\u00fcr diese Ausstellung ausgew\u00e4hlt wurde, weil es eben eine Verbindung zur Stadt hat, da es ihren Namen tr\u00e4gt.<\/li>\r\n\r\n\r\n\r\n<li>Ich w\u00fcrde gerne wissen, ob dieses Werk vom K\u00fcnstler auf diese Weise im Museum aufgestellt wurde, und wenn nicht, w\u00fcrde ich gerne wissen, wie die Informationen weitergegeben wurden und ob es sehr kompliziert war. Ich kann mir vorstellen, dass es eine sehr gr\u00fcndliche Arbeit war, daher wollte ich wissen, wie lange es gedauert hat, es aufzustellen.<\/li>\r\n\r\n\r\n\r\n<li>Was sehr interessant ist, dass dieser Raum \"Vom Kreuz zum Globus\" heisst. Und wenn man diesen Raum betritt, sieht man zun\u00e4chst ein Kreuz, das aufgeh\u00e4ngt ist. Dann geht man weiter zu dem Werk, das ich gerade analysiert habe, das in der Tat ein Globus ist. Ist dieser Raum in diesem Sinne zu lesen?<\/li>\r\n<\/ul>\r\n\r\n\r\n\r\n<div class=\"wp-block-spacer\" style=\"height: 50px;\" aria-hidden=\"true\">\u00a0<\/div>\r\n\r\n\r\n\r\n<p class=\"has-x-large-font-size\">JEAN-HUBERT MARTIN:<\/p>\r\n\r\n\r\n\r\n<div class=\"wp-block-spacer\" style=\"height: 35px;\" aria-hidden=\"true\">\u00a0<\/div>\r\n\r\n\r\n\r\n<p>Das von dir erw\u00e4hnte Werk von Richard Long, ein grosser Kreis aus Steinplatten, beendet die gesamte Abfolge von Werken in diesem Raum, der den Titel \"Vom Kreuz zum Globus\" tr\u00e4gt. Nat\u00fcrlich kann man ein Kreuz als etwas v\u00f6llig Eigenst\u00e4ndiges betrachten. Aber tats\u00e4chlich hat man sich seit dem 16. Jahrhundert oft darum bem\u00fcht, das Kreuz in einen Kreis zu setzen. Und auf die gleiche Weise kann man versuchen, ein Quadrat in einen Kreis zu setzen. Das nennt man dann die Quadratur des Kreises. Und man hat sogar versucht, Bilder des menschlichen K\u00f6rpers mit gespreizten Gliedma\u00dfen zu halten, wie es in einem Stich ganz am Anfang des Raumes dargestellt wird, als eine Art Idealbild des Menschen, der dadurch mit seinen Armen und Beinen eine Art Kreis zeichnet. Da es sich um einen Kreis handelt, hat dieses Werk nat\u00fcrlich eine Beziehung zum Kreuz. Und du hast das gro\u00dfe Gem\u00e4lde in Mosset bemerkt, das eine Multiplikation von Kreuzen darstellt. Nat\u00fcrlich kann man die Beziehung sehr leicht herstellen, nat\u00fcrlich indem man sich v\u00f6llig andere Proportionen zwischen diesen Kreuzen und dem Kreis vorstellt. Es sind tats\u00e4chlich diese geometrischen Beziehungen, diese geometrischen Formen, die in diesem Fall interessant sind.<\/p>\r\n\r\n\r\n\r\n<p>Ich wusste nicht einmal, dass die Skulptur \"Geneva Circle One\" heisst. Es ist ein Werk, das der K\u00fcnstler speziell f\u00fcr Genf gemacht hat. Ich weiss nicht, in welchem Zusammenhang und ehrlich gesagt wusste ich nicht einmal, als ich sie ausw\u00e4hlte, dass sie den Namen von Genf tr\u00e4gt. Der Name der Stadt hat f\u00fcr mich also absolut keinen Bezug zur allgemeinen Thematik des Raumes.<\/p>\r\n\r\n\r\n\r\n<p>Dieses Werk wurde vom K\u00fcnstler an das Museum verkauft, und seitdem es dort steht, kann das Museum es also wieder aufstellen. Der K\u00fcnstler muss nicht jedes Mal wiederkommen, um es aufzubauen. Es gibt eine Montageanleitung mit einer sehr genauen Zeichnung, so dass die Installateure sie ganz einfach wieder aufbauen k\u00f6nnen. Wenn ich sage, dass es leicht ist, dann ist es eine Menge Arbeit, weil die Steine so schwer sind.<\/p>\r\n\r\n\r\n\r\n<p>Und so heisst dieser Raum tats\u00e4chlich \"Vom Kreuz zum Globus\". Und wie du richtig verstanden hast, beginnt er mit einem Kreuz oder sogar mehreren Darstellungen des Kreuzes und endet mit dieser Skulptur hinter dem Werk von Richard Long, auf der man einen Gottvater sieht, der in seiner Hand einen Globus h\u00e4lt. Es ist also eine Art Vision des Kosmos oder der Gesamtheit der Erde und der Planeten, die mit dem Kreuz beginnt und mit dem Globus endet. Und es sind Bilder, die unserer christlichen Tradition im Westen entsprechen.<\/p>\r\n\r\n\r\n\r\n<div class=\"wp-block-spacer\" style=\"height: 30px;\" aria-hidden=\"true\">\u00a0<\/div>\r\n\r\n\r\n\r\n<p>\u00b0\u00b0<\/p>\r\n\r\n\r\n\r\n<p class=\"has-small-font-size\">\"ART'S COOL\" oder \"Art is cool\"!<\/p>\r\n\r\n\r\n\r\n<p class=\"has-small-font-size\">Dies ist eine Begegnung mit einem zeitgen\u00f6ssischen Kunstwerk in der Schweiz, betrachtet, erkundet, und hinterfragt von jungen Menschen. Auf die Fragen der Jugendlichen geben wiederum die K\u00fcnstlerin oder der K\u00fcnstler auf ihre Weise eine Antwort. Ganz einfach, nicht?<\/p>\r\n\r\n\r\n\r\n<p class=\"has-small-font-size\">Heute ging es um Richard Longs \"Geneva Circle One\", das von Moyras neugierigem Blick untersucht wurde. In ART'S COOL haben wir die Fragen ausnahmsweise an Jean-Hubert Martin, den Kurator der Ausstellung \"Pas besoin d'un dessin\", gerichtet.<\/p>\r\n\r\n\r\n\r\n<p class=\"has-small-font-size\">Verpasse nicht das Kunstwerk in Wirklichkeit selber zu entdecken, im <a href=\"http:\/\/institutions.ville-geneve.ch\/fr\/mah\/\">Museum f\u00fcr Kunst und Geschichte in Genf<\/a>bis zum 19. Juni 2022.<\/p>\r\n\r\n\r\n\r\n<p class=\"has-small-font-size\">Und sammle zeitgen\u00f6ssische Kunst mit deinen Ohren! Triff fast jede Woche auf eine neue Episode um deine eigene Sammlung zu komplettieren \u2013 jedes Mal mit einem anderen Fokus zu einem Kunstwerk in der Schweiz.<\/p>\r\n\r\n\r\n\r\n<p class=\"has-small-font-size\">Du findest alle Portraits der jugendlichen Fans der zeitgen\u00f6ssischen Kunst, die Kurzbiographien der interviewten K\u00fcnstlerinnen und K\u00fcnstler und die Bilder der Werke auf der Webseite <a href=\"https:\/\/artscool.ch\/de\/\">artscool.ch\/de<\/a>.<\/p>\r\n\r\n\r\n\r\n<p class=\"has-small-font-size\">Falls du zur Verbreitung des Podcasts ART\u2019S   COOL beitragen m\u00f6chtest, z\u00f6gere nicht\u2026\nin deinem Umfeld dar\u00fcber zu sprechen,\nden Podcast auf deiner bevorzugten Plattform zu abonnieren und mit f\u00fcnf Sternen zu bewerten<\/p>\r\n\r\n\r\n\r\n<p class=\"has-small-font-size\">Du kannst uns auch auf Instagram folgen unter dem Account <a href=\"https:\/\/www.instagram.com\/young_pods\/\">young_pods<\/a>.<\/p>\r\n\r\n\r\n\r\n<p class=\"has-small-font-size\">Der Podcast ART\u2019S COOL wird realisiert und ausgestrahlt mit der grossz\u00fcgigen Unterst\u00fctzung der Loterie Romande, Pro Helvetia, der Fondation Gandur pour la Jeunesse, der Ernst G\u00f6hner Stiftung, der Oertli-Stiftung, der Sandoz-Familienstiftung und dem Migros-Kulturprozent.<\/p>\r\n\r\n\r\n\r\n<p class=\"has-small-font-size\">Mit der Stimme von Florence Grivel in der franz\u00f6sischen Version und Stephan Kyburz in der deutschen Version.<br \/>Musik and Sounddesign von Christophe Gonet.<\/p>\r\n\r\n\r\n\r\n<p class=\"has-small-font-size\">Dies ist eine Produktion <a href=\"https:\/\/www.youngpods.ch\/\">Young Pods<\/a> (www.youngpods.ch).<\/p>","protected":false},"excerpt":{"rendered":"<p>Mus\u00e9e d'art et d'histoire de Gen\u00e8ve: Moyra umkreist die Installation \"Geneva Circle One\" von Richard Long, die f\u00fcr sie sowohl St\u00e4rke als auch Zerbrechlichkeit bedeutet, und stellt dem Kurator der Ausstellung, Jean-Hubert Martin, eine Reihe von Fragen.<\/p>","protected":false},"featured_media":2195,"template":"","artist":[205],"canton":[141],"episode-":[67],"season":[42],"podcast-categories":[],"class_list":["post-2201","podcast","type-podcast","status-publish","has-post-thumbnail","hentry","artist-richard-long","canton-geneve","episode--episode-20","season-season-1"],"acf":[],"_links":{"self":[{"href":"https:\/\/artscool.ch\/de\/wp-json\/wp\/v2\/podcast\/2201","targetHints":{"allow":["GET"]}}],"collection":[{"href":"https:\/\/artscool.ch\/de\/wp-json\/wp\/v2\/podcast"}],"about":[{"href":"https:\/\/artscool.ch\/de\/wp-json\/wp\/v2\/types\/podcast"}],"version-history":[{"count":2,"href":"https:\/\/artscool.ch\/de\/wp-json\/wp\/v2\/podcast\/2201\/revisions"}],"predecessor-version":[{"id":3087,"href":"https:\/\/artscool.ch\/de\/wp-json\/wp\/v2\/podcast\/2201\/revisions\/3087"}],"wp:featuredmedia":[{"embeddable":true,"href":"https:\/\/artscool.ch\/de\/wp-json\/wp\/v2\/media\/2195"}],"wp:attachment":[{"href":"https:\/\/artscool.ch\/de\/wp-json\/wp\/v2\/media?parent=2201"}],"wp:term":[{"taxonomy":"artist","embeddable":true,"href":"https:\/\/artscool.ch\/de\/wp-json\/wp\/v2\/artist?post=2201"},{"taxonomy":"canton","embeddable":true,"href":"https:\/\/artscool.ch\/de\/wp-json\/wp\/v2\/canton?post=2201"},{"taxonomy":"episode-","embeddable":true,"href":"https:\/\/artscool.ch\/de\/wp-json\/wp\/v2\/episode-?post=2201"},{"taxonomy":"season","embeddable":true,"href":"https:\/\/artscool.ch\/de\/wp-json\/wp\/v2\/season?post=2201"},{"taxonomy":"podcast-categories","embeddable":true,"href":"https:\/\/artscool.ch\/de\/wp-json\/wp\/v2\/podcast-categories?post=2201"}],"curies":[{"name":"wp","href":"https:\/\/api.w.org\/{rel}","templated":true}]}}

<p>&nbsp;</p>



<p><strong>Hallo, ich heisse Moyra, bin siebzehn Jahre alt und lebe in Genf.</strong></p>



<p><strong>Kunst ist für mich eine freie Art, sich auszudrücken.</strong></p>



<p><strong>Ich habe eine Verabredung mit einem Kunstwerk im Musée d'art et d'histoire in Genf. Kommst du mit?</strong></p>



<div class="wp-block-spacer" style="height: 50px;" aria-hidden="true"> </div>



<p>MOYRA:</p>



<p>Guten Tag. Ich habe eine Verabredung mit einem Werk von Richard Lang namens "Geneva Circle One": Wo kann ich es finden?</p>



<p>EMPFANG DES MUSEUMS:</p>



<p>Gehen Sie einfach in den Raum zu deiner Rechten, den Palatin-Saal.<br />Vielen Dank und viel Spass beim Besuch!</p>



<div class="wp-block-spacer" style="height: 50px;" aria-hidden="true"> </div>



<p class="has-x-large-font-size">MOYRA:</p>



<div class="wp-block-spacer" style="height: 35px;" aria-hidden="true"> </div>



<p>Ich betrete einen grossen Raum und versuche, mein Werk zu finden. Es scheint mir, dass ich es gefunden habe. Ich sehe einen grossen Kreis auf dem Boden mit vielen Fragmenten aus grauem Stein, der mal heller und mal dunkler ist. Es ist ein Werk, das ich ziemlich originell finde, weil es sich auf dem Boden befindet. Es ist überhaupt kein Bild, keine Skulptur, wie ich sie normalerweise sehe. Ich finde auch, dass es sehr gross ist und viel Platz einnimmt.</p>



<p>Ich lese die Beschreibung: Dieses Werk wurde 1987 geschaffen. Es handelt sich um eine Installation aus Walliser Granit. Es besteht aus 62 Platten und hat einen Durchmesser von 500 Zentimetern. Es heisst "Geneva Circle One".<br />von Richard Long.</p>



<p>Also schon einmal bemerkenswert ist die Anzahl der Platten. Ich dachte, es wären weniger als zweiundsechzig. Ich dachte, vielleicht vierzig. Ich finde es gut, dass er Stein vom selben Ort verwendet hat. Auch wenn es das Wallis und nicht Genf ist, finde ich es sehr interessant. Es ist ein sehr unregelmässiger Kreis, aber ich finde, dass es seine Schönheit ausmacht. Und dann habe ich das Gefühl, dass er zerbrechlich ist, in dem Sinne, dass alles auf eine sehr spezielle Art und Weise zusammengestellt wird, damit alles zusammen passt. Ich habe das Gefühl, dass, wenn man auch nur einen kleinen Stein bewegt, das ganze Werk völlig durcheinander gebracht wird. Und ja, auch wenn es ein sehr harter Stein ist, habe ich das Gefühl, dass es am Ende ein ziemlich zerbrechliches Werk ist.</p>



<p>Was ich auch interessant finde, ist, dass dieses Werk aus dem Jahr 1987 stammt. Ich finde aber, dass es auch heute hätte entstehen können, denn ich habe den Eindruck, dass es ein gewisses Leiden heraufbeschwört. Das Leiden der Erde mit all den Problemen wie der globalen Erwärmung oder vielen anderen Problemen, wie Krieg...</p>



<p>Ich habe ein paar Fragen an Jean-Hubert Martin, den Kurator der Ausstellung:</p>



<p>&nbsp;</p>



<ul class="wp-block-list">
<li>Erstens würde ich gerne wissen, warum es sich in diesem Raum befindet, was es speziell in diesem Raum erzählt, in Verbindung mit allen anderen Werken. Und auch, welche Verbindung es zu dem darüber hängenden Werk gibt, welches ein Quadrat ist. Es bleibt also eine geometrische Form und es scheint mir sehr interessant, diese beiden Formen zu kombinieren. Aber ich wollte wissen, warum das so ist.</li>



<li>Ich würde auch gerne wissen, warum dieses Werk den Namen "Geneva Circle One" trägt.</li>



<li>Ich würde gerne wissen, ob dieses Werk für diese Ausstellung ausgewählt wurde, weil es eben eine Verbindung zur Stadt hat, da es ihren Namen trägt.</li>



<li>Ich würde gerne wissen, ob dieses Werk vom Künstler auf diese Weise im Museum aufgestellt wurde, und wenn nicht, würde ich gerne wissen, wie die Informationen weitergegeben wurden und ob es sehr kompliziert war. Ich kann mir vorstellen, dass es eine sehr gründliche Arbeit war, daher wollte ich wissen, wie lange es gedauert hat, es aufzustellen.</li>



<li>Was sehr interessant ist, dass dieser Raum "Vom Kreuz zum Globus" heisst. Und wenn man diesen Raum betritt, sieht man zunächst ein Kreuz, das aufgehängt ist. Dann geht man weiter zu dem Werk, das ich gerade analysiert habe, das in der Tat ein Globus ist. Ist dieser Raum in diesem Sinne zu lesen?</li>
</ul>



<div class="wp-block-spacer" style="height: 50px;" aria-hidden="true"> </div>



<p class="has-x-large-font-size">JEAN-HUBERT MARTIN:</p>



<div class="wp-block-spacer" style="height: 35px;" aria-hidden="true"> </div>



<p>Das von dir erwähnte Werk von Richard Long, ein grosser Kreis aus Steinplatten, beendet die gesamte Abfolge von Werken in diesem Raum, der den Titel "Vom Kreuz zum Globus" trägt. Natürlich kann man ein Kreuz als etwas völlig Eigenständiges betrachten. Aber tatsächlich hat man sich seit dem 16. Jahrhundert oft darum bemüht, das Kreuz in einen Kreis zu setzen. Und auf die gleiche Weise kann man versuchen, ein Quadrat in einen Kreis zu setzen. Das nennt man dann die Quadratur des Kreises. Und man hat sogar versucht, Bilder des menschlichen Körpers mit gespreizten Gliedmaßen zu halten, wie es in einem Stich ganz am Anfang des Raumes dargestellt wird, als eine Art Idealbild des Menschen, der dadurch mit seinen Armen und Beinen eine Art Kreis zeichnet. Da es sich um einen Kreis handelt, hat dieses Werk natürlich eine Beziehung zum Kreuz. Und du hast das große Gemälde in Mosset bemerkt, das eine Multiplikation von Kreuzen darstellt. Natürlich kann man die Beziehung sehr leicht herstellen, natürlich indem man sich völlig andere Proportionen zwischen diesen Kreuzen und dem Kreis vorstellt. Es sind tatsächlich diese geometrischen Beziehungen, diese geometrischen Formen, die in diesem Fall interessant sind.</p>



<p>Ich wusste nicht einmal, dass die Skulptur "Geneva Circle One" heisst. Es ist ein Werk, das der Künstler speziell für Genf gemacht hat. Ich weiss nicht, in welchem Zusammenhang und ehrlich gesagt wusste ich nicht einmal, als ich sie auswählte, dass sie den Namen von Genf trägt. Der Name der Stadt hat für mich also absolut keinen Bezug zur allgemeinen Thematik des Raumes.</p>



<p>Dieses Werk wurde vom Künstler an das Museum verkauft, und seitdem es dort steht, kann das Museum es also wieder aufstellen. Der Künstler muss nicht jedes Mal wiederkommen, um es aufzubauen. Es gibt eine Montageanleitung mit einer sehr genauen Zeichnung, so dass die Installateure sie ganz einfach wieder aufbauen können. Wenn ich sage, dass es leicht ist, dann ist es eine Menge Arbeit, weil die Steine so schwer sind.</p>



<p>Und so heisst dieser Raum tatsächlich "Vom Kreuz zum Globus". Und wie du richtig verstanden hast, beginnt er mit einem Kreuz oder sogar mehreren Darstellungen des Kreuzes und endet mit dieser Skulptur hinter dem Werk von Richard Long, auf der man einen Gottvater sieht, der in seiner Hand einen Globus hält. Es ist also eine Art Vision des Kosmos oder der Gesamtheit der Erde und der Planeten, die mit dem Kreuz beginnt und mit dem Globus endet. Und es sind Bilder, die unserer christlichen Tradition im Westen entsprechen.</p>



<div class="wp-block-spacer" style="height: 30px;" aria-hidden="true"> </div>



<p>°°</p>



<p class="has-small-font-size">"ART'S COOL" oder "Art is cool"!</p>



<p class="has-small-font-size">Dies ist eine Begegnung mit einem zeitgenössischen Kunstwerk in der Schweiz, betrachtet, erkundet, und hinterfragt von jungen Menschen. Auf die Fragen der Jugendlichen geben wiederum die Künstlerin oder der Künstler auf ihre Weise eine Antwort. Ganz einfach, nicht?</p>



<p class="has-small-font-size">Heute ging es um Richard Longs "Geneva Circle One", das von Moyras neugierigem Blick untersucht wurde. In ART'S COOL haben wir die Fragen ausnahmsweise an Jean-Hubert Martin, den Kurator der Ausstellung "Pas besoin d'un dessin", gerichtet.</p>



<p class="has-small-font-size">Verpasse nicht das Kunstwerk in Wirklichkeit selber zu entdecken, im <a href="http://institutions.ville-geneve.ch/fr/mah/">Museum für Kunst und Geschichte in Genf</a>bis zum 19. Juni 2022.</p>



<p class="has-small-font-size">Und sammle zeitgenössische Kunst mit deinen Ohren! Triff fast jede Woche auf eine neue Episode um deine eigene Sammlung zu komplettieren – jedes Mal mit einem anderen Fokus zu einem Kunstwerk in der Schweiz.</p>



<p class="has-small-font-size">Du findest alle Portraits der jugendlichen Fans der zeitgenössischen Kunst, die Kurzbiographien der interviewten Künstlerinnen und Künstler und die Bilder der Werke auf der Webseite <a href="https://artscool.ch/de/">artscool.ch/de</a>.</p>



<p class="has-small-font-size">Falls du zur Verbreitung des Podcasts ART’S   COOL beitragen möchtest, zögere nicht…
in deinem Umfeld darüber zu sprechen,
den Podcast auf deiner bevorzugten Plattform zu abonnieren und mit fünf Sternen zu bewerten</p>



<p class="has-small-font-size">Du kannst uns auch auf Instagram folgen unter dem Account <a href="https://www.instagram.com/young_pods/">young_pods</a>.</p>



<p class="has-small-font-size">Der Podcast ART’S COOL wird realisiert und ausgestrahlt mit der grosszügigen Unterstützung der Loterie Romande, Pro Helvetia, der Fondation Gandur pour la Jeunesse, der Ernst Göhner Stiftung, der Oertli-Stiftung, der Sandoz-Familienstiftung und dem Migros-Kulturprozent.</p>



<p class="has-small-font-size">Mit der Stimme von Florence Grivel in der französischen Version und Stephan Kyburz in der deutschen Version.<br />Musik and Sounddesign von Christophe Gonet.</p>



<p class="has-small-font-size">Dies ist eine Produktion <a href="https://www.youngpods.ch/">Young Pods</a> (www.youngpods.ch).</p>

<p>Musée d'art et d'histoire de Genève: Moyra umkreist die Installation "Geneva Circle One" von Richard Long, die für sie sowohl Stärke als auch Zerbrechlichkeit bedeutet, und stellt dem Kurator der Ausstellung, Jean-Hubert Martin, eine Reihe von Fragen.</p>
