{"id":2172,"date":"2022-04-05T17:45:08","date_gmt":"2022-04-05T15:45:08","guid":{"rendered":"https:\/\/artscool.ch\/?post_type=podcast&#038;p=2172"},"modified":"2024-10-04T13:13:40","modified_gmt":"2024-10-04T11:13:40","slug":"noah-sabian-baumann","status":"publish","type":"podcast","link":"https:\/\/artscool.ch\/de\/podcast\/noah-sabian-baumann\/","title":{"rendered":"Noah &amp; Sabian Baumann"},"content":{"rendered":"<p>&nbsp;<\/p>\r\n\r\n\r\n\r\n<p><strong>Hallo, ich bin Noah und ich komme aus Frick im Fricktal. Und ich bin 19 Jahre alt.<\/strong><\/p>\r\n\r\n\r\n\r\n<p><strong>Und f\u00fcr mich ist Kunst durch dass das ich im Schwerpunktfach Kunst habe in der Schule, bin ich dort sehr oft damit konfrontiert und auch in der Freizeit ist es f\u00fcr mich eine Unterhaltung.<\/strong><\/p>\r\n\r\n\r\n\r\n<p>&nbsp;<\/p>\r\n\r\n\r\n\r\n<p><strong>Ich habe heute eine Begegnung mit einem Kunstwerk des Aargauer Kunsthaus.<br \/>Kommt ihr auch mit?<\/strong><\/p>\r\n\r\n\r\n\r\n<div class=\"wp-block-spacer\" style=\"height: 35px;\" aria-hidden=\"true\">\u00a0<\/div>\r\n\r\n\r\n\r\n<p>&nbsp;<\/p>\r\n\r\n\r\n\r\n<div class=\"wp-block-spacer\" style=\"height: 50px;\" aria-hidden=\"true\">\u00a0<\/div>\r\n\r\n\r\n\r\n<p>NOAH:<\/p>\r\n\r\n\r\n\r\n<p>Hallo, guten Morgen. Ich w\u00fcrde mir gerne das Werk \u201cTired Activist Gets Energy Upload By Good Ghost\u201c von Sabian Baumann anschauen, wo w\u00e4re das zu finden?<\/p>\r\n\r\n\r\n\r\n<p>EMPFANG DES MUSEUMS:<\/p>\r\n\r\n\r\n\r\n<p>Ja, herzlich Willkommen. Das findet ihr im Untergeschoss.<\/p>\r\n\r\n\r\n\r\n<p>Viel Vergn\u00fcgen!<\/p>\r\n\r\n\r\n\r\n<div class=\"wp-block-spacer\" style=\"height: 50px;\" aria-hidden=\"true\">\u00a0<\/div>\r\n\r\n\r\n\r\n<p class=\"has-x-large-font-size\">NOAH:<\/p>\r\n\r\n\r\n\r\n<div class=\"wp-block-spacer\" style=\"height: 35px;\" aria-hidden=\"true\">\u00a0<\/div>\r\n\r\n\r\n\r\n<p>Wir gehen jetzt ins Untergeschoss \u00fcber eine grosse Wendeltreppe.\u00a0<\/p>\r\n\r\n\r\n\r\n<p>So wir stehen jetzt vor dem Kunstwerk von Sabian Baumann. Was mir gerade sofort auff\u00e4llt, ist das Bild im Vergleich mit den anderen Werken, die ich gesehen habe beim Herkommen, ist dieses sehr dunkel ist. Der Hintergrund ist Schwarz und darauf wurde mit weisser Farbe gemalt. Es ist auch ziemlich gross.<\/p>\r\n\r\n\r\n\r\n<p>Es ist eine Landschaft dargestellt. Im Hintergrund sieht man Berge und einige. Und die Menschen darauf sind im Vergleich zur Landschaft sehr gross.<\/p>\r\n\r\n\r\n\r\n<p>In der rechten unteren Ecke sieht man einen b\u00e4rtigen Mann, der die Menschen in der Mitte bestaunt und hinaufblickt, und er wirkt eher ehrf\u00fcrchtig und fragend, was die wohl machen.<\/p>\r\n\r\n\r\n\r\n<p>Was auff\u00e4llt ist dass es ziemlich realistisch, aber auch comic-m\u00e4ssig gezeichnet ist, mit grossen Augen. Die Dimensionen, also die Proportionen stimmen auch nicht \u00fcberall ganz, das ergibt einen Kontrast zwischen realistisch und comic-haft.\u00a0<\/p>\r\n\r\n\r\n\r\n<p>\u201cTired Activist Gets Energy Upload by Good Ghost\u201d von Sabian Baumann. Er hat das Bild 2020 realisiert, mit Farbstift und \u00d6lstift auf Textilien, Holz, Metall und Textbl\u00e4tter. Und dabei ist eine Textsammlung in der Zusammenarbeit mit Kamran Behrouz und Simon Noa Harder. Und die Dimensionen sind 230 x 315 cm.<\/p>\r\n\r\n\r\n\r\n<p>Meine Fragen an Sabian Baumann:<\/p>\r\n\r\n\r\n\r\n<ul class=\"wp-block-list\">\r\n<li><span style=\"color: initial;\">Also im Titel steht ja \u201cGood Ghost\u201d. Aber wenn man sich das Bild anschaut, dann sieht man nicht so einen \u00fcblichen Geist, wie man das so kennt. Sondern alles ziemlich realistische Menschen. Darum sehe ich den Ghost nicht gerade.<\/span><\/li>\r\n\r\n\r\n\r\n<li>Jedoch \u201cEnergy Upload\u201d ist sehr klar ersichtlich durch die \u00fcberdimensionierten F\u00e4uste des einen Mannes. In der unteren linken Ecke sieht man eine Hand, die eine Fahne mit einer Welt darauf h\u00e4lt. Und wo diese Fee, nehme ich an ist das, schaut darauf.\u00a0<\/li>\r\n\r\n\r\n\r\n<li>Wenn ich mir das anschaue, frage ich mich ob das auf der Erde spielt, oder ob es ein anderer Planet ist. Es hat zwar B\u00e4ume, aber es hat auch spezielle Kreaturen und ein Fisch, der fliegt.<\/li>\r\n\r\n\r\n\r\n<li>Was zuerst gar nicht so auff\u00e4llt, aber wenn man zum Boden schaut, sieht man dort zwei Holzlatten und eine S\u00e4ge dazwischen. Dann stellt sich dann die Frage, woher die kommen?<\/li>\r\n<\/ul>\r\n\r\n\r\n\r\n<div class=\"wp-block-spacer\" style=\"height: 50px;\" aria-hidden=\"true\">\u00a0<\/div>\r\n\r\n\r\n\r\n<p class=\"has-x-large-font-size\">SABIAN BAUMANN:<\/p>\r\n\r\n\r\n\r\n<div class=\"wp-block-spacer\" style=\"height: 35px;\" aria-hidden=\"true\">\u00a0<\/div>\r\n\r\n\r\n\r\n<p>Hallo Noah, danke dass du dich mit meinem Bild befasst hast. Der Titel des Werks auf Deutsch heisst \u201cM\u00fcder Aktivist*in der\/die von einem guten Geist aufgeladen wird\u201d. Deine ersten zwei Fragen w\u00fcrde ich gerne zusammen beantworten. Weil der Geist und diese geisterhafte, nicht einordenbare Landschaft zusammenh\u00e4ngen.<\/p>\r\n\r\n\r\n\r\n<p>Deine erste Frage: Im Bild sieht man nicht so einen typischen Geist, sondern eher Comic-\u00e4hnliche Figuren. Wie oder wo wird der Geist verk\u00f6rpert? Und die zweite Frage ist: Aufgrund der Szenerie und der speziellen Kreaturen frage ich mich, ob das Bild die Erde darstellen soll oder einen anderen Planeten?<\/p>\r\n\r\n\r\n\r\n<p>Und hier meine Antwort: Ein Geist kann ja jede beliebige Form annehmen. Das wissen wir ja auch aus den Unterhaltungsmedien. Der Geisterk\u00f6rper im Bild ist zusammengesetzt aus diversen historischen, allegorischen und Comicfiguren. Wie zum Beispiel die Aktivist*innen und Schriftsteller*innen Audre Lorde mit dem Comic-k\u00f6rper von T'Challa aus dem Comic Black Panther und  Leslie Feinberg mit dem Comic-k\u00f6rper von The Hulk. Dann gibt es Tinker Bell von Walt Disney mit dem Geschlecht und einem Bein von Hermaphroditus und mit einem Verweis auf das Slangwort <em>Fairy<\/em> \u2013 das heisst Fee \u2013 mit dem Schwulsein abwertend bezeichnet wird \u2013 wurde. Hier aber positiv gewendet ist, als Teil dieser positiven Kraft, die der Geist darstellt.<\/p>\r\n\r\n\r\n\r\n<p>Mittendrin ist noch ein Pflegeroboter von dem wir vielleicht dann mal betreut werden im Altersheim, weil m\u00fcde Aktivist*innen etwas Pflege brauchen. Das geh\u00f6rt auch zum Aufladen der K\u00f6rperbatterien. Der Geist verk\u00f6rpert das kollektive Ged\u00e4chtnis, das in- und ausserhalb von uns existiert und unser Denken mitbestimmt.<\/p>\r\n\r\n\r\n\r\n<p>Dies alles passiert in einer surrealen Traumlandschaft \u2013 in einer Art Jenseits, einer Phantasie, oder einer Vorstellung, die nur in unserem Kopf existiert oder eben auf einem Bild. Vorstellungen, innere Bilder, Visionen k\u00f6nnen uns Kraft geben und Vertrauen auf die eigenen M\u00f6glichkeiten. Und dies wiederum ist eine Voraussetzung etwas anzupacken, zu handeln. Vorstellungen k\u00f6nnen also eine Art spirituelle Praktik darstellen, mit der wir Probleme positiv wenden k\u00f6nnen und die uns Kraft geben.<\/p>\r\n\r\n\r\n\r\n<p>Der Fisch in der Luft heisst Schafskopf-Lippfisch und \u00e4ndert w\u00e4hrend seines Lebens das Geschlecht. Und der alte Mann rechts unten, den du erw\u00e4hnst, ist die Darstellung einer Statue von Lao Tse, der das Tao Te Qing geschrieben hat. Vieles von dem was ich sage ist erw\u00e4hnt in den Textausz\u00fcgen des Interviews mit Kamran Behrouz, die*den du erw\u00e4hnst, und Simon Noa Harder, die dem Werk beiliegen.<\/p>\r\n\r\n\r\n\r\n<p>Dann deine dritte Frage: Auf dem Boden sieht man zwei Holzlatten und eine S\u00e4ge. Woher kommen diese Holzlatten und was ist ihre Bedeutung? Die ganze Installation ist einem Demotransparent oder einem Demobanner nachempfunden, wo auf zwei Seiten von einem St\u00fcck Stoff je eine Latte befestigt wird. Diese Latten kann man tragend hochheben, damit die Botschaft, die darauf steht h\u00f6her als die K\u00f6pfe der Leute ist und man sie gut lesen kann. Nun sind bei diesem Transparent ein Teil der Latten abges\u00e4gt. Das heisst auch das Transparent ist gerade nicht so funktions- oder leistungsf\u00e4hig und passt so zu dem\/der m\u00fcden Aktivist*in.<\/p>\r\n\r\n\r\n\r\n<p>Ich hoffe ich konnte deine Fragen zufriedenstellend beantworten und w\u00fcnsche dir, vor allem in dieser Zeit, die Kraft positive Visionen zu entwickeln, die dir Kraft, Handlungsf\u00e4higkeit und Mut geben.<\/p>\r\n\r\n\r\n\r\n<p>Ciao Noah!<\/p>\r\n\r\n\r\n\r\n<p>&nbsp;<\/p>\r\n\r\n\r\n\r\n<div class=\"wp-block-spacer\" style=\"height: 30px;\" aria-hidden=\"true\">\u00a0<\/div>\r\n\r\n\r\n\r\n<p>\u00b0\u00b0<\/p>\r\n\r\n\r\n\r\n<p class=\"has-small-font-size\">\"ART'S COOL\" oder \"Art is cool\"!<\/p>\r\n\r\n\r\n\r\n<p class=\"has-small-font-size\">Dies ist eine Begegnung mit einem zeitgen\u00f6ssischen Kunstwerk in der Schweiz, betrachtet, erkundet, und hinterfragt von jungen Menschen. Auf die Fragen der Jugendlichen geben wiederum die K\u00fcnstlerin oder der K\u00fcnstler auf ihre Weise eine Antwort. Ganz einfach, nicht?<\/p>\r\n\r\n\r\n\r\n<p class=\"has-small-font-size\">Heute ging es um Tired Activist Gets Energy Upload by Good Ghost, ein Kunstwerk von <a href=\"http:\/\/www.sabianbaumann.ch\/\">Sabian Baumann<\/a>, untersucht vom neugierigen Blick von Noah.<\/p>\r\n\r\n\r\n\r\n<p class=\"has-small-font-size\">Verpasse nicht das Kunstwerk in Wirklichkeit selber zu entdecken, im <a href=\"http:\/\/www.aargauerkunsthaus.ch\/\">Aargauer Kunsthaus<\/a>, <strong>noch bis zum 24. April.<\/strong>... Warten Sie nicht zu lange!<\/p>\r\n\r\n\r\n\r\n<p class=\"has-small-font-size\">Und sammle zeitgen\u00f6ssische Kunst mit deinen Ohren! Triff fast jede Woche auf eine neue Episode um deine eigene Sammlung zu komplettieren \u2013 jedes Mal mit einem anderen Fokus zu einem Kunstwerk in der Schweiz.<\/p>\r\n\r\n\r\n\r\n<p class=\"has-small-font-size\">Du findest alle Portraits der jugendlichen Fans der zeitgen\u00f6ssischen Kunst, die Kurzbiographien der interviewten K\u00fcnstlerinnen und K\u00fcnstler und die Bilder der Werke auf der Webseite <a href=\"https:\/\/artscool.ch\/de\/\">artscool.ch\/de<\/a>.<\/p>\r\n\r\n\r\n\r\n<p class=\"has-small-font-size\">Falls du zur Verbreitung des Podcasts ART\u2019S   COOL beitragen m\u00f6chtest, z\u00f6gere nicht\u2026\nin deinem Umfeld dar\u00fcber zu sprechen,\nden Podcast auf deiner bevorzugten Plattform zu abonnieren und mit f\u00fcnf Sternen zu bewerten<\/p>\r\n\r\n\r\n\r\n<p class=\"has-small-font-size\">Du kannst uns auch auf Instagram folgen unter dem Account <a href=\"https:\/\/www.instagram.com\/young_pods\/\">young_pods<\/a>.<\/p>\r\n\r\n\r\n\r\n<p class=\"has-small-font-size\">Der Podcast ART\u2019S COOL wird realisiert und ausgestrahlt mit der grossz\u00fcgigen Unterst\u00fctzung der Loterie Romande, Pro Helvetia, der Fondation Gandur pour la Jeunesse, der Ernst G\u00f6hner Stiftung, der Oertli-Stiftung, der Sandoz-Familienstiftung und dem Migros-Kulturprozent.<\/p>\r\n\r\n\r\n\r\n<p class=\"has-small-font-size\">Mit der Stimme von Florence Grivel in der franz\u00f6sischen Version und Stephan Kyburz in der deutschen Version.<br \/>Musik and Sounddesign von Christophe Gonet.<\/p>\r\n\r\n\r\n\r\n<p class=\"has-small-font-size\">Dies ist eine Produktion <a href=\"https:\/\/www.youngpods.ch\/\">Young Pods<\/a> (www.youngpods.ch).<\/p>","protected":false},"excerpt":{"rendered":"<p>Aargauer Kunsthaus: Noah hat eine Verabredung mit dem Werk \"Tired Activist Gets Energy Upload by Good Ghost\" und fragt sich, ob die Szenerie die Erde darstellt.<\/p>","protected":false},"featured_media":2174,"template":"","artist":[168],"canton":[134],"episode-":[63],"season":[42],"podcast-categories":[],"class_list":["post-2172","podcast","type-podcast","status-publish","has-post-thumbnail","hentry","artist-sabian-baumann","canton-aargau","episode--episode-16","season-season-1"],"acf":[],"_links":{"self":[{"href":"https:\/\/artscool.ch\/de\/wp-json\/wp\/v2\/podcast\/2172","targetHints":{"allow":["GET"]}}],"collection":[{"href":"https:\/\/artscool.ch\/de\/wp-json\/wp\/v2\/podcast"}],"about":[{"href":"https:\/\/artscool.ch\/de\/wp-json\/wp\/v2\/types\/podcast"}],"version-history":[{"count":2,"href":"https:\/\/artscool.ch\/de\/wp-json\/wp\/v2\/podcast\/2172\/revisions"}],"predecessor-version":[{"id":3091,"href":"https:\/\/artscool.ch\/de\/wp-json\/wp\/v2\/podcast\/2172\/revisions\/3091"}],"wp:featuredmedia":[{"embeddable":true,"href":"https:\/\/artscool.ch\/de\/wp-json\/wp\/v2\/media\/2174"}],"wp:attachment":[{"href":"https:\/\/artscool.ch\/de\/wp-json\/wp\/v2\/media?parent=2172"}],"wp:term":[{"taxonomy":"artist","embeddable":true,"href":"https:\/\/artscool.ch\/de\/wp-json\/wp\/v2\/artist?post=2172"},{"taxonomy":"canton","embeddable":true,"href":"https:\/\/artscool.ch\/de\/wp-json\/wp\/v2\/canton?post=2172"},{"taxonomy":"episode-","embeddable":true,"href":"https:\/\/artscool.ch\/de\/wp-json\/wp\/v2\/episode-?post=2172"},{"taxonomy":"season","embeddable":true,"href":"https:\/\/artscool.ch\/de\/wp-json\/wp\/v2\/season?post=2172"},{"taxonomy":"podcast-categories","embeddable":true,"href":"https:\/\/artscool.ch\/de\/wp-json\/wp\/v2\/podcast-categories?post=2172"}],"curies":[{"name":"wp","href":"https:\/\/api.w.org\/{rel}","templated":true}]}}

<p>&nbsp;</p>



<p><strong>Hallo, ich bin Noah und ich komme aus Frick im Fricktal. Und ich bin 19 Jahre alt.</strong></p>



<p><strong>Und für mich ist Kunst durch dass das ich im Schwerpunktfach Kunst habe in der Schule, bin ich dort sehr oft damit konfrontiert und auch in der Freizeit ist es für mich eine Unterhaltung.</strong></p>



<p>&nbsp;</p>



<p><strong>Ich habe heute eine Begegnung mit einem Kunstwerk des Aargauer Kunsthaus.<br />Kommt ihr auch mit?</strong></p>



<div class="wp-block-spacer" style="height: 35px;" aria-hidden="true"> </div>



<p>&nbsp;</p>



<div class="wp-block-spacer" style="height: 50px;" aria-hidden="true"> </div>



<p>NOAH:</p>



<p>Hallo, guten Morgen. Ich würde mir gerne das Werk “Tired Activist Gets Energy Upload By Good Ghost“ von Sabian Baumann anschauen, wo wäre das zu finden?</p>



<p>EMPFANG DES MUSEUMS:</p>



<p>Ja, herzlich Willkommen. Das findet ihr im Untergeschoss.</p>



<p>Viel Vergnügen!</p>



<div class="wp-block-spacer" style="height: 50px;" aria-hidden="true"> </div>



<p class="has-x-large-font-size">NOAH:</p>



<div class="wp-block-spacer" style="height: 35px;" aria-hidden="true"> </div>



<p>Wir gehen jetzt ins Untergeschoss über eine grosse Wendeltreppe. </p>



<p>So wir stehen jetzt vor dem Kunstwerk von Sabian Baumann. Was mir gerade sofort auffällt, ist das Bild im Vergleich mit den anderen Werken, die ich gesehen habe beim Herkommen, ist dieses sehr dunkel ist. Der Hintergrund ist Schwarz und darauf wurde mit weisser Farbe gemalt. Es ist auch ziemlich gross.</p>



<p>Es ist eine Landschaft dargestellt. Im Hintergrund sieht man Berge und einige. Und die Menschen darauf sind im Vergleich zur Landschaft sehr gross.</p>



<p>In der rechten unteren Ecke sieht man einen bärtigen Mann, der die Menschen in der Mitte bestaunt und hinaufblickt, und er wirkt eher ehrfürchtig und fragend, was die wohl machen.</p>



<p>Was auffällt ist dass es ziemlich realistisch, aber auch comic-mässig gezeichnet ist, mit grossen Augen. Die Dimensionen, also die Proportionen stimmen auch nicht überall ganz, das ergibt einen Kontrast zwischen realistisch und comic-haft. </p>



<p>“Tired Activist Gets Energy Upload by Good Ghost” von Sabian Baumann. Er hat das Bild 2020 realisiert, mit Farbstift und Ölstift auf Textilien, Holz, Metall und Textblätter. Und dabei ist eine Textsammlung in der Zusammenarbeit mit Kamran Behrouz und Simon Noa Harder. Und die Dimensionen sind 230 x 315 cm.</p>



<p>Meine Fragen an Sabian Baumann:</p>



<ul class="wp-block-list">
<li><span style="color: initial;">Also im Titel steht ja “Good Ghost”. Aber wenn man sich das Bild anschaut, dann sieht man nicht so einen üblichen Geist, wie man das so kennt. Sondern alles ziemlich realistische Menschen. Darum sehe ich den Ghost nicht gerade.</span></li>



<li>Jedoch “Energy Upload” ist sehr klar ersichtlich durch die überdimensionierten Fäuste des einen Mannes. In der unteren linken Ecke sieht man eine Hand, die eine Fahne mit einer Welt darauf hält. Und wo diese Fee, nehme ich an ist das, schaut darauf. </li>



<li>Wenn ich mir das anschaue, frage ich mich ob das auf der Erde spielt, oder ob es ein anderer Planet ist. Es hat zwar Bäume, aber es hat auch spezielle Kreaturen und ein Fisch, der fliegt.</li>



<li>Was zuerst gar nicht so auffällt, aber wenn man zum Boden schaut, sieht man dort zwei Holzlatten und eine Säge dazwischen. Dann stellt sich dann die Frage, woher die kommen?</li>
</ul>



<div class="wp-block-spacer" style="height: 50px;" aria-hidden="true"> </div>



<p class="has-x-large-font-size">SABIAN BAUMANN:</p>



<div class="wp-block-spacer" style="height: 35px;" aria-hidden="true"> </div>



<p>Hallo Noah, danke dass du dich mit meinem Bild befasst hast. Der Titel des Werks auf Deutsch heisst “Müder Aktivist*in der/die von einem guten Geist aufgeladen wird”. Deine ersten zwei Fragen würde ich gerne zusammen beantworten. Weil der Geist und diese geisterhafte, nicht einordenbare Landschaft zusammenhängen.</p>



<p>Deine erste Frage: Im Bild sieht man nicht so einen typischen Geist, sondern eher Comic-ähnliche Figuren. Wie oder wo wird der Geist verkörpert? Und die zweite Frage ist: Aufgrund der Szenerie und der speziellen Kreaturen frage ich mich, ob das Bild die Erde darstellen soll oder einen anderen Planeten?</p>



<p>Und hier meine Antwort: Ein Geist kann ja jede beliebige Form annehmen. Das wissen wir ja auch aus den Unterhaltungsmedien. Der Geisterkörper im Bild ist zusammengesetzt aus diversen historischen, allegorischen und Comicfiguren. Wie zum Beispiel die Aktivist*innen und Schriftsteller*innen Audre Lorde mit dem Comic-körper von T'Challa aus dem Comic Black Panther und  Leslie Feinberg mit dem Comic-körper von The Hulk. Dann gibt es Tinker Bell von Walt Disney mit dem Geschlecht und einem Bein von Hermaphroditus und mit einem Verweis auf das Slangwort <em>Fairy</em> – das heisst Fee – mit dem Schwulsein abwertend bezeichnet wird – wurde. Hier aber positiv gewendet ist, als Teil dieser positiven Kraft, die der Geist darstellt.</p>



<p>Mittendrin ist noch ein Pflegeroboter von dem wir vielleicht dann mal betreut werden im Altersheim, weil müde Aktivist*innen etwas Pflege brauchen. Das gehört auch zum Aufladen der Körperbatterien. Der Geist verkörpert das kollektive Gedächtnis, das in- und ausserhalb von uns existiert und unser Denken mitbestimmt.</p>



<p>Dies alles passiert in einer surrealen Traumlandschaft – in einer Art Jenseits, einer Phantasie, oder einer Vorstellung, die nur in unserem Kopf existiert oder eben auf einem Bild. Vorstellungen, innere Bilder, Visionen können uns Kraft geben und Vertrauen auf die eigenen Möglichkeiten. Und dies wiederum ist eine Voraussetzung etwas anzupacken, zu handeln. Vorstellungen können also eine Art spirituelle Praktik darstellen, mit der wir Probleme positiv wenden können und die uns Kraft geben.</p>



<p>Der Fisch in der Luft heisst Schafskopf-Lippfisch und ändert während seines Lebens das Geschlecht. Und der alte Mann rechts unten, den du erwähnst, ist die Darstellung einer Statue von Lao Tse, der das Tao Te Qing geschrieben hat. Vieles von dem was ich sage ist erwähnt in den Textauszügen des Interviews mit Kamran Behrouz, die*den du erwähnst, und Simon Noa Harder, die dem Werk beiliegen.</p>



<p>Dann deine dritte Frage: Auf dem Boden sieht man zwei Holzlatten und eine Säge. Woher kommen diese Holzlatten und was ist ihre Bedeutung? Die ganze Installation ist einem Demotransparent oder einem Demobanner nachempfunden, wo auf zwei Seiten von einem Stück Stoff je eine Latte befestigt wird. Diese Latten kann man tragend hochheben, damit die Botschaft, die darauf steht höher als die Köpfe der Leute ist und man sie gut lesen kann. Nun sind bei diesem Transparent ein Teil der Latten abgesägt. Das heisst auch das Transparent ist gerade nicht so funktions- oder leistungsfähig und passt so zu dem/der müden Aktivist*in.</p>



<p>Ich hoffe ich konnte deine Fragen zufriedenstellend beantworten und wünsche dir, vor allem in dieser Zeit, die Kraft positive Visionen zu entwickeln, die dir Kraft, Handlungsfähigkeit und Mut geben.</p>



<p>Ciao Noah!</p>



<p>&nbsp;</p>



<div class="wp-block-spacer" style="height: 30px;" aria-hidden="true"> </div>



<p>°°</p>



<p class="has-small-font-size">"ART'S COOL" oder "Art is cool"!</p>



<p class="has-small-font-size">Dies ist eine Begegnung mit einem zeitgenössischen Kunstwerk in der Schweiz, betrachtet, erkundet, und hinterfragt von jungen Menschen. Auf die Fragen der Jugendlichen geben wiederum die Künstlerin oder der Künstler auf ihre Weise eine Antwort. Ganz einfach, nicht?</p>



<p class="has-small-font-size">Heute ging es um Tired Activist Gets Energy Upload by Good Ghost, ein Kunstwerk von <a href="http://www.sabianbaumann.ch/">Sabian Baumann</a>, untersucht vom neugierigen Blick von Noah.</p>



<p class="has-small-font-size">Verpasse nicht das Kunstwerk in Wirklichkeit selber zu entdecken, im <a href="http://www.aargauerkunsthaus.ch/">Aargauer Kunsthaus</a>, <strong>noch bis zum 24. April.</strong>... Warten Sie nicht zu lange!</p>



<p class="has-small-font-size">Und sammle zeitgenössische Kunst mit deinen Ohren! Triff fast jede Woche auf eine neue Episode um deine eigene Sammlung zu komplettieren – jedes Mal mit einem anderen Fokus zu einem Kunstwerk in der Schweiz.</p>



<p class="has-small-font-size">Du findest alle Portraits der jugendlichen Fans der zeitgenössischen Kunst, die Kurzbiographien der interviewten Künstlerinnen und Künstler und die Bilder der Werke auf der Webseite <a href="https://artscool.ch/de/">artscool.ch/de</a>.</p>



<p class="has-small-font-size">Falls du zur Verbreitung des Podcasts ART’S   COOL beitragen möchtest, zögere nicht…
in deinem Umfeld darüber zu sprechen,
den Podcast auf deiner bevorzugten Plattform zu abonnieren und mit fünf Sternen zu bewerten</p>



<p class="has-small-font-size">Du kannst uns auch auf Instagram folgen unter dem Account <a href="https://www.instagram.com/young_pods/">young_pods</a>.</p>



<p class="has-small-font-size">Der Podcast ART’S COOL wird realisiert und ausgestrahlt mit der grosszügigen Unterstützung der Loterie Romande, Pro Helvetia, der Fondation Gandur pour la Jeunesse, der Ernst Göhner Stiftung, der Oertli-Stiftung, der Sandoz-Familienstiftung und dem Migros-Kulturprozent.</p>



<p class="has-small-font-size">Mit der Stimme von Florence Grivel in der französischen Version und Stephan Kyburz in der deutschen Version.<br />Musik and Sounddesign von Christophe Gonet.</p>



<p class="has-small-font-size">Dies ist eine Produktion <a href="https://www.youngpods.ch/">Young Pods</a> (www.youngpods.ch).</p>
