{"id":2171,"date":"2022-03-31T19:54:16","date_gmt":"2022-03-31T17:54:16","guid":{"rendered":"https:\/\/artscool.ch\/?post_type=podcast&#038;p=2171"},"modified":"2024-10-04T13:14:07","modified_gmt":"2024-10-04T11:14:07","slug":"owen-jean-thomas-vannotti","status":"publish","type":"podcast","link":"https:\/\/artscool.ch\/de\/podcast\/owen-jean-thomas-vannotti\/","title":{"rendered":"Owen &amp; Jean-Thomas Vannotti"},"content":{"rendered":"<p>&nbsp;<\/p>\r\n\r\n\r\n\r\n<p><strong>Hallo, mein Name ist Owen. Ich bin sechzehn Jahre alt und wohne in La Chaux-de-Fonds.<\/strong><\/p>\r\n\r\n\r\n\r\n<p>L<strong>Kunst bedeutet f\u00fcr mich, dass ich mich von allem ein wenig befreien kann.<br \/>Und ich habe eine Verabredung mit einem Kunstwerk im Mus\u00e9e d'art et d'histoire in Neuch\u00e2tel.<\/strong><\/p>\r\n\r\n\r\n\r\n<p>&nbsp;<\/p>\r\n\r\n\r\n\r\n<p><strong>Kommt ihr auch mit?<\/strong><\/p>\r\n\r\n\r\n\r\n<div class=\"wp-block-spacer\" style=\"height: 35px;\" aria-hidden=\"true\">\u00a0<\/div>\r\n\r\n\r\n\r\n<p>&nbsp;<\/p>\r\n\r\n\r\n\r\n<div class=\"wp-block-spacer\" style=\"height: 50px;\" aria-hidden=\"true\">\u00a0<\/div>\r\n\r\n\r\n\r\n<p>OWEN:<\/p>\r\n\r\n\r\n\r\n<p>Hallo, ich habe eine Verabredung mit einem Werk von Jean-Thomas Vannotti: Wo befindet es sich?<\/p>\r\n\r\n\r\n\r\n<p>EMPFANG DES MUSEUMS:<\/p>\r\n\r\n\r\n\r\n<p>Wenn du die gro\u00dfe Treppe hinaufgehst, findest du sie im ersten Stock. Viel Spa\u00df beim Besuch!<\/p>\r\n\r\n\r\n\r\n<p>Viel Vergn\u00fcgen!<\/p>\r\n\r\n\r\n\r\n<div class=\"wp-block-spacer\" style=\"height: 50px;\" aria-hidden=\"true\">\u00a0<\/div>\r\n\r\n\r\n\r\n<p class=\"has-x-large-font-size\">OWEN:<\/p>\r\n\r\n\r\n\r\n<div class=\"wp-block-spacer\" style=\"height: 35px;\" aria-hidden=\"true\">\u00a0<\/div>\r\n\r\n\r\n\r\n<p>Vielen Dank.<\/p>\r\n\r\n\r\n\r\n<p>Oh, das ist so stilvoll! Ich bin gerade im Saal angekommen: Er ist gro\u00df. Er ist viel gr\u00f6\u00dfer als das, was man sieht, wenn man die Treppe hochgeht. Es ist wei\u00df. Das ist attraktiv, finde ich. Ich bin auf der Suche nach meinem Werk, weil es so viele sind. Ich glaube, ich habe es gefunden...<\/p>\r\n\r\n\r\n\r\n<p>Wir sehen eine Frau mit einem weiten wei\u00dfen T-Shirt, das bis \u00fcber ihre Oberschenkel reicht und auf dem in schwarzer Schrift \"Artists have more fun\" (K\u00fcnstler haben mehr Spa\u00df) steht. Die Frau hat schwarze Haare, die sie zusammengebunden hat. Ich finde dieses Kunstwerk attraktiv... Sie steht und hat ihre Arme auf ihren K\u00f6rper fallen lassen; ihre Beine sind ein wenig gespreizt, aber mehr ist nicht zu sehen. Sie hat einen etwas verzweifelten, aber gleichzeitig w\u00fctenden Blick... Das klingt sehr negativ, aber es erinnert mich pers\u00f6nlich an h\u00e4usliche Gewalt. Weil die Schatten auf ihrer Haut ziemlich stark hervorgehoben wurden und mich an blaue Flecken erinnerten, z. B. an ihrem Hals, wo man sehr dunkle Farben sehen kann; es sieht wirklich wie ein H\u00e4matom aus. Es ist wie bei einem K\u00fcnstler, der angegriffen wird, z. B. mit sehr negativen Kritiken, die weh tun k\u00f6nnen.<\/p>\r\n\r\n\r\n\r\n<p>Das macht mich neugierig, warum der K\u00fcnstler das getan hat. Au\u00dferdem finde ich es sch\u00f6n. Ich gehe n\u00e4her heran, damit man die Details besser sehen kann. Sie steht also auf einem wei\u00dfen Hintergrund und man sieht einen Schatten mit einem etwas dunkleren Wei\u00df, wenn man das so sagen kann. Als ob sie von etwas beleuchtet w\u00fcrde. Dennoch bleiben die Schatten ziemlich dunkel, als w\u00e4ren sie Gegens\u00e4tze. Als ob man sich von Angesicht zu Angesicht betrachten w\u00fcrde.<\/p>\r\n\r\n\r\n\r\n<p>Sie hat immer diesen verzweifelten Blick, als ob sie Hilfe br\u00e4uchte. Es ist ein stechender Blick... Und wenn man viele Horrorfilme schaut, sollte man eher weglaufen, wenn man das sieht... Aber ich finde es anziehend. Es ist ein Gem\u00e4lde; man sieht, dass es von Hand gemacht wurde. Man sieht noch einige Details. Ich mag diese Art von Kunst lieber als den Foto-Stil und so.<\/p>\r\n\r\n\r\n\r\n<p>Ich lese den Steckbrief: Der K\u00fcnstler ist Jean-Thomas Vannotti, das Werk hei\u00dft \"Artists have more fun\".<br \/>(\"Die K\u00fcnstler haben mehr Spa\u00df\", auf Englisch). Das Werk entstand 2009, ist also \u00fcber 12 Jahre alt. Es handelt sich um ein Acrylgem\u00e4lde auf Leinwand, das 169 x 130 cm misst. Es ist ziemlich gro\u00df und damit imposant. Ich w\u00fcrde sagen, es ist viel j\u00fcnger.<\/p>\r\n\r\n\r\n\r\n<p>Haben die K\u00fcnstler mehr Spa\u00df? Ich w\u00fcrde sagen, ja... wenn sie lieben, was sie tun. So wie jeder andere auch. Wenn z. B. ein B\u00e4cker seine Arbeit liebt, macht es ihm Spa\u00df, sie jeden Morgen zu tun, auch wenn die Arbeitszeiten beschissen sind.<\/p>\r\n\r\n\r\n\r\n<p>Ich habe einige Fragen an die K\u00fcnstlerin:<\/p>\r\n\r\n\r\n\r\n<ul class=\"wp-block-list\">\r\n<li><span style=\"color: initial;\">Warum tr\u00e4gt die Frau ein wei\u00dfes T-Shirt mit der Aufschrift \"Artists have more fun\"?<\/span><\/li>\r\n\r\n\r\n\r\n<li>Warum ist sie so aggressiv?<\/li>\r\n\r\n\r\n\r\n<li>Ist diese Frau f\u00fcr Sie wichtig? Kennen Sie sie? War es ein Modell, das vor Ihnen stand? Oder war es ein Foto von jemandem?<\/li>\r\n\r\n\r\n\r\n<li>Ist es das erste Mal, dass Sie das tun, oder tun Sie das regelm\u00e4\u00dfig?<\/li>\r\n\r\n\r\n\r\n<li>Warum gibt es keinen Kontext? Und warum ist es so wei\u00df?<\/li>\r\n<\/ul>\r\n\r\n\r\n\r\n<div class=\"wp-block-spacer\" style=\"height: 50px;\" aria-hidden=\"true\">\u00a0<\/div>\r\n\r\n\r\n\r\n<p class=\"has-x-large-font-size\">JEAN-THOMAS VANNOTTI:<\/p>\r\n\r\n\r\n\r\n<div class=\"wp-block-spacer\" style=\"height: 35px;\" aria-hidden=\"true\">\u00a0<\/div>\r\n\r\n\r\n\r\n<p>Hallo Glodie. Ich werde daher auf deine Fragen antworten.<\/p>\r\n\r\n\r\n\r\n<p>\"Artists have more fun\" ist ein Schriftzug, ein Design f\u00fcr eines der beiden T-Shirts, die dem Album #1 von Fischerspooner beiliegen. Diese Band steht sinnbildlich f\u00fcr eine Zeit der Euphorie und Unbeschwertheit. Die elektronische Musik, einschlie\u00dflich des gesamten Universums, das um sie herum kreist, hat seit ihrem Aufbl\u00fchen meine Inspirationen gen\u00e4hrt, durch ihre Cover, Poster, Flyer, Videos... Eine Welt voller \u00dcberfluss und Innovationen...<\/p>\r\n\r\n\r\n\r\n<p>Aggressiv? Vielleicht. Sie ist gerade aufgewacht. Sie muss langsam aus ihrem Schlummer erwachen. Am Morgen ist sie oft ein bisschen schlecht drauf. Zumindest war sie das.<\/p>\r\n\r\n\r\n\r\n<p>Ja, wir waren sieben Jahre lang zusammen. Eine intensive, gelebte Geschichte, vielleicht ein bisschen zu fr\u00fch. Ich werde nicht mehr dazu sagen. Ich habe das Bild nach einem meiner Fotos gemalt, das ich in dem Moment gemacht habe.<\/p>\r\n\r\n\r\n\r\n<p>Ich habe viele Portr\u00e4ts und Gesichter gemalt: Gesichter faszinieren mich. Von klein auf haben wir Menschen in unserem Gehirn die F\u00e4higkeit entwickelt, die Milliarden von Mimiken und Gesichtsausdr\u00fccken unserer Mutter zu entschl\u00fcsseln, um uns gegenseitig zu verstehen.<\/p>\r\n\r\n\r\n\r\n<p>Was ist Wei\u00df? Wei\u00df ist die Leere, die Abwesenheit, der verborgene oder ausgel\u00f6schte Teil. Ein Zitat aus dem Kleinen Prinzen: \"Die Sch\u00f6nheit liegt in dem, was man nicht sieht\".<\/p>\r\n\r\n\r\n\r\n<p>&nbsp;<\/p>\r\n\r\n\r\n\r\n<div class=\"wp-block-spacer\" style=\"height: 30px;\" aria-hidden=\"true\">\u00a0<\/div>\r\n\r\n\r\n\r\n<p>\u00b0\u00b0<\/p>\r\n\r\n\r\n\r\n<p class=\"has-small-font-size\">\"ART'S COOL\" oder \"Art is cool\"!<\/p>\r\n\r\n\r\n\r\n<p class=\"has-small-font-size\">Dies ist eine Begegnung mit einem zeitgen\u00f6ssischen Kunstwerk in der Schweiz, betrachtet, erkundet, und hinterfragt von jungen Menschen. Auf die Fragen der Jugendlichen geben wiederum die K\u00fcnstlerin oder der K\u00fcnstler auf ihre Weise eine Antwort. Ganz einfach, nicht?<\/p>\r\n\r\n\r\n\r\n<p class=\"has-small-font-size\">Heute ging es um das Gem\u00e4lde \"Artists have more fun\" von Jean-Thomas Vannotti, das von Owens neugierigem Blick untersucht wurde.<\/p>\r\n\r\n\r\n\r\n<p class=\"has-small-font-size\">Verpasse nicht das Kunstwerk in Wirklichkeit selber zu entdecken, im <a href=\"https:\/\/www.mahn.ch\/\">Museum f\u00fcr Kunst und Geschichte Neuenburg<\/a>.<\/p>\r\n\r\n\r\n\r\n<p class=\"has-small-font-size\">Und sammle zeitgen\u00f6ssische Kunst mit deinen Ohren! Triff fast jede Woche auf eine neue Episode um deine eigene Sammlung zu komplettieren \u2013 jedes Mal mit einem anderen Fokus zu einem Kunstwerk in der Schweiz.<\/p>\r\n\r\n\r\n\r\n<p class=\"has-small-font-size\">Du findest alle Portraits der jugendlichen Fans der zeitgen\u00f6ssischen Kunst, die Kurzbiographien der interviewten K\u00fcnstlerinnen und K\u00fcnstler und die Bilder der Werke auf der Webseite <a href=\"https:\/\/artscool.ch\/de\/\">artscool.ch\/de<\/a>.<\/p>\r\n\r\n\r\n\r\n<p class=\"has-small-font-size\">Falls du zur Verbreitung des Podcasts ART\u2019S   COOL beitragen m\u00f6chtest, z\u00f6gere nicht\u2026\nin deinem Umfeld dar\u00fcber zu sprechen,\nden Podcast auf deiner bevorzugten Plattform zu abonnieren und mit f\u00fcnf Sternen zu bewerten<\/p>\r\n\r\n\r\n\r\n<p class=\"has-small-font-size\">Du kannst uns auch auf Instagram folgen unter dem Account <a href=\"https:\/\/www.instagram.com\/young_pods\/\">young_pods<\/a>.<\/p>\r\n\r\n\r\n\r\n<p class=\"has-small-font-size\">Der Podcast ART\u2019S COOL wird realisiert und ausgestrahlt mit der grossz\u00fcgigen Unterst\u00fctzung der Loterie Romande, Pro Helvetia, der Fondation Gandur pour la Jeunesse, der Ernst G\u00f6hner Stiftung, der Oertli-Stiftung, der Sandoz-Familienstiftung und dem Migros-Kulturprozent.<\/p>\r\n\r\n\r\n\r\n<p class=\"has-small-font-size\">Mit der Stimme von Florence Grivel in der franz\u00f6sischen Version und Stephan Kyburz in der deutschen Version.<br \/>Musik and Sounddesign von Christophe Gonet.<\/p>\r\n\r\n\r\n\r\n<p class=\"has-small-font-size\">Dies ist eine Produktion <a href=\"https:\/\/www.youngpods.ch\/\">Young Pods<\/a> (www.youngpods.ch).<\/p>","protected":false},"excerpt":{"rendered":"<p>Mus\u00e9e d'art et d'histoire de Neuch\u00e2tel: Intrigiert von Jean-Thomas Vannottis \"Artists have more fun\" stellt Owen (sich) viele Fragen.<\/p>","protected":false},"featured_media":2158,"template":"","artist":[237],"canton":[146],"episode-":[62],"season":[42],"podcast-categories":[],"class_list":["post-2171","podcast","type-podcast","status-publish","has-post-thumbnail","hentry","artist-jean-thomas-vannotti","canton-neuchatel","episode--episode-15","season-season-1"],"acf":[],"_links":{"self":[{"href":"https:\/\/artscool.ch\/de\/wp-json\/wp\/v2\/podcast\/2171","targetHints":{"allow":["GET"]}}],"collection":[{"href":"https:\/\/artscool.ch\/de\/wp-json\/wp\/v2\/podcast"}],"about":[{"href":"https:\/\/artscool.ch\/de\/wp-json\/wp\/v2\/types\/podcast"}],"version-history":[{"count":2,"href":"https:\/\/artscool.ch\/de\/wp-json\/wp\/v2\/podcast\/2171\/revisions"}],"predecessor-version":[{"id":3092,"href":"https:\/\/artscool.ch\/de\/wp-json\/wp\/v2\/podcast\/2171\/revisions\/3092"}],"wp:featuredmedia":[{"embeddable":true,"href":"https:\/\/artscool.ch\/de\/wp-json\/wp\/v2\/media\/2158"}],"wp:attachment":[{"href":"https:\/\/artscool.ch\/de\/wp-json\/wp\/v2\/media?parent=2171"}],"wp:term":[{"taxonomy":"artist","embeddable":true,"href":"https:\/\/artscool.ch\/de\/wp-json\/wp\/v2\/artist?post=2171"},{"taxonomy":"canton","embeddable":true,"href":"https:\/\/artscool.ch\/de\/wp-json\/wp\/v2\/canton?post=2171"},{"taxonomy":"episode-","embeddable":true,"href":"https:\/\/artscool.ch\/de\/wp-json\/wp\/v2\/episode-?post=2171"},{"taxonomy":"season","embeddable":true,"href":"https:\/\/artscool.ch\/de\/wp-json\/wp\/v2\/season?post=2171"},{"taxonomy":"podcast-categories","embeddable":true,"href":"https:\/\/artscool.ch\/de\/wp-json\/wp\/v2\/podcast-categories?post=2171"}],"curies":[{"name":"wp","href":"https:\/\/api.w.org\/{rel}","templated":true}]}}

<p>&nbsp;</p>



<p><strong>Hallo, mein Name ist Owen. Ich bin sechzehn Jahre alt und wohne in La Chaux-de-Fonds.</strong></p>



<p>L<strong>Kunst bedeutet für mich, dass ich mich von allem ein wenig befreien kann.<br />Und ich habe eine Verabredung mit einem Kunstwerk im Musée d'art et d'histoire in Neuchâtel.</strong></p>



<p>&nbsp;</p>



<p><strong>Kommt ihr auch mit?</strong></p>



<div class="wp-block-spacer" style="height: 35px;" aria-hidden="true"> </div>



<p>&nbsp;</p>



<div class="wp-block-spacer" style="height: 50px;" aria-hidden="true"> </div>



<p>OWEN:</p>



<p>Hallo, ich habe eine Verabredung mit einem Werk von Jean-Thomas Vannotti: Wo befindet es sich?</p>



<p>EMPFANG DES MUSEUMS:</p>



<p>Wenn du die große Treppe hinaufgehst, findest du sie im ersten Stock. Viel Spaß beim Besuch!</p>



<p>Viel Vergnügen!</p>



<div class="wp-block-spacer" style="height: 50px;" aria-hidden="true"> </div>



<p class="has-x-large-font-size">OWEN:</p>



<div class="wp-block-spacer" style="height: 35px;" aria-hidden="true"> </div>



<p>Vielen Dank.</p>



<p>Oh, das ist so stilvoll! Ich bin gerade im Saal angekommen: Er ist groß. Er ist viel größer als das, was man sieht, wenn man die Treppe hochgeht. Es ist weiß. Das ist attraktiv, finde ich. Ich bin auf der Suche nach meinem Werk, weil es so viele sind. Ich glaube, ich habe es gefunden...</p>



<p>Wir sehen eine Frau mit einem weiten weißen T-Shirt, das bis über ihre Oberschenkel reicht und auf dem in schwarzer Schrift "Artists have more fun" (Künstler haben mehr Spaß) steht. Die Frau hat schwarze Haare, die sie zusammengebunden hat. Ich finde dieses Kunstwerk attraktiv... Sie steht und hat ihre Arme auf ihren Körper fallen lassen; ihre Beine sind ein wenig gespreizt, aber mehr ist nicht zu sehen. Sie hat einen etwas verzweifelten, aber gleichzeitig wütenden Blick... Das klingt sehr negativ, aber es erinnert mich persönlich an häusliche Gewalt. Weil die Schatten auf ihrer Haut ziemlich stark hervorgehoben wurden und mich an blaue Flecken erinnerten, z. B. an ihrem Hals, wo man sehr dunkle Farben sehen kann; es sieht wirklich wie ein Hämatom aus. Es ist wie bei einem Künstler, der angegriffen wird, z. B. mit sehr negativen Kritiken, die weh tun können.</p>



<p>Das macht mich neugierig, warum der Künstler das getan hat. Außerdem finde ich es schön. Ich gehe näher heran, damit man die Details besser sehen kann. Sie steht also auf einem weißen Hintergrund und man sieht einen Schatten mit einem etwas dunkleren Weiß, wenn man das so sagen kann. Als ob sie von etwas beleuchtet würde. Dennoch bleiben die Schatten ziemlich dunkel, als wären sie Gegensätze. Als ob man sich von Angesicht zu Angesicht betrachten würde.</p>



<p>Sie hat immer diesen verzweifelten Blick, als ob sie Hilfe bräuchte. Es ist ein stechender Blick... Und wenn man viele Horrorfilme schaut, sollte man eher weglaufen, wenn man das sieht... Aber ich finde es anziehend. Es ist ein Gemälde; man sieht, dass es von Hand gemacht wurde. Man sieht noch einige Details. Ich mag diese Art von Kunst lieber als den Foto-Stil und so.</p>



<p>Ich lese den Steckbrief: Der Künstler ist Jean-Thomas Vannotti, das Werk heißt "Artists have more fun".<br />("Die Künstler haben mehr Spaß", auf Englisch). Das Werk entstand 2009, ist also über 12 Jahre alt. Es handelt sich um ein Acrylgemälde auf Leinwand, das 169 x 130 cm misst. Es ist ziemlich groß und damit imposant. Ich würde sagen, es ist viel jünger.</p>



<p>Haben die Künstler mehr Spaß? Ich würde sagen, ja... wenn sie lieben, was sie tun. So wie jeder andere auch. Wenn z. B. ein Bäcker seine Arbeit liebt, macht es ihm Spaß, sie jeden Morgen zu tun, auch wenn die Arbeitszeiten beschissen sind.</p>



<p>Ich habe einige Fragen an die Künstlerin:</p>



<ul class="wp-block-list">
<li><span style="color: initial;">Warum trägt die Frau ein weißes T-Shirt mit der Aufschrift "Artists have more fun"?</span></li>



<li>Warum ist sie so aggressiv?</li>



<li>Ist diese Frau für Sie wichtig? Kennen Sie sie? War es ein Modell, das vor Ihnen stand? Oder war es ein Foto von jemandem?</li>



<li>Ist es das erste Mal, dass Sie das tun, oder tun Sie das regelmäßig?</li>



<li>Warum gibt es keinen Kontext? Und warum ist es so weiß?</li>
</ul>



<div class="wp-block-spacer" style="height: 50px;" aria-hidden="true"> </div>



<p class="has-x-large-font-size">JEAN-THOMAS VANNOTTI:</p>



<div class="wp-block-spacer" style="height: 35px;" aria-hidden="true"> </div>



<p>Hallo Glodie. Ich werde daher auf deine Fragen antworten.</p>



<p>"Artists have more fun" ist ein Schriftzug, ein Design für eines der beiden T-Shirts, die dem Album #1 von Fischerspooner beiliegen. Diese Band steht sinnbildlich für eine Zeit der Euphorie und Unbeschwertheit. Die elektronische Musik, einschließlich des gesamten Universums, das um sie herum kreist, hat seit ihrem Aufblühen meine Inspirationen genährt, durch ihre Cover, Poster, Flyer, Videos... Eine Welt voller Überfluss und Innovationen...</p>



<p>Aggressiv? Vielleicht. Sie ist gerade aufgewacht. Sie muss langsam aus ihrem Schlummer erwachen. Am Morgen ist sie oft ein bisschen schlecht drauf. Zumindest war sie das.</p>



<p>Ja, wir waren sieben Jahre lang zusammen. Eine intensive, gelebte Geschichte, vielleicht ein bisschen zu früh. Ich werde nicht mehr dazu sagen. Ich habe das Bild nach einem meiner Fotos gemalt, das ich in dem Moment gemacht habe.</p>



<p>Ich habe viele Porträts und Gesichter gemalt: Gesichter faszinieren mich. Von klein auf haben wir Menschen in unserem Gehirn die Fähigkeit entwickelt, die Milliarden von Mimiken und Gesichtsausdrücken unserer Mutter zu entschlüsseln, um uns gegenseitig zu verstehen.</p>



<p>Was ist Weiß? Weiß ist die Leere, die Abwesenheit, der verborgene oder ausgelöschte Teil. Ein Zitat aus dem Kleinen Prinzen: "Die Schönheit liegt in dem, was man nicht sieht".</p>



<p>&nbsp;</p>



<div class="wp-block-spacer" style="height: 30px;" aria-hidden="true"> </div>



<p>°°</p>



<p class="has-small-font-size">"ART'S COOL" oder "Art is cool"!</p>



<p class="has-small-font-size">Dies ist eine Begegnung mit einem zeitgenössischen Kunstwerk in der Schweiz, betrachtet, erkundet, und hinterfragt von jungen Menschen. Auf die Fragen der Jugendlichen geben wiederum die Künstlerin oder der Künstler auf ihre Weise eine Antwort. Ganz einfach, nicht?</p>



<p class="has-small-font-size">Heute ging es um das Gemälde "Artists have more fun" von Jean-Thomas Vannotti, das von Owens neugierigem Blick untersucht wurde.</p>



<p class="has-small-font-size">Verpasse nicht das Kunstwerk in Wirklichkeit selber zu entdecken, im <a href="https://www.mahn.ch/">Museum für Kunst und Geschichte Neuenburg</a>.</p>



<p class="has-small-font-size">Und sammle zeitgenössische Kunst mit deinen Ohren! Triff fast jede Woche auf eine neue Episode um deine eigene Sammlung zu komplettieren – jedes Mal mit einem anderen Fokus zu einem Kunstwerk in der Schweiz.</p>



<p class="has-small-font-size">Du findest alle Portraits der jugendlichen Fans der zeitgenössischen Kunst, die Kurzbiographien der interviewten Künstlerinnen und Künstler und die Bilder der Werke auf der Webseite <a href="https://artscool.ch/de/">artscool.ch/de</a>.</p>



<p class="has-small-font-size">Falls du zur Verbreitung des Podcasts ART’S   COOL beitragen möchtest, zögere nicht…
in deinem Umfeld darüber zu sprechen,
den Podcast auf deiner bevorzugten Plattform zu abonnieren und mit fünf Sternen zu bewerten</p>



<p class="has-small-font-size">Du kannst uns auch auf Instagram folgen unter dem Account <a href="https://www.instagram.com/young_pods/">young_pods</a>.</p>



<p class="has-small-font-size">Der Podcast ART’S COOL wird realisiert und ausgestrahlt mit der grosszügigen Unterstützung der Loterie Romande, Pro Helvetia, der Fondation Gandur pour la Jeunesse, der Ernst Göhner Stiftung, der Oertli-Stiftung, der Sandoz-Familienstiftung und dem Migros-Kulturprozent.</p>



<p class="has-small-font-size">Mit der Stimme von Florence Grivel in der französischen Version und Stephan Kyburz in der deutschen Version.<br />Musik and Sounddesign von Christophe Gonet.</p>



<p class="has-small-font-size">Dies ist eine Produktion <a href="https://www.youngpods.ch/">Young Pods</a> (www.youngpods.ch).</p>

<p>Musée d'art et d'histoire de Neuchâtel: Intrigiert von Jean-Thomas Vannottis "Artists have more fun" stellt Owen (sich) viele Fragen.</p>
