{"id":2169,"date":"2022-03-24T14:42:04","date_gmt":"2022-03-24T13:42:04","guid":{"rendered":"https:\/\/artscool.ch\/?post_type=podcast&#038;p=2169"},"modified":"2024-10-04T13:14:40","modified_gmt":"2024-10-04T11:14:40","slug":"glodie-christian-robert-tissot","status":"publish","type":"podcast","link":"https:\/\/artscool.ch\/de\/podcast\/glodie-christian-robert-tissot\/","title":{"rendered":"Glodie &amp; Christian Robert-Tissot"},"content":{"rendered":"<p>&nbsp;<\/p>\r\n\r\n\r\n\r\n<p><strong>Hi. Mein Name ist Glodie, ich bin achtzehn Jahre alt und wohne in La Chaux-de-Fonds.<\/strong><\/p>\r\n\r\n\r\n\r\n<p><strong>Kunst ist f\u00fcr mich eine M\u00f6glichkeit, sich auszudr\u00fccken, egal auf welche Art und Weise.<\/strong><\/p>\r\n\r\n\r\n\r\n<p><strong>Und ich habe eine Verabredung mit einem Kunstwerk im Museum f\u00fcr Kunst und Geschichte in Neuenburg. <\/strong><\/p>\r\n\r\n\r\n\r\n<p><strong>Kommt ihr auch mit?<\/strong><\/p>\r\n\r\n\r\n\r\n<div class=\"wp-block-spacer\" style=\"height: 35px;\" aria-hidden=\"true\">\u00a0<\/div>\r\n\r\n\r\n\r\n<p>&nbsp;<\/p>\r\n\r\n\r\n\r\n<div class=\"wp-block-spacer\" style=\"height: 50px;\" aria-hidden=\"true\">\u00a0<\/div>\r\n\r\n\r\n\r\n<p>GLODIE:<\/p>\r\n\r\n\r\n\r\n<p>Hallo, ich habe eine Verabredung mit einem Werk von Christian Robert-Tissot: Wo befindet es sich?<\/p>\r\n\r\n\r\n\r\n<p>EMPFANG DES MUSEUMS:<\/p>\r\n\r\n\r\n\r\n<p>Sie befindet sich im ersten Stock, im Raum mit zeitgen\u00f6ssischen Kunstwerken.<\/p>\r\n\r\n\r\n\r\n<p>Viel Vergn\u00fcgen!<\/p>\r\n\r\n\r\n\r\n<div class=\"wp-block-spacer\" style=\"height: 50px;\" aria-hidden=\"true\">\u00a0<\/div>\r\n\r\n\r\n\r\n<p class=\"has-x-large-font-size\">GLODIE:<\/p>\r\n\r\n\r\n\r\n<div class=\"wp-block-spacer\" style=\"height: 35px;\" aria-hidden=\"true\">\u00a0<\/div>\r\n\r\n\r\n\r\n<p>Vielen Dank.<\/p>\r\n\r\n\r\n\r\n<p>Ich betrete den Raum, sehe mehrere Bilder und suche das Bild, das ich sehen wollte. Da, ich sehe es! Als Erstes kann ich sagen, dass es in Rot und Wei\u00df gehalten ist. Und das erste, woran ich denke, ist die Schweiz. Ja, und was mich noch mehr an die Schweiz erinnert, ist, dass da \"ICH\" steht, auf Deutsch, das ist die meistgesprochene Sprache in der Schweiz, und das \"CH\" steht auch f\u00fcr die Schweiz.<\/p>\r\n\r\n\r\n\r\n<p>Ich finde es ziemlich besonders. Ich habe das nicht erwartet... Es ist einfach, aber selbst bei etwas so Einfachem kann man sich viele Dinge vorstellen. Und das kann sich von Person zu Person \u00e4ndern, man kann einen anderen Blickwinkel haben.<\/p>\r\n\r\n\r\n\r\n<p>Auf der Gef\u00fchlsebene erinnert Rot f\u00fcr mich an Wut. Und mit dem Personalpronomen ICH, JE auf Franz\u00f6sisch, ist es vielleicht eine M\u00f6glichkeit, sich Geh\u00f6r zu verschaffen, indem man von sich selbst spricht, sich vielleicht durchsetzt.<\/p>\r\n\r\n\r\n\r\n<p>Ich gehe n\u00e4her heran, um mir das Bild genauer anzusehen. Man kann sehen, dass auf der Schrift, auf dem, was in Wei\u00df geschrieben ist, das Rot ein wenig in den Vordergrund tritt. Es sieht fast so aus, als w\u00fcrde das Wort allm\u00e4hlich verblassen und das Rot an die Stelle der wei\u00dfen Schrift treten.<\/p>\r\n\r\n\r\n\r\n<p>Christian Robert-Tissot, Ich, 2003, Acryl auf Leinwand<br \/>55 x 90 cm<\/p>\r\n\r\n\r\n\r\n<p>Ich werde den Steckbrief lesen: Ich von Christian Robert-Tissot. Dieses Werk wurde 2003 geschaffen. Es ist ein Acrylgem\u00e4lde auf Leinwand und hat die Ma\u00dfe 55 x 90 cm.<\/p>\r\n\r\n\r\n\r\n<p>Ich dachte, es sei neuer und so kam es, dass 2003 immerhin achtzehn Jahre her ist. Das Bild ist genauso alt wie ich. (lacht)<\/p>\r\n\r\n\r\n\r\n<p>Ich habe ein paar Fragen an den K\u00fcnstler:<\/p>\r\n\r\n\r\n\r\n<p>&nbsp;<\/p>\r\n\r\n\r\n\r\n<ul class=\"wp-block-list\">\r\n<li>Was wollte er auf dem Bild darstellen?<\/li>\r\n\r\n\r\n\r\n<li>Stecken Gef\u00fchle oder Emotionen dahinter? War es Wut?<\/li>\r\n\r\n\r\n\r\n<li>Und warum \"ICH\"? Was meint er damit?<\/li>\r\n\r\n\r\n\r\n<li>Warum wurden auch diese beiden Farben gew\u00e4hlt?<\/li>\r\n\r\n\r\n\r\n<li>Ich w\u00fcrde gerne wissen, ob es Absicht war, dass das Rot anf\u00e4ngt, sich in die wei\u00dfe Schrift zu fressen... Wurde es nur aus \u00e4sthetischen Gr\u00fcnden so gemacht? Ich w\u00fcrde auch gerne wissen, wie die Buchstaben geschrieben wurden, denn obwohl das Rot an dem Wei\u00df \"nagt\", sieht man doch, dass es ziemlich gerade und gleichm\u00e4\u00dfig ist. Wie sind Sie vorgegangen? Ist das freih\u00e4ndig oder mit Klebeband oder mit einem Lineal...?<\/li>\r\n<\/ul>\r\n\r\n\r\n\r\n<div class=\"wp-block-spacer\" style=\"height: 50px;\" aria-hidden=\"true\">\u00a0<\/div>\r\n\r\n\r\n\r\n<p class=\"has-x-large-font-size\">CHRISTIAN ROBERT-TISSOT:<\/p>\r\n\r\n\r\n\r\n<div class=\"wp-block-spacer\" style=\"height: 35px;\" aria-hidden=\"true\">\u00a0<\/div>\r\n\r\n\r\n\r\n<p>Hallo Glodie. Ich werde daher auf deine Fragen antworten.<\/p>\r\n\r\n\r\n\r\n<p>Zun\u00e4chst einmal ist da diese Frage der Emotion, die oft mit dem Bild verbunden ist. Und ich glaube, dass es der Betrachter ist, der eventuell eine Emotion empfinden kann oder auch nicht. Wenn ich male, wenn ich ein Bild vorbereite, ist das nicht wirklich etwas, woran ich denke... Ich denke eher an die Gesamtheit dessen, was in das Bild hineingelegt wird, was eventuell beim Betrachter diese Emotionen ausl\u00f6sen kann. Aber es gibt bei mir nicht die Absicht, eine Emotion ausl\u00f6sen zu wollen.<\/p>\r\n\r\n\r\n\r\n<p>Das Wort \"ICH\": Es hat in diesem Bild verschiedene Bedeutungen. Zun\u00e4chst einmal gibt es einen Unterschied zwischen den einzelnen W\u00f6rtern in meinen Bildern und den Bildern mit einer Aussage, einem Satz. Das einzelne Wort interessiert mich, weil es dekontextualisiert ist; es hat eine viel gr\u00f6\u00dfere Abstraktionsqualit\u00e4t. Es er\u00f6ffnet mehr M\u00f6glichkeiten als eine Aussage. Und das ist zum Teil das, was mich am \"ICH\" interessiert hat. Nat\u00fcrlich gibt es den Autor ... aber wir f\u00fcgen ein D (\"DICH\") hinzu und haben den Betrachter. Es gibt also diese Beziehung zwischen demjenigen, der das Werk geschaffen hat, und demjenigen, der es betrachtet.<\/p>\r\n\r\n\r\n\r\n<p>Wenn du das Wort \"ICH\" mehrmals laut wiederholst, wirst du dir einen Klang merken und die Bedeutung des Wortes vergessen. Ich verwende oft die Klangqualit\u00e4t von Einzelw\u00f6rtern.<\/p>\r\n\r\n\r\n\r\n<p>Die Wahl der Farben ist vielleicht der subjektivste Teil meiner Arbeit. Ich kann dazu nicht viel sagen. Es gibt eine Art von Offensichtlichkeit, die du offensichtlich gesehen hast, mit den Farben der Schweiz. Aber ich wei\u00df nicht... ich kann nicht allzu viel \u00fcber Farben sagen.<\/p>\r\n\r\n\r\n\r\n<p>Die Frage, ob das Rot absichtlich den Text zerfrisst: Ja, es ist absichtlich und gleichzeitig nicht wirklich kontrolliert, da ich Schablonen benutze, die auf die Leinwand gelegt werden. Es ist also die mehr oder weniger fl\u00fcssige Farbe, die mehr oder weniger unter das Klebeband gelangt, ob es mehr oder weniger gut aufgetragen ist usw. Es ist also ein bisschen eine technische Sache. Gleichzeitig wei\u00df ich beim Auftragen der Farbe nicht, wie viel rote Farbe durch das Klebeband der Schablone hindurchgehen wird, so dass das Ergebnis eine \u00dcberraschung ist. Manchmal kommt es vor, dass ich entscheide, dass es nicht gelungen ist. Weil zu viel Farbe durchgelaufen ist, zerst\u00f6re ich manchmal Leinw\u00e4nde, weil ich sie f\u00fcr weniger interessant halte.<\/p>\r\n\r\n\r\n\r\n<p>Ich habe keine Fotografie von diesem Gem\u00e4lde. Ich wei\u00df nicht warum ... Also habe ich es seit fast zwanzig Jahren nicht mehr gesehen, was ziemlich seltsam ist. Zum Gl\u00fcck hast du es beschrieben und ich konnte mich ein bisschen mehr daran erinnern. Ich hatte die Vorstellung von einem sehr kleinen Gem\u00e4lde, aber es ist gar nicht so klein. Das ist ein Bild, das ich gemacht habe, aber ich habe es vergessen.<\/p>\r\n\r\n\r\n\r\n<p>Also, ich w\u00fcnsche dir eine sch\u00f6ne Fortsetzung und es ist gut, dass du die Ausstellungen besuchst.<br \/>Bis bald!<\/p>\r\n\r\n\r\n\r\n<p>&nbsp;<\/p>\r\n\r\n\r\n\r\n<div class=\"wp-block-spacer\" style=\"height: 30px;\" aria-hidden=\"true\">\u00a0<\/div>\r\n\r\n\r\n\r\n<p>\u00b0\u00b0<\/p>\r\n\r\n\r\n\r\n<p class=\"has-small-font-size\">\"ART'S COOL\" oder \"Art is cool\"!<\/p>\r\n\r\n\r\n\r\n<p class=\"has-small-font-size\">Dies ist eine Begegnung mit einem zeitgen\u00f6ssischen Kunstwerk in der Schweiz, betrachtet, erkundet, und hinterfragt von jungen Menschen. Auf die Fragen der Jugendlichen geben wiederum die K\u00fcnstlerin oder der K\u00fcnstler auf ihre Weise eine Antwort. Ganz einfach, nicht?<\/p>\r\n\r\n\r\n\r\n<p class=\"has-small-font-size\">Heute ging es um das Gem\u00e4lde \"ICH\" von <a href=\"https:\/\/www.chrt.ch\">Christian Robert-Tissot<\/a>Sie wurde von Glodie neugierig angeschaut.<\/p>\r\n\r\n\r\n\r\n<p class=\"has-small-font-size\">Verpasse nicht das Kunstwerk in Wirklichkeit selber zu entdecken, im <a href=\"https:\/\/www.mahn.ch\/\">Museum f\u00fcr Kunst und Geschichte Neuenburg<\/a>.<\/p>\r\n\r\n\r\n\r\n<p class=\"has-small-font-size\">Und sammle zeitgen\u00f6ssische Kunst mit deinen Ohren! Triff fast jede Woche auf eine neue Episode um deine eigene Sammlung zu komplettieren \u2013 jedes Mal mit einem anderen Fokus zu einem Kunstwerk in der Schweiz.<\/p>\r\n\r\n\r\n\r\n<p class=\"has-small-font-size\">Du findest alle Portraits der jugendlichen Fans der zeitgen\u00f6ssischen Kunst, die Kurzbiographien der interviewten K\u00fcnstlerinnen und K\u00fcnstler und die Bilder der Werke auf der Webseite <a href=\"https:\/\/artscool.ch\/de\/\">artscool.ch\/de<\/a>.<\/p>\r\n\r\n\r\n\r\n<p class=\"has-small-font-size\">Falls du zur Verbreitung des Podcasts ART\u2019S   COOL beitragen m\u00f6chtest, z\u00f6gere nicht\u2026\nin deinem Umfeld dar\u00fcber zu sprechen,\nden Podcast auf deiner bevorzugten Plattform zu abonnieren und mit f\u00fcnf Sternen zu bewerten<\/p>\r\n\r\n\r\n\r\n<p class=\"has-small-font-size\">Du kannst uns auch auf Instagram folgen unter dem Account <a href=\"https:\/\/www.instagram.com\/young_pods\/\">young_pods<\/a>.<\/p>\r\n\r\n\r\n\r\n<p class=\"has-small-font-size\">Der Podcast ART\u2019S COOL wird realisiert und ausgestrahlt mit der grossz\u00fcgigen Unterst\u00fctzung der Loterie Romande, Pro Helvetia, der Fondation Gandur pour la Jeunesse, der Ernst G\u00f6hner Stiftung, der Oertli-Stiftung, der Sandoz-Familienstiftung und dem Migros-Kulturprozent.<\/p>\r\n\r\n\r\n\r\n<p class=\"has-small-font-size\">Mit der Stimme von Florence Grivel in der franz\u00f6sischen Version und Stephan Kyburz in der deutschen Version.<br \/>Musik and Sounddesign von Christophe Gonet.<\/p>\r\n\r\n\r\n\r\n<p class=\"has-small-font-size\">Dies ist eine Produktion <a href=\"https:\/\/www.youngpods.ch\/\">Young Pods<\/a> (www.youngpods.ch).<\/p>","protected":false},"excerpt":{"rendered":"<p>Mus\u00e9e d'art et d'histoire de Neuch\u00e2tel: Glodie ist mit Christian Robert-Tissots \"Ich\" verabredet und das Bild erinnert sie an die Schweiz.<\/p>","protected":false},"featured_media":2156,"template":"","artist":[219],"canton":[146],"episode-":[61],"season":[42],"podcast-categories":[],"class_list":["post-2169","podcast","type-podcast","status-publish","has-post-thumbnail","hentry","artist-christian-robert-tissot","canton-neuchatel","episode--episode-14","season-season-1"],"acf":[],"_links":{"self":[{"href":"https:\/\/artscool.ch\/de\/wp-json\/wp\/v2\/podcast\/2169","targetHints":{"allow":["GET"]}}],"collection":[{"href":"https:\/\/artscool.ch\/de\/wp-json\/wp\/v2\/podcast"}],"about":[{"href":"https:\/\/artscool.ch\/de\/wp-json\/wp\/v2\/types\/podcast"}],"version-history":[{"count":2,"href":"https:\/\/artscool.ch\/de\/wp-json\/wp\/v2\/podcast\/2169\/revisions"}],"predecessor-version":[{"id":3093,"href":"https:\/\/artscool.ch\/de\/wp-json\/wp\/v2\/podcast\/2169\/revisions\/3093"}],"wp:featuredmedia":[{"embeddable":true,"href":"https:\/\/artscool.ch\/de\/wp-json\/wp\/v2\/media\/2156"}],"wp:attachment":[{"href":"https:\/\/artscool.ch\/de\/wp-json\/wp\/v2\/media?parent=2169"}],"wp:term":[{"taxonomy":"artist","embeddable":true,"href":"https:\/\/artscool.ch\/de\/wp-json\/wp\/v2\/artist?post=2169"},{"taxonomy":"canton","embeddable":true,"href":"https:\/\/artscool.ch\/de\/wp-json\/wp\/v2\/canton?post=2169"},{"taxonomy":"episode-","embeddable":true,"href":"https:\/\/artscool.ch\/de\/wp-json\/wp\/v2\/episode-?post=2169"},{"taxonomy":"season","embeddable":true,"href":"https:\/\/artscool.ch\/de\/wp-json\/wp\/v2\/season?post=2169"},{"taxonomy":"podcast-categories","embeddable":true,"href":"https:\/\/artscool.ch\/de\/wp-json\/wp\/v2\/podcast-categories?post=2169"}],"curies":[{"name":"wp","href":"https:\/\/api.w.org\/{rel}","templated":true}]}}

<p>&nbsp;</p>



<p><strong>Hi. Mein Name ist Glodie, ich bin achtzehn Jahre alt und wohne in La Chaux-de-Fonds.</strong></p>



<p><strong>Kunst ist für mich eine Möglichkeit, sich auszudrücken, egal auf welche Art und Weise.</strong></p>



<p><strong>Und ich habe eine Verabredung mit einem Kunstwerk im Museum für Kunst und Geschichte in Neuenburg. </strong></p>



<p><strong>Kommt ihr auch mit?</strong></p>



<div class="wp-block-spacer" style="height: 35px;" aria-hidden="true"> </div>



<p>&nbsp;</p>



<div class="wp-block-spacer" style="height: 50px;" aria-hidden="true"> </div>



<p>GLODIE:</p>



<p>Hallo, ich habe eine Verabredung mit einem Werk von Christian Robert-Tissot: Wo befindet es sich?</p>



<p>EMPFANG DES MUSEUMS:</p>



<p>Sie befindet sich im ersten Stock, im Raum mit zeitgenössischen Kunstwerken.</p>



<p>Viel Vergnügen!</p>



<div class="wp-block-spacer" style="height: 50px;" aria-hidden="true"> </div>



<p class="has-x-large-font-size">GLODIE:</p>



<div class="wp-block-spacer" style="height: 35px;" aria-hidden="true"> </div>



<p>Vielen Dank.</p>



<p>Ich betrete den Raum, sehe mehrere Bilder und suche das Bild, das ich sehen wollte. Da, ich sehe es! Als Erstes kann ich sagen, dass es in Rot und Weiß gehalten ist. Und das erste, woran ich denke, ist die Schweiz. Ja, und was mich noch mehr an die Schweiz erinnert, ist, dass da "ICH" steht, auf Deutsch, das ist die meistgesprochene Sprache in der Schweiz, und das "CH" steht auch für die Schweiz.</p>



<p>Ich finde es ziemlich besonders. Ich habe das nicht erwartet... Es ist einfach, aber selbst bei etwas so Einfachem kann man sich viele Dinge vorstellen. Und das kann sich von Person zu Person ändern, man kann einen anderen Blickwinkel haben.</p>



<p>Auf der Gefühlsebene erinnert Rot für mich an Wut. Und mit dem Personalpronomen ICH, JE auf Französisch, ist es vielleicht eine Möglichkeit, sich Gehör zu verschaffen, indem man von sich selbst spricht, sich vielleicht durchsetzt.</p>



<p>Ich gehe näher heran, um mir das Bild genauer anzusehen. Man kann sehen, dass auf der Schrift, auf dem, was in Weiß geschrieben ist, das Rot ein wenig in den Vordergrund tritt. Es sieht fast so aus, als würde das Wort allmählich verblassen und das Rot an die Stelle der weißen Schrift treten.</p>



<p>Christian Robert-Tissot, Ich, 2003, Acryl auf Leinwand<br />55 x 90 cm</p>



<p>Ich werde den Steckbrief lesen: Ich von Christian Robert-Tissot. Dieses Werk wurde 2003 geschaffen. Es ist ein Acrylgemälde auf Leinwand und hat die Maße 55 x 90 cm.</p>



<p>Ich dachte, es sei neuer und so kam es, dass 2003 immerhin achtzehn Jahre her ist. Das Bild ist genauso alt wie ich. (lacht)</p>



<p>Ich habe ein paar Fragen an den Künstler:</p>



<p>&nbsp;</p>



<ul class="wp-block-list">
<li>Was wollte er auf dem Bild darstellen?</li>



<li>Stecken Gefühle oder Emotionen dahinter? War es Wut?</li>



<li>Und warum "ICH"? Was meint er damit?</li>



<li>Warum wurden auch diese beiden Farben gewählt?</li>



<li>Ich würde gerne wissen, ob es Absicht war, dass das Rot anfängt, sich in die weiße Schrift zu fressen... Wurde es nur aus ästhetischen Gründen so gemacht? Ich würde auch gerne wissen, wie die Buchstaben geschrieben wurden, denn obwohl das Rot an dem Weiß "nagt", sieht man doch, dass es ziemlich gerade und gleichmäßig ist. Wie sind Sie vorgegangen? Ist das freihändig oder mit Klebeband oder mit einem Lineal...?</li>
</ul>



<div class="wp-block-spacer" style="height: 50px;" aria-hidden="true"> </div>



<p class="has-x-large-font-size">CHRISTIAN ROBERT-TISSOT:</p>



<div class="wp-block-spacer" style="height: 35px;" aria-hidden="true"> </div>



<p>Hallo Glodie. Ich werde daher auf deine Fragen antworten.</p>



<p>Zunächst einmal ist da diese Frage der Emotion, die oft mit dem Bild verbunden ist. Und ich glaube, dass es der Betrachter ist, der eventuell eine Emotion empfinden kann oder auch nicht. Wenn ich male, wenn ich ein Bild vorbereite, ist das nicht wirklich etwas, woran ich denke... Ich denke eher an die Gesamtheit dessen, was in das Bild hineingelegt wird, was eventuell beim Betrachter diese Emotionen auslösen kann. Aber es gibt bei mir nicht die Absicht, eine Emotion auslösen zu wollen.</p>



<p>Das Wort "ICH": Es hat in diesem Bild verschiedene Bedeutungen. Zunächst einmal gibt es einen Unterschied zwischen den einzelnen Wörtern in meinen Bildern und den Bildern mit einer Aussage, einem Satz. Das einzelne Wort interessiert mich, weil es dekontextualisiert ist; es hat eine viel größere Abstraktionsqualität. Es eröffnet mehr Möglichkeiten als eine Aussage. Und das ist zum Teil das, was mich am "ICH" interessiert hat. Natürlich gibt es den Autor ... aber wir fügen ein D ("DICH") hinzu und haben den Betrachter. Es gibt also diese Beziehung zwischen demjenigen, der das Werk geschaffen hat, und demjenigen, der es betrachtet.</p>



<p>Wenn du das Wort "ICH" mehrmals laut wiederholst, wirst du dir einen Klang merken und die Bedeutung des Wortes vergessen. Ich verwende oft die Klangqualität von Einzelwörtern.</p>



<p>Die Wahl der Farben ist vielleicht der subjektivste Teil meiner Arbeit. Ich kann dazu nicht viel sagen. Es gibt eine Art von Offensichtlichkeit, die du offensichtlich gesehen hast, mit den Farben der Schweiz. Aber ich weiß nicht... ich kann nicht allzu viel über Farben sagen.</p>



<p>Die Frage, ob das Rot absichtlich den Text zerfrisst: Ja, es ist absichtlich und gleichzeitig nicht wirklich kontrolliert, da ich Schablonen benutze, die auf die Leinwand gelegt werden. Es ist also die mehr oder weniger flüssige Farbe, die mehr oder weniger unter das Klebeband gelangt, ob es mehr oder weniger gut aufgetragen ist usw. Es ist also ein bisschen eine technische Sache. Gleichzeitig weiß ich beim Auftragen der Farbe nicht, wie viel rote Farbe durch das Klebeband der Schablone hindurchgehen wird, so dass das Ergebnis eine Überraschung ist. Manchmal kommt es vor, dass ich entscheide, dass es nicht gelungen ist. Weil zu viel Farbe durchgelaufen ist, zerstöre ich manchmal Leinwände, weil ich sie für weniger interessant halte.</p>



<p>Ich habe keine Fotografie von diesem Gemälde. Ich weiß nicht warum ... Also habe ich es seit fast zwanzig Jahren nicht mehr gesehen, was ziemlich seltsam ist. Zum Glück hast du es beschrieben und ich konnte mich ein bisschen mehr daran erinnern. Ich hatte die Vorstellung von einem sehr kleinen Gemälde, aber es ist gar nicht so klein. Das ist ein Bild, das ich gemacht habe, aber ich habe es vergessen.</p>



<p>Also, ich wünsche dir eine schöne Fortsetzung und es ist gut, dass du die Ausstellungen besuchst.<br />Bis bald!</p>



<p>&nbsp;</p>



<div class="wp-block-spacer" style="height: 30px;" aria-hidden="true"> </div>



<p>°°</p>



<p class="has-small-font-size">"ART'S COOL" oder "Art is cool"!</p>



<p class="has-small-font-size">Dies ist eine Begegnung mit einem zeitgenössischen Kunstwerk in der Schweiz, betrachtet, erkundet, und hinterfragt von jungen Menschen. Auf die Fragen der Jugendlichen geben wiederum die Künstlerin oder der Künstler auf ihre Weise eine Antwort. Ganz einfach, nicht?</p>



<p class="has-small-font-size">Heute ging es um das Gemälde "ICH" von <a href="https://www.chrt.ch">Christian Robert-Tissot</a>Sie wurde von Glodie neugierig angeschaut.</p>



<p class="has-small-font-size">Verpasse nicht das Kunstwerk in Wirklichkeit selber zu entdecken, im <a href="https://www.mahn.ch/">Museum für Kunst und Geschichte Neuenburg</a>.</p>



<p class="has-small-font-size">Und sammle zeitgenössische Kunst mit deinen Ohren! Triff fast jede Woche auf eine neue Episode um deine eigene Sammlung zu komplettieren – jedes Mal mit einem anderen Fokus zu einem Kunstwerk in der Schweiz.</p>



<p class="has-small-font-size">Du findest alle Portraits der jugendlichen Fans der zeitgenössischen Kunst, die Kurzbiographien der interviewten Künstlerinnen und Künstler und die Bilder der Werke auf der Webseite <a href="https://artscool.ch/de/">artscool.ch/de</a>.</p>



<p class="has-small-font-size">Falls du zur Verbreitung des Podcasts ART’S   COOL beitragen möchtest, zögere nicht…
in deinem Umfeld darüber zu sprechen,
den Podcast auf deiner bevorzugten Plattform zu abonnieren und mit fünf Sternen zu bewerten</p>



<p class="has-small-font-size">Du kannst uns auch auf Instagram folgen unter dem Account <a href="https://www.instagram.com/young_pods/">young_pods</a>.</p>



<p class="has-small-font-size">Der Podcast ART’S COOL wird realisiert und ausgestrahlt mit der grosszügigen Unterstützung der Loterie Romande, Pro Helvetia, der Fondation Gandur pour la Jeunesse, der Ernst Göhner Stiftung, der Oertli-Stiftung, der Sandoz-Familienstiftung und dem Migros-Kulturprozent.</p>



<p class="has-small-font-size">Mit der Stimme von Florence Grivel in der französischen Version und Stephan Kyburz in der deutschen Version.<br />Musik and Sounddesign von Christophe Gonet.</p>



<p class="has-small-font-size">Dies ist eine Produktion <a href="https://www.youngpods.ch/">Young Pods</a> (www.youngpods.ch).</p>

<p>Musée d'art et d'histoire de Neuchâtel: Glodie ist mit Christian Robert-Tissots "Ich" verabredet und das Bild erinnert sie an die Schweiz.</p>
