{"id":2155,"date":"2022-03-12T16:16:49","date_gmt":"2022-03-12T15:16:49","guid":{"rendered":"https:\/\/artscool.ch\/?post_type=podcast&#038;p=2155"},"modified":"2024-10-04T13:15:05","modified_gmt":"2024-10-04T11:15:05","slug":"luca-mingjun-luo","status":"publish","type":"podcast","link":"https:\/\/artscool.ch\/de\/podcast\/luca-mingjun-luo\/","title":{"rendered":"Luca &amp; Mingjun Luo"},"content":{"rendered":"<p><strong>Hallo, ich hei\u00dfe Luca, bin siebzehn Jahre alt und wohne in Le Locle.<\/strong><\/p>\r\n\r\n\r\n\r\n<p><strong>Kunst ist f\u00fcr mich das Unbekannte.<\/strong><\/p>\r\n\r\n\r\n\r\n<p><strong>Und ich habe eine Verabredung mit einem Kunstwerk im Museum f\u00fcr Kunst und Geschichte in Neuenburg. <\/strong><\/p>\r\n\r\n\r\n\r\n<p><strong>Kommt ihr auch mit?<\/strong><\/p>\r\n\r\n\r\n\r\n<p>&nbsp;<\/p>\r\n\r\n\r\n\r\n<p>&nbsp;<\/p>\r\n\r\n\r\n\r\n<div class=\"wp-block-spacer\" style=\"height: 50px;\" aria-hidden=\"true\">\u00a0<\/div>\r\n\r\n\r\n\r\n<p>LUCA:<\/p>\r\n\r\n\r\n\r\n<p>Hallo, ich habe ein Rendez-vous mit dem Werk von Mingjun Luo; wo finde ich es?<\/p>\r\n\r\n\r\n\r\n<p>EMPFANG DES MUSEUMS:<\/p>\r\n\r\n\r\n\r\n<p>Es befindet sich im Raum f\u00fcr zeitgen\u00f6ssische Kunst im ersten Stock.<\/p>\r\n\r\n\r\n\r\n<p>Viel Vergn\u00fcgen!<\/p>\r\n\r\n\r\n\r\n<div class=\"wp-block-spacer\" style=\"height: 50px;\" aria-hidden=\"true\">\u00a0<\/div>\r\n\r\n\r\n\r\n<p class=\"has-x-large-font-size\">LUCA:<\/p>\r\n\r\n\r\n\r\n<div class=\"wp-block-spacer\" style=\"height: 35px;\" aria-hidden=\"true\">\u00a0<\/div>\r\n\r\n\r\n\r\n<p>Das ist gro\u00dfartig. Danke!<\/p>\r\n\r\n\r\n\r\n<p>Ich komme in den Raum, in dem das Kunstwerk steht. Ich finde, er ist schlicht. Hier gibt es viele Bilder. Hier sehe ich es. Ich stehe hier vor dem Kunstwerk. Es sieht aus wie ein Schwarz-Wei\u00df-Foto mit Menschen, die auf einer Wiese oder einer kleinen Klippe sitzen. Sie schauen nach rechts auf etwas, aber man kann das Etwas nicht sehen. Es ist ein ziemlich gro\u00dfes Werk; es ist so gro\u00df wie ich oder sogar noch gr\u00f6\u00dfer. Es ist auf zwei Bildern. Es wirkt geheimnisvoll, wie in einem Nebel. Ich wei\u00df nicht genau, was sie sehen, aber es scheint ziemlich hell zu sein. Ich w\u00fcrde nicht sagen, dass es Sonnenlicht ist, sondern eher eine Tafel wie in den Filmen, wenn man eine Einstellung macht, oder eine dieser gro\u00dfen Tafeln oder auch ein Scheinwerfer, in einem Stadion.<\/p>\r\n\r\n\r\n\r\n<p>Ich n\u00e4here mich dem Kunstwerk, das immer noch wie ein Foto aussieht. Es ist mit Farbe gemacht, aber es f\u00fchlt sich auch verschwommen an. Es wird mit einem Pinsel gemacht. Wenn man sich davon entfernt, sieht es aus wie ein Foto, aber wenn man sich n\u00e4hert, sieht man die Farbstriche. Und das Bild wird ein bisschen unscharf, wenn man wirklich sehr nah herangeht.<\/p>\r\n\r\n\r\n\r\n<p>Dieses Werk heisst \"Ohne Worte\" und wurde von Mingjun Luo angefertigt. Es wurde im Jahr 2020 w\u00e4hrend der Pandemie angefertigt. Vielleicht steht es daf\u00fcr, dass man nicht so recht weiss, was einen erwartet... Es ist ein \u00d6l auf Leinwand und hat die Masse 190 x 260 cm (oder zweimal 190 x 130 cm).<\/p>\r\n\r\n\r\n\r\n<p>Ich habe einige Fragen an den K\u00fcnstler:<\/p>\r\n\r\n\r\n\r\n<ul class=\"wp-block-list\">\r\n<li>Ich w\u00fcrde gerne wissen, ob das Gem\u00e4lde von einem Foto stammt.<\/li>\r\n\r\n\r\n\r\n<li>Warum hat die K\u00fcnstlerin das Bild in zwei Bildern gemalt?<\/li>\r\n\r\n\r\n\r\n<li>Warum ist es schwarz-weiss?<\/li>\r\n\r\n\r\n\r\n<li>Wird in der Tabelle die Pandemie im Jahr 2020 erw\u00e4hnt?<\/li>\r\n<\/ul>\r\n\r\n\r\n\r\n<div class=\"wp-block-spacer\" style=\"height: 50px;\" aria-hidden=\"true\">\u00a0<\/div>\r\n\r\n\r\n\r\n<p class=\"has-x-large-font-size\">MINGJUN LUO:<\/p>\r\n\r\n\r\n\r\n<div class=\"wp-block-spacer\" style=\"height: 35px;\" aria-hidden=\"true\">\u00a0<\/div>\r\n\r\n\r\n\r\n<p>Hallo Luca. Ich werde versuchen, deine Fragen zu beantworten.<\/p>\r\n\r\n\r\n\r\n<p>Wurde das Bild von einem Foto gemalt? Es ist ein Foto, aber das Gem\u00e4lde hat nichts mehr mit dem Originalfoto zu tun. Ich habe das Foto zuerst gezeichnet und dann das ganze Bild ver\u00e4ndert. Ich habe nur ein paar Elemente behalten, damit ich dieses Licht mit diesen etwas imagin\u00e4ren Menschen machen kann.<\/p>\r\n\r\n\r\n\r\n<p>Warum haben Sie dieses Werk in zwei Bildern geschaffen? Es gibt zwei Gr\u00fcnde f\u00fcr diese Entscheidung. Der erste Grund war, dass ich eine Zerrissenheit malen wollte. Ich wollte mehr von dem Gef\u00fchl zeigen, dass die Menschen verschwinden werden, aber die Natur bleibt. Der zweite Grund ist, dass es f\u00fcr den Transport einfacher ist. Ich habe weniger Kraft als in meiner Jugend und wenn es ein einzelnes Bild ist, ist es k\u00f6rperlich viel schwieriger, dieses Bild zu tragen. Wenn es aus zwei Teilen besteht, ist es einfacher, den Transport zu organisieren.\u00a0<\/p>\r\n\r\n\r\n\r\n<p>Die dritte Frage: Warum schwarz und weiss? Es ist nicht schwarz oder weiss. Es gibt eine Farbe in der Leinwand selbst. Ich habe alle Farben entfernt und nur das Wei\u00df verwendet, das ich auf diese Leinwand gemalt habe, die viele verschiedene Farben reflektiert. Diese Leinwand nimmt also die Farben von dem an, was um sie herum ist. Und es kommt darauf an, wo es steht, in welchem Raum, an welcher Wand ... Farben sind ver\u00e4nderlich. Es gibt also Farben in dem Kunstwerk. Aber warum habe ich nur weiss gemalt? Weil ich durch das Weglassen aller Farben m\u00f6chte, dass das Bild zu einer Erinnerung wird. Ein Gef\u00fchl, dass es eine Distanz zur Leinwand gibt. Es kann sich um einen vergangenen Moment handeln oder um eine Vorstellung der Zukunft. Durch das Entfernen der Farben m\u00f6chte ich das Gef\u00fchl vermitteln, dass es nicht real ist.<\/p>\r\n\r\n\r\n\r\n<p>Die vierte Frage: Geht es um die Pandemie im Jahr 2020? Ja, das tut es. Das Bild selbst ist schon ein paar Jahre alt. Aber ich habe das Bild neu gemalt, weil es mich sehr ber\u00fchrt. Angesichts der Naturkatastrophe, der Ungewissheit, weil wir nicht wissen, was vor uns liegt... Ich habe das Bild w\u00e4hrend der ersten Eind\u00e4mmung gemalt. Ich war allein im Atelier. Es ist ein Denkmal f\u00fcr dieses Jahr.<\/p>\r\n\r\n\r\n\r\n<p>&nbsp;<\/p>\r\n\r\n\r\n\r\n<div class=\"wp-block-spacer\" style=\"height: 30px;\" aria-hidden=\"true\">\u00a0<\/div>\r\n\r\n\r\n\r\n<p>\u00b0\u00b0<\/p>\r\n\r\n\r\n\r\n<p class=\"has-small-font-size\">\"ART'S COOL\" oder \"Art is cool\"!<\/p>\r\n\r\n\r\n\r\n<p class=\"has-small-font-size\">Dies ist eine Begegnung mit einem zeitgen\u00f6ssischen Kunstwerk in der Schweiz, betrachtet, erkundet, und hinterfragt von jungen Menschen. Auf die Fragen der Jugendlichen geben wiederum die K\u00fcnstlerin oder der K\u00fcnstler auf ihre Weise eine Antwort. Ganz einfach, nicht?<\/p>\r\n\r\n\r\n\r\n<p class=\"has-small-font-size\">Heute ging es um das Gem\u00e4lde \"Ohne Worte\" von <a href=\"http:\/\/www.luomingjun.com\/\">Mingjun Luo<\/a>neugierig erkundet von Luca.<\/p>\r\n\r\n\r\n\r\n<p class=\"has-small-font-size\">Verpasse nicht das Kunstwerk in Wirklichkeit selber zu entdecken, im <a href=\"https:\/\/www.mahn.ch\/\">Museum f\u00fcr Kunst und Geschichte Neuenburg<\/a>.<\/p>\r\n\r\n\r\n\r\n<p class=\"has-small-font-size\">Und sammle zeitgen\u00f6ssische Kunst mit deinen Ohren! Triff fast jede Woche auf eine neue Episode um deine eigene Sammlung zu komplettieren \u2013 jedes Mal mit einem anderen Fokus zu einem Kunstwerk in der Schweiz.<\/p>\r\n\r\n\r\n\r\n<p class=\"has-small-font-size\">Du findest alle Portraits der jugendlichen Fans der zeitgen\u00f6ssischen Kunst, die Kurzbiographien der interviewten K\u00fcnstlerinnen und K\u00fcnstler und die Bilder der Werke auf der Webseite <a href=\"https:\/\/artscool.ch\/de\/\">artscool.ch\/de<\/a>.<\/p>\r\n\r\n\r\n\r\n<p class=\"has-small-font-size\">Falls du zur Verbreitung des Podcasts ART\u2019S   COOL beitragen m\u00f6chtest, z\u00f6gere nicht\u2026\nin deinem Umfeld dar\u00fcber zu sprechen,\nden Podcast auf deiner bevorzugten Plattform zu abonnieren und mit f\u00fcnf Sternen zu bewerten<\/p>\r\n\r\n\r\n\r\n<p class=\"has-small-font-size\">Du kannst uns auch auf Instagram folgen unter dem Account <a href=\"https:\/\/www.instagram.com\/young_pods\/\">young_pods<\/a>.<\/p>\r\n\r\n\r\n\r\n<p class=\"has-small-font-size\">Der Podcast ART\u2019S COOL wird realisiert und ausgestrahlt mit der grossz\u00fcgigen Unterst\u00fctzung der Loterie Romande, Pro Helvetia, der Fondation Gandur pour la Jeunesse, der Ernst G\u00f6hner Stiftung, der Oertli-Stiftung, der Sandoz-Familienstiftung und dem Migros-Kulturprozent.<\/p>\r\n\r\n\r\n\r\n<p class=\"has-small-font-size\">Mit der Stimme von Florence Grivel in der franz\u00f6sischen Version und Stephan Kyburz in der deutschen Version.<br \/>Musik and Sounddesign von Christophe Gonet.<\/p>\r\n\r\n\r\n\r\n<p class=\"has-small-font-size\">Dies ist eine Produktion <a href=\"https:\/\/www.youngpods.ch\/\">Young Pods<\/a> (www.youngpods.ch).<\/p>","protected":false},"excerpt":{"rendered":"<p>Mus\u00e9e d'art et d'histoire de Neuch\u00e2tel: Luca ist mit Mingjun Luos \"Sans parole\" verabredet und fragt sich, ob das Gem\u00e4lde die Pandemie von 2020 heraufbeschw\u00f6rt.<\/p>","protected":false},"featured_media":2157,"template":"","artist":[206],"canton":[146],"episode-":[60],"season":[42],"podcast-categories":[],"class_list":["post-2155","podcast","type-podcast","status-publish","has-post-thumbnail","hentry","artist-mingjun-luo","canton-neuchatel","episode--episode-13","season-season-1"],"acf":[],"_links":{"self":[{"href":"https:\/\/artscool.ch\/de\/wp-json\/wp\/v2\/podcast\/2155","targetHints":{"allow":["GET"]}}],"collection":[{"href":"https:\/\/artscool.ch\/de\/wp-json\/wp\/v2\/podcast"}],"about":[{"href":"https:\/\/artscool.ch\/de\/wp-json\/wp\/v2\/types\/podcast"}],"version-history":[{"count":2,"href":"https:\/\/artscool.ch\/de\/wp-json\/wp\/v2\/podcast\/2155\/revisions"}],"predecessor-version":[{"id":3094,"href":"https:\/\/artscool.ch\/de\/wp-json\/wp\/v2\/podcast\/2155\/revisions\/3094"}],"wp:featuredmedia":[{"embeddable":true,"href":"https:\/\/artscool.ch\/de\/wp-json\/wp\/v2\/media\/2157"}],"wp:attachment":[{"href":"https:\/\/artscool.ch\/de\/wp-json\/wp\/v2\/media?parent=2155"}],"wp:term":[{"taxonomy":"artist","embeddable":true,"href":"https:\/\/artscool.ch\/de\/wp-json\/wp\/v2\/artist?post=2155"},{"taxonomy":"canton","embeddable":true,"href":"https:\/\/artscool.ch\/de\/wp-json\/wp\/v2\/canton?post=2155"},{"taxonomy":"episode-","embeddable":true,"href":"https:\/\/artscool.ch\/de\/wp-json\/wp\/v2\/episode-?post=2155"},{"taxonomy":"season","embeddable":true,"href":"https:\/\/artscool.ch\/de\/wp-json\/wp\/v2\/season?post=2155"},{"taxonomy":"podcast-categories","embeddable":true,"href":"https:\/\/artscool.ch\/de\/wp-json\/wp\/v2\/podcast-categories?post=2155"}],"curies":[{"name":"wp","href":"https:\/\/api.w.org\/{rel}","templated":true}]}}

<p><strong>Hallo, ich heiße Luca, bin siebzehn Jahre alt und wohne in Le Locle.</strong></p>



<p><strong>Kunst ist für mich das Unbekannte.</strong></p>



<p><strong>Und ich habe eine Verabredung mit einem Kunstwerk im Museum für Kunst und Geschichte in Neuenburg. </strong></p>



<p><strong>Kommt ihr auch mit?</strong></p>



<p>&nbsp;</p>



<p>&nbsp;</p>



<div class="wp-block-spacer" style="height: 50px;" aria-hidden="true"> </div>



<p>LUCA:</p>



<p>Hallo, ich habe ein Rendez-vous mit dem Werk von Mingjun Luo; wo finde ich es?</p>



<p>EMPFANG DES MUSEUMS:</p>



<p>Es befindet sich im Raum für zeitgenössische Kunst im ersten Stock.</p>



<p>Viel Vergnügen!</p>



<div class="wp-block-spacer" style="height: 50px;" aria-hidden="true"> </div>



<p class="has-x-large-font-size">LUCA:</p>



<div class="wp-block-spacer" style="height: 35px;" aria-hidden="true"> </div>



<p>Das ist großartig. Danke!</p>



<p>Ich komme in den Raum, in dem das Kunstwerk steht. Ich finde, er ist schlicht. Hier gibt es viele Bilder. Hier sehe ich es. Ich stehe hier vor dem Kunstwerk. Es sieht aus wie ein Schwarz-Weiß-Foto mit Menschen, die auf einer Wiese oder einer kleinen Klippe sitzen. Sie schauen nach rechts auf etwas, aber man kann das Etwas nicht sehen. Es ist ein ziemlich großes Werk; es ist so groß wie ich oder sogar noch größer. Es ist auf zwei Bildern. Es wirkt geheimnisvoll, wie in einem Nebel. Ich weiß nicht genau, was sie sehen, aber es scheint ziemlich hell zu sein. Ich würde nicht sagen, dass es Sonnenlicht ist, sondern eher eine Tafel wie in den Filmen, wenn man eine Einstellung macht, oder eine dieser großen Tafeln oder auch ein Scheinwerfer, in einem Stadion.</p>



<p>Ich nähere mich dem Kunstwerk, das immer noch wie ein Foto aussieht. Es ist mit Farbe gemacht, aber es fühlt sich auch verschwommen an. Es wird mit einem Pinsel gemacht. Wenn man sich davon entfernt, sieht es aus wie ein Foto, aber wenn man sich nähert, sieht man die Farbstriche. Und das Bild wird ein bisschen unscharf, wenn man wirklich sehr nah herangeht.</p>



<p>Dieses Werk heisst "Ohne Worte" und wurde von Mingjun Luo angefertigt. Es wurde im Jahr 2020 während der Pandemie angefertigt. Vielleicht steht es dafür, dass man nicht so recht weiss, was einen erwartet... Es ist ein Öl auf Leinwand und hat die Masse 190 x 260 cm (oder zweimal 190 x 130 cm).</p>



<p>Ich habe einige Fragen an den Künstler:</p>



<ul class="wp-block-list">
<li>Ich würde gerne wissen, ob das Gemälde von einem Foto stammt.</li>



<li>Warum hat die Künstlerin das Bild in zwei Bildern gemalt?</li>



<li>Warum ist es schwarz-weiss?</li>



<li>Wird in der Tabelle die Pandemie im Jahr 2020 erwähnt?</li>
</ul>



<div class="wp-block-spacer" style="height: 50px;" aria-hidden="true"> </div>



<p class="has-x-large-font-size">MINGJUN LUO:</p>



<div class="wp-block-spacer" style="height: 35px;" aria-hidden="true"> </div>



<p>Hallo Luca. Ich werde versuchen, deine Fragen zu beantworten.</p>



<p>Wurde das Bild von einem Foto gemalt? Es ist ein Foto, aber das Gemälde hat nichts mehr mit dem Originalfoto zu tun. Ich habe das Foto zuerst gezeichnet und dann das ganze Bild verändert. Ich habe nur ein paar Elemente behalten, damit ich dieses Licht mit diesen etwas imaginären Menschen machen kann.</p>



<p>Warum haben Sie dieses Werk in zwei Bildern geschaffen? Es gibt zwei Gründe für diese Entscheidung. Der erste Grund war, dass ich eine Zerrissenheit malen wollte. Ich wollte mehr von dem Gefühl zeigen, dass die Menschen verschwinden werden, aber die Natur bleibt. Der zweite Grund ist, dass es für den Transport einfacher ist. Ich habe weniger Kraft als in meiner Jugend und wenn es ein einzelnes Bild ist, ist es körperlich viel schwieriger, dieses Bild zu tragen. Wenn es aus zwei Teilen besteht, ist es einfacher, den Transport zu organisieren. </p>



<p>Die dritte Frage: Warum schwarz und weiss? Es ist nicht schwarz oder weiss. Es gibt eine Farbe in der Leinwand selbst. Ich habe alle Farben entfernt und nur das Weiß verwendet, das ich auf diese Leinwand gemalt habe, die viele verschiedene Farben reflektiert. Diese Leinwand nimmt also die Farben von dem an, was um sie herum ist. Und es kommt darauf an, wo es steht, in welchem Raum, an welcher Wand ... Farben sind veränderlich. Es gibt also Farben in dem Kunstwerk. Aber warum habe ich nur weiss gemalt? Weil ich durch das Weglassen aller Farben möchte, dass das Bild zu einer Erinnerung wird. Ein Gefühl, dass es eine Distanz zur Leinwand gibt. Es kann sich um einen vergangenen Moment handeln oder um eine Vorstellung der Zukunft. Durch das Entfernen der Farben möchte ich das Gefühl vermitteln, dass es nicht real ist.</p>



<p>Die vierte Frage: Geht es um die Pandemie im Jahr 2020? Ja, das tut es. Das Bild selbst ist schon ein paar Jahre alt. Aber ich habe das Bild neu gemalt, weil es mich sehr berührt. Angesichts der Naturkatastrophe, der Ungewissheit, weil wir nicht wissen, was vor uns liegt... Ich habe das Bild während der ersten Eindämmung gemalt. Ich war allein im Atelier. Es ist ein Denkmal für dieses Jahr.</p>



<p>&nbsp;</p>



<div class="wp-block-spacer" style="height: 30px;" aria-hidden="true"> </div>



<p>°°</p>



<p class="has-small-font-size">"ART'S COOL" oder "Art is cool"!</p>



<p class="has-small-font-size">Dies ist eine Begegnung mit einem zeitgenössischen Kunstwerk in der Schweiz, betrachtet, erkundet, und hinterfragt von jungen Menschen. Auf die Fragen der Jugendlichen geben wiederum die Künstlerin oder der Künstler auf ihre Weise eine Antwort. Ganz einfach, nicht?</p>



<p class="has-small-font-size">Heute ging es um das Gemälde "Ohne Worte" von <a href="http://www.luomingjun.com/">Mingjun Luo</a>neugierig erkundet von Luca.</p>



<p class="has-small-font-size">Verpasse nicht das Kunstwerk in Wirklichkeit selber zu entdecken, im <a href="https://www.mahn.ch/">Museum für Kunst und Geschichte Neuenburg</a>.</p>



<p class="has-small-font-size">Und sammle zeitgenössische Kunst mit deinen Ohren! Triff fast jede Woche auf eine neue Episode um deine eigene Sammlung zu komplettieren – jedes Mal mit einem anderen Fokus zu einem Kunstwerk in der Schweiz.</p>



<p class="has-small-font-size">Du findest alle Portraits der jugendlichen Fans der zeitgenössischen Kunst, die Kurzbiographien der interviewten Künstlerinnen und Künstler und die Bilder der Werke auf der Webseite <a href="https://artscool.ch/de/">artscool.ch/de</a>.</p>



<p class="has-small-font-size">Falls du zur Verbreitung des Podcasts ART’S   COOL beitragen möchtest, zögere nicht…
in deinem Umfeld darüber zu sprechen,
den Podcast auf deiner bevorzugten Plattform zu abonnieren und mit fünf Sternen zu bewerten</p>



<p class="has-small-font-size">Du kannst uns auch auf Instagram folgen unter dem Account <a href="https://www.instagram.com/young_pods/">young_pods</a>.</p>



<p class="has-small-font-size">Der Podcast ART’S COOL wird realisiert und ausgestrahlt mit der grosszügigen Unterstützung der Loterie Romande, Pro Helvetia, der Fondation Gandur pour la Jeunesse, der Ernst Göhner Stiftung, der Oertli-Stiftung, der Sandoz-Familienstiftung und dem Migros-Kulturprozent.</p>



<p class="has-small-font-size">Mit der Stimme von Florence Grivel in der französischen Version und Stephan Kyburz in der deutschen Version.<br />Musik and Sounddesign von Christophe Gonet.</p>



<p class="has-small-font-size">Dies ist eine Produktion <a href="https://www.youngpods.ch/">Young Pods</a> (www.youngpods.ch).</p>

<p>Musée d'art et d'histoire de Neuchâtel: Luca ist mit Mingjun Luos "Sans parole" verabredet und fragt sich, ob das Gemälde die Pandemie von 2020 heraufbeschwört.</p>
