{"id":2154,"date":"2022-02-28T15:54:38","date_gmt":"2022-02-28T14:54:38","guid":{"rendered":"https:\/\/artscool.ch\/?post_type=podcast&#038;p=2154"},"modified":"2024-10-04T13:15:35","modified_gmt":"2024-10-04T11:15:35","slug":"heloise-stephane-zaech","status":"publish","type":"podcast","link":"https:\/\/artscool.ch\/de\/podcast\/heloise-stephane-zaech\/","title":{"rendered":"H\u00e9lo\u00efse &amp; St\u00e9phane Zaech"},"content":{"rendered":"<p><strong>Hallo, Ich hei\u00dfe H\u00e9lo\u00efse, bin sechzehn Jahre alt und wohne in Epalinges.<\/strong><\/p>\r\n\r\n\r\n\r\n<p><strong>Kunst ist f\u00fcr mich eine Art, sich auszudr\u00fccken.<\/strong><\/p>\r\n\r\n\r\n\r\n<p><strong>Und ich habe eine Verabredung mit einem Kunstwerk im Mus\u00e9e cantonal des Beaux-Arts in Lausanne.<\/strong><\/p>\r\n\r\n\r\n\r\n<p><strong>Kommt ihr auch mit?<\/strong><\/p>\r\n\r\n\r\n\r\n<div class=\"wp-block-spacer\" style=\"height: 50px;\" aria-hidden=\"true\">\u00a0<\/div>\r\n\r\n\r\n\r\n<p>HELOISE<\/p>\r\n\r\n\r\n\r\n<p>Hallo, ich habe eine Verabredung mit einem Werk von St\u00e9phane Zaech mit dem Titel \"Pearl Harbor (Madonna dell'Orto)\"; wo kann ich es finden?<\/p>\r\n\r\n\r\n\r\n<p>EMPFANG DES MUSEUMS:<\/p>\r\n\r\n\r\n\r\n<p>Sie finden es im zweiten Stock des Museums auf der Seite der Dauerausstellung. Sie k\u00f6nnen die Treppe oder den Aufzug nehmen. Sie gehen durch einen ersten gro\u00dfen Ausstellungsraum und finden sie im zweiten Raum.<\/p>\r\n\r\n\r\n\r\n<p>Viel Vergn\u00fcgen!<\/p>\r\n\r\n\r\n\r\n<div class=\"wp-block-spacer\" style=\"height: 50px;\" aria-hidden=\"true\">\u00a0<\/div>\r\n\r\n\r\n\r\n<p class=\"has-x-large-font-size\">HELOISE<\/p>\r\n\r\n\r\n\r\n<p>Danke!<\/p>\r\n\r\n\r\n\r\n<p>Es scheint mir, als w\u00fcrde ich vor dem Kunstwerk stehen.<\/p>\r\n\r\n\r\n\r\n<p>Es ist gross! Ungef\u00e4hr so gross wie ein Mensch, denke ich. Wenn es auf dem Boden st\u00fcnde, w\u00e4re es ein bisschen h\u00f6her als die menschliche Figur darauf, denke ich.<\/p>\r\n\r\n\r\n\r\n<p>Es ist eine Frau, die im Vordergrund steht und schwarz gekleidet ist. Sie sieht nicht wie etwas Bestimmtes aus. Sie scheint an diesem Ort zu wohnen. Sie hat einen ziemlich grossen Kopf. Sie ist in schwarz gekleidet und hat einen relativ breiten Kragen. Sie hat einen Rock, der \u00fcber den Knien endet, w\u00fcrde ich sagen. Und ein Paar Stiefel. Es scheint weder modern noch traditionell zu sein, sondern irgendwo dazwischen. Der Blick der Frau geht ein wenig nach links gerichtet, sie schaut uns nicht in die Augen. Sie scheint nicht zu l\u00e4cheln oder besonders w\u00fctend zu sein. Sie scheint einfach nur hier zu sein und vor einer Art Busch zu warten. Darin befinden sich Holzger\u00fcste. Zu ihren F\u00fcssen steht ein Eimer und dahinter sieht man Felsen, W\u00e4lder und Berge. Der Himmel ist bew\u00f6lkt; es sieht ein wenig bedrohlich aus, als ob es regnen w\u00fcrde, da der Himmel ziemlich grau und dunkel ist. Ich sehe ein paar Bl\u00e4tter und \u00c4ste, die zu gross sind, um nur zuf\u00e4llig da zu sein.<\/p>\r\n\r\n\r\n\r\n<p>Es handelt sich um ein Werk von St\u00e9phane Zaech mit dem Titel \"Pearl Harbor (Madonna dell'Orto)\" (auf Franz\u00f6sisch bedeutet es \"La Vierge au jardin\", die Jungfrau im Garten). Es handelt sich um ein Werk aus dem Jahr 2007. Es ist ein \u00d6l auf Leinwand, das 195 x 130 cm gross ist und sich in Raum 5 befindet.<\/p>\r\n\r\n\r\n\r\n<p>Fragen, die ich dem K\u00fcnstler gerne stellen w\u00fcrde:<\/p>\r\n\r\n\r\n\r\n<ul class=\"wp-block-list\">\r\n<li>Ich sehe etwas oben rechts im Felsen, eine Art Gesicht, wie ein alter Mann, der in den Himmel schaut. Ist das Absicht?<\/li>\r\n<\/ul>\r\n\r\n\r\n\r\n<p>&nbsp;<\/p>\r\n\r\n\r\n\r\n<ul class=\"wp-block-list\">\r\n<li>Sollte der Baum, der aussieht, als w\u00e4re er hinten \u00fcbermalt worden, ganz verschwinden? Was bedeutet es, dass man ihn immer noch sieht? Ich denke, das ist Absicht, denn sonst w\u00e4re es seltsam.<\/li>\r\n<\/ul>\r\n\r\n\r\n\r\n<p>&nbsp;<\/p>\r\n\r\n\r\n\r\n<ul class=\"wp-block-list\">\r\n<li>Warum der Titel \"Pearl Harbor\"? Es f\u00e4llt mir schwer, ihn mit dem, was ich sehe, in Verbindung zu bringen. Ich habe nicht das Gef\u00fchl, dass es sich um eine Schlachtszene handelt. Vielleicht ist es der Fuji, dieser gro\u00dfe Berg, den man hinten in der Ferne sieht... Aber ich w\u00fcrde nicht sagen, dass die Szene in Japan spielt, wenn ich mir die Kleidung der Dame ansehe.\u00a0<\/li>\r\n<\/ul>\r\n\r\n\r\n\r\n<p>&nbsp;<\/p>\r\n\r\n\r\n\r\n<ul class=\"wp-block-list\">\r\n<li>Warum steht unten ein Eimer? Ich weiss nicht genau, wie er in das Werk passt.<\/li>\r\n<\/ul>\r\n\r\n\r\n\r\n<div class=\"wp-block-spacer\" style=\"height: 50px;\" aria-hidden=\"true\">\u00a0<\/div>\r\n\r\n\r\n\r\n<p class=\"has-x-large-font-size\">STEPHANE ZAECH:<\/p>\r\n\r\n\r\n\r\n<p>Nun hallo Heloise, danke f\u00fcr deine Fragen.<\/p>\r\n\r\n\r\n\r\n<p>Die erste Frage zu dem Gesicht, das in den Felsen oben rechts versteckt ist, ist, ob es absichtlich gemacht wurde? Nein, ich w\u00fcrde sogar sagen, dass ich es wahrscheinlich entfernt h\u00e4tte, wenn ich es bemerkt h\u00e4tte.<\/p>\r\n\r\n\r\n\r\n<p>Danach stellt sich die Frage, ob der Baum, den man hinten am Himmel sieht, eigentlich ganz verschwinden sollte und was es bedeutet, dass man ihn noch sieht? Ich w\u00fcrde sagen, dass es bedeutet, dass ich ihn an einem bestimmten Punkt entfernen wollte. Aber ich habe ihn nicht vollst\u00e4ndig entfernt. Und die Tatsache, dass er nicht vollst\u00e4ndig entfernt wurde, hat mich nicht gest\u00f6rt. Denn es gibt noch andere Faktoren, die eine Rolle spielen, wenn es darum geht, ob ein Bild h\u00e4lt oder nicht. Und aufgrund der Tatsache, dass es mich nicht st\u00f6rte, habe ich es so gelassen, wie es war. Was vielleicht nicht bestimmten Darstellungskonventionen entspricht, was mir aber v\u00f6llig egal ist.<\/p>\r\n\r\n\r\n\r\n<p>Der Titel: Warum \"Pearl Harbor\"? Wenn du diese Szene nicht mit einer Schlachtszene in Verbindung bringen kannst, es sei denn, der Berg Fuji bezieht sich darauf, dann w\u00fcrde ich sagen, dass das ziemlich normal ist, weil ich selbst nicht wirklich einen Zusammenhang herstelle. Ich w\u00fcrde sagen, dass man in Bezug auf Pearl Harbor \u00fcber seine Bedeutung nachdenken kann; das heisst, bevor es eine Schlacht ist, ist es ein Ort. Und es ist ein Ort, an dem man Perlen findet. Es ist ein Titel, der ein bisschen wie ein Wegweiser auf einem Wanderweg ist, mit vielen Pfeilen, darunter vielen Richtungspfeilen: Man kann seinen Weg ein bisschen w\u00e4hlen. Um ehrlich zu sein, interessiere ich mich nicht sehr f\u00fcr den Titel, daher sollte man das Ganze etwas locker sehen.<\/p>\r\n\r\n\r\n\r\n<p>Es gibt tats\u00e4chlich einen Eimer am unteren Rand des Gem\u00e4ldes, dessen Vorhandensein du nicht verstehst. Ich verstehe ihn auch nicht ganz... aber in Anbetracht des Kontexts - wir befinden uns vor einer Bohnenkultur (vielleicht genauer gesagt: Zuckererbsenkultur) - vermute ich, dass sich in dem Eimer eine Zuckererbsenernte befindet, oder vielleicht eine Gartenschere, vielleicht Wasser oder Gartenabf\u00e4lle. Man m\u00fcsste eigentlich genauer hineinschauen k\u00f6nnen.<\/p>\r\n\r\n\r\n\r\n<p>So, ich hoffe, dass diese Antworten f\u00fcr dich interessant oder passend waren, oder besser noch, dass sie weitere Fragen aufwerfen konnten.<\/p>\r\n\r\n\r\n\r\n<p>Und dann danke ich dir, dass du so gut beobachtet hast, denn eigentlich ist das Einzige, was man vor einem Gem\u00e4lde tun kann, zu beobachten. Dann w\u00fcnsche ich dir einen sch\u00f6nen Rest des Tages oder Abends oder des Jahres.<\/p>\r\n\r\n\r\n\r\n<p>Ciao Heloise.<\/p>\r\n\r\n\r\n\r\n<div class=\"wp-block-spacer\" style=\"height: 30px;\" aria-hidden=\"true\">\u00a0<\/div>\r\n\r\n\r\n\r\n<p>\u00b0\u00b0<\/p>\r\n\r\n\r\n\r\n<p class=\"has-small-font-size\">\"ART'S COOL\" oder \"Art is cool\"!<\/p>\r\n\r\n\r\n\r\n<p class=\"has-small-font-size\">Dies ist eine Begegnung mit einem zeitgen\u00f6ssischen Kunstwerk in der Schweiz, betrachtet, erkundet, und hinterfragt von jungen Menschen. Auf die Fragen der Jugendlichen geben wiederum die K\u00fcnstlerin oder der K\u00fcnstler auf ihre Weise eine Antwort. Ganz einfach, nicht?<\/p>\r\n\r\n\r\n\r\n<p class=\"has-small-font-size\">Heute ging es um das Gem\u00e4lde Pearl Harbor (Madonna dell'Orto), <a href=\"https:\/\/www.instagram.com\/szaech\/\">St\u00e9phane Zaech<\/a>und wird von Heloise mit neugierigen Augen betrachtet. Verpassen Sie es nicht, sich das Werk selber anzuschauen, im <a href=\"http:\/\/www.mcba.ch\/\">Mus\u00e9e cantonal des Beaux-Arts in Lausanne<\/a>.<\/p>\r\n\r\n\r\n\r\n<p class=\"has-small-font-size\">Und sammle zeitgen\u00f6ssische Kunst mit deinen Ohren! Triff fast jede Woche auf eine neue Episode um deine eigene Sammlung zu komplettieren \u2013 jedes Mal mit einem anderen Fokus zu einem Kunstwerk in der Schweiz.<\/p>\r\n\r\n\r\n\r\n<p class=\"has-small-font-size\">Du findest alle Portraits der jugendlichen Fans der zeitgen\u00f6ssischen Kunst, die Kurzbiographien der interviewten K\u00fcnstlerinnen und K\u00fcnstler und die Bilder der Werke auf der Webseite <a href=\"https:\/\/artscool.ch\/de\/\">artscool.ch\/de<\/a>.<\/p>\r\n\r\n\r\n\r\n<p class=\"has-small-font-size\">Falls du zur Verbreitung des Podcasts ART\u2019S   COOL beitragen m\u00f6chtest, z\u00f6gere nicht\u2026\nin deinem Umfeld dar\u00fcber zu sprechen,\nden Podcast auf deiner bevorzugten Plattform zu abonnieren und mit f\u00fcnf Sternen zu bewerten<\/p>\r\n\r\n\r\n\r\n<p class=\"has-small-font-size\">Du kannst uns auch auf Instagram folgen unter dem Account <a href=\"https:\/\/www.instagram.com\/young_pods\/\">young_pods<\/a>.<\/p>\r\n\r\n\r\n\r\n<p class=\"has-small-font-size\">Der Podcast ART\u2019S COOL wird realisiert und ausgestrahlt mit der grossz\u00fcgigen Unterst\u00fctzung der Loterie Romande, Pro Helvetia, der Fondation Gandur pour la Jeunesse, der Ernst G\u00f6hner Stiftung, der Oertli-Stiftung, der Sandoz-Familienstiftung und dem Migros-Kulturprozent.<\/p>\r\n\r\n\r\n\r\n<p class=\"has-small-font-size\">Mit der Stimme von Florence Grivel in der franz\u00f6sischen Version und Stephan Kyburz in der deutschen Version.<br \/>Musik and Sounddesign von Christophe Gonet.<\/p>\r\n\r\n\r\n\r\n<p class=\"has-small-font-size\">Dies ist eine Produktion <a href=\"https:\/\/www.youngpods.ch\/\">Young Pods<\/a> (www.youngpods.ch).<\/p>","protected":false},"excerpt":{"rendered":"<p>Mus\u00e9e cantonal des Beaux-Arts de Lausanne: H\u00e9lo\u00efse ist mit \"Pearl Harbor (Madonna dell'Orto)\" von St\u00e9phane Zaech verabredet und der Titel des Bildes l\u00e4sst sie stutzen.<\/p>","protected":false},"featured_media":1527,"template":"","artist":[241],"canton":[156],"episode-":[59],"season":[42],"podcast-categories":[],"class_list":["post-2154","podcast","type-podcast","status-publish","has-post-thumbnail","hentry","artist-stephane-zaech","canton-vaud","episode--episode-12","season-season-1"],"acf":[],"_links":{"self":[{"href":"https:\/\/artscool.ch\/de\/wp-json\/wp\/v2\/podcast\/2154","targetHints":{"allow":["GET"]}}],"collection":[{"href":"https:\/\/artscool.ch\/de\/wp-json\/wp\/v2\/podcast"}],"about":[{"href":"https:\/\/artscool.ch\/de\/wp-json\/wp\/v2\/types\/podcast"}],"version-history":[{"count":2,"href":"https:\/\/artscool.ch\/de\/wp-json\/wp\/v2\/podcast\/2154\/revisions"}],"predecessor-version":[{"id":3095,"href":"https:\/\/artscool.ch\/de\/wp-json\/wp\/v2\/podcast\/2154\/revisions\/3095"}],"wp:featuredmedia":[{"embeddable":true,"href":"https:\/\/artscool.ch\/de\/wp-json\/wp\/v2\/media\/1527"}],"wp:attachment":[{"href":"https:\/\/artscool.ch\/de\/wp-json\/wp\/v2\/media?parent=2154"}],"wp:term":[{"taxonomy":"artist","embeddable":true,"href":"https:\/\/artscool.ch\/de\/wp-json\/wp\/v2\/artist?post=2154"},{"taxonomy":"canton","embeddable":true,"href":"https:\/\/artscool.ch\/de\/wp-json\/wp\/v2\/canton?post=2154"},{"taxonomy":"episode-","embeddable":true,"href":"https:\/\/artscool.ch\/de\/wp-json\/wp\/v2\/episode-?post=2154"},{"taxonomy":"season","embeddable":true,"href":"https:\/\/artscool.ch\/de\/wp-json\/wp\/v2\/season?post=2154"},{"taxonomy":"podcast-categories","embeddable":true,"href":"https:\/\/artscool.ch\/de\/wp-json\/wp\/v2\/podcast-categories?post=2154"}],"curies":[{"name":"wp","href":"https:\/\/api.w.org\/{rel}","templated":true}]}}

Héloïse &amp; Stéphane Zaech

<p><strong>Hallo, Ich heiße Héloïse, bin sechzehn Jahre alt und wohne in Epalinges.</strong></p>



<p><strong>Kunst ist für mich eine Art, sich auszudrücken.</strong></p>



<p><strong>Und ich habe eine Verabredung mit einem Kunstwerk im Musée cantonal des Beaux-Arts in Lausanne.</strong></p>



<p><strong>Kommt ihr auch mit?</strong></p>



<div class="wp-block-spacer" style="height: 50px;" aria-hidden="true"> </div>



<p>HELOISE</p>



<p>Hallo, ich habe eine Verabredung mit einem Werk von Stéphane Zaech mit dem Titel "Pearl Harbor (Madonna dell'Orto)"; wo kann ich es finden?</p>



<p>EMPFANG DES MUSEUMS:</p>



<p>Sie finden es im zweiten Stock des Museums auf der Seite der Dauerausstellung. Sie können die Treppe oder den Aufzug nehmen. Sie gehen durch einen ersten großen Ausstellungsraum und finden sie im zweiten Raum.</p>



<p>Viel Vergnügen!</p>



<div class="wp-block-spacer" style="height: 50px;" aria-hidden="true"> </div>



<p class="has-x-large-font-size">HELOISE</p>



<p>Danke!</p>



<p>Es scheint mir, als würde ich vor dem Kunstwerk stehen.</p>



<p>Es ist gross! Ungefähr so gross wie ein Mensch, denke ich. Wenn es auf dem Boden stünde, wäre es ein bisschen höher als die menschliche Figur darauf, denke ich.</p>



<p>Es ist eine Frau, die im Vordergrund steht und schwarz gekleidet ist. Sie sieht nicht wie etwas Bestimmtes aus. Sie scheint an diesem Ort zu wohnen. Sie hat einen ziemlich grossen Kopf. Sie ist in schwarz gekleidet und hat einen relativ breiten Kragen. Sie hat einen Rock, der über den Knien endet, würde ich sagen. Und ein Paar Stiefel. Es scheint weder modern noch traditionell zu sein, sondern irgendwo dazwischen. Der Blick der Frau geht ein wenig nach links gerichtet, sie schaut uns nicht in die Augen. Sie scheint nicht zu lächeln oder besonders wütend zu sein. Sie scheint einfach nur hier zu sein und vor einer Art Busch zu warten. Darin befinden sich Holzgerüste. Zu ihren Füssen steht ein Eimer und dahinter sieht man Felsen, Wälder und Berge. Der Himmel ist bewölkt; es sieht ein wenig bedrohlich aus, als ob es regnen würde, da der Himmel ziemlich grau und dunkel ist. Ich sehe ein paar Blätter und Äste, die zu gross sind, um nur zufällig da zu sein.</p>



<p>Es handelt sich um ein Werk von Stéphane Zaech mit dem Titel "Pearl Harbor (Madonna dell'Orto)" (auf Französisch bedeutet es "La Vierge au jardin", die Jungfrau im Garten). Es handelt sich um ein Werk aus dem Jahr 2007. Es ist ein Öl auf Leinwand, das 195 x 130 cm gross ist und sich in Raum 5 befindet.</p>



<p>Fragen, die ich dem Künstler gerne stellen würde:</p>



<ul class="wp-block-list">
<li>Ich sehe etwas oben rechts im Felsen, eine Art Gesicht, wie ein alter Mann, der in den Himmel schaut. Ist das Absicht?</li>
</ul>



<p>&nbsp;</p>



<ul class="wp-block-list">
<li>Sollte der Baum, der aussieht, als wäre er hinten übermalt worden, ganz verschwinden? Was bedeutet es, dass man ihn immer noch sieht? Ich denke, das ist Absicht, denn sonst wäre es seltsam.</li>
</ul>



<p>&nbsp;</p>



<ul class="wp-block-list">
<li>Warum der Titel "Pearl Harbor"? Es fällt mir schwer, ihn mit dem, was ich sehe, in Verbindung zu bringen. Ich habe nicht das Gefühl, dass es sich um eine Schlachtszene handelt. Vielleicht ist es der Fuji, dieser große Berg, den man hinten in der Ferne sieht... Aber ich würde nicht sagen, dass die Szene in Japan spielt, wenn ich mir die Kleidung der Dame ansehe. </li>
</ul>



<p>&nbsp;</p>



<ul class="wp-block-list">
<li>Warum steht unten ein Eimer? Ich weiss nicht genau, wie er in das Werk passt.</li>
</ul>



<div class="wp-block-spacer" style="height: 50px;" aria-hidden="true"> </div>



<p class="has-x-large-font-size">STEPHANE ZAECH:</p>



<p>Nun hallo Heloise, danke für deine Fragen.</p>



<p>Die erste Frage zu dem Gesicht, das in den Felsen oben rechts versteckt ist, ist, ob es absichtlich gemacht wurde? Nein, ich würde sogar sagen, dass ich es wahrscheinlich entfernt hätte, wenn ich es bemerkt hätte.</p>



<p>Danach stellt sich die Frage, ob der Baum, den man hinten am Himmel sieht, eigentlich ganz verschwinden sollte und was es bedeutet, dass man ihn noch sieht? Ich würde sagen, dass es bedeutet, dass ich ihn an einem bestimmten Punkt entfernen wollte. Aber ich habe ihn nicht vollständig entfernt. Und die Tatsache, dass er nicht vollständig entfernt wurde, hat mich nicht gestört. Denn es gibt noch andere Faktoren, die eine Rolle spielen, wenn es darum geht, ob ein Bild hält oder nicht. Und aufgrund der Tatsache, dass es mich nicht störte, habe ich es so gelassen, wie es war. Was vielleicht nicht bestimmten Darstellungskonventionen entspricht, was mir aber völlig egal ist.</p>



<p>Der Titel: Warum "Pearl Harbor"? Wenn du diese Szene nicht mit einer Schlachtszene in Verbindung bringen kannst, es sei denn, der Berg Fuji bezieht sich darauf, dann würde ich sagen, dass das ziemlich normal ist, weil ich selbst nicht wirklich einen Zusammenhang herstelle. Ich würde sagen, dass man in Bezug auf Pearl Harbor über seine Bedeutung nachdenken kann; das heisst, bevor es eine Schlacht ist, ist es ein Ort. Und es ist ein Ort, an dem man Perlen findet. Es ist ein Titel, der ein bisschen wie ein Wegweiser auf einem Wanderweg ist, mit vielen Pfeilen, darunter vielen Richtungspfeilen: Man kann seinen Weg ein bisschen wählen. Um ehrlich zu sein, interessiere ich mich nicht sehr für den Titel, daher sollte man das Ganze etwas locker sehen.</p>



<p>Es gibt tatsächlich einen Eimer am unteren Rand des Gemäldes, dessen Vorhandensein du nicht verstehst. Ich verstehe ihn auch nicht ganz... aber in Anbetracht des Kontexts - wir befinden uns vor einer Bohnenkultur (vielleicht genauer gesagt: Zuckererbsenkultur) - vermute ich, dass sich in dem Eimer eine Zuckererbsenernte befindet, oder vielleicht eine Gartenschere, vielleicht Wasser oder Gartenabfälle. Man müsste eigentlich genauer hineinschauen können.</p>



<p>So, ich hoffe, dass diese Antworten für dich interessant oder passend waren, oder besser noch, dass sie weitere Fragen aufwerfen konnten.</p>



<p>Und dann danke ich dir, dass du so gut beobachtet hast, denn eigentlich ist das Einzige, was man vor einem Gemälde tun kann, zu beobachten. Dann wünsche ich dir einen schönen Rest des Tages oder Abends oder des Jahres.</p>



<p>Ciao Heloise.</p>



<div class="wp-block-spacer" style="height: 30px;" aria-hidden="true"> </div>



<p>°°</p>



<p class="has-small-font-size">"ART'S COOL" oder "Art is cool"!</p>



<p class="has-small-font-size">Dies ist eine Begegnung mit einem zeitgenössischen Kunstwerk in der Schweiz, betrachtet, erkundet, und hinterfragt von jungen Menschen. Auf die Fragen der Jugendlichen geben wiederum die Künstlerin oder der Künstler auf ihre Weise eine Antwort. Ganz einfach, nicht?</p>



<p class="has-small-font-size">Heute ging es um das Gemälde Pearl Harbor (Madonna dell'Orto), <a href="https://www.instagram.com/szaech/">Stéphane Zaech</a>und wird von Heloise mit neugierigen Augen betrachtet. Verpassen Sie es nicht, sich das Werk selber anzuschauen, im <a href="http://www.mcba.ch/">Musée cantonal des Beaux-Arts in Lausanne</a>.</p>



<p class="has-small-font-size">Und sammle zeitgenössische Kunst mit deinen Ohren! Triff fast jede Woche auf eine neue Episode um deine eigene Sammlung zu komplettieren – jedes Mal mit einem anderen Fokus zu einem Kunstwerk in der Schweiz.</p>



<p class="has-small-font-size">Du findest alle Portraits der jugendlichen Fans der zeitgenössischen Kunst, die Kurzbiographien der interviewten Künstlerinnen und Künstler und die Bilder der Werke auf der Webseite <a href="https://artscool.ch/de/">artscool.ch/de</a>.</p>



<p class="has-small-font-size">Falls du zur Verbreitung des Podcasts ART’S   COOL beitragen möchtest, zögere nicht…
in deinem Umfeld darüber zu sprechen,
den Podcast auf deiner bevorzugten Plattform zu abonnieren und mit fünf Sternen zu bewerten</p>



<p class="has-small-font-size">Du kannst uns auch auf Instagram folgen unter dem Account <a href="https://www.instagram.com/young_pods/">young_pods</a>.</p>



<p class="has-small-font-size">Der Podcast ART’S COOL wird realisiert und ausgestrahlt mit der grosszügigen Unterstützung der Loterie Romande, Pro Helvetia, der Fondation Gandur pour la Jeunesse, der Ernst Göhner Stiftung, der Oertli-Stiftung, der Sandoz-Familienstiftung und dem Migros-Kulturprozent.</p>



<p class="has-small-font-size">Mit der Stimme von Florence Grivel in der französischen Version und Stephan Kyburz in der deutschen Version.<br />Musik and Sounddesign von Christophe Gonet.</p>



<p class="has-small-font-size">Dies ist eine Produktion <a href="https://www.youngpods.ch/">Young Pods</a> (www.youngpods.ch).</p>

<p>Musée cantonal des Beaux-Arts de Lausanne: Héloïse ist mit "Pearl Harbor (Madonna dell'Orto)" von Stéphane Zaech verabredet und der Titel des Bildes lässt sie stutzen.</p>
