{"id":2116,"date":"2022-02-11T16:00:53","date_gmt":"2022-02-11T15:00:53","guid":{"rendered":"https:\/\/artscool.ch\/?post_type=podcast&#038;p=2116"},"modified":"2024-10-04T13:15:58","modified_gmt":"2024-10-04T11:15:58","slug":"lucas-jean-luc-manz","status":"publish","type":"podcast","link":"https:\/\/artscool.ch\/de\/podcast\/lucas-jean-luc-manz\/","title":{"rendered":"Lucas &amp; Jean-Luc Manz"},"content":{"rendered":"<p><strong><strong>Hallo, ich heisse Lucas und bin vierzehn Jahre alt. Ich wohne in Pully.\u00a0<\/strong><\/strong><\/p>\r\n\r\n\r\n\r\n<p><strong><strong>Kunst ist f\u00fcr mich eine M\u00f6glichkeit, die eigene Kreativit\u00e4t zu entfalten.<\/strong><\/strong><\/p>\r\n\r\n\r\n\r\n<p><strong>Und ich habe eine Verabredung mit einem Kunstwerk im Mus\u00e9e cantonal des Beaux-Arts in Lausanne.<\/strong><\/p>\r\n\r\n\r\n\r\n<p>Kommt ihr auch mit?<\/p>\r\n\r\n\r\n\r\n<div class=\"wp-block-spacer\" style=\"height: 50px;\" aria-hidden=\"true\">\u00a0<\/div>\r\n\r\n\r\n\r\n<p>LUCAS:<\/p>\r\n\r\n\r\n\r\n<p>Hallo, ich habe eine Verabredung mit einem Kunstwerk. Der K\u00fcnstler ist Jean-Luc Manz und das Werk heisst \"<em>Imbiss 2\"<\/em>.<\/p>\r\n\r\n\r\n\r\n<p>EMPFANG DES MUSEUMS:<\/p>\r\n\r\n\r\n\r\n<p>Sie finden es im zweiten Stock des Museums. Sie k\u00f6nnen \u00fcber die Treppe oder mit dem Aufzug dorthin gelangen. Sie gehen durch den grossen Saal im zweiten Stock der Dauerausstellung, dort gibt es einen zweiten Saal und im dritten finden Sie das Werk von Jean-Luc Manz.<\/p>\r\n\r\n\r\n\r\n<p>Viel Vergn\u00fcgen!<\/p>\r\n\r\n\r\n\r\n<div class=\"wp-block-spacer\" style=\"height: 50px;\" aria-hidden=\"true\">\u00a0<\/div>\r\n\r\n\r\n\r\n<p class=\"has-x-large-font-size\">LUCAS:<\/p>\r\n\r\n\r\n\r\n<p>Danke!<\/p>\r\n\r\n\r\n\r\n<p>Ah, das ist dort dr\u00fcben! Wow, da blitzen die Augen auf! Und es ist nicht normal, so viele Farben auf einmal zu haben. Und es ist wie eine Collage. Aber wenn ich n\u00e4her komme, sehe ich, dass es nicht geklebt ist... es ist auf der Leinwand gemacht. Es sieht aus, als w\u00e4re jede Form so gemacht, dass sie genau in einen Raum passt. Das ist erhellend!<\/p>\r\n\r\n\r\n\r\n<p>Es ist ein Werk von Jean Luc Manz. Es heisst \"Imbiss 2\", die franz\u00f6sische \u00dcbersetzung ist \"casse-cro\u00fbte\". Das Jahr, in dem das Bild entstand, ist 2007. Die Art der Malerei ist Acryl auf Leinwand. Das Bild ist 223 x 168 cm gross und befindet sich in Raum 4. Der Titel erinnert mich an Schorf und alles, was so \u00e4hnlich aussieht. Ich finde, das ist ein guter Titel, der sich von der Masse abhebt.<\/p>\r\n\r\n\r\n\r\n<p>Ich m\u00f6chte den K\u00fcnstler Folgendes fragen:<\/p>\r\n\r\n\r\n\r\n<ul class=\"wp-block-list\">\r\n<li>Warum dieser Titel?<\/li>\r\n\r\n\r\n\r\n<li>Warum hat er diese Farben verwendet?<\/li>\r\n\r\n\r\n\r\n<li>Ich w\u00fcrde gerne wissen, welche Technik Sie daf\u00fcr verwendet haben.<\/li>\r\n\r\n\r\n\r\n<li>Ich w\u00fcrde gerne wissen, ob Sie einen anderen Kunststil haben oder ob Sie nur diese Art von Kunst machen.<\/li>\r\n<\/ul>\r\n\r\n\r\n\r\n<div class=\"wp-block-spacer\" style=\"height: 50px;\" aria-hidden=\"true\">\u00a0<\/div>\r\n\r\n\r\n\r\n<p class=\"has-x-large-font-size\">JEAN-LUC MANZ:<\/p>\r\n\r\n\r\n\r\n<p>Hallo Lucas. Bevor ich deine Fragen beantworte, m\u00f6chte ich dir nur sagen, dass ich den aufmerksamen Blick, den du auf meine Arbeit geworfen hast, sehr genossen habe.<\/p>\r\n\r\n\r\n\r\n<p>Du stellst mir die Frage nach dem Titel und es ist lustig, dass du auf Deutsch \"Imbiss zwei\" aussprichst... Ich w\u00fcrde eher \"Imbiss deux\" sagen. Du liegst nicht ganz falsch, denn die Inspiration kommt von Reisen nach Deutschland und Erinnerungen an das Essen einer Currywurst auf der Stra\u00dfe, kombiniert mit Bodenbel\u00e4gen von Geb\u00e4uden aus den f\u00fcnfziger und sechziger Jahren. Du kannst sie sogar auch in der Schweiz finden.<\/p>\r\n\r\n\r\n\r\n<p>Du m\u00f6chtest wissen, was mein Stil ist: Er wird \"geometrische Abstraktion\" genannt. Ich habe 1974 allein mit Tuschezeichnungen begonnen, ermutigt von einigen Freunden in einer Gemeinschaft. Meine ersten abstrakten Arbeiten entstanden 1977, inspiriert von Malewitsch und Kandinsky. Und meine ersten Bilder auf Leinwand 1984, 1986. Ich habe viel mit dem Motiv des Quadrats und des Schachbretts gearbeitet.<\/p>\r\n\r\n\r\n\r\n<p>Diese Farbe blitzt in deinen Augen, wie du sagst! Ich arbeite immer mit ungemischten Farben, den sogenannten Prim\u00e4rfarben. In diesem Bild gibt es neben Weiss und Schwarz auch Blau, Gr\u00fcn, Rot und Gelb in eher sauren T\u00f6nen. Es handelt sich um Acrylfarbe, also reine Wasserfarbe aus der Tube. Sie l\u00e4sst sich leicht verarbeiten und stinkt nicht wie \u00d6lfarbe.<\/p>\r\n\r\n\r\n\r\n<p>Im Jahr 2007 habe ich Lust, das Motiv zu dekonstruieren. Und ich komme zu dieser Serie von sechs Gem\u00e4lden, die diesen Titel tr\u00e4gt:<em>Imbiss<\/em>. \"Imbiss\" sind diese kleinen Wohnwagen (heute w\u00fcrde man sagen Foodtrucks), die es in Deutschland h\u00e4ufig auf den Strassen gab und in denen man den ganzen Tag und die ganze Nacht \u00fcber relativ einfach essen konnte. Diese zersplitterten Formen werden anhand von Fotos von B\u00f6den von Hauseing\u00e4ngen gemalt, so wie sie sind, ohne neu zusammengesetzt zu werden. So einfach ist das. Es ist auch eine Hommage an die Collagen und Papierschnitte, die Henri Matisse von 1944 bis zu seinem Tod gemacht hat.<\/p>\r\n\r\n\r\n\r\n<p>Voil\u00e0 Lucas. Ich hoffe, ich habe alle Fragen beantwortet.<\/p>\r\n\r\n\r\n\r\n<p>Du hattest Recht!<\/p>\r\n\r\n\r\n\r\n<p>Ach ja, ich vergass, ich bin K\u00fcnstlerin, Malerin und war sogar Professorin an der Kunsthochschule in Genf. Und ausserdem tue ich nichts anderes.<\/p>\r\n\r\n\r\n\r\n<div class=\"wp-block-spacer\" style=\"height: 30px;\" aria-hidden=\"true\">\u00a0<\/div>\r\n\r\n\r\n\r\n<p>\u00b0\u00b0<\/p>\r\n\r\n\r\n\r\n<p class=\"has-small-font-size\">\"ART'S COOL\" oder \"Art is cool\"!<\/p>\r\n\r\n\r\n\r\n<p class=\"has-small-font-size\">Dies ist eine Begegnung mit einem zeitgen\u00f6ssischen Kunstwerk in der Schweiz, betrachtet, erkundet, und hinterfragt von jungen Menschen. Auf die Fragen der Jugendlichen geben wiederum die K\u00fcnstlerin oder der K\u00fcnstler auf ihre Weise eine Antwort. Ganz einfach, nicht?<\/p>\r\n\r\n\r\n\r\n<p class=\"has-small-font-size\">Heute ging es um die Skulptur <em>Imbiss 2 <\/em>von Jean-Luc Manz, das von Lucas' neugierigem Blick untersucht wurde. Verpassen Sie es nicht, das Werk in selber zu entdecken. <a href=\"http:\/\/www.mcba.ch\/\">Mus\u00e9e cantonal des Beaux-Arts in Lausanne<\/a>.<\/p>\r\n\r\n\r\n\r\n<p class=\"has-small-font-size\">Und sammle zeitgen\u00f6ssische Kunst mit deinen Ohren! Triff fast jede Woche auf eine neue Episode um deine eigene Sammlung zu komplettieren \u2013 jedes Mal mit einem anderen Fokus zu einem Kunstwerk in der Schweiz.<\/p>\r\n\r\n\r\n\r\n<p class=\"has-small-font-size\">Du findest alle Portraits der jugendlichen Fans der zeitgen\u00f6ssischen Kunst, die Kurzbiographien der interviewten K\u00fcnstlerinnen und K\u00fcnstler und die Bilder der Werke auf der Webseite <a href=\"https:\/\/artscool.ch\/de\/\">artscool.ch\/de<\/a>.<\/p>\r\n\r\n\r\n\r\n<p class=\"has-small-font-size\">Falls du zur Verbreitung des Podcasts ART\u2019S   COOL beitragen m\u00f6chtest, z\u00f6gere nicht\u2026\nin deinem Umfeld dar\u00fcber zu sprechen,\nden Podcast auf deiner bevorzugten Plattform zu abonnieren und mit f\u00fcnf Sternen zu bewerten<\/p>\r\n\r\n\r\n\r\n<p class=\"has-small-font-size\">Du kannst uns auch auf Instagram folgen unter dem Account <a href=\"https:\/\/www.instagram.com\/young_pods\/\">young_pods<\/a>.<\/p>\r\n\r\n\r\n\r\n<p class=\"has-small-font-size\">Der Podcast ART\u2019S COOL wird realisiert und ausgestrahlt mit der grossz\u00fcgigen Unterst\u00fctzung der Loterie Romande, Pro Helvetia, der Fondation Gandur pour la Jeunesse, der Ernst G\u00f6hner Stiftung, der Oertli-Stiftung, der Sandoz-Familienstiftung und dem Migros-Kulturprozent.<\/p>\r\n\r\n\r\n\r\n<p class=\"has-small-font-size\">Mit der Stimme von Florence Grivel in der franz\u00f6sischen Version und Stephan Kyburz in der deutschen Version.<br \/>Musik and Sounddesign von Christophe Gonet.<\/p>\r\n\r\n\r\n\r\n<p class=\"has-small-font-size\">Dies ist eine Produktion <a href=\"https:\/\/www.youngpods.ch\/\">Young Pods<\/a> (www.youngpods.ch).<\/p>","protected":false},"excerpt":{"rendered":"<p>Mus\u00e9e cantonal des Beaux-Arts de Lausanne: Lucas hat eine Verabredung mit \"Imbiss 2\" von Jean-Luc Manz und findet, dass dieses farbenfrohe Gem\u00e4lde die Augen blitzt!<\/p>","protected":false},"featured_media":1524,"template":"","artist":[207],"canton":[156],"episode-":[58],"season":[42],"podcast-categories":[],"class_list":["post-2116","podcast","type-podcast","status-publish","has-post-thumbnail","hentry","artist-jean-luc-manz","canton-vaud","episode--episode-11","season-season-1"],"acf":[],"_links":{"self":[{"href":"https:\/\/artscool.ch\/de\/wp-json\/wp\/v2\/podcast\/2116","targetHints":{"allow":["GET"]}}],"collection":[{"href":"https:\/\/artscool.ch\/de\/wp-json\/wp\/v2\/podcast"}],"about":[{"href":"https:\/\/artscool.ch\/de\/wp-json\/wp\/v2\/types\/podcast"}],"version-history":[{"count":2,"href":"https:\/\/artscool.ch\/de\/wp-json\/wp\/v2\/podcast\/2116\/revisions"}],"predecessor-version":[{"id":3096,"href":"https:\/\/artscool.ch\/de\/wp-json\/wp\/v2\/podcast\/2116\/revisions\/3096"}],"wp:featuredmedia":[{"embeddable":true,"href":"https:\/\/artscool.ch\/de\/wp-json\/wp\/v2\/media\/1524"}],"wp:attachment":[{"href":"https:\/\/artscool.ch\/de\/wp-json\/wp\/v2\/media?parent=2116"}],"wp:term":[{"taxonomy":"artist","embeddable":true,"href":"https:\/\/artscool.ch\/de\/wp-json\/wp\/v2\/artist?post=2116"},{"taxonomy":"canton","embeddable":true,"href":"https:\/\/artscool.ch\/de\/wp-json\/wp\/v2\/canton?post=2116"},{"taxonomy":"episode-","embeddable":true,"href":"https:\/\/artscool.ch\/de\/wp-json\/wp\/v2\/episode-?post=2116"},{"taxonomy":"season","embeddable":true,"href":"https:\/\/artscool.ch\/de\/wp-json\/wp\/v2\/season?post=2116"},{"taxonomy":"podcast-categories","embeddable":true,"href":"https:\/\/artscool.ch\/de\/wp-json\/wp\/v2\/podcast-categories?post=2116"}],"curies":[{"name":"wp","href":"https:\/\/api.w.org\/{rel}","templated":true}]}}

<p><strong><strong>Hallo, ich heisse Lucas und bin vierzehn Jahre alt. Ich wohne in Pully. </strong></strong></p>



<p><strong><strong>Kunst ist für mich eine Möglichkeit, die eigene Kreativität zu entfalten.</strong></strong></p>



<p><strong>Und ich habe eine Verabredung mit einem Kunstwerk im Musée cantonal des Beaux-Arts in Lausanne.</strong></p>



<p>Kommt ihr auch mit?</p>



<div class="wp-block-spacer" style="height: 50px;" aria-hidden="true"> </div>



<p>LUCAS:</p>



<p>Hallo, ich habe eine Verabredung mit einem Kunstwerk. Der Künstler ist Jean-Luc Manz und das Werk heisst "<em>Imbiss 2"</em>.</p>



<p>EMPFANG DES MUSEUMS:</p>



<p>Sie finden es im zweiten Stock des Museums. Sie können über die Treppe oder mit dem Aufzug dorthin gelangen. Sie gehen durch den grossen Saal im zweiten Stock der Dauerausstellung, dort gibt es einen zweiten Saal und im dritten finden Sie das Werk von Jean-Luc Manz.</p>



<p>Viel Vergnügen!</p>



<div class="wp-block-spacer" style="height: 50px;" aria-hidden="true"> </div>



<p class="has-x-large-font-size">LUCAS:</p>



<p>Danke!</p>



<p>Ah, das ist dort drüben! Wow, da blitzen die Augen auf! Und es ist nicht normal, so viele Farben auf einmal zu haben. Und es ist wie eine Collage. Aber wenn ich näher komme, sehe ich, dass es nicht geklebt ist... es ist auf der Leinwand gemacht. Es sieht aus, als wäre jede Form so gemacht, dass sie genau in einen Raum passt. Das ist erhellend!</p>



<p>Es ist ein Werk von Jean Luc Manz. Es heisst "Imbiss 2", die französische Übersetzung ist "casse-croûte". Das Jahr, in dem das Bild entstand, ist 2007. Die Art der Malerei ist Acryl auf Leinwand. Das Bild ist 223 x 168 cm gross und befindet sich in Raum 4. Der Titel erinnert mich an Schorf und alles, was so ähnlich aussieht. Ich finde, das ist ein guter Titel, der sich von der Masse abhebt.</p>



<p>Ich möchte den Künstler Folgendes fragen:</p>



<ul class="wp-block-list">
<li>Warum dieser Titel?</li>



<li>Warum hat er diese Farben verwendet?</li>



<li>Ich würde gerne wissen, welche Technik Sie dafür verwendet haben.</li>



<li>Ich würde gerne wissen, ob Sie einen anderen Kunststil haben oder ob Sie nur diese Art von Kunst machen.</li>
</ul>



<div class="wp-block-spacer" style="height: 50px;" aria-hidden="true"> </div>



<p class="has-x-large-font-size">JEAN-LUC MANZ:</p>



<p>Hallo Lucas. Bevor ich deine Fragen beantworte, möchte ich dir nur sagen, dass ich den aufmerksamen Blick, den du auf meine Arbeit geworfen hast, sehr genossen habe.</p>



<p>Du stellst mir die Frage nach dem Titel und es ist lustig, dass du auf Deutsch "Imbiss zwei" aussprichst... Ich würde eher "Imbiss deux" sagen. Du liegst nicht ganz falsch, denn die Inspiration kommt von Reisen nach Deutschland und Erinnerungen an das Essen einer Currywurst auf der Straße, kombiniert mit Bodenbelägen von Gebäuden aus den fünfziger und sechziger Jahren. Du kannst sie sogar auch in der Schweiz finden.</p>



<p>Du möchtest wissen, was mein Stil ist: Er wird "geometrische Abstraktion" genannt. Ich habe 1974 allein mit Tuschezeichnungen begonnen, ermutigt von einigen Freunden in einer Gemeinschaft. Meine ersten abstrakten Arbeiten entstanden 1977, inspiriert von Malewitsch und Kandinsky. Und meine ersten Bilder auf Leinwand 1984, 1986. Ich habe viel mit dem Motiv des Quadrats und des Schachbretts gearbeitet.</p>



<p>Diese Farbe blitzt in deinen Augen, wie du sagst! Ich arbeite immer mit ungemischten Farben, den sogenannten Primärfarben. In diesem Bild gibt es neben Weiss und Schwarz auch Blau, Grün, Rot und Gelb in eher sauren Tönen. Es handelt sich um Acrylfarbe, also reine Wasserfarbe aus der Tube. Sie lässt sich leicht verarbeiten und stinkt nicht wie Ölfarbe.</p>



<p>Im Jahr 2007 habe ich Lust, das Motiv zu dekonstruieren. Und ich komme zu dieser Serie von sechs Gemälden, die diesen Titel trägt:<em>Imbiss</em>. "Imbiss" sind diese kleinen Wohnwagen (heute würde man sagen Foodtrucks), die es in Deutschland häufig auf den Strassen gab und in denen man den ganzen Tag und die ganze Nacht über relativ einfach essen konnte. Diese zersplitterten Formen werden anhand von Fotos von Böden von Hauseingängen gemalt, so wie sie sind, ohne neu zusammengesetzt zu werden. So einfach ist das. Es ist auch eine Hommage an die Collagen und Papierschnitte, die Henri Matisse von 1944 bis zu seinem Tod gemacht hat.</p>



<p>Voilà Lucas. Ich hoffe, ich habe alle Fragen beantwortet.</p>



<p>Du hattest Recht!</p>



<p>Ach ja, ich vergass, ich bin Künstlerin, Malerin und war sogar Professorin an der Kunsthochschule in Genf. Und ausserdem tue ich nichts anderes.</p>



<div class="wp-block-spacer" style="height: 30px;" aria-hidden="true"> </div>



<p>°°</p>



<p class="has-small-font-size">"ART'S COOL" oder "Art is cool"!</p>



<p class="has-small-font-size">Dies ist eine Begegnung mit einem zeitgenössischen Kunstwerk in der Schweiz, betrachtet, erkundet, und hinterfragt von jungen Menschen. Auf die Fragen der Jugendlichen geben wiederum die Künstlerin oder der Künstler auf ihre Weise eine Antwort. Ganz einfach, nicht?</p>



<p class="has-small-font-size">Heute ging es um die Skulptur <em>Imbiss 2 </em>von Jean-Luc Manz, das von Lucas' neugierigem Blick untersucht wurde. Verpassen Sie es nicht, das Werk in selber zu entdecken. <a href="http://www.mcba.ch/">Musée cantonal des Beaux-Arts in Lausanne</a>.</p>



<p class="has-small-font-size">Und sammle zeitgenössische Kunst mit deinen Ohren! Triff fast jede Woche auf eine neue Episode um deine eigene Sammlung zu komplettieren – jedes Mal mit einem anderen Fokus zu einem Kunstwerk in der Schweiz.</p>



<p class="has-small-font-size">Du findest alle Portraits der jugendlichen Fans der zeitgenössischen Kunst, die Kurzbiographien der interviewten Künstlerinnen und Künstler und die Bilder der Werke auf der Webseite <a href="https://artscool.ch/de/">artscool.ch/de</a>.</p>



<p class="has-small-font-size">Falls du zur Verbreitung des Podcasts ART’S   COOL beitragen möchtest, zögere nicht…
in deinem Umfeld darüber zu sprechen,
den Podcast auf deiner bevorzugten Plattform zu abonnieren und mit fünf Sternen zu bewerten</p>



<p class="has-small-font-size">Du kannst uns auch auf Instagram folgen unter dem Account <a href="https://www.instagram.com/young_pods/">young_pods</a>.</p>



<p class="has-small-font-size">Der Podcast ART’S COOL wird realisiert und ausgestrahlt mit der grosszügigen Unterstützung der Loterie Romande, Pro Helvetia, der Fondation Gandur pour la Jeunesse, der Ernst Göhner Stiftung, der Oertli-Stiftung, der Sandoz-Familienstiftung und dem Migros-Kulturprozent.</p>



<p class="has-small-font-size">Mit der Stimme von Florence Grivel in der französischen Version und Stephan Kyburz in der deutschen Version.<br />Musik and Sounddesign von Christophe Gonet.</p>



<p class="has-small-font-size">Dies ist eine Produktion <a href="https://www.youngpods.ch/">Young Pods</a> (www.youngpods.ch).</p>

<p>Musée cantonal des Beaux-Arts de Lausanne: Lucas hat eine Verabredung mit "Imbiss 2" von Jean-Luc Manz und findet, dass dieses farbenfrohe Gemälde die Augen blitzt!</p>
