{"id":2081,"date":"2022-02-02T18:03:11","date_gmt":"2022-02-02T17:03:11","guid":{"rendered":"https:\/\/artscool.ch\/?post_type=podcast&#038;p=2081"},"modified":"2024-10-04T13:16:21","modified_gmt":"2024-10-04T11:16:21","slug":"tam-cee-fu%cc%88llemann","status":"publish","type":"podcast","link":"https:\/\/artscool.ch\/de\/podcast\/tam-cee-fu%cc%88llemann\/","title":{"rendered":"T\u00e2m &amp; Cee F\u00fcllemann"},"content":{"rendered":"<p><strong>Hallo, ich bin T\u00e2m. Mein Name ist T\u00e2m, ich bin siebzehn Jahre alt und wohne in Lausanne.<\/strong><\/p>\r\n\r\n\r\n\r\n<p><strong>Kunst ist f\u00fcr mich eine Art und Weise, seine Sicht der Welt zu teilen.<\/strong><\/p>\r\n\r\n\r\n\r\n<p>Ich habe eine Verabredung mit einem Kunstwerk im Mus\u00e9e cantonal des Beaux-Arts in Lausanne.<\/p>\r\n\r\n\r\n\r\n<p>Kommt ihr auch mit?<\/p>\r\n\r\n\r\n\r\n<div class=\"wp-block-spacer\" style=\"height: 50px;\" aria-hidden=\"true\">\u00a0<\/div>\r\n\r\n\r\n\r\n<p>T\u00c2M:<\/p>\r\n\r\n\r\n\r\n<p>Hallo, ich suche das Werk von Cee F\u00fcllemann mit dem Titel \"The Tree Dancers\".<\/p>\r\n\r\n\r\n\r\n<p>EMPFANG DES MUSEUMS:<\/p>\r\n\r\n\r\n\r\n<p>Sie finden sie im zweiten Stock des Museums; Sie k\u00f6nnen die Treppe nehmen. Sie befindet sich im ersten Raum der Dauerausstellung. Viel Spa\u00df beim Besuch!<\/p>\r\n\r\n\r\n\r\n<div class=\"wp-block-spacer\" style=\"height: 50px;\" aria-hidden=\"true\">\u00a0<\/div>\r\n\r\n\r\n\r\n<p class=\"has-x-large-font-size\">T\u00c2M:<\/p>\r\n\r\n\r\n\r\n<p>Vielen Dank.<\/p>\r\n\r\n\r\n\r\n<p>Ja, da ist sie. Sie steht allein inmitten all dieser Kunstwerke. Es ist eine Skulptur, die sich in einer vertikalen Position befindet. Es gibt drei Hocker, die \u00fcbereinander gestapelt sind. Sie ist von einer Art Tuch umgeben und die gesamte Skulptur ist von oben bis unten mit Farbe bedeckt. Es gibt zartrosa, gelbe, schwarze und andere Farben. Au\u00dferdem finden wir zwei graue Lamellen, die wie Reifen um die Skulptur herum verlaufen. Es ist ziemlich verst\u00f6rend, w\u00fcrde ich sagen, mit diesen Farbtropfen, die auf den Boden fallen. Man kommt sich vor wie in einem K\u00fcnstleratelier, einem etwas unordentlichen Maleratelier.<\/p>\r\n\r\n\r\n\r\n<p>Dann ist es ein Werk von Cee F\u00fcllemann mit dem Namen \"The Tree Dancers\". Es stammt aus dem Jahr 2013. Es ist eine Skulptur, die aus gemischten Materialien hergestellt ist. Sie ist 310 x 175 x 100 cm gro\u00df. Sie befindet sich in Raum 5.<\/p>\r\n\r\n\r\n\r\n<p>Man k\u00f6nnte sagen, dass diese Skulptur tanzt, weil sie auf mehreren Achsen steht. Wir haben diesen Reifen, den wir in der Skulptur wiederfinden. Wenn man sich um ihn herum dreht, landet man immer in der Mitte. Es ist, als w\u00fcrde sich das Kunstwerk in gewissem Sinne um sich selbst drehen. Und die Tatsache, dass es auch auf Rollen steht, verst\u00e4rkt diesen Effekt. Ich finde es ziemlich verwirrend. Ich w\u00fcrde sagen, dass es viele Elemente gibt, vielleicht ein bisschen durcheinander. Und ich finde sie auch sehr gro\u00df. Ich bin klein, also habe ich wirklich das Gef\u00fchl, dass sie sehr, sehr gro\u00df ist. Es ist, als ob man auf ein Geb\u00e4ude schaut, es ist ziemlich imposant. Ich w\u00fcrde es lieber nicht in meinem Haus haben, denke ich.<\/p>\r\n\r\n\r\n\r\n<p>Meine Fragen an den K\u00fcnstler:<\/p>\r\n\r\n\r\n\r\n<ul class=\"wp-block-list\">\r\n<li>Ich w\u00fcrde gerne wissen, ob die drei Hocker in der Skulptur die drei T\u00e4nzer darstellen.<\/li>\r\n\r\n\r\n\r\n<li>Ich w\u00fcrde auch gerne wissen, ob der Faltenwurf aus echtem Stoff oder aus Wachs ist, denn die Falten sehen sehr steif und gl\u00e4nzend aus und ich w\u00fcrde gerne wissen, aus welchem Material sie bestehen.<\/li>\r\n\r\n\r\n\r\n<li>Das Werk hei\u00dft \"Die drei T\u00e4nzer\" ... vielleicht kann man also mit ihm tanzen ...<\/li>\r\n<\/ul>\r\n\r\n\r\n\r\n<div class=\"wp-block-spacer\" style=\"height: 50px;\" aria-hidden=\"true\">\u00a0<\/div>\r\n\r\n\r\n\r\n<p class=\"has-x-large-font-size\">CEE F\u00dcLLEMANN:<\/p>\r\n\r\n\r\n\r\n<p>Hallo Tam.<\/p>\r\n\r\n\r\n\r\n<p>So, das war's also, ich werde also versuchen, deine Fragen zu beantworten.<\/p>\r\n\r\n\r\n\r\n<p>Die erste Frage: Stellen die drei Hocker die drei T\u00e4nzer dar? Ja, das ist richtig. Wie du bemerkt hast, sind drei Hocker \u00fcbereinander gestapelt, was die Idee von drei T\u00e4nzern oder zumindest drei K\u00f6rpern, die in einer Bewegung vereint sind, andeutet. Wenn du dir den Titel jedoch genau ansiehst, handelt es sich um \"tree\" und nicht um \"three\". Damit soll zwar die Zahl angesprochen werden, aber vor allem die Idee, dass sie zusammen etwas anderes werden, eine andere Form. Der Titel spricht also von einem \"tanzenden Baum\". Es ist also auch eine Einladung zu sehen, dass in der Zusammenarbeit von Bewegungen und K\u00f6rpern etwas mehr entsteht, etwas, das auf jeden Fall w\u00e4chst. Und das auch die Fantasie anregt.<\/p>\r\n\r\n\r\n\r\n<p>Die zweite Frage: Ist der Faltenwurf ein echter Faltenwurf oder ist er aus Wachs, weil er sehr steif aussieht? Ich habe sie mit synthetischen Materialien, Harz und Epoxidharz eingefroren, um Bewegung einfrieren zu k\u00f6nnen. Dieses Drap\u00e9 ist auch ein neuer Blick auf die Praktiken einer Skulptur aus der Antike oder der Renaissance, die wir gut kennen, aber in einer zerbrechlicheren, verletzlicheren Form. Die Tatsache, dass man darunter sehen kann, bringt zum Beispiel eine neue Perspektive auf Formen, die man kennt. Und das geht f\u00fcr mich immer mit der Idee der Bewegung einher; einer Bewegung, die eingefroren ist, die aber dazu f\u00fchrt, \u00fcber eine Erweiterung der Bewegung, des Lichts und der Umgebung nachzudenken.<\/p>\r\n\r\n\r\n\r\n<p>Die dritte Frage: Die Skulptur hei\u00dft \"Die drei T\u00e4nzer\": Darf ich mit ihr tanzen? Ja, die Idee ist, dass man mit der Skulptur tanzen kann oder sie zumindest sanft aktivieren und im Raum bewegen kann. Es ist nicht immer einfach, die Kunstwerke zu ber\u00fchren, wenn sie in einem Museum ausgestellt sind, wie du sicher verstanden hast. Aber urspr\u00fcnglich wurde diese Skulptur zusammen mit f\u00fcnf anderen Skulpturen gezeigt und die Menschen, die in den Ausstellungsraum kamen, wurden aufgefordert, die Skulpturen, die ich mir als T\u00e4nzer und T\u00e4nzerinnen vorgestellt hatte, wirklich zu bewegen. Deshalb gibt es, wie du richtig bemerkt hast, zwei Kreisb\u00f6gen, um die Skulptur zu greifen. So als w\u00fcrde man sie an der Taille oder am Arm packen. In dem Kontext, in dem sie derzeit ausgestellt ist, da es sich um eine Ausstellung mit anderen K\u00fcnstlern handelt, bewegt sich die Skulptur aus Sicherheitsgr\u00fcnden nicht. Aber man sp\u00fcrt, so hoffe ich, diese Aufforderung zur Bewegung.<\/p>\r\n\r\n\r\n\r\n<p>Ich hoffe, ich habe ein paar Fragen beantwortet. Ich w\u00fcnsche dir eine gute Fortsetzung!<\/p>\r\n\r\n\r\n\r\n<p>Ciao T\u00e2m.<\/p>\r\n\r\n\r\n\r\n<div class=\"wp-block-spacer\" style=\"height: 30px;\" aria-hidden=\"true\">\u00a0<\/div>\r\n\r\n\r\n\r\n<p>\u00b0\u00b0<\/p>\r\n\r\n\r\n\r\n<p class=\"has-small-font-size\">\"ART'S COOL\" oder \"Art is cool\"!<\/p>\r\n\r\n\r\n\r\n<p class=\"has-small-font-size\">Dies ist eine Begegnung mit einem zeitgen\u00f6ssischen Kunstwerk in der Schweiz, betrachtet, erkundet, und hinterfragt von jungen Menschen. Auf die Fragen der Jugendlichen geben wiederum die K\u00fcnstlerin oder der K\u00fcnstler auf ihre Weise eine Antwort. Ganz einfach, nicht?<\/p>\r\n\r\n\r\n\r\n<p class=\"has-small-font-size\">Heute ging es um die Skulptur \"?<em>The Tree Dancers\"<\/em> von <a href=\"http:\/\/www.ceefullemann.net\/\">Cee F\u00fcllemann<\/a>unter dem neugierigen Blick von T\u00e2m. Verpassen Sie es nicht, das Werk, von dem wir im <a href=\"http:\/\/www.mcba.ch\/\">Museum der sch\u00f6nen K\u00fcnste in Lausanne<\/a>.<\/p>\r\n\r\n\r\n\r\n<p class=\"has-small-font-size\">Und sammle zeitgen\u00f6ssische Kunst mit deinen Ohren! Triff fast jede Woche auf eine neue Episode um deine eigene Sammlung zu komplettieren \u2013 jedes Mal mit einem anderen Fokus zu einem Kunstwerk in der Schweiz.<\/p>\r\n\r\n\r\n\r\n<p class=\"has-small-font-size\">Du findest alle Portraits der jugendlichen Fans der zeitgen\u00f6ssischen Kunst, die Kurzbiographien der interviewten K\u00fcnstlerinnen und K\u00fcnstler und die Bilder der Werke auf der Webseite <a href=\"https:\/\/artscool.ch\/de\/\">artscool.ch\/de<\/a>.<\/p>\r\n\r\n\r\n\r\n<p class=\"has-small-font-size\">Falls du zur Verbreitung des Podcasts ART\u2019S   COOL beitragen m\u00f6chtest, z\u00f6gere nicht\u2026\nin deinem Umfeld dar\u00fcber zu sprechen,\nden Podcast auf deiner bevorzugten Plattform zu abonnieren und mit f\u00fcnf Sternen zu bewerten<\/p>\r\n\r\n\r\n\r\n<p class=\"has-small-font-size\">Du kannst uns auch auf Instagram folgen unter dem Account <a href=\"https:\/\/www.instagram.com\/young_pods\/\">young_pods<\/a>.<\/p>\r\n\r\n\r\n\r\n<p class=\"has-small-font-size\">Der Podcast ART\u2019S COOL wird realisiert und ausgestrahlt mit der grossz\u00fcgigen Unterst\u00fctzung der Loterie Romande, Pro Helvetia, der Fondation Gandur pour la Jeunesse, der Ernst G\u00f6hner Stiftung, der Oertli-Stiftung, der Sandoz-Familienstiftung und dem Migros-Kulturprozent.<\/p>\r\n\r\n\r\n\r\n<p class=\"has-small-font-size\">Mit der Stimme von Florence Grivel in der franz\u00f6sischen Version und Stephan Kyburz in der deutschen Version.<br \/>Musik and Sounddesign von Christophe Gonet.<\/p>\r\n\r\n\r\n\r\n<p class=\"has-small-font-size\">Dies ist eine Produktion <a href=\"https:\/\/www.youngpods.ch\/\">Young Pods<\/a> (www.youngpods.ch).<\/p>","protected":false},"excerpt":{"rendered":"<p>Mus\u00e9e cantonal des Beaux-Arts de Lausanne: T\u00e2m ist mit Cee F\u00fcllemanns \"The Tree Dancers\" verabredet und fragt sich, ob sie mit der Skulptur tanzen darf.<\/p>","protected":false},"featured_media":1526,"template":"","artist":[182],"canton":[156],"episode-":[57],"season":[42],"podcast-categories":[],"class_list":["post-2081","podcast","type-podcast","status-publish","has-post-thumbnail","hentry","artist-cee-fullemann","canton-vaud","episode--episode-10","season-season-1"],"acf":[],"_links":{"self":[{"href":"https:\/\/artscool.ch\/de\/wp-json\/wp\/v2\/podcast\/2081","targetHints":{"allow":["GET"]}}],"collection":[{"href":"https:\/\/artscool.ch\/de\/wp-json\/wp\/v2\/podcast"}],"about":[{"href":"https:\/\/artscool.ch\/de\/wp-json\/wp\/v2\/types\/podcast"}],"version-history":[{"count":2,"href":"https:\/\/artscool.ch\/de\/wp-json\/wp\/v2\/podcast\/2081\/revisions"}],"predecessor-version":[{"id":3097,"href":"https:\/\/artscool.ch\/de\/wp-json\/wp\/v2\/podcast\/2081\/revisions\/3097"}],"wp:featuredmedia":[{"embeddable":true,"href":"https:\/\/artscool.ch\/de\/wp-json\/wp\/v2\/media\/1526"}],"wp:attachment":[{"href":"https:\/\/artscool.ch\/de\/wp-json\/wp\/v2\/media?parent=2081"}],"wp:term":[{"taxonomy":"artist","embeddable":true,"href":"https:\/\/artscool.ch\/de\/wp-json\/wp\/v2\/artist?post=2081"},{"taxonomy":"canton","embeddable":true,"href":"https:\/\/artscool.ch\/de\/wp-json\/wp\/v2\/canton?post=2081"},{"taxonomy":"episode-","embeddable":true,"href":"https:\/\/artscool.ch\/de\/wp-json\/wp\/v2\/episode-?post=2081"},{"taxonomy":"season","embeddable":true,"href":"https:\/\/artscool.ch\/de\/wp-json\/wp\/v2\/season?post=2081"},{"taxonomy":"podcast-categories","embeddable":true,"href":"https:\/\/artscool.ch\/de\/wp-json\/wp\/v2\/podcast-categories?post=2081"}],"curies":[{"name":"wp","href":"https:\/\/api.w.org\/{rel}","templated":true}]}}

Tâm &amp; Cee Füllemann

<p><strong>Hallo, ich bin Tâm. Mein Name ist Tâm, ich bin siebzehn Jahre alt und wohne in Lausanne.</strong></p>



<p><strong>Kunst ist für mich eine Art und Weise, seine Sicht der Welt zu teilen.</strong></p>



<p>Ich habe eine Verabredung mit einem Kunstwerk im Musée cantonal des Beaux-Arts in Lausanne.</p>



<p>Kommt ihr auch mit?</p>



<div class="wp-block-spacer" style="height: 50px;" aria-hidden="true"> </div>



<p>TÂM:</p>



<p>Hallo, ich suche das Werk von Cee Füllemann mit dem Titel "The Tree Dancers".</p>



<p>EMPFANG DES MUSEUMS:</p>



<p>Sie finden sie im zweiten Stock des Museums; Sie können die Treppe nehmen. Sie befindet sich im ersten Raum der Dauerausstellung. Viel Spaß beim Besuch!</p>



<div class="wp-block-spacer" style="height: 50px;" aria-hidden="true"> </div>



<p class="has-x-large-font-size">TÂM:</p>



<p>Vielen Dank.</p>



<p>Ja, da ist sie. Sie steht allein inmitten all dieser Kunstwerke. Es ist eine Skulptur, die sich in einer vertikalen Position befindet. Es gibt drei Hocker, die übereinander gestapelt sind. Sie ist von einer Art Tuch umgeben und die gesamte Skulptur ist von oben bis unten mit Farbe bedeckt. Es gibt zartrosa, gelbe, schwarze und andere Farben. Außerdem finden wir zwei graue Lamellen, die wie Reifen um die Skulptur herum verlaufen. Es ist ziemlich verstörend, würde ich sagen, mit diesen Farbtropfen, die auf den Boden fallen. Man kommt sich vor wie in einem Künstleratelier, einem etwas unordentlichen Maleratelier.</p>



<p>Dann ist es ein Werk von Cee Füllemann mit dem Namen "The Tree Dancers". Es stammt aus dem Jahr 2013. Es ist eine Skulptur, die aus gemischten Materialien hergestellt ist. Sie ist 310 x 175 x 100 cm groß. Sie befindet sich in Raum 5.</p>



<p>Man könnte sagen, dass diese Skulptur tanzt, weil sie auf mehreren Achsen steht. Wir haben diesen Reifen, den wir in der Skulptur wiederfinden. Wenn man sich um ihn herum dreht, landet man immer in der Mitte. Es ist, als würde sich das Kunstwerk in gewissem Sinne um sich selbst drehen. Und die Tatsache, dass es auch auf Rollen steht, verstärkt diesen Effekt. Ich finde es ziemlich verwirrend. Ich würde sagen, dass es viele Elemente gibt, vielleicht ein bisschen durcheinander. Und ich finde sie auch sehr groß. Ich bin klein, also habe ich wirklich das Gefühl, dass sie sehr, sehr groß ist. Es ist, als ob man auf ein Gebäude schaut, es ist ziemlich imposant. Ich würde es lieber nicht in meinem Haus haben, denke ich.</p>



<p>Meine Fragen an den Künstler:</p>



<ul class="wp-block-list">
<li>Ich würde gerne wissen, ob die drei Hocker in der Skulptur die drei Tänzer darstellen.</li>



<li>Ich würde auch gerne wissen, ob der Faltenwurf aus echtem Stoff oder aus Wachs ist, denn die Falten sehen sehr steif und glänzend aus und ich würde gerne wissen, aus welchem Material sie bestehen.</li>



<li>Das Werk heißt "Die drei Tänzer" ... vielleicht kann man also mit ihm tanzen ...</li>
</ul>



<div class="wp-block-spacer" style="height: 50px;" aria-hidden="true"> </div>



<p class="has-x-large-font-size">CEE FÜLLEMANN:</p>



<p>Hallo Tam.</p>



<p>So, das war's also, ich werde also versuchen, deine Fragen zu beantworten.</p>



<p>Die erste Frage: Stellen die drei Hocker die drei Tänzer dar? Ja, das ist richtig. Wie du bemerkt hast, sind drei Hocker übereinander gestapelt, was die Idee von drei Tänzern oder zumindest drei Körpern, die in einer Bewegung vereint sind, andeutet. Wenn du dir den Titel jedoch genau ansiehst, handelt es sich um "tree" und nicht um "three". Damit soll zwar die Zahl angesprochen werden, aber vor allem die Idee, dass sie zusammen etwas anderes werden, eine andere Form. Der Titel spricht also von einem "tanzenden Baum". Es ist also auch eine Einladung zu sehen, dass in der Zusammenarbeit von Bewegungen und Körpern etwas mehr entsteht, etwas, das auf jeden Fall wächst. Und das auch die Fantasie anregt.</p>



<p>Die zweite Frage: Ist der Faltenwurf ein echter Faltenwurf oder ist er aus Wachs, weil er sehr steif aussieht? Ich habe sie mit synthetischen Materialien, Harz und Epoxidharz eingefroren, um Bewegung einfrieren zu können. Dieses Drapé ist auch ein neuer Blick auf die Praktiken einer Skulptur aus der Antike oder der Renaissance, die wir gut kennen, aber in einer zerbrechlicheren, verletzlicheren Form. Die Tatsache, dass man darunter sehen kann, bringt zum Beispiel eine neue Perspektive auf Formen, die man kennt. Und das geht für mich immer mit der Idee der Bewegung einher; einer Bewegung, die eingefroren ist, die aber dazu führt, über eine Erweiterung der Bewegung, des Lichts und der Umgebung nachzudenken.</p>



<p>Die dritte Frage: Die Skulptur heißt "Die drei Tänzer": Darf ich mit ihr tanzen? Ja, die Idee ist, dass man mit der Skulptur tanzen kann oder sie zumindest sanft aktivieren und im Raum bewegen kann. Es ist nicht immer einfach, die Kunstwerke zu berühren, wenn sie in einem Museum ausgestellt sind, wie du sicher verstanden hast. Aber ursprünglich wurde diese Skulptur zusammen mit fünf anderen Skulpturen gezeigt und die Menschen, die in den Ausstellungsraum kamen, wurden aufgefordert, die Skulpturen, die ich mir als Tänzer und Tänzerinnen vorgestellt hatte, wirklich zu bewegen. Deshalb gibt es, wie du richtig bemerkt hast, zwei Kreisbögen, um die Skulptur zu greifen. So als würde man sie an der Taille oder am Arm packen. In dem Kontext, in dem sie derzeit ausgestellt ist, da es sich um eine Ausstellung mit anderen Künstlern handelt, bewegt sich die Skulptur aus Sicherheitsgründen nicht. Aber man spürt, so hoffe ich, diese Aufforderung zur Bewegung.</p>



<p>Ich hoffe, ich habe ein paar Fragen beantwortet. Ich wünsche dir eine gute Fortsetzung!</p>



<p>Ciao Tâm.</p>



<div class="wp-block-spacer" style="height: 30px;" aria-hidden="true"> </div>



<p>°°</p>



<p class="has-small-font-size">"ART'S COOL" oder "Art is cool"!</p>



<p class="has-small-font-size">Dies ist eine Begegnung mit einem zeitgenössischen Kunstwerk in der Schweiz, betrachtet, erkundet, und hinterfragt von jungen Menschen. Auf die Fragen der Jugendlichen geben wiederum die Künstlerin oder der Künstler auf ihre Weise eine Antwort. Ganz einfach, nicht?</p>



<p class="has-small-font-size">Heute ging es um die Skulptur "?<em>The Tree Dancers"</em> von <a href="http://www.ceefullemann.net/">Cee Füllemann</a>unter dem neugierigen Blick von Tâm. Verpassen Sie es nicht, das Werk, von dem wir im <a href="http://www.mcba.ch/">Museum der schönen Künste in Lausanne</a>.</p>



<p class="has-small-font-size">Und sammle zeitgenössische Kunst mit deinen Ohren! Triff fast jede Woche auf eine neue Episode um deine eigene Sammlung zu komplettieren – jedes Mal mit einem anderen Fokus zu einem Kunstwerk in der Schweiz.</p>



<p class="has-small-font-size">Du findest alle Portraits der jugendlichen Fans der zeitgenössischen Kunst, die Kurzbiographien der interviewten Künstlerinnen und Künstler und die Bilder der Werke auf der Webseite <a href="https://artscool.ch/de/">artscool.ch/de</a>.</p>



<p class="has-small-font-size">Falls du zur Verbreitung des Podcasts ART’S   COOL beitragen möchtest, zögere nicht…
in deinem Umfeld darüber zu sprechen,
den Podcast auf deiner bevorzugten Plattform zu abonnieren und mit fünf Sternen zu bewerten</p>



<p class="has-small-font-size">Du kannst uns auch auf Instagram folgen unter dem Account <a href="https://www.instagram.com/young_pods/">young_pods</a>.</p>



<p class="has-small-font-size">Der Podcast ART’S COOL wird realisiert und ausgestrahlt mit der grosszügigen Unterstützung der Loterie Romande, Pro Helvetia, der Fondation Gandur pour la Jeunesse, der Ernst Göhner Stiftung, der Oertli-Stiftung, der Sandoz-Familienstiftung und dem Migros-Kulturprozent.</p>



<p class="has-small-font-size">Mit der Stimme von Florence Grivel in der französischen Version und Stephan Kyburz in der deutschen Version.<br />Musik and Sounddesign von Christophe Gonet.</p>



<p class="has-small-font-size">Dies ist eine Produktion <a href="https://www.youngpods.ch/">Young Pods</a> (www.youngpods.ch).</p>

<p>Musée cantonal des Beaux-Arts de Lausanne: Tâm ist mit Cee Füllemanns "The Tree Dancers" verabredet und fragt sich, ob sie mit der Skulptur tanzen darf.</p>
