{"id":1949,"date":"2022-01-27T13:35:34","date_gmt":"2022-01-27T12:35:34","guid":{"rendered":"https:\/\/artscool.ch\/?post_type=podcast&#038;p=1949"},"modified":"2024-10-04T13:16:45","modified_gmt":"2024-10-04T11:16:45","slug":"valanja-andriu-deplazes","status":"publish","type":"podcast","link":"https:\/\/artscool.ch\/de\/podcast\/valanja-andriu-deplazes\/","title":{"rendered":"Valanja &amp; Andriu Deplazes"},"content":{"rendered":"<p><strong>Hoi, ich bin die Valanja und ich bin 16 Jahre alt und ich komme aus Chur.<\/strong><\/p>\r\n\r\n\r\n\r\n<p><strong>Kunst bedeutet f\u00fcr mich dass man seinen Emotionen freien Lauf lassen kann in einem Gegenstand oder einfach auf einem Blatt Papier.<\/strong><\/p>\r\n\r\n\r\n\r\n<p>Heute habe ich eine Begegnung mit dem Kunstwerk Oranger Kopf und gestreiftes Gewand von Andriu Deplazes im B\u00fcndner Kunstmuseum Chur.<\/p>\r\n\r\n\r\n\r\n<p>Kommt ihr auch mit?<\/p>\r\n\r\n\r\n\r\n<div class=\"wp-block-spacer\" style=\"height: 50px;\" aria-hidden=\"true\">\u00a0<\/div>\r\n\r\n\r\n\r\n<p>VALANJA:<\/p>\r\n\r\n\r\n\r\n<p>Gr\u00fcezi, ich bin hier um das Kunstwerk Oranger Kopf und gestreiftes Gewand anzusehen?<\/p>\r\n\r\n\r\n\r\n<p>EMPFANG DES MUSEUMS:<\/p>\r\n\r\n\r\n\r\n<p>Guten Morgen. Es ist so dass das Kunstwerk zur Jahresausstellung der B\u00fcndner K\u00fcnstler geh\u00f6rt und die befindet sich im 2. Untergeschoss. Dann w\u00fcnsche ich viel Vergn\u00fcgen!<\/p>\r\n\r\n\r\n\r\n<div class=\"wp-block-spacer\" style=\"height: 50px;\" aria-hidden=\"true\">\u00a0<\/div>\r\n\r\n\r\n\r\n<p class=\"has-x-large-font-size\">VALANJA:<\/p>\r\n\r\n\r\n\r\n<p>Wir gehen jetzt ins 2. Untergeschoss und ich sehe ganz viele sch\u00f6ne Kunstwerke bereits. Es gibt grosse Kunstwerke, Skulpturen, sch\u00f6ne Malereien und Gem\u00e4lde. Der Raum ist gross und sch\u00f6n beleuchtet.\u00a0<\/p>\r\n\r\n\r\n\r\n<p>Wir sind jetzt beim Kunstwerk angekommen. Es sieht sehr cool aus und sehr abstrakt. Es ist ein Mensch drauf mit blauen Augen und blonden Haaren. Der Mensch sieht aus als h\u00e4tte er ein Kragenhemd an. Das Kragenhemd ist wohl blau mit orangen Strichen drin.\u00a0<\/p>\r\n\r\n\r\n\r\n<p>Die Person sieht etwas \u00e4lter aus. Sie l\u00e4chelt und es sieht so aus als h\u00e4tte eine \u00e4ltere Frau ein Selfie gemacht.<\/p>\r\n\r\n\r\n\r\n<p>Das ist das Kunstwerk \"Oranger Kopf und gestreiftes Gewand\" von Andriu Deplazes. Das Werk ist 2021 realisiert worden. Es ist aus Tusche und Aquarell gemacht worden und auf Papier. Es ist 29.5 x 21 cm gross.\u00a0<\/p>\r\n\r\n\r\n\r\n<p>Ich habe noch einige Fragen an Sie, Herr Deplazes.<\/p>\r\n\r\n\r\n\r\n<ul class=\"wp-block-list\">\r\n<li>Also sie haben ja ein Blatt Papier verwendet, haben sie ein besonderes Blatt Papier verwendet, oder einfach ein normales Druckpapier. Und welche Pinsel haben Sie benutzt.<\/li>\r\n\r\n\r\n\r\n<li>Ist das eine besondere Person, die Sie gezeichnet haben? Oder ist das einfach eine Person, die Sie beim zeichnen gesehen haben?<\/li>\r\n\r\n\r\n\r\n<li>Und hat es eine besondere Bedeutung f\u00fcr Sie, warum der Pullover unbedingt blau und orange ist, oder gestreift?<\/li>\r\n<\/ul>\r\n\r\n\r\n\r\n<div class=\"wp-block-spacer\" style=\"height: 50px;\" aria-hidden=\"true\">\u00a0<\/div>\r\n\r\n\r\n\r\n<p class=\"has-x-large-font-size\">ANDRIU DEPLAZES:<\/p>\r\n\r\n\r\n\r\n<p>Hoi Valanja, hier ist Andriu Deplazes. Es freut mich mega, dass du dir die Zeit genommen hast ins Museum zu gehen, und dir ganz genau meine Zeichnung angeschaut hast. Und ich probiere jetzt m\u00f6glichst genau auf deine Fragen eine Antwort zu geben.<\/p>\r\n\r\n\r\n\r\n<p>Zuerst hast du mich gefragt, was f\u00fcr Materialien ich benutze. Es ist eigentlich ein ganz normales Zeichnungspapier. Es ist von mittlerer Dicke, also nicht so d\u00fcnn wie ein Kopierpapier, aber auch nicht so dick wie ein richtiges Aquarellpapier. Das Papier zieht die Farbe auf, so wie ein Schwamm, aber auch nicht zu fest. Und somit ist es einfacher mit Aquarell oder Tusche zu malen, weil dann nicht alles verfliest.<\/p>\r\n\r\n\r\n\r\n<p>Ich arbeite mit ganz verschiedenen Materialien. Ich mag gerne die neue Suche mit einem neuen Material umzugehen. Ich experimentiere gerne, und dazu geh\u00f6rt halt auch, dass man nicht immer alles beherrscht.\u00a0<\/p>\r\n\r\n\r\n\r\n<p>Somit tue ich auch viel mit Spucke herumkleckern, oder mit \u00d6l, oder mit verschiedenen Pinseln, mit ganz teuren oder auch ganz billigen, oder auch mit den H\u00e4nden. Es soll ein Spiel sein und nicht ein virtuoser Umgang, wo man genau weiss wo man hin will.<\/p>\r\n\r\n\r\n\r\n<p>Als zweite Frage hast du mich gefragt, wer dann das genau ist, den ich portr\u00e4tiert habe. Und ich finde du hast ganz genau hingeschaut, weil du hast gesehen, dass es sich wie um ein Selfie handelt. Und das Selfie ist f\u00fcr mich sehr wichtig, weil es f\u00fcr mich sehr unangenehm ist, Leute abzuzeichnen, oder auch vor Leuten zu zeichnen. Ich kann dies nicht so gut und arbeite lieber ganz alleine bei mir zu Hause. Und darum nehme ich dann ein Selfie, weil ich brauche etwas um eine Zeichnung zu anzufangen. Weil ich brauche diese Verh\u00e4ltnisse, weil ich dies nicht einfach aus dem Kopf erfinden kann. Und darum ist das Selfie wichtig als ein erster Schritt. Das ist wirklich nur ein Anfang, um damit eine unpers\u00f6nliche, menschliche Gestalt zu finden, die bei uns ganz tiefe menschliche Gef\u00fchle provoziert vielleicht. Wobei es aber nicht darum geht, ob es ein Mann oder Frau ist, oder eine reiche oder arme Person, wo Klassen \u00fcberhaupt keine Rolle spielen, sondern wo es wirklich nur um unsere innersten menschlichen Gef\u00fchle geht.\u00a0\u00a0<\/p>\r\n\r\n\r\n\r\n<p>Und auch bei der dritten Frage geht es eigentlich f\u00fcr mich in eine \u00e4hnliche Richtung. Die Frage, welche Bedeutung der Pullovers oder das Gewand hat. F\u00fcr mich ist es ein Gewand, das auch hier nicht etwas repr\u00e4sentiert, sondern sehr neutral den androgynen K\u00f6rper unterst\u00fctzt und nicht in eine Gesellschaftsschicht einordnet.\u00a0<\/p>\r\n\r\n\r\n\r\n<p>Ich hoffe du hast jetzt Antworten auf deine Fragen erhalten. Und es hat mich mega gefreut, diesen Austausch zu haben, auch wenn wir uns leider nicht kennengelernt haben.<\/p>\r\n\r\n\r\n\r\n<p>Ich w\u00fcnsche dir weiterhin alles Gute und weiterhin viel Spass in den Museen.<\/p>\r\n\r\n\r\n\r\n<p>Ciao Valanja.<\/p>\r\n\r\n\r\n\r\n<div class=\"wp-block-spacer\" style=\"height: 30px;\" aria-hidden=\"true\">\u00a0<\/div>\r\n\r\n\r\n\r\n<p>\u00b0\u00b0<\/p>\r\n\r\n\r\n\r\n<p class=\"has-small-font-size\">\"ART'S COOL\" oder \"Art is cool\"!<\/p>\r\n\r\n\r\n\r\n<p class=\"has-small-font-size\">Dies ist eine Begegnung mit einem zeitgen\u00f6ssischen Kunstwerk in der Schweiz, betrachtet, erkundet, und hinterfragt von jungen Menschen. Auf die Fragen der Jugendlichen geben wiederum die K\u00fcnstlerin oder der K\u00fcnstler auf ihre Weise eine Antwort. Ganz einfach, nicht?<\/p>\r\n\r\n\r\n\r\n<p class=\"has-small-font-size\">Heute ging es um \"Oranger Kopf und gestreiftes Gewand\", ein Kunstwerk von Andriu Deplazes, untersucht vom neugierigen Blick von Valanja. Verpasse nicht das Kunstwerk in Wirklichkeit selber zu entdecken, im <a href=\"https:\/\/kunstmuseum.gr.ch\/de\/Seiten\/start.aspx\">B\u00fcndner Kunstmuseum in Chur<\/a> noch bis zum 30. Januar.<\/p>\r\n\r\n\r\n\r\n<p class=\"has-small-font-size\">Und sammle zeitgen\u00f6ssische Kunst mit deinen Ohren! Triff fast jede Woche auf eine neue Episode um deine eigene Sammlung zu komplettieren \u2013 jedes Mal mit einem anderen Fokus zu einem Kunstwerk in der Schweiz.<\/p>\r\n\r\n\r\n\r\n<p class=\"has-small-font-size\">Du findest alle Portraits der jugendlichen Fans der zeitgen\u00f6ssischen Kunst, die Kurzbiographien der interviewten K\u00fcnstlerinnen und K\u00fcnstler und die Bilder der Werke auf der Webseite <a href=\"https:\/\/artscool.ch\/de\/\">artscool.ch\/de<\/a>.<\/p>\r\n\r\n\r\n\r\n<p class=\"has-small-font-size\">Falls du zur Verbreitung des Podcasts ART\u2019S   COOL beitragen m\u00f6chtest, z\u00f6gere nicht\u2026\nin deinem Umfeld dar\u00fcber zu sprechen,\nden Podcast auf deiner bevorzugten Plattform zu abonnieren und mit f\u00fcnf Sternen zu bewerten<\/p>\r\n\r\n\r\n\r\n<p class=\"has-small-font-size\">Du kannst uns auch auf Instagram folgen unter dem Account <a href=\"https:\/\/www.instagram.com\/young_pods\/\">young_pods<\/a>.<\/p>\r\n\r\n\r\n\r\n<p class=\"has-small-font-size\">Der Podcast ART\u2019S COOL wird realisiert und ausgestrahlt mit der grossz\u00fcgigen Unterst\u00fctzung der Loterie Romande, Pro Helvetia, der Fondation Gandur pour la Jeunesse, der Ernst G\u00f6hner Stiftung, der Oertli-Stiftung, der Sandoz-Familienstiftung und dem Migros-Kulturprozent.<\/p>\r\n\r\n\r\n\r\n<p class=\"has-small-font-size\">Mit der Stimme von Florence Grivel in der franz\u00f6sischen Version und Stephan Kyburz in der deutschen Version.<br \/>Musik and Sounddesign von Christophe Gonet.<\/p>","protected":false},"excerpt":{"rendered":"<p>(Deutsche Folge) B\u00fcndner Kunstmuseum, Chur: Valanja hat eine Verabredung mit Andriu Deplazes' \"Oranger Kopf und gestreiftes Gewand\" und fragt sich, ob eine bestimmte Person auf dem Bild dargestellt ist.<\/p>","protected":false},"featured_media":1689,"template":"","artist":[179],"canton":[143],"episode-":[56],"season":[42],"podcast-categories":[],"class_list":["post-1949","podcast","type-podcast","status-publish","has-post-thumbnail","hentry","artist-andriu-deplazes","canton-graubunden","episode--episode-9","season-season-1"],"acf":[],"_links":{"self":[{"href":"https:\/\/artscool.ch\/de\/wp-json\/wp\/v2\/podcast\/1949","targetHints":{"allow":["GET"]}}],"collection":[{"href":"https:\/\/artscool.ch\/de\/wp-json\/wp\/v2\/podcast"}],"about":[{"href":"https:\/\/artscool.ch\/de\/wp-json\/wp\/v2\/types\/podcast"}],"version-history":[{"count":2,"href":"https:\/\/artscool.ch\/de\/wp-json\/wp\/v2\/podcast\/1949\/revisions"}],"predecessor-version":[{"id":3098,"href":"https:\/\/artscool.ch\/de\/wp-json\/wp\/v2\/podcast\/1949\/revisions\/3098"}],"wp:featuredmedia":[{"embeddable":true,"href":"https:\/\/artscool.ch\/de\/wp-json\/wp\/v2\/media\/1689"}],"wp:attachment":[{"href":"https:\/\/artscool.ch\/de\/wp-json\/wp\/v2\/media?parent=1949"}],"wp:term":[{"taxonomy":"artist","embeddable":true,"href":"https:\/\/artscool.ch\/de\/wp-json\/wp\/v2\/artist?post=1949"},{"taxonomy":"canton","embeddable":true,"href":"https:\/\/artscool.ch\/de\/wp-json\/wp\/v2\/canton?post=1949"},{"taxonomy":"episode-","embeddable":true,"href":"https:\/\/artscool.ch\/de\/wp-json\/wp\/v2\/episode-?post=1949"},{"taxonomy":"season","embeddable":true,"href":"https:\/\/artscool.ch\/de\/wp-json\/wp\/v2\/season?post=1949"},{"taxonomy":"podcast-categories","embeddable":true,"href":"https:\/\/artscool.ch\/de\/wp-json\/wp\/v2\/podcast-categories?post=1949"}],"curies":[{"name":"wp","href":"https:\/\/api.w.org\/{rel}","templated":true}]}}

<p><strong>Hoi, ich bin die Valanja und ich bin 16 Jahre alt und ich komme aus Chur.</strong></p>



<p><strong>Kunst bedeutet für mich dass man seinen Emotionen freien Lauf lassen kann in einem Gegenstand oder einfach auf einem Blatt Papier.</strong></p>



<p>Heute habe ich eine Begegnung mit dem Kunstwerk Oranger Kopf und gestreiftes Gewand von Andriu Deplazes im Bündner Kunstmuseum Chur.</p>



<p>Kommt ihr auch mit?</p>



<div class="wp-block-spacer" style="height: 50px;" aria-hidden="true"> </div>



<p>VALANJA:</p>



<p>Grüezi, ich bin hier um das Kunstwerk Oranger Kopf und gestreiftes Gewand anzusehen?</p>



<p>EMPFANG DES MUSEUMS:</p>



<p>Guten Morgen. Es ist so dass das Kunstwerk zur Jahresausstellung der Bündner Künstler gehört und die befindet sich im 2. Untergeschoss. Dann wünsche ich viel Vergnügen!</p>



<div class="wp-block-spacer" style="height: 50px;" aria-hidden="true"> </div>



<p class="has-x-large-font-size">VALANJA:</p>



<p>Wir gehen jetzt ins 2. Untergeschoss und ich sehe ganz viele schöne Kunstwerke bereits. Es gibt grosse Kunstwerke, Skulpturen, schöne Malereien und Gemälde. Der Raum ist gross und schön beleuchtet. </p>



<p>Wir sind jetzt beim Kunstwerk angekommen. Es sieht sehr cool aus und sehr abstrakt. Es ist ein Mensch drauf mit blauen Augen und blonden Haaren. Der Mensch sieht aus als hätte er ein Kragenhemd an. Das Kragenhemd ist wohl blau mit orangen Strichen drin. </p>



<p>Die Person sieht etwas älter aus. Sie lächelt und es sieht so aus als hätte eine ältere Frau ein Selfie gemacht.</p>



<p>Das ist das Kunstwerk "Oranger Kopf und gestreiftes Gewand" von Andriu Deplazes. Das Werk ist 2021 realisiert worden. Es ist aus Tusche und Aquarell gemacht worden und auf Papier. Es ist 29.5 x 21 cm gross. </p>



<p>Ich habe noch einige Fragen an Sie, Herr Deplazes.</p>



<ul class="wp-block-list">
<li>Also sie haben ja ein Blatt Papier verwendet, haben sie ein besonderes Blatt Papier verwendet, oder einfach ein normales Druckpapier. Und welche Pinsel haben Sie benutzt.</li>



<li>Ist das eine besondere Person, die Sie gezeichnet haben? Oder ist das einfach eine Person, die Sie beim zeichnen gesehen haben?</li>



<li>Und hat es eine besondere Bedeutung für Sie, warum der Pullover unbedingt blau und orange ist, oder gestreift?</li>
</ul>



<div class="wp-block-spacer" style="height: 50px;" aria-hidden="true"> </div>



<p class="has-x-large-font-size">ANDRIU DEPLAZES:</p>



<p>Hoi Valanja, hier ist Andriu Deplazes. Es freut mich mega, dass du dir die Zeit genommen hast ins Museum zu gehen, und dir ganz genau meine Zeichnung angeschaut hast. Und ich probiere jetzt möglichst genau auf deine Fragen eine Antwort zu geben.</p>



<p>Zuerst hast du mich gefragt, was für Materialien ich benutze. Es ist eigentlich ein ganz normales Zeichnungspapier. Es ist von mittlerer Dicke, also nicht so dünn wie ein Kopierpapier, aber auch nicht so dick wie ein richtiges Aquarellpapier. Das Papier zieht die Farbe auf, so wie ein Schwamm, aber auch nicht zu fest. Und somit ist es einfacher mit Aquarell oder Tusche zu malen, weil dann nicht alles verfliest.</p>



<p>Ich arbeite mit ganz verschiedenen Materialien. Ich mag gerne die neue Suche mit einem neuen Material umzugehen. Ich experimentiere gerne, und dazu gehört halt auch, dass man nicht immer alles beherrscht. </p>



<p>Somit tue ich auch viel mit Spucke herumkleckern, oder mit Öl, oder mit verschiedenen Pinseln, mit ganz teuren oder auch ganz billigen, oder auch mit den Händen. Es soll ein Spiel sein und nicht ein virtuoser Umgang, wo man genau weiss wo man hin will.</p>



<p>Als zweite Frage hast du mich gefragt, wer dann das genau ist, den ich porträtiert habe. Und ich finde du hast ganz genau hingeschaut, weil du hast gesehen, dass es sich wie um ein Selfie handelt. Und das Selfie ist für mich sehr wichtig, weil es für mich sehr unangenehm ist, Leute abzuzeichnen, oder auch vor Leuten zu zeichnen. Ich kann dies nicht so gut und arbeite lieber ganz alleine bei mir zu Hause. Und darum nehme ich dann ein Selfie, weil ich brauche etwas um eine Zeichnung zu anzufangen. Weil ich brauche diese Verhältnisse, weil ich dies nicht einfach aus dem Kopf erfinden kann. Und darum ist das Selfie wichtig als ein erster Schritt. Das ist wirklich nur ein Anfang, um damit eine unpersönliche, menschliche Gestalt zu finden, die bei uns ganz tiefe menschliche Gefühle provoziert vielleicht. Wobei es aber nicht darum geht, ob es ein Mann oder Frau ist, oder eine reiche oder arme Person, wo Klassen überhaupt keine Rolle spielen, sondern wo es wirklich nur um unsere innersten menschlichen Gefühle geht.  </p>



<p>Und auch bei der dritten Frage geht es eigentlich für mich in eine ähnliche Richtung. Die Frage, welche Bedeutung der Pullovers oder das Gewand hat. Für mich ist es ein Gewand, das auch hier nicht etwas repräsentiert, sondern sehr neutral den androgynen Körper unterstützt und nicht in eine Gesellschaftsschicht einordnet. </p>



<p>Ich hoffe du hast jetzt Antworten auf deine Fragen erhalten. Und es hat mich mega gefreut, diesen Austausch zu haben, auch wenn wir uns leider nicht kennengelernt haben.</p>



<p>Ich wünsche dir weiterhin alles Gute und weiterhin viel Spass in den Museen.</p>



<p>Ciao Valanja.</p>



<div class="wp-block-spacer" style="height: 30px;" aria-hidden="true"> </div>



<p>°°</p>



<p class="has-small-font-size">"ART'S COOL" oder "Art is cool"!</p>



<p class="has-small-font-size">Dies ist eine Begegnung mit einem zeitgenössischen Kunstwerk in der Schweiz, betrachtet, erkundet, und hinterfragt von jungen Menschen. Auf die Fragen der Jugendlichen geben wiederum die Künstlerin oder der Künstler auf ihre Weise eine Antwort. Ganz einfach, nicht?</p>



<p class="has-small-font-size">Heute ging es um "Oranger Kopf und gestreiftes Gewand", ein Kunstwerk von Andriu Deplazes, untersucht vom neugierigen Blick von Valanja. Verpasse nicht das Kunstwerk in Wirklichkeit selber zu entdecken, im <a href="https://kunstmuseum.gr.ch/de/Seiten/start.aspx">Bündner Kunstmuseum in Chur</a> noch bis zum 30. Januar.</p>



<p class="has-small-font-size">Und sammle zeitgenössische Kunst mit deinen Ohren! Triff fast jede Woche auf eine neue Episode um deine eigene Sammlung zu komplettieren – jedes Mal mit einem anderen Fokus zu einem Kunstwerk in der Schweiz.</p>



<p class="has-small-font-size">Du findest alle Portraits der jugendlichen Fans der zeitgenössischen Kunst, die Kurzbiographien der interviewten Künstlerinnen und Künstler und die Bilder der Werke auf der Webseite <a href="https://artscool.ch/de/">artscool.ch/de</a>.</p>



<p class="has-small-font-size">Falls du zur Verbreitung des Podcasts ART’S   COOL beitragen möchtest, zögere nicht…
in deinem Umfeld darüber zu sprechen,
den Podcast auf deiner bevorzugten Plattform zu abonnieren und mit fünf Sternen zu bewerten</p>



<p class="has-small-font-size">Du kannst uns auch auf Instagram folgen unter dem Account <a href="https://www.instagram.com/young_pods/">young_pods</a>.</p>



<p class="has-small-font-size">Der Podcast ART’S COOL wird realisiert und ausgestrahlt mit der grosszügigen Unterstützung der Loterie Romande, Pro Helvetia, der Fondation Gandur pour la Jeunesse, der Ernst Göhner Stiftung, der Oertli-Stiftung, der Sandoz-Familienstiftung und dem Migros-Kulturprozent.</p>



<p class="has-small-font-size">Mit der Stimme von Florence Grivel in der französischen Version und Stephan Kyburz in der deutschen Version.<br />Musik and Sounddesign von Christophe Gonet.</p>

<p>(Deutsche Folge) Bündner Kunstmuseum, Chur: Valanja hat eine Verabredung mit Andriu Deplazes' "Oranger Kopf und gestreiftes Gewand" und fragt sich, ob eine bestimmte Person auf dem Bild dargestellt ist.</p>
